
CREATE TABLE `master_gender` (
  `gender_id` int(11) NOT NULL AUTO_INCREMENT,
  `gender_desc` varchar(20) NOT NULL,
  `created_at` timestamp NULL DEFAULT NULL,
  `updated_at` timestamp NOT NULL DEFAULT '0000-00-00 00:00:00',
  `deleted_at` timestamp NULL DEFAULT NULL,
  PRIMARY KEY (`gender_id`)
) ENGINE=InnoDB AUTO_INCREMENT=4 DEFAULT CHARSET=latin1;

/*Data for the table `master_gender` */

insert  into `master_gender`(`gender_id`,`gender_desc`,`created_at`,`updated_at`,`deleted_at`) values 
(1,'MALE','2018-04-20 15:46:31','2018-04-20 15:46:31',NULL),
(2,'FEMALE','2018-04-20 15:46:39','2018-04-20 15:46:39',NULL),
(3,'OTHER','2018-04-20 15:46:45','2018-04-20 15:46:45',NULL);

/*Table structure for table `master_salutation` */


CREATE TABLE `master_salutation` (
  `salutation_id` int(11) NOT NULL AUTO_INCREMENT,
  `salutation_desc` varchar(100) NOT NULL,
  `created_at` timestamp NULL DEFAULT NULL,
  `updated_at` timestamp NOT NULL DEFAULT '0000-00-00 00:00:00',
  `deleted_at` timestamp NULL DEFAULT NULL,
  PRIMARY KEY (`salutation_id`)
) ENGINE=InnoDB AUTO_INCREMENT=11 DEFAULT CHARSET=latin1;

/*Data for the table `master_salutation` */

insert  into `master_salutation`(`salutation_id`,`salutation_desc`,`created_at`,`updated_at`,`deleted_at`) values 
(1,'ENCIK','2018-04-23 14:08:17','2018-04-23 14:08:17',NULL),
(2,'PUAN','2018-04-23 14:08:22','2018-04-23 14:08:22',NULL),
(3,'CIK','2018-04-23 14:08:25','2018-04-23 14:08:25',NULL),
(4,'SIR','2018-04-23 14:08:30','2018-04-23 14:08:30',NULL),
(5,'DATUK','2018-04-23 14:08:35','2018-04-23 14:08:35',NULL),
(6,'DATIN','2018-04-23 14:08:47','2018-04-23 14:08:47',NULL),
(7,'DATO\'','2018-04-23 14:08:55','2018-04-23 14:08:55',NULL),
(8,'DATO\' SERI','2018-04-23 14:09:31','2018-04-23 14:09:31',NULL),
(9,'DATIN SERI','2018-04-23 14:09:56','2018-04-23 14:09:56',NULL),
(10,'TUN','2018-04-23 14:10:01','2018-04-23 14:10:01',NULL);

/*Table structure for table `master_state` */


CREATE TABLE `master_state` (
  `state_id` int(10) unsigned NOT NULL AUTO_INCREMENT,
  `state_code` char(3) COLLATE utf8_unicode_ci NOT NULL,
  `state_desc` varchar(255) COLLATE utf8_unicode_ci NOT NULL,
  `area_id` int(11) NOT NULL,
  `created_at` timestamp NULL DEFAULT NULL,
  `updated_at` timestamp NOT NULL DEFAULT '0000-00-00 00:00:00',
  `deleted_at` timestamp NULL DEFAULT NULL,
  PRIMARY KEY (`state_id`)
) ENGINE=InnoDB AUTO_INCREMENT=17 DEFAULT CHARSET=utf8 COLLATE=utf8_unicode_ci;

/*Data for the table `master_state` */

insert  into `master_state`(`state_id`,`state_code`,`state_desc`,`area_id`,`created_at`,`updated_at`,`deleted_at`) values 
(1,'JHR','JOHOR',1,'2018-05-02 11:57:20','2018-05-02 11:57:20',NULL),
(2,'KDH','KEDAH',1,'2018-05-02 11:57:20','2018-05-02 11:57:20',NULL),
(3,'KTN','KELANTAN',1,'2018-05-02 11:57:20','2018-05-02 11:57:20',NULL),
(4,'KUL','WILAYAH PERSEKUTUAN KUALA LUMPUR',1,'2018-05-02 11:57:20','2018-05-02 11:57:20',NULL),
(5,'LBN','WILAYAH PERSEKUTUAN LABUAN',2,'2018-05-02 11:57:20','2018-05-02 11:57:20',NULL),
(6,'MLK','MELAKA',1,'2018-05-02 11:57:20','2018-05-02 11:57:20',NULL),
(7,'NSN','NEGERI SEMBILAN',1,'2018-05-02 11:57:20','2018-05-02 11:57:20',NULL),
(8,'PHG','PAHANG',1,'2018-05-02 11:57:20','2018-05-02 11:57:20',NULL),
(9,'PJY','WILAYAH PERSEKUTUAN PUTRA JAYA',1,'2018-05-02 11:57:20','2018-05-02 11:57:20',NULL),
(10,'PLS','PERLIS',1,'2018-05-02 11:57:20','2018-05-02 11:57:20',NULL),
(11,'PNG','PULAU PINANG',1,'2018-05-02 11:57:20','2018-05-02 11:57:20',NULL),
(12,'PRK','PERAK',1,'2018-05-02 11:57:20','2018-05-02 11:57:20',NULL),
(13,'SBH','SABAH',2,'2018-05-02 11:57:20','2018-05-02 11:57:20',NULL),
(14,'SGR','SELANGOR',1,'2018-05-02 11:57:20','2018-05-02 11:57:20',NULL),
(15,'SRW','SARAWAK',2,'2018-05-02 11:57:20','2018-05-02 11:57:20',NULL),
(16,'TRG','TERENGGANU',1,'2018-05-02 11:57:20','2018-05-02 11:57:20',NULL);

/*Table structure for table `menus` */


CREATE TABLE `menus` (
  `id` int(10) unsigned NOT NULL AUTO_INCREMENT,
  `parent_id` int(10) unsigned DEFAULT NULL,
  `title` varchar(255) NOT NULL,
  `label` varchar(255) NOT NULL,
  `url` text NOT NULL,
  `order` int(11) NOT NULL,
  `created_at` timestamp NULL DEFAULT NULL,
  `updated_at` timestamp NOT NULL DEFAULT CURRENT_TIMESTAMP ON UPDATE CURRENT_TIMESTAMP,
  `deleted_at` timestamp NULL DEFAULT NULL,
  PRIMARY KEY (`id`)
) ENGINE=InnoDB AUTO_INCREMENT=6 DEFAULT CHARSET=latin1;

/*Data for the table `menus` */

insert  into `menus`(`id`,`parent_id`,`title`,`label`,`url`,`order`,`created_at`,`updated_at`,`deleted_at`) values 
(1,NULL,'test','test','google.com',0,NULL,'2018-07-13 12:44:08','2018-07-13 04:44:08'),
(2,1,'test','ting','testing.com',0,NULL,'2018-07-13 12:44:05','2018-07-13 04:44:04'),
(3,NULL,'test','ting','google.com',0,NULL,'2018-07-16 16:13:47',NULL),
(4,NULL,'tang','tang','otoworkz.my',2,NULL,'2018-07-16 16:13:48',NULL),
(5,NULL,'tung','tung','web.com',1,NULL,'2018-07-16 16:13:48',NULL);

/*Table structure for table `migrations` */


CREATE TABLE `migrations` (
  `id` int(10) unsigned NOT NULL AUTO_INCREMENT,
  `migration` varchar(255) COLLATE utf8_unicode_ci NOT NULL,
  `batch` int(11) NOT NULL,
  PRIMARY KEY (`id`)
) ENGINE=InnoDB AUTO_INCREMENT=7 DEFAULT CHARSET=utf8 COLLATE=utf8_unicode_ci ROW_FORMAT=DYNAMIC;

/*Data for the table `migrations` */

insert  into `migrations`(`id`,`migration`,`batch`) values 
(1,'2014_10_12_000000_create_users_table',1),
(2,'2014_10_12_100000_create_password_resets_table',1),
(3,'2017_08_29_064643_create_admins_table',1),
(4,'2017_09_07_041931_create_employees_table',1),
(5,'2018_04_02_142137_create_permission_tables',2),
(6,'2018_04_07_170349_create_audits_table',3);

/*Table structure for table `password_resets` */


CREATE TABLE `password_resets` (
  `email` varchar(255) COLLATE utf8_unicode_ci NOT NULL,
  `token` varchar(255) COLLATE utf8_unicode_ci NOT NULL,
  `created_at` timestamp NULL DEFAULT NULL,
  KEY `password_resets_email_index` (`email`)
) ENGINE=InnoDB DEFAULT CHARSET=utf8 COLLATE=utf8_unicode_ci ROW_FORMAT=DYNAMIC;

/*Data for the table `password_resets` */

/*Table structure for table `permissions` */


CREATE TABLE `permissions` (
  `id` int(10) unsigned NOT NULL AUTO_INCREMENT,
  `name` varchar(255) COLLATE utf8_unicode_ci NOT NULL,
  `description` text COLLATE utf8_unicode_ci,
  `namespace` varchar(255) COLLATE utf8_unicode_ci DEFAULT NULL,
  `controller` varchar(100) COLLATE utf8_unicode_ci DEFAULT NULL,
  `function` varchar(100) COLLATE utf8_unicode_ci DEFAULT NULL,
  `parent_menu` int(11) NOT NULL DEFAULT '0',
  `sort` int(11) NOT NULL,
  `created_at` timestamp NULL DEFAULT NULL,
  `updated_at` timestamp NULL DEFAULT NULL,
  PRIMARY KEY (`id`),
  UNIQUE KEY `permissions_name_unique` (`name`)
) ENGINE=InnoDB AUTO_INCREMENT=139 DEFAULT CHARSET=utf8 COLLATE=utf8_unicode_ci ROW_FORMAT=DYNAMIC COMMENT='ACL related';

/*Data for the table `permissions` */

insert  into `permissions`(`id`,`name`,`description`,`namespace`,`controller`,`function`,`parent_menu`,`sort`,`created_at`,`updated_at`) values 
(13,'home','Dashboard Pengguna','App\\Http\\Controllers','HomeController','index',1,0,NULL,'2018-12-17 15:02:13'),
(14,'administration','Pengurusan Pentadbiran','administration','AdminController','na',1,2,NULL,NULL),
(15,'admin.dashboard','Dashboard Pentadbir','App\\Modules\\Admin\\Controllers','AdminController','index',1,1,NULL,NULL),
(16,'user.index','Pengurusan Pengguna','App\\Http\\Controllers\\Controller','UserController','index',0,3,NULL,'2018-04-25 13:46:50'),
(17,'admin.roles','Pengurusan Peranan','App\\Modules\\Admin\\Controllers','RoleController','index',0,7,NULL,'2019-03-21 16:51:51'),
(18,'admin.permission','Pengurusan Permission','App\\Http\\Controllers\\Controller','PermissionController','index',0,8,NULL,'2019-03-21 16:51:51'),
(19,'admin.menus','Pengurusan Menu','App\\Modules\\Admin\\Controllers','MenuController','index',0,9,NULL,'2019-03-21 16:51:51'),
(20,'admin.logs','Log Sistem','Rap2hpoutre\\LaravelLogViewer','LogViewerController','index',0,10,NULL,'2019-03-21 16:51:51'),
(21,'admin.config','Konfigurasi Sistem','App\\Modules\\Admin\\Controllers','AdminController','configuration',0,11,NULL,'2019-03-21 16:51:51'),
(22,'admin.auditrail','Log Aktiviti Pengguna','App\\Modules\\Admin\\Controllers','AdminController','auditTrail',0,12,NULL,'2019-03-21 16:51:51'),
(29,'user.disable','Nyahaktif Pengguna','App\\Modules\\Admin\\Controllers','UserController','disableUser',0,4,'2018-04-30 06:58:17','2018-04-30 06:58:17'),
(30,'user.enable','Pengaktifan Pengguna','App\\Modules\\Admin\\Controllers','UserController','enableUser',0,5,'2018-04-30 06:59:02','2018-04-30 06:59:02'),
(101,'data','Pengurusan Data Rujukan','App\\Modules\\Admin\\Controllers','DataManagementController','na',1,14,'2018-11-10 13:06:34','2019-03-21 16:51:51'),
(104,'data.jawatan.index','Senarai Jawatan','App\\Modules\\Admin\\Controllers','DataManagementController','jawatanindex',0,21,'2018-11-17 14:59:47','2019-04-12 22:40:02'),
(108,'proses.permohonan','Pengurusan Permohonan','App\\Modules\\Permohonan\\Controllers','na','na',1,23,'2018-11-25 23:08:46','2019-04-12 22:40:02'),
(110,'report.index','Laporan','App\\Modules\\Report\\Controller','ReportController','index',1,30,NULL,'2020-07-22 19:05:46'),
(121,'user.changerole','Tukar Peranan Pengguna','na','na','na',0,13,'2018-12-11 01:41:13','2019-03-21 16:51:51'),
(123,'data.announcement.index','Pengumuman','App\\Modules\\Admin\\Controllers','DataManagementController','announcementindex',0,22,'2019-02-26 20:34:56','2019-04-12 22:40:02'),
(124,'data.gred.index','Senarai Gred','App\\Modules\\Admin\\Controllers','DataManagementController','gredindex',0,15,'2019-03-21 01:14:43','2019-03-21 16:51:51'),
(125,'data.location.index','Senarai Destinasi Penerbangan','App\\Modules\\Admin\\Controllers','DataManagementController','locationindex',0,16,'2019-03-21 01:17:41','2019-03-21 16:51:51'),
(126,'data.allocation.index','Senarai Peruntukan','App\\Modules\\Admin\\Controllers','DataManagementController','allocationindex',0,18,'2019-03-21 01:18:52','2019-04-12 22:40:02'),
(127,'data.flightcompany.index','Senarai Syarikat Penerbangan','App\\Modules\\Admin\\Controllers','DataManagementController','flightcompanyindex',0,19,'2019-03-21 01:20:19','2019-04-12 22:40:02'),
(128,'data.unit.index','Senarai Unit Bahagian','App\\Modules\\Admin\\Controllers','DataManagementController','unitbahagianindex',0,20,'2019-03-21 01:21:11','2019-04-12 22:40:02'),
(129,'user.limitupdate','Had Kemaskini Profil','na','na','na',0,6,'2019-03-22 00:51:51','2019-03-22 00:51:51'),
(130,'proses.permohonan.baru','Permohonan Baru','App\\Modules\\Permohonan\\Controllers','na','na',0,24,'2019-03-22 01:04:46','2019-04-12 22:40:02'),
(131,'proses.permohonan.lulus','Melulus Permohonan','App\\Modules\\Permohonan\\Controllers','na','na',0,27,'2019-03-22 01:06:15','2020-05-27 20:19:52'),
(132,'proses.permohonan.sokong','Menyokong Permohonan','App\\Modules\\Permohonan\\Controllers','na','na',0,25,'2019-03-22 01:15:41','2019-04-12 22:40:02'),
(133,'data.pembangunan.index','Senarai Jenis Pembangunan','App\\Modules\\Admin\\Controllers','DataManagementController','pembangunanindex',0,17,'2019-04-13 06:40:02','2019-04-13 06:40:02'),
(134,'report.expensessummary.index','Laporan Rumusan Perbelanjaan','App\\Modules\\Report\\Controller','ReportController','expensessummary',0,31,'2019-10-07 13:11:45','2020-07-22 19:05:46'),
(136,'proses.permohonan.semak','Menyemak Permohonan','App\\Modules\\Permohonan\\Controllers','na','na',0,26,'2020-05-28 04:19:52','2020-05-28 04:19:52'),
(137,'proses.permohonan.selesai','Pengesahan Bahagian Kewangan','App\\Modules\\Permohonan\\Controllers','na','na',0,28,'2020-07-23 00:51:28','2020-07-23 00:51:28'),
(138,'proses.permohonan.caridokumen','Carian Dokumen Permohonan','App\\Modules\\Permohonan\\Controllers','na','na',0,29,'2020-07-23 03:05:46','2020-07-23 03:05:46');

/*Table structure for table `permissions_copy` */


CREATE TABLE `permissions_copy` (
  `id` int(10) unsigned NOT NULL AUTO_INCREMENT,
  `name` varchar(255) COLLATE utf8_unicode_ci NOT NULL,
  `description` text COLLATE utf8_unicode_ci,
  `namespace` varchar(255) COLLATE utf8_unicode_ci DEFAULT NULL,
  `controller` varchar(100) COLLATE utf8_unicode_ci DEFAULT NULL,
  `function` varchar(100) COLLATE utf8_unicode_ci DEFAULT NULL,
  `parent_menu` int(11) NOT NULL DEFAULT '0',
  `sort` int(11) NOT NULL,
  `created_at` timestamp NULL DEFAULT NULL,
  `updated_at` timestamp NULL DEFAULT NULL,
  PRIMARY KEY (`id`),
  UNIQUE KEY `permissions_name_unique` (`name`)
) ENGINE=InnoDB AUTO_INCREMENT=137 DEFAULT CHARSET=utf8 COLLATE=utf8_unicode_ci ROW_FORMAT=DYNAMIC COMMENT='ACL related';

/*Data for the table `permissions_copy` */

insert  into `permissions_copy`(`id`,`name`,`description`,`namespace`,`controller`,`function`,`parent_menu`,`sort`,`created_at`,`updated_at`) values 
(13,'home','Dashboard Pengguna','App\\Http\\Controllers','HomeController','index',1,0,NULL,'2018-12-17 15:02:13'),
(14,'administration','Pengurusan Pentadbiran','administration','AdminController','na',1,2,NULL,NULL),
(15,'admin.dashboard','Dashboard Pentadbir','App\\Modules\\Admin\\Controllers','AdminController','index',1,1,NULL,NULL),
(16,'user.index','Pengurusan Pengguna','App\\Http\\Controllers\\Controller','UserController','index',0,3,NULL,'2018-04-25 13:46:50'),
(17,'admin.roles','Pengurusan Peranan','App\\Modules\\Admin\\Controllers','RoleController','index',0,7,NULL,'2019-03-21 16:51:51'),
(18,'admin.permission','Pengurusan Permission','App\\Http\\Controllers\\Controller','PermissionController','index',0,8,NULL,'2019-03-21 16:51:51'),
(19,'admin.menus','Pengurusan Menu','App\\Modules\\Admin\\Controllers','MenuController','index',0,9,NULL,'2019-03-21 16:51:51'),
(20,'admin.logs','Log Sistem','Rap2hpoutre\\LaravelLogViewer','LogViewerController','index',0,10,NULL,'2019-03-21 16:51:51'),
(21,'admin.config','Konfigurasi Sistem','App\\Modules\\Admin\\Controllers','AdminController','configuration',0,11,NULL,'2019-03-21 16:51:51'),
(22,'admin.auditrail','Log Aktiviti Pengguna','App\\Modules\\Admin\\Controllers','AdminController','auditTrail',0,12,NULL,'2019-03-21 16:51:51'),
(29,'user.disable','Nyahaktif Pengguna','App\\Modules\\Admin\\Controllers','UserController','disableUser',0,4,'2018-04-30 06:58:17','2018-04-30 06:58:17'),
(30,'user.enable','Pengaktifan Pengguna','App\\Modules\\Admin\\Controllers','UserController','enableUser',0,5,'2018-04-30 06:59:02','2018-04-30 06:59:02'),
(101,'data','Pengurusan Data Rujukan','App\\Modules\\Admin\\Controllers','DataManagementController','na',1,14,'2018-11-10 13:06:34','2019-03-21 16:51:51'),
(104,'data.jawatan.index','Senarai Jawatan','App\\Modules\\Admin\\Controllers','DataManagementController','jawatanindex',0,21,'2018-11-17 14:59:47','2019-04-12 22:40:02'),
(108,'proses.permohonan','Pengurusan Permohonan','App\\Modules\\Permohonan\\Controllers','na','na',1,23,'2018-11-25 23:08:46','2019-04-12 22:40:02'),
(110,'report.index','Laporan','App\\Modules\\Report\\Controller','ReportController','index',1,28,NULL,'2020-05-27 20:19:52'),
(121,'user.changerole','Tukar Peranan Pengguna','na','na','na',0,13,'2018-12-11 01:41:13','2019-03-21 16:51:51'),
(123,'data.announcement.index','Pengumuman','App\\Modules\\Admin\\Controllers','DataManagementController','announcementindex',0,22,'2019-02-26 20:34:56','2019-04-12 22:40:02'),
(124,'data.gred.index','Senarai Gred','App\\Modules\\Admin\\Controllers','DataManagementController','gredindex',0,15,'2019-03-21 01:14:43','2019-03-21 16:51:51'),
(125,'data.location.index','Senarai Destinasi Penerbangan','App\\Modules\\Admin\\Controllers','DataManagementController','locationindex',0,16,'2019-03-21 01:17:41','2019-03-21 16:51:51'),
(126,'data.allocation.index','Senarai Peruntukan','App\\Modules\\Admin\\Controllers','DataManagementController','allocationindex',0,18,'2019-03-21 01:18:52','2019-04-12 22:40:02'),
(127,'data.flightcompany.index','Senarai Syarikat Penerbangan','App\\Modules\\Admin\\Controllers','DataManagementController','flightcompanyindex',0,19,'2019-03-21 01:20:19','2019-04-12 22:40:02'),
(128,'data.unit.index','Senarai Unit Bahagian','App\\Modules\\Admin\\Controllers','DataManagementController','unitbahagianindex',0,20,'2019-03-21 01:21:11','2019-04-12 22:40:02'),
(129,'user.limitupdate','Had Kemaskini Profil','na','na','na',0,6,'2019-03-22 00:51:51','2019-03-22 00:51:51'),
(130,'proses.permohonan.baru','Permohonan Baru','App\\Modules\\Permohonan\\Controllers','na','na',0,24,'2019-03-22 01:04:46','2019-04-12 22:40:02'),
(131,'proses.permohonan.lulus','Melulus Permohonan','App\\Modules\\Permohonan\\Controllers','na','na',0,27,'2019-03-22 01:06:15','2020-05-27 20:19:52'),
(132,'proses.permohonan.sokong','Menyokong Permohonan','App\\Modules\\Permohonan\\Controllers','na','na',0,25,'2019-03-22 01:15:41','2019-04-12 22:40:02'),
(133,'data.pembangunan.index','Senarai Jenis Pembangunan','App\\Modules\\Admin\\Controllers','DataManagementController','pembangunanindex',0,17,'2019-04-13 06:40:02','2019-04-13 06:40:02'),
(134,'report.expensessummary.index','Laporan Rumusan Perbelanjaan','App\\Modules\\Report\\Controller','ReportController','expensessummary',0,29,'2019-10-07 13:11:45','2020-05-27 20:19:52'),
(136,'proses.permohonan.semak','Menyemak Permohonan','App\\Modules\\Permohonan\\Controllers','na','na',0,26,'2020-05-28 04:19:52','2020-05-28 04:19:52');

/*Table structure for table `permohonan` */


CREATE TABLE `permohonan` (
  `permohonan_id` bigint(11) NOT NULL AUTO_INCREMENT,
  `permohonan_no` varchar(30) DEFAULT NULL,
  `unit_bahagian_id` int(11) DEFAULT NULL,
  `allocation_id` int(11) DEFAULT NULL,
  `procurement_type` int(11) NOT NULL DEFAULT '0' COMMENT '0-bukan aset alih,1-aset alih',
  `post_type` int(11) NOT NULL DEFAULT '0' COMMENT '0-post, 1-byhand',
  `permohonan_nobilbom` varchar(30) DEFAULT NULL,
  `supplier_id` int(11) DEFAULT NULL,
  `supplier_code` varchar(20) DEFAULT NULL,
  `supplier_name` varchar(100) DEFAULT NULL,
  `supplier_address_1` varchar(100) DEFAULT NULL,
  `supplier_address_2` varchar(100) DEFAULT NULL,
  `supplier_address_3` varchar(100) DEFAULT NULL,
  `supplier_postcode` char(5) DEFAULT NULL,
  `district_id` int(11) DEFAULT NULL,
  `state_id` int(11) DEFAULT NULL,
  `supplier_kod_peruntukan_1` varchar(20) DEFAULT NULL,
  `supplier_kod_peruntukan_2` varchar(20) DEFAULT NULL,
  `supplier_kod_peruntukan_3` varchar(20) DEFAULT NULL,
  `permohonan_no_pesanan` varchar(20) DEFAULT NULL,
  `is_enough` int(11) DEFAULT '0' COMMENT 'allocation is enough',
  `perolehan_tajuk` text,
  `perolehan_asap` int(11) NOT NULL DEFAULT '0',
  `perolehan_date` date DEFAULT NULL,
  `perolehan_lokasi` varchar(100) DEFAULT NULL,
  `permohonan_gross_amount` decimal(10,2) NOT NULL DEFAULT '0.00',
  `permohonan_sst_percentage` decimal(10,2) NOT NULL DEFAULT '0.00',
  `permohonan_sst_amount` decimal(10,2) NOT NULL DEFAULT '0.00',
  `permohonan_final_amount` decimal(10,2) NOT NULL DEFAULT '0.00',
  `justifikasi_remarks` text,
  `status` char(1) NOT NULL DEFAULT 'N' COMMENT 'D-Draft,N-new,S-support,A-approve,R-reject,C-complete,U-perlukemaskini',
  `pemohon_id` int(11) DEFAULT NULL,
  `submitted_date` datetime DEFAULT NULL,
  `permohonan_catatan` text,
  `approver_remarks` text,
  `approver_id` int(11) DEFAULT NULL,
  `approved_date` datetime DEFAULT NULL,
  `checked_remarks` text,
  `checked_by` int(11) DEFAULT NULL,
  `checked_date` datetime DEFAULT NULL,
  `completed_remarks` text,
  `completed_by` int(11) DEFAULT NULL,
  `completed_date` datetime DEFAULT NULL,
  `lpo_no` varchar(20) DEFAULT NULL,
  `lpo_remarks` text,
  `lpo_by` int(11) DEFAULT NULL,
  `lpo_date` datetime DEFAULT NULL,
  `invoice_no` varchar(20) DEFAULT NULL,
  `invoice_remarks` text,
  `invoice_by` int(11) DEFAULT NULL,
  `invoice_date` datetime DEFAULT NULL,
  `final_remarks` text,
  `final_by` int(11) DEFAULT NULL,
  `final_date` datetime DEFAULT NULL,
  `created_by` int(11) NOT NULL,
  `created_at` timestamp NULL DEFAULT NULL,
  `updated_at` timestamp NOT NULL DEFAULT CURRENT_TIMESTAMP,
  `deleted_at` timestamp NULL DEFAULT NULL,
  PRIMARY KEY (`permohonan_id`),
  KEY `idx_permohonan_allocation_id` (`allocation_id`),
  KEY `idx_permohonan_pembangunan_id` (`unit_bahagian_id`),
  KEY `idx_permohonan_no` (`permohonan_no`),
  KEY `idx_permohonan_status` (`status`),
  KEY `idx_permohonan_pemohon_id` (`pemohon_id`),
  KEY `idx_permohonan_created_by` (`created_by`)
) ENGINE=InnoDB DEFAULT CHARSET=latin1;

/*Data for the table `permohonan` */

/*Table structure for table `permohonan_audit_trail` */


CREATE TABLE `permohonan_audit_trail` (
  `permohonan_audit_trail_id` bigint(20) NOT NULL AUTO_INCREMENT,
  `permohonan_id` bigint(20) NOT NULL,
  `status` char(1) NOT NULL,
  `remarks` text,
  `created_by` int(11) NOT NULL,
  `created_at` timestamp NULL DEFAULT NULL ON UPDATE CURRENT_TIMESTAMP,
  `updated_at` timestamp NOT NULL DEFAULT CURRENT_TIMESTAMP,
  `deleted_at` timestamp NULL DEFAULT NULL,
  PRIMARY KEY (`permohonan_audit_trail_id`)
) ENGINE=InnoDB DEFAULT CHARSET=latin1;

/*Data for the table `permohonan_audit_trail` */

/*Table structure for table `permohonan_checklist` */


CREATE TABLE `permohonan_checklist` (
  `permohonan_checklist_id` bigint(11) NOT NULL AUTO_INCREMENT,
  `permohonan_id` bigint(11) NOT NULL,
  `tiga_sebut_harga` int(1) NOT NULL DEFAULT '0',
  `keratan_minit_bom` int(1) NOT NULL DEFAULT '0',
  `anggaran_belanja_bom` int(1) NOT NULL DEFAULT '0',
  `sijil_gst` int(1) NOT NULL DEFAULT '0',
  `justifikasi` int(1) NOT NULL DEFAULT '0',
  `justifikasi_remarks` text,
  `penginapan_tiket` int(1) NOT NULL DEFAULT '0',
  `senarai_nama_penginap` int(1) NOT NULL DEFAULT '0' COMMENT 'penginapan_tiket',
  `senarai_nama_tiket` int(1) NOT NULL DEFAULT '0' COMMENT 'penginapan_tiket',
  `lantikan` int(1) NOT NULL DEFAULT '0',
  `kelulusan_mof` int(1) NOT NULL DEFAULT '0' COMMENT 'lantikan',
  `plps` int(1) NOT NULL DEFAULT '0' COMMENT 'lantikan',
  `surat_setuju_terima` int(1) NOT NULL DEFAULT '0' COMMENT 'lantikan',
  `surat_lantikan_perunding` int(1) NOT NULL DEFAULT '0' COMMENT 'lantikan',
  `jadual_pembayaran` int(1) NOT NULL DEFAULT '0' COMMENT 'lantikan',
  `terms_of_reference` int(1) NOT NULL DEFAULT '0' COMMENT 'lantikan',
  `borang_lampiran_b` int(1) NOT NULL DEFAULT '0' COMMENT 'lantikan',
  `invois` int(1) NOT NULL DEFAULT '0' COMMENT 'lantikan',
  `perolehan_sebut_hargab` int(1) NOT NULL DEFAULT '0',
  `sst` int(1) NOT NULL DEFAULT '0' COMMENT 'perolehan_sebut_hargab',
  `keputusan_perolehan` int(1) NOT NULL DEFAULT '0' COMMENT 'perolehan_sebut_hargab',
  `surat_lantikan_sebut_hargab` int(1) NOT NULL DEFAULT '0' COMMENT 'perolehan_sebut_hargab',
  `teknikal_selenggara` int(1) NOT NULL DEFAULT '0',
  `laporan_selenggara_sah` int(1) NOT NULL DEFAULT '0' COMMENT 'teknikal_selenggara',
  `kontrak_salinan` int(1) NOT NULL DEFAULT '0' COMMENT 'teknikal_selenggara',
  `makanan` int(1) NOT NULL DEFAULT '0',
  `senarai_peserta` int(1) NOT NULL DEFAULT '0' COMMENT 'makanan',
  `tentatif_program` int(1) NOT NULL DEFAULT '0' COMMENT 'makanan',
  `created_at` timestamp NULL DEFAULT NULL,
  `updated_at` timestamp NOT NULL DEFAULT CURRENT_TIMESTAMP,
  `deleted_at` timestamp NULL DEFAULT NULL,
  PRIMARY KEY (`permohonan_checklist_id`)
) ENGINE=InnoDB DEFAULT CHARSET=latin1;

/*Data for the table `permohonan_checklist` */

/*Table structure for table `permohonan_detail` */


CREATE TABLE `permohonan_detail` (
  `permohonan_detail_id` bigint(11) NOT NULL AUTO_INCREMENT,
  `permohonan_id` bigint(11) NOT NULL,
  `is_main` int(11) NOT NULL DEFAULT '0',
  `main_id` bigint(11) DEFAULT NULL COMMENT 'permohonan_detail_id',
  `permohonan_item` text,
  `quantity` int(11) NOT NULL DEFAULT '0',
  `price_perunit` decimal(10,2) NOT NULL DEFAULT '0.00',
  `price_total` decimal(10,2) NOT NULL DEFAULT '0.00',
  `created_at` timestamp NULL DEFAULT NULL ON UPDATE CURRENT_TIMESTAMP,
  `updated_at` timestamp NOT NULL DEFAULT CURRENT_TIMESTAMP,
  `deleted_at` timestamp NULL DEFAULT NULL,
  PRIMARY KEY (`permohonan_detail_id`)
) ENGINE=InnoDB DEFAULT CHARSET=latin1;

/*Data for the table `permohonan_detail` */

/*Table structure for table `rawdata` */


CREATE TABLE `rawdata` (
  `id` int(11) DEFAULT NULL,
  `name` varchar(255) DEFAULT NULL,
  `password` varchar(255) DEFAULT NULL,
  `email` varchar(50) DEFAULT NULL,
  `staffno` varchar(10) DEFAULT NULL,
  `jawatan_id` int(11) DEFAULT NULL,
  `jawatan` varchar(50) DEFAULT NULL,
  `gred_id` int(11) DEFAULT NULL,
  `gred` varchar(50) DEFAULT NULL,
  `unit` varchar(50) DEFAULT NULL,
  `bahagian_id` int(11) DEFAULT NULL,
  `bahagian` varchar(50) DEFAULT NULL,
  `icno` varchar(20) DEFAULT NULL,
  `pelulus_id` int(11) DEFAULT NULL,
  `pelulus` varchar(255) DEFAULT NULL,
  `role_id` int(11) DEFAULT NULL
) ENGINE=InnoDB DEFAULT CHARSET=latin1;

/*Data for the table `rawdata` */

insert  into `rawdata`(`id`,`name`,`password`,`email`,`staffno`,`jawatan_id`,`jawatan`,`gred_id`,`gred`,`unit`,`bahagian_id`,`bahagian`,`icno`,`pelulus_id`,`pelulus`,`role_id`) values 
(3,'Ab. Razak Salleh ',NULL,'razaksalleh@mpc.gov.my','2112',23,'Penolong Jurutera (KUP)',12,'JA29/JA36','MIT',5,'MSF','620310035231',36,'Burhanuddin Saidin',8),
(4,'Abang Nurfadli Abang Yusuf ',NULL,'nurfadli@mpc.gov.my','1602',27,'Penolong Pengurus',3,'E41','MPC SKO',11,'MPC SKO','881113136047',295,'Waila Mohd. Nasir',8),
(5,'Abdollah Talib',NULL,'dollah@mpc.gov.my','2113',14,'Pembantu Tadbir (P/O)',21,'N28','HRMD',3,'DGO','641129055193',129,'Dato\' Mohd Razali Hussain',8),
(6,'Abdul Hadi Ishak',NULL,'hadi@mpc.gov.my','2971',15,'Pembantu Tadbir (P/O) (KUP)',19,'N22','AST',5,'MSF','810825045057',36,'Burhanuddin Saidin',8),
(7,'Abdul Hakim bin Mohamad Sharif',NULL,'hakim@mpc.gov.my','3043',8,'Pembantu Awam',9,'H11','PCT',5,'MSF','840515145893',36,'Burhanuddin Saidin',8),
(8,'Abdul Karim Abdul Halim',NULL,'karim@mpc.gov.my','2970',10,'Pembantu Operasi',16,'N11','ADM',5,'MSF','810328145225',36,'Burhanuddin Saidin',8),
(9,'Dato\' Abd. Latif Abu Seman',NULL,'abdullatif@mpc.gov.my','1179',32,'Timbalan Ketua Pengarah',14,'JUSA B/VU6','',6,'PCD','610529065073',129,'Dato\' Mohd Razali Hussain',6),
(10,'Abdul Latif Hussein ',NULL,'AbdulLatifh@mpc.gov.my','2061',23,'Penolong Jurutera (KUP)',12,'JA29/JA36','MPC SKO',11,'MPC SKO','600723135435',295,'Waila Mohd. Nasir',8),
(11,'Abdul Malek Mohamad Aripin',NULL,'malek@mpc.gov.my','1407',18,'Pengurus',4,'E44','CRO',2,'CRO','690206045185',242,'Dr. Rahmat Md. Smail',8),
(12,'Abdul Quyun Mansor',NULL,'quyun@mpc.gov.my','3114',10,'Pembantu Operasi',16,'N11','ADM',5,'MSF','850207065305',36,'Burhanuddin Saidin',8),
(13,'Abigail Subatra a/p Anbalakan',NULL,'abigail@mpc.gov.my','1589',27,'Penolong Pengurus',3,'E41','ITR',1,'CPD','850106055140',79,'Kamaruddin Mohamad  ',8),
(14,'Adlina Snawi',NULL,'adlina@mpc.gov.my','1434',27,'Penolong Pengurus',3,'E41','MPC NRO',9,'MPC NRO','781031075342',99,'Dr. Mazrina Mohd. Ibramsah',8),
(15,'Ahmad Fathan Abdul Rahim',NULL,'fathan@mpc.gov.my','1652',27,'Penolong Pengurus',3,'E41','MPC NRO',9,'MPC NRO','860818355343',99,'Dr. Mazrina Mohd. Ibramsah',8),
(16,'Ahmad Harris Abdullah',NULL,'harris@mpc.gov.my','1495',18,'Pengurus',4,'E44','SR',6,'PCD','790805115235',39,'Dr.  Daud Talib',8),
(17,'Aiman Zakwan Zahari',NULL,'aiman@mpc.gov.my','1594',27,'Penolong Pengurus',3,'E41','PCK',6,'PCD','891020015691',307,'Zainon Bakar',8),
(18,'Aizulhisham Mat Menan',NULL,'aizul@mpc.gov.my','3013',25,'Penolong Pegawai Tadbir',22,'N29','AST',5,'MSF','801211105313',36,'Burhanuddin Saidin',8),
(19,'Akmar Ashaari',NULL,'akmar@mpc.gov.my','2990',14,'Pembantu Tadbir (P/O) ',20,'N26','ADM',5,'MSF','790723075671',36,'Burhanuddin Saidin',8),
(20,'Al Hisyam Abdul Halim',NULL,'alhisyam@mpc.gov.my','1565',27,'Penolong Pengurus',3,'E41','',1,'CPD','780407145421',79,'Kamaruddin Mohamad  ',8),
(21,'Aluyah Suhaili',NULL,'alluyah@mpc.gov.my','2123',16,'Pembantu Tadbir (P/O) KUP',20,'N26','MPC SKO',11,'MPC SKO','630805135268',295,'Waila Mohd. Nasir',8),
(22,'Amirul Qamar Zakaria',NULL,'amirulqamar@mpc.gov.my','3113',22,'Penolong Jurutera',12,'JA29/JA36','AST',5,'MSF','870118086399',36,'Burhanuddin Saidin',8),
(23,'Anis Marina Abd. Wahab',NULL,'anis@mpc.gov.my','1591',27,'Penolong Pengurus',3,'E41','PCK',6,'PCD','850708145936',307,'Zainon Bakar',8),
(24,'Asmahan Othman',NULL,'asmahan@mpc.gov.my','1429',18,'Pengurus',4,'E44','',7,'QED','730601715226',141,'Mohd. Zaki Bin Ibrahim ',8),
(25,'Asmawadi Mohamed',NULL,'asmawadi@mpc.gov.my','1501',18,'Pengurus',4,'E44','CRO',2,'CRO','800318035293',242,'Dr. Rahmat Md. Smail',8),
(26,'Athirah Ishak',NULL,'athirah@mpc.gov.my','1657',27,'Penolong Pengurus',3,'E41','SR',6,'PCD','890925035094',39,'Dr.  Daud Talib',8),
(27,'Ati Djam Seri Montoi',NULL,'atidjam@mpc.gov.my','1433',18,'Pengurus',4,'E44','',7,'QED','721110125470',141,'Mohd. Zaki Bin Ibrahim ',8),
(28,'Awang Udin Kanda ',NULL,'awangudin@mpc.gov.my','2124',10,'Pembantu Operasi',16,'N11','MPC SBO',10,'MPC SBO','620807125523',72,'Izani Ishak',8),
(29,'Azhani Ismail',NULL,'azhani@mpc.gov.my','1424',27,'Penolong Pengurus',3,'E41','',4,'DMO','740621715142',304,'Zahid Ismail',8),
(30,'Azimah Adnan',NULL,'azimah@mpc.gov.my','1531',18,'Pengurus',4,'E44','',4,'DMO','820910105084',304,'Zahid Ismail',8),
(31,'Azira Mohamed Hodzai',NULL,'azira@mpc.gov.my','1580',27,'Penolong Pengurus',3,'E41','MIT',5,'MSF','871121295452',36,'Burhanuddin Saidin',8),
(32,'Azizan Omar ',NULL,'azizan@mpc.gov.my','2069',10,'Pembantu Operasi',17,'N14','ADM',5,'MSF','590613055315',36,'Burhanuddin Saidin',8),
(33,'Azlan Kassim',NULL,'azk@mpc.gov.my','1197',33,'Timbalan Pengarah',6,'E52','MPC ECR',8,'MPC ECR','600518106299',66,'Ab. Rahim Yusoff',6),
(34,'Azlin Mohd Alias    ',NULL,'azlin@mpc.gov.my','1462',18,'Pengurus',4,'E44','',4,'DMO','771102145856',304,'Zahid Ismail',8),
(35,'Bahar Musa ',NULL,'bahar@mpc.gov.my','2051',10,'Pembantu Operasi',16,'N11','CRO',2,'CRO','591116055239',242,'Dr. Rahmat Md. Smail',8),
(36,'Burhanuddin Saidin',NULL,'bob@mpc.gov.my','1199',17,'Pengarah',7,'E54','',5,'MSF','601103085419',129,'Dato\' Mohd Razali Hussain',6),
(37,'Cham Yin Hwa',NULL,'cham@mpc.gov.my','1572',27,'Penolong Pengurus',3,'E41','PCT',5,'MSF','850809045416',36,'Burhanuddin Saidin',8),
(38,'Darul Adizul Ishak ',NULL,'daruladizul@mpc.gov.my','1556',27,'Penolong Pengurus',3,'E41','MPC SBO',10,'MPC SBO','821110105937',72,'Izani Ishak',8),
(39,'Dr. Daud Talib',NULL,'daud@mpc.gov.my','1277',17,'Pengarah',7,'E54','',6,'PCD','650523015733',9,'Dato\' Abd. Latif Abu Seman',6),
(40,'Eamizan Hasim',NULL,'eamizan@mpc.gov.my','1340',19,'Pengurus Kanan',5,'E48','UAD',3,'DGO','671215106089',129,'Dato\' Mohd Razali Hussain',8),
(41,'Edward Binty',NULL,'edward@mpc.gov.my','1435',18,'Pengurus',4,'E44','MPC SBO',10,'MPC SBO','750707125521',72,'Izani Ishak',8),
(42,'Ellma Eddiahwati Musa',NULL,'ellma@mpc.gov.my','3067',30,'Setiausaha Pejabat ',22,'N29','',6,'PCD','760622145362',9,'Dato\' Abd. Latif Abu Seman',8),
(43,'Faizul Mohamed',NULL,'faizul@mpc.gov.my','2995',7,'Pemandu Kenderaan',9,'H11','MPC SRO',12,'MPC SRO','730506015053',255,'Roziana Othman',8),
(44,'Fara Salinda Ayu Halim ',NULL,'farasalinda@mpc.gov.my','3072',15,'Pembantu Tadbir (P/O) (KUP)',18,'N19','UAD',3,'DGO','790904085772',129,'Dato\' Mohd Razali Hussain',8),
(45,'Fara Suraya Hani Halim',NULL,'fara@mpc.gov.my','3014',13,'Pembantu Setiausaha Pejabat (KUP)',19,'N22','',4,'DMO','780714085668',304,'Zahid Ismail',8),
(46,'Farah Diyana Derma Dewa',NULL,'diyana@mpc.gov.my','3115',14,'Pembantu Tadbir (P/O) ',18,'N19','ADM',5,'MSF','820812105056',36,'Burhanuddin Saidin',2),
(47,'Farah Sazarina Othman',NULL,'farah@mpc.gov.my','2964',15,'Pembantu Tadbir (P/O) (KUP)',19,'N22','PCT',5,'MSF','811203015456',36,'Burhanuddin Saidin',8),
(48,'Farhan Abdullah',NULL,'farhan@mpc.gov.my','3044',7,'Pemandu Kenderaan',9,'H11','',3,'DGO','730617105449',129,'Dato\' Mohd Razali Hussain',8),
(49,'Faridah Taju Rahim',NULL,'faridah_tr@mpc.gov.my','1451',18,'Pengurus',4,'E44','MPC ECR',8,'MPC ECR','760308065380',33,'Azlan Kassim',8),
(50,'Fauziah Ahmad Nawawi',NULL,'fauziahnawawi@mpc.gov.my','2973',14,'Pembantu Tadbir (P/O) ',18,'N19','AST',5,'MSF','790625105398',36,'Burhanuddin Saidin',8),
(51,'Fauziah Manaf',NULL,'fauziah@mpc.gov.my','2563',12,'Pembantu Setiausaha Pejabat',19,'N22','',6,'PCD','660107065028',9,'Dato\' Abd. Latif Abu Seman',8),
(52,'Fauziah Sakiman',NULL,'fauziahsakiman@mpc.gov.my','2659',14,'Pembantu Tadbir (P/O) ',19,'N22','MPC SRO',12,'MPC SRO','720323015326',255,'Roziana Othman',8),
(53,'Fizalawati Amin',NULL,'fizalawati@mpc.gov.my','3078',12,'Pembantu Setiausaha Pejabat',18,'N19','MPC SKO',11,'MPC SKO','810813135258',295,'Waila Mohd. Nasir',2),
(54,'Hafiza Atha Ahmad',NULL,'hafiza@mpc.gov.my','1496',18,'Pengurus',4,'E44','',6,'PCD','811010105092',9,'Dato\' Abd. Latif Abu Seman',8),
(55,'Hafizah Sith',NULL,'hafizahsith@mpc.gov.my','1418',18,'Pengurus',4,'E44','',4,'DMO','790329016120',304,'Zahid Ismail',8),
(56,'Hafizoh Md. Aris',NULL,'hafizoh@mpc.gov.my','1497',27,'Penolong Pengurus',3,'E41','',6,'PCD','780402025746',9,'Dato\' Abd. Latif Abu Seman',8),
(57,'Hairul Mizan Hamdan ',NULL,'hairul@mpc.gov.my','2997',20,'Penjaga Jentera Eletrik',11,'J22','MPC SRO',12,'MPC SRO','770222015947',255,'Roziana Othman',8),
(58,'Halimahton Saadiah Let',NULL,'halimahton@mpc.gov.my','1409',18,'Pengurus',4,'E44','',6,'PCD','730930085368',9,'Dato\' Abd. Latif Abu Seman',8),
(59,'Hamzaly Zakaria',NULL,'hamzaly@mpc.gov.my','2998',8,'Pembantu Awam',9,'H11','PCT',5,'MSF','680617105825',36,'Burhanuddin Saidin',8),
(60,'Hanisah Mohd. Ramli',NULL,'hanisah@mpc.gov.my','1529',27,'Penolong Pengurus',3,'E41','',4,'DMO','840523105736',304,'Zahid Ismail',8),
(61,'Hasbullah Abdul Hamid ',NULL,'hasbullah@mpc.gov.my','3083',23,'Penolong Jurutera (KUP)',12,'JA29/JA36','AST',5,'MSF','800114025253',36,'Burhanuddin Saidin',8),
(62,'Haslizayanti Othman',NULL,'haslizayanti@mpc.gov.my','1526',27,'Penolong Pengurus',3,'E41','PCK',6,'PCD','810117065348',307,'Zainon Bakar',8),
(63,'Hazwani Nadiah Ismail',NULL,'hazwani@mpc.gov.my','1525',27,'Penolong Pengurus',3,'E41','MPC ECR',8,'MPC ECR','820913035624',33,'Azlan Kassim',8),
(64,'Hillina Abdul Karim',NULL,'hillina@mpc.gov.my','1457',3,'Akauntan Kanan',29,'WA44','KEW',5,'MSF','760325105284',36,'Burhanuddin Saidin',8),
(65,'Hishamuddin Hassan',NULL,'hishammudin@mpc.gov.my','3037',10,'Pembantu Operasi',16,'N11','MPC NRO',9,'MPC NRO','811203025531',99,'Dr. Mazrina Mohd. Ibramsah',8),
(66,'Ab. Rahim Yusoff',NULL,'abrahim@mpc.gov.my','1192',32,'Timbalan Ketua Pengarah',15,'JUSA C/VU7','',7,'QED','601217035145',129,'Dato\' Mohd Razali Hussain',6),
(67,'Ab. Rashid Omar',NULL,'abrash@mpc.gov.my','1331',19,'Pengurus Kanan',5,'E48','',6,'PCD','660801045393',9,'Dato\' Abd. Latif Abu Seman',8),
(68,'Huda Atiqah Samsir',NULL,'atiqah@mpc.gov.my','1644',27,'Penolong Pengurus',3,'E41','MEDIA',1,'CPD','881028015128',79,'Kamaruddin Mohamad  ',8),
(69,'Ilyana Norsaidah Ab Rahman',NULL,'ilyana@mpc.gov.my','1638',27,'Penolong Pengurus',3,'E41','SR',6,'PCD','910911035478',39,'Dr.  Daud Talib',8),
(70,'Ingrid Ng Edy',NULL,'ingrid@mpc.gov.my','1609',27,'Penolong Pengurus',3,'E41','MPC SBO',10,'MPC SBO','871121495040',72,'Izani Ishak',8),
(71,'Isram Azhar',NULL,'isram@mpc.gov.my','3047',25,'Penolong Pegawai Tadbir',22,'N29','ADM',5,'MSF','820324105479',36,'Burhanuddin Saidin',8),
(72,'Izani Ishak',NULL,'izani@mpc.gov.my','1275',33,'Timbalan Pengarah',6,'E52','MPC SBO',10,'MPC SBO','630610035689',66,'Ab. Rahim Yusoff',6),
(73,'Izzul Ikhwan Ishak',NULL,'izzul@mpc.gov.my','1659',27,'Penolong Pengurus',3,'E41','PCK',6,'PCD','910610105989',307,'Zainon Bakar',8),
(74,'Jauza Juhairah Jimmy Abdullah',NULL,'jacqueline@mpc.gov.my','3141',14,'Pembantu Tadbir (P/O) ',18,'N19','',6,'PCD','920127126324',307,'Zainon Bakar',8),
(75,'Jayaletchumi Krishnan',NULL,'jaya@mpc.gov.my','1488',27,'Penolong Pengurus',3,'E41','',7,'QED','780507025152',141,'Mohd. Zaki Bin Ibrahim ',8),
(76,'Jerry Shahnizal Abd. Aziz',NULL,'jerry@mpc.gov.my','1503',18,'Pengurus',4,'E44','MPC SKO',11,'MPC SKO','830808146065',295,'Waila Mohd. Nasir',8),
(77,'Josffa Ismail',NULL,'josffa@mpc.gov.my','1408',18,'Pengurus',4,'E44','',4,'DMO','780215075975',304,'Zahid Ismail',8),
(78,'Kabir Ahmad Mohamad Jamil',NULL,'kabir@mpc.gov.my','1170',17,'Pengarah',7,'E54','',6,'PCD','600101025303',129,'Dato\' Mohd Razali Hussain',6),
(79,'Kamaruddin Mohamad  ',NULL,'dinmohd@mpc.gov.my','1183',17,'Pengarah',7,'E54','',1,'CPD','610718115105',79,'Kamaruddin Mohamad  ',6),
(80,'Kamaruzaman Ramli ',NULL,'kamaruzamanr@mpc.gov.my','3103',23,'Penolong Jurutera (KUP)',12,'JA29/JA36','MPC ECR',8,'MPC ECR','830308115035',33,'Azlan Kassim',8),
(81,'Kartin Haslinda Che Mat',NULL,'haslinda@mpc.gov.my','1450',27,'Penolong Pengurus',3,'E41','MPC ECR',8,'MPC ECR','760304035264',33,'Azlan Kassim',8),
(82,'Kasturi Devi a/p Appanna',NULL,'kasturi@mpc.gov.my','1546',27,'Penolong Pengurus',3,'E41','MPC NRO',9,'MPC NRO','810525085890',99,'Dr. Mazrina Mohd. Ibramsah',8),
(83,'Khairil Afi Adnan',NULL,'KhairilAfi@mpc.gov.my','3156',14,'Pembantu Tadbir (P/O) ',18,'N19','HRMD',3,'DGO','871003065189',129,'Dato\' Mohd Razali Hussain',8),
(84,'Khalidatul Asrin Abd. Aziz',NULL,'asrin@mpc.gov.my','1483',18,'Pengurus',4,'E44','SR',6,'PCD','800112025794',39,'Dr.  Daud Talib',8),
(85,'Khatijah Rahmat ',NULL,'khatijah@mpc.gov.my','1606',27,'Penolong Pengurus',3,'E41','MPC SKO',11,'MPC SKO','840710135404',295,'Waila Mohd. Nasir',8),
(86,'Khidzir Ahmad',NULL,'khidzir@mpc.gov.my','1534',18,'Pengurus',4,'E44','SR',6,'PCD','780830105611',39,'Dr.  Daud Talib',8),
(87,'Datin Latchumy Prabha',NULL,'prabha@mpc.gov.my','1316',19,'Pengurus Kanan',5,'E48','ITR',1,'CPD','620517015246',79,'Kamaruddin Mohamad  ',8),
(88,'Lee Wan Swanee',NULL,'swanee@mpc.gov.my','1573',27,'Penolong Pengurus',3,'E41','SR',6,'PCD','850915035756',39,'Dr.  Daud Talib',8),
(89,'Lee Wan Wei',NULL,'wanwei@mpc.gov.my','1585',27,'Penolong Pengurus',3,'E41','',4,'DMO','860814595008',304,'Zahid Ismail',8),
(90,'Liyana Othman',NULL,'liyana@mpc.gov.my','1656',27,'Penolong Pengurus',3,'E41','MPC SKO',11,'MPC SKO','900703137438',295,'Waila Mohd. Nasir',8),
(91,'Mahadi Hasbullah',NULL,'mahadi@mpc.gov.my','1486',18,'Pengurus',4,'E44','MPC ECR',8,'MPC ECR','760815035303',33,'Azlan Kassim',8),
(92,'Mariatul Af-Ida M.T. Ariffin',NULL,'mariatul@mpc.gov.my','1390',18,'Pengurus',4,'E44','',4,'DMO','750712085034',285,'Suhaimi Hamad',8),
(93,'Marina Maulad Ismail',NULL,'marina@mpc.gov.my','3074',15,'Pembantu Tadbir (P/O) (KUP)',18,'N19','CRO',2,'CRO','860329145038',242,'Dr. Rahmat Md. Smail',8),
(94,'Marziah Ahmad',NULL,'marziahahmad@mpc.gov.my','1349',27,'Penolong Pengurus',3,'E41','',7,'QED','650411065218',141,'Mohd. Zaki Bin Ibrahim ',8),
(95,'Mashitanor Zainudin',NULL,'mashitanor@mpc.gov.my','3087',6,'Pegawai Khidmat Pelanggan',18,'N19','ADM',5,'MSF','761019055308',36,'Burhanuddin Saidin',8),
(96,'Maswani Ismail ',NULL,'maswani@mpc.gov.my','3095',15,'Pembantu Tadbir (P/O) (KUP)',18,'N19','MPC ECR',8,'MPC ECR','810316035600',33,'Azlan Kassim',8),
(97,'Dr. Mazlina Shafii',NULL,'eyna@mpc.gov.my','1373',19,'Pengurus Kanan',5,'E48','',4,'DMO','720731086000',304,'Zahid Ismail',8),
(98,'Maznee Abd. Halim',NULL,'maznee@mpc.gov.my','1318',19,'Pengurus Kanan',5,'E48','',7,'QED','661204115036',216,'Norzirin Ariffin',8),
(99,'Dr. Mazrina Mohd. Ibramsah',NULL,'mazrina@mpc.gov.my','1393',33,'Timbalan Pengarah',6,'E52','MPC NRO',9,'MPC NRO','741207075594',66,'Ab. Rahim Yusoff',6),
(100,'Mazuan Salleh',NULL,'mazuan@mpc.gov.my','1512',27,'Penolong Pengurus',3,'E41','MPC SRO',12,'MPC SRO','810105125067',255,'Roziana Othman',8),
(101,'Mazuin Dahlan       ',NULL,'mazuin@mpc.gov.my','1445',18,'Pengurus',4,'E44','PCK',6,'PCD','790417145328',307,'Zainon Bakar',8),
(102,'Md Shubri Ismail  ',NULL,'shubri@mpc.gov.my','1175',33,'Timbalan Pengarah',6,'E52','CRO',2,'CRO','591223075331',242,'Dr. Rahmat Md. Smail',6),
(103,'Md Zainuri Juri',NULL,'zainuri@mpc.gov.my','1404',18,'Pengurus',4,'E44','',7,'QED','741122017053',141,'Mohd. Zaki Bin Ibrahim ',8),
(104,'Megat Amirul Saifulnizam Megat Kamarul Bahrin ',NULL,'megatamirul@mpc.gov.my','1504',18,'Pengurus',4,'E44','MPC SRO',12,'MPC SRO','820702115739',255,'Roziana Othman',8),
(105,'Melissa Ahmad Arshad',NULL,'melissa@mpc.gov.my','1411',27,'Penolong Pengurus',3,'E41','SR',6,'PCD','761210105270',39,'Dr.  Daud Talib',8),
(106,'Mimi Hasnita Ahmad',NULL,'mimi@mpc.gov.my','2994',30,'Setiausaha Pejabat',22,'N29','MPC ECR',8,'MPC ECR','761108065348',33,'Azlan Kassim',2),
(107,'Minhana Yahaya',NULL,'minhana@mpc.gov.my','3016',30,'Setiausaha Pejabat ',22,'N29','',5,'MSF','790514145178',36,'Burhanuddin Saidin',8),
(108,'Mohamad Azrol Mohd. Dali',NULL,'mdazrol@mpc.gov.my','1423',19,'Pengurus Kanan',5,'E48','',6,'PCD','750930015683',9,'Dato\' Abd. Latif Abu Seman',8),
(109,'Mohamad Hafizi Abd Rashid',NULL,'hafizi@mpc.gov.my','3093',26,'Penolong Pegawai Teknologi Maklumat',8,'FA29','MIT',5,'MSF','880905025009',36,'Burhanuddin Saidin',8),
(110,'Mohamad Muzaffar Abdul Hamid',NULL,'muzaffar@mpc.gov.my','1391',19,'Pengurus Kanan',5,'E48','SR',6,'PCD','740919017603',39,'Dr.  Daud Talib',8),
(111,'Mohamad Nor Bolhi',NULL,'mohamadnor@mpc.gov.my','1507',27,'Penolong Pengurus',3,'E41','',7,'QED','790607135681',216,'Norzirin Ariffin',8),
(112,'Mohamad Norjayadi Tamam ',NULL,'norjayadi@mpc.gov.my','1421',19,'Pengurus Kanan',5,'E48','PEMUDAH',1,'CPD','741205135725',79,'Kamaruddin Mohamad  ',8),
(113,'Mohamad Sahril Ahmad Puzi ',NULL,'sahril@mpc.gov.my','1505',18,'Pengurus',4,'E44','MPC SRO',12,'MPC SRO','821115085445',99,'Dr. Mazrina Mohd. Ibramsah',8),
(114,'Mohammad Afdhan Fauzi  ',NULL,'afdhan@mpc.gov.my','3118',22,'Penolong Jurutera',12,'JA29/JA36','AST',5,'MSF','860427565669',36,'Burhanuddin Saidin',8),
(115,'Mohammad Khairul Hakimin Zainoor',NULL,'mkhairul@mpc.gov.my','1516',18,'Pengurus',4,'E44','PCK',6,'PCD','830111015487',307,'Zainon Bakar',8),
(116,'Mohammed Alamin Rehan',NULL,'alamin@mpc.gov.my','1454',19,'Pengurus Kanan',5,'E48','SR',6,'PCD','790113065169',39,'Dr.  Daud Talib',8),
(117,'Mohd Amirol Md. Khair',NULL,'amirol@mpc.gov.my','1648',27,'Penolong Pengurus',3,'E41','HRMD',3,'DGO','900309026107',129,'Dato\' Mohd Razali Hussain',8),
(118,'Mohd Azhar Zainuddin',NULL,'mohdazhar@mpc.gov.my','1542',27,'Penolong Pengurus',3,'E41','MPC ECR',8,'MPC ECR','810110105773',33,'Azlan Kassim',8),
(119,'Mohd. Azrul Kamis ',NULL,'mohdazrul@mpc.gov.my','2782',10,'Pembantu Operasi',16,'N11','ADM',5,'MSF','770526025423',36,'Burhanuddin Saidin',8),
(120,'Mohd. Azwan Mohd. Salleh',NULL,'azwan@mpc.gov.my','1453',19,'Pengurus Kanan',5,'E48','PCT',5,'MSF','730926075271',36,'Burhanuddin Saidin',8),
(121,'Mohd Faizol Abd. Rahman',NULL,'mohdfaizol@mpc.gov.my','1593',27,'Penolong Pengurus',3,'E41','CRO',2,'CRO','841110115033',242,'Dr. Rahmat Md. Smail',8),
(122,'Mohd Faizzul Shahir',NULL,'faizzul@mpc.gov.my','3110',23,'Penolong Jurutera (KUP)',12,'JA29/JA36','AST',5,'MSF','860917436181',36,'Burhanuddin Saidin',8),
(123,'Mohd. Hilmi Mohd. Idris',NULL,'hilmi@mpc.gov.my','1489',18,'Pengurus',4,'E44','MPC ECR',8,'MPC ECR','790308105095',33,'Azlan Kassim',8),
(124,'Mohd. Hisyam Hatimtai',NULL,'hisyam@mpc.gov.my','1406',18,'Pengurus',4,'E44','SR',6,'PCD','780321105277',39,'Dr.  Daud Talib',8),
(125,'Mohd. Khairil Anuar Amir Hamzah ',NULL,'khairil@mpc.gov.my','1513',18,'Pengurus',4,'E44','MPC NRO',9,'MPC NRO','840225025017',99,'Dr. Mazrina Mohd. Ibramsah',8),
(126,'Mohd. Khairizal Khahidir ',NULL,'khairizal@mpc.gov.my','1508',18,'Pengurus',4,'E44','ADM',5,'MSF','830405055353',36,'Burhanuddin Saidin',8),
(127,'Mohd. Khairul Nazir Nawi',NULL,'khairul@mpc.gov.my','1456',18,'Pengurus',4,'E44','CRO',2,'CRO','770220025957',242,'Dr. Rahmat Md. Smail',8),
(128,'Mohd Nizam Ali',NULL,'nizam@mpc.gov.my','3056',14,'Pembantu Tadbir (P/O)',18,'N19','KEW',5,'MSF','791128145297',36,'Burhanuddin Saidin',8),
(129,'Dato\' Mohd Razali Hussain',NULL,'mrazali@mpc.gov.my','1176',5,'Ketua Pengarah',13,'JUSA A/VU5','',3,'DGO','590826115385',36,'Burhanuddin Saidin',6),
(130,'Mohd. Wafi Arip',NULL,'wafi@mpc.gov.my','1473',27,'Penolong Pengurus',3,'E41','',7,'QED','770212105551',141,'Mohd. Zaki Bin Ibrahim ',8),
(131,'Mohd Yazid Abdul Majid',NULL,'yazidmajid@mpc.gov.my','1455',19,'Pengurus Kanan',5,'E48','',4,'DMO','790310105537',304,'Zahid Ismail',8),
(132,'Mohd Zulkifly Che Mohd Rawawi',NULL,'mohdzulkifly@mpc.gov.my','1613',27,'Penolong Pengurus',3,'E41','SR',6,'PCD','830910035265',39,'Dr.  Daud Talib',8),
(133,'Mohd. Azuar Md. Sidek',NULL,'azuar@mpc.gov.my','2989',7,'Pemandu Kenderaan',9,'H11','ADM',5,'MSF','750514105065',36,'Burhanuddin Saidin',8),
(134,'Mohd. Hosni Mamat @ Ariffin',NULL,'hosni@mpc.gov.my','1577',27,'Penolong Pengurus',3,'E41','MPC ECR',8,'MPC ECR','840528115511',33,'Azlan Kassim',8),
(135,'Mohd. Hykal Mohd. Halim',NULL,'hykal@mpc.gov.my','3071',25,'Penolong Pegawai Tadbir',22,'N29','PCT',5,'MSF','840415015223',36,'Burhanuddin Saidin',8),
(136,'Mohd. Riduan Daud',NULL,'riduan@mpc.gov.my','3007',10,'Pembantu Operasi',16,'N11','PCT',5,'MSF','830906045057',36,'Burhanuddin Saidin',8),
(137,'Mohd. Rosdi Mohd Kauzi',NULL,'rosdi@mpc.gov.my','3046',7,'Pemandu Kenderaan',9,'H11','ADM',5,'MSF','750423035989',36,'Burhanuddin Saidin',8),
(138,'Mohd. Shapri Ismail ',NULL,'shapri@mpc.gov.my','2054',11,'Pembantu Penerbitan (KUP)',19,'N22','ADM',5,'MSF','600813085945',36,'Burhanuddin Saidin',8),
(139,'Mohd. Suzlezan Supu',NULL,'suzlezan@mpc.gov.my','1443',19,'Pengurus Kanan',5,'E48','MIT',5,'MSF','781219125145',36,'Burhanuddin Saidin',8),
(140,'Mohd. Syarif Samsudin',NULL,'syarif@mpc.gov.my','2967',7,'Pemandu Kenderaan',9,'H11','MPC NRO',9,'MPC NRO','800305075173',99,'Dr. Mazrina Mohd. Ibramsah',8),
(141,'Mohd. Zaki Bin Ibrahim ',NULL,'zaki@mpc.gov.my','1319',17,'Pengarah',7,'E54','MPC SRO',12,'MPC SRO','610119035197',129,'Dato\' Mohd Razali Hussain',6),
(142,'Mohd. Zamros Yusof ',NULL,'zamros@mpc.gov.my','2132',10,'Pembantu Operasi',16,'N11','MPC SKO',11,'MPC SKO','670705055347',295,'Waila Mohd. Nasir',8),
(143,'Mokhzani Aris Mohd. Yusoff',NULL,'mokhzani@mpc.gov.my','1397',19,'Pengurus Kanan',5,'E48','',6,'PCD','730308105015',9,'Dato\' Abd. Latif Abu Seman',8),
(144,'Muhamad Afiq Piramli',NULL,'afiq@mpc.gov.my','1653',27,'Penolong Pengurus',3,'E41','',7,'QED','901211036379',216,'Norzirin Ariffin',8),
(145,'Muhamad Rizuwan Abu Bakar',NULL,'muhamadrizuwan@mpc.gov.my','3132',14,'Pembantu Tadbir (P/O) ',18,'N19','ADM',5,'MSF','860512465355',36,'Burhanuddin Saidin',8),
(146,'Mohammad Shahaizal Abu Talib',NULL,'shahaizal@mpc.gov.my','3004',10,'Pembantu Operasi',16,'N11','',5,'MSF','780218025869',36,'Burhanuddin Saidin',8),
(147,'Muhamad Zain Musa ',NULL,'zain@mpc.gov.my','2068',1,'Ahli Fotografi',1,'B22','MEDIA',1,'CPD','611224055477',79,'Kamaruddin Mohamad  ',8),
(148,'Muhamad Zamri Zainol ',NULL,'zamri@mpc.gov.my','2991',9,'Pembantu Kemahiran',10,'H19','MPC NRO',9,'MPC NRO','690427075433',99,'Dr. Mazrina Mohd. Ibramsah',8),
(149,'Muhammad Afzani Ahmad ',NULL,'afzani@mpc.gov.my','3003',23,'Penolong Jurutera (KUP)',12,'JA29/JA36','AST',5,'MSF','811125145705',36,'Burhanuddin Saidin',8),
(150,'Muhammaad Aidil Razak',NULL,'aidil@mpc.gov.my','3159',10,'Pembantu Operasi',16,'N11','ADM',5,'MSF','910418035597',36,'Burhanuddin Saidin',8),
(151,'Muhammad Fazre Zulhelmi Fizwan',NULL,'fazre@mpc.gov.my','1595',27,'Penolong Pengurus',3,'E41','',4,'DMO','881014566439',304,'Zahid Ismail',8),
(152,'Mohammad Hafiz Sabaruddin',NULL,'hafiz@mpc.gov.my','1517',27,'Penolong Pengurus',3,'E41','MPC SRO',12,'MPC SRO','830408065477',255,'Roziana Othman',8),
(153,'Muhammad Hisham Nordin',NULL,'mhisham@mpc.gov.my','1598',27,'Penolong Pengurus',3,'E41','',4,'DMO','881113565247',304,'Zahid Ismail',8),
(154,'Muhammad Idham Mohd Zain',NULL,'idham@mpc.gov.my','1405',27,'Penolong Pengurus',3,'E41','CRO',2,'CRO','731006035511',242,'Dr. Rahmat Md. Smail',8),
(155,'Muhammad Muizzuddin Muhamad',NULL,'muiz@mpc.gov.my','3157',9,'Pembantu Kemahiran',10,'H19','AST',5,'MSF','910330036237',36,'Burhanuddin Saidin',8),
(156,'Muhammad Suffian Ahmad',NULL,'suffian@mpc.gov.my','1447',18,'Pengurus',4,'E44','',7,'QED','790617145859',216,'Norzirin Ariffin',8),
(157,'Muhaslizawati Mohd Bakri',NULL,'muhaslizawati@mpc.gov.my','1547',27,'Penolong Pengurus',3,'E41','MPC ECR',8,'MPC ECR','820619035746',33,'Azlan Kassim',8),
(158,'Muhd. Adha Abd. Hamid',NULL,'adha@mpc.gov.my','1523',18,'Pengurus',4,'E44','SR',6,'PCD','830918105555',39,'Dr.  Daud Talib',8),
(159,'Nahdatul Faeizin Norman',NULL,'nahdatul@mpc.gov.my','1631',27,'Penolong Pengurus',3,'E41','MPC SRO',12,'MPC SRO','901028015094',255,'Roziana Othman',8),
(160,'Nazahiah Mohamad',NULL,'nazahiah@mpc.gov.my','1475',27,'Penolong Pengurus',3,'E41','SR',6,'PCD','790525075056',39,'Dr.  Daud Talib',8),
(161,'Nazeri Ariffin Madon',NULL,'nazeri@mpc.gov.my','1633',27,'Penolong Pengurus',3,'E41','MPC ECR',8,'MPC ECR','860804235965',33,'Azlan Kassim',8),
(162,'Nazilah Ahmad',NULL,'nazilah@mpc.gov.my','1530',27,'Penolong Pengurus',3,'E41','MPC SRO',12,'MPC SRO','830710016190',255,'Roziana Othman',8),
(163,'Nik Faizal Nik Ahmad',NULL,'nikfaizal@mpc.gov.my','1414',19,'Pengurus Kanan',5,'E48','HRMD',3,'DGO','690320035423',129,'Dato\' Mohd Razali Hussain',8),
(164,'Nik Nazarina Nek Mohamed',NULL,'nazarina@mpc.gov.my','1651',27,'Penolong Pengurus',3,'E41','',4,'DMO','891121146332',304,'Zahid Ismail',8),
(165,'Nik Rosdi Nik Yusoff ',NULL,'nikrosdi@mpc.gov.my','1165',33,'Timbalan Pengarah',6,'E52','',6,'PCD','591022035333',9,'Dato\' Abd. Latif Abu Seman',6),
(166,'Noor Aishah Hassan',NULL,'noor_aishah@mpc.gov.my','1461',18,'Pengurus',4,'E44','SR',6,'PCD','781121145260',39,'Dr.  Daud Talib',8),
(167,'Noor Anariza Hassan ',NULL,'anariza@mpc.gov.my','2968',28,'Penolong Pustakawan (KUP)',25,'S32','LIC',5,'MSF','760121075060',36,'Burhanuddin Saidin',8),
(168,'Noor Asmawati Hussin ',NULL,'asmawati@mpc.gov.my','3041',12,'Pembantu Setiausaha Pejabat',18,'N19','PEMUDAH',6,'PCD','820725085480',9,'Dato\' Abd. Latif Abu Seman',8),
(169,'Noor Aziah Othman',NULL,'noraziah@mpc.gov.my','2945',15,'Pembantu Tadbir (P/O) (KUP)',19,'N22','CRO',2,'CRO','790928075448',242,'Dr. Rahmat Md. Smail',8),
(170,'Noor Azman Hassan',NULL,'azman@mpc.gov.my','2957',26,'Penolong Pegawai Teknologi Maklumat',8,'FA29','MIT',5,'MSF','770211036515',36,'Burhanuddin Saidin',8),
(171,'Noor Hazilah Abdullah',NULL,'hazilah@mpc.gov.my','3069',14,'Pembantu Tadbir (P/O) ',19,'N22','MPC ECR',8,'MPC ECR','820318035814',33,'Azlan Kassim',8),
(172,'Noor Izzati Kamis',NULL,'noorizzati@mpc.gov.my','1620',27,'Penolong Pengurus',3,'E41','MEDIA',1,'CPD','900629145658',79,'Kamaruddin Mohamad  ',8),
(173,'Noor Mohammad Farhan Nor Azman',NULL,'mfarhan@mpc.gov.my','3124',27,'Penolong Pengurus',3,'E41','MIT',5,'MSF','881216566111',36,'Burhanuddin Saidin',8),
(174,'Noor Rahidah Abdul Razak ',NULL,'rahidah@mpc.gov.my','3057',15,'Pembantu Tadbir (P/O) (KUP)',18,'N19','KEW',5,'MSF','830505045048',36,'Burhanuddin Saidin',8),
(175,'Noor Salfarina Jamaludin',NULL,'salfarina@mpc.gov.my','1532',27,'Penolong Pengurus',3,'E41','PCK',6,'PCD','830202045278',307,'Zainon Bakar',8),
(176,'Noorsamsinar Sum Abdullah',NULL,'noorsamsi@mpc.gov.my','2075',25,'Penolong Pegawai Tadbir',24,'N32','CRO',2,'CRO','610608105088',242,'Dr. Rahmat Md. Smail',8),
(177,'Nor Adira Adnan',NULL,'noradira@mpc.gov.my','1627',27,'Penolong Pengurus',3,'E41','MPC SBO',10,'MPC SBO','870504295260',72,'Izani Ishak',8),
(178,'Nor Aishah Hassan',NULL,'shah@mpc.gov.my','1399',19,'Pengurus Kanan',5,'E48','',6,'PCD','740928085894',9,'Dato\' Abd. Latif Abu Seman',8),
(179,'Nor Akma Che Wan Naman',NULL,'norakma@mpc.gov.my','1645',27,'Penolong Pengurus',3,'E41','PCK',6,'PCD','890101035104',307,'Zainon Bakar',8),
(180,'Nor Azmi Yahaya',NULL,'norazmi@mpc.gov.my','2139',14,'Pembantu Tadbir (P/O) ',20,'N26','KEW',5,'MSF','600102065139',36,'Burhanuddin Saidin',8),
(181,'Nor Eshah Abd. Raman ',NULL,'noreshah@mpc.gov.my','2134',15,'Pembantu Tadbir (P/O) (KUP)',18,'N19','HRMD',3,'DGO','620113065052',129,'Dato\' Mohd Razali Hussain',8),
(182,'Nor Fadilah Zulkifli Muhamad',NULL,'NorFadilah@mpc.gov.my','3158',14,'Pembantu Tadbir (P/O) ',18,'N19','ADM',5,'MSF','941219036070',36,'Burhanuddin Saidin',8),
(183,'Nor Fazila Hashim',NULL,'ila@mpc.gov.my','1351',33,'Timbalan Pengarah',6,'E52','',4,'DMO','660129086196',304,'Zahid Ismail',6),
(184,'Nor Hafizah Mohd Arop',NULL,'hafizah@mpc.gov.my','1329',19,'Pengurus Kanan',5,'E48','',4,'DMO','681203105352',304,'Zahid Ismail',8),
(185,'Nor Halisa Mohamad Halil ',NULL,'halisa@mpc.gov.my','1386',18,'Pengurus',4,'E44','',4,'DMO','730228125374',304,'Zahid Ismail',8),
(186,'Nor Hasimah Ab. Rahman',NULL,'hasimah@mpc.gov.my','2074',14,'Pembantu Tadbir (P/O)',19,'N22','CRO',2,'CRO','610823105654',242,'Dr. Rahmat Md. Smail',8),
(187,'Nor Idayuniza Rahmat',NULL,'ayu@mpc.gov.my','1419',18,'Pengurus',4,'E44','CRO',2,'CRO','781012145720',242,'Dr. Rahmat Md. Smail',8),
(188,'Nor Izzati Norhisam',NULL,'izzati@mpc.gov.my','1538',18,'Pengurus',4,'E44','',4,'DMO','850514105100',304,'Zahid Ismail',8),
(189,'Nor Robaayah Mohd. Noor',NULL,'nrmn@mpc.gov.my','1290',33,'Timbalan Pengarah',6,'E52','',4,'DMO','660915085430',304,'Zahid Ismail',6),
(190,'Nor Surayya Abd. Samad',NULL,'surayya@mpc.gov.my','1385',18,'Pengurus',4,'E44','SR',6,'PCD','751119145758',39,'Dr.  Daud Talib',8),
(191,'Norzairisham Zakaria',NULL,'norzairisham@mpc.gov.my','2668',10,'Pembantu Operasi',17,'N14','ADM',5,'MSF','681118015811',36,'Burhanuddin Saidin',8),
(192,'Nora\'in Ahmad Kamil',NULL,'norain@mpc.gov.my','1367',18,'Pengurus',4,'E44','PCK',6,'PCD','690916016290',307,'Zainon Bakar',8),
(193,'Norafidah Ramli                                                                              ',NULL,'norafidah@mpc.gov.my','2951',14,'Pembantu Tadbir (P/O) ',18,'N19','CRO',2,'CRO','770815016494',242,'Dr. Rahmat Md. Smail',8),
(194,'Noraniza Daud',NULL,'noraniza@mpc.gov.my','2987',15,'Pembantu Tadbir (P/O) (KUP)',19,'N22','BTI',1,'CPD','821008065262',79,'Kamaruddin Mohamad  ',8),
(195,'Norashikin Abdul Shukor',NULL,'shikin@mpc.gov.my','3051',12,'Pembantu Setiausaha Pejabat',18,'N19','MPC SBO',10,'MPC SBO','820722086154',72,'Izani Ishak',2),
(196,'Norashima Hamzah',NULL,'norashima@mpc.gov.my','1533',27,'Penolong Pengurus',3,'E41','',6,'PCD','771210115582',9,'Dato\' Abd. Latif Abu Seman',8),
(197,'Norazlina Tun Ibrahim',NULL,'norazlina@mpc.gov.my','1518',18,'Pengurus',4,'E44','AST',5,'MSF','800222145850',36,'Burhanuddin Saidin',8),
(198,'Nordieana Nordin',NULL,'deana@mpc.gov.my','2955',12,'Pembantu Setiausaha Pejabat',18,'N19','',7,'QED','790206105078',36,'Burhanuddin Saidin',8),
(199,'Norfaizah Abdul Rahman',NULL,'faizah@mpc.gov.my','1358',27,'Penolong Pengurus',3,'E41','',7,'QED','720531065416',141,'Mohd. Zaki Bin Ibrahim ',8),
(200,'Norhaida Roslan ',NULL,'norhaida@mpc.gov.my','3094',15,'Pembantu Tadbir (P/O) (KUP)',18,'N19','MPC ECR',8,'MPC ECR','830513035616',33,'Azlan Kassim',8),
(201,'Norhanida Ahmad Puad ',NULL,'norhanida@mpc.gov.my','2954',15,'Pembantu Tadbir (P/O) (KUP)',18,'N19','KEW',5,'MSF','800929085038',36,'Burhanuddin Saidin',8),
(202,'Norhaniza Hamir',NULL,'norhaniza@mpc.gov.my','1436',18,'Pengurus',4,'E44','MKTG',1,'CPD','790131086326',79,'Kamaruddin Mohamad  ',8),
(203,'Norhasimah Ibrahim ',NULL,'norhasimah@mpc.gov.my','1422',18,'Pengurus',4,'E44','CRO',2,'CRO','750420105494',242,'Dr. Rahmat Md. Smail',8),
(204,'Norhayati Harun ',NULL,'norhayatiharun@mpc.gov.my','2823',23,'Penolong Jurutera (KUP)',12,'JA29/JA36','MPC NRO',9,'MPC NRO','741211025426',99,'Dr. Mazrina Mohd. Ibramsah',8),
(205,'Norhisam Ahmad ',NULL,'norhisam@mpc.gov.my','2066',23,'Penolong Jurutera (KUP)',12,'JA29/JA36','MIT',5,'MSF','590121085147',36,'Burhanuddin Saidin',8),
(206,'Norhuda Abdullah',NULL,'norhuda@mpc.gov.my','3000',14,'Pembantu Tadbir (P/O) ',19,'N22','MPC NRO',9,'MPC NRO','810924075016',99,'Dr. Mazrina Mohd. Ibramsah',8),
(207,'Norijah Juen ',NULL,'norijah@mpc.gov.my','3009',6,'Pegawai Khidmat Pelanggan',18,'N19','MPC SKO',11,'MPC SKO','760715135972',295,'Waila Mohd. Nasir',8),
(208,'Norkamila Shahrudin ',NULL,'norkamila@mpc.gov.my','3018',6,'Pegawai Khidmat Pelanggan',18,'N19','MPC SRO',12,'MPC SRO','810301106066',255,'Roziana Othman',8),
(209,'Norliana Mahmud        ',NULL,'norliana@mpc.gov.my','1466',27,'Penolong Pengurus',3,'E41','CRO',2,'CRO','770521075034',242,'Dr. Rahmat Md. Smail',8),
(210,'Norliza Ahmad  ',NULL,'norlizaahmad@mpc.gov.my','1460',18,'Pengurus',4,'E44','SR',6,'PCD','761213035482',39,'Dr.  Daud Talib',8),
(211,'Norliza Rosli ',NULL,'norlizarosli@mpc.gov.my','3075',15,'Pembantu Tadbir (P/O) (KUP)',18,'N19','ADM',5,'MSF','850306055196',36,'Burhanuddin Saidin',8),
(212,'Norul Hasila Abdullah',NULL,'norulhasila@mpc.gov.my','1548',27,'Penolong Pengurus',3,'E41','ITR',1,'CPD','830714065344',79,'Kamaruddin Mohamad  ',8),
(213,'Norwahidah Abdullah ',NULL,'norwahidah@mpc.gov.my','3006',12,'Pembantu Setiausaha Pejabat',18,'N19','MPC SRO',12,'MPC SRO','800603035364',255,'Roziana Othman',2),
(214,'Norwahizan bt Mohamed',NULL,'norwahizan@mpc.gov.my','3008',8,'Pembantu Awam',9,'H11','PCT',5,'MSF','781117035608',36,'Burhanuddin Saidin',8),
(215,'Norziah Kabil',NULL,'norziah@mpc.gov.my','3022',14,'Pembantu Tadbir (P/O) ',18,'N19','MPC SKO',11,'MPC SKO','741111135206',295,'Waila Mohd. Nasir',8),
(216,'Norzirin Ariffin',NULL,'zirin@mpc.gov.my','1291',17,'Pengarah',7,'E54','',7,'QED','640927075362',129,'Dato\' Mohd Razali Hussain',6),
(217,'Nur Jihan Ramli ',NULL,'nurjihan@mpc.gov.my','3024',6,'Pegawai Khidmat Pelanggan',18,'N19','MPC ECR',8,'MPC ECR','820215065332',33,'Azlan Kassim',8),
(218,'Nur \'Amirah Shaaban',NULL,'nuramirah@mpc.gov.my','3146',14,'Pembantu Tadbir (P/O) ',18,'N19','HRMD',3,'DGO','911229075316',129,'Dato\' Mohd Razali Hussain',8),
(219,'Nur Faizah Tasman',NULL,'nurfaizah@mpc.gov.my','1554',27,'Penolong Pengurus',3,'E41','UAD',3,'DGO','820719015320',129,'Dato\' Mohd Razali Hussain',8),
(220,'Nur Fatimah Mohd Zaki',NULL,'nurfatimah@mpc.gov.my','1588',27,'Penolong Pengurus',3,'E41','',4,'DMO','890703085766',304,'Zahid Ismail',8),
(221,'Nur Hafizah Halimuddin',NULL,'nurhafizah@mpc.gov.my','3038',12,'Pembantu Setiausaha Pejabat',18,'N19','MPC SRO',12,'MPC SRO','830829145870',255,'Roziana Othman',8),
(222,'Nur Hanim Abd Ghani',NULL,'hanim@mpc.gov.my','1463',19,'Pengurus Kanan',5,'E48','LIC',5,'MSF','760301145732',36,'Burhanuddin Saidin',8),
(223,'Nur Rafidah Zulkifl',NULL,'nurrafidah@mpc.gov.my','1615',27,'Penolong Pengurus',3,'E41','',7,'QED','880707086492',216,'Norzirin Ariffin',8),
(224,'Nur Sulia Saari ',NULL,'sulia@mpc.gov.my','1502',18,'Pengurus',4,'E44','HRMD',3,'DGO','830512145776',129,'Dato\' Mohd Razali Hussain',8),
(225,'Nur Syafina Anuar',NULL,'syafina@mpc.gov.my','1522',27,'Penolong Pengurus',3,'E41','',4,'DMO','830628105688',304,'Zahid Ismail',8),
(226,'Nur Syahrina Muhamad Nor',NULL,'syahrina@mpc.gov.my','1557',27,'Penolong Pengurus',3,'E41','',7,'QED','830726146360',216,'Norzirin Ariffin',8),
(227,'Nuraizah Harun @ Harron            ',NULL,'Nuraizah@mpc.gov.my','1578',27,'Penolong Pengurus',3,'E41','PCK',6,'PCD','831217015586',307,'Zainon Bakar',8),
(228,'Nurfayunie Pakhrururzi',NULL,'nurfayunie@mpc.gov.my','1647',27,'Penolong Pengurus',3,'E41','HRMD',3,'DGO','880219145668',129,'Dato\' Mohd Razali Hussain',8),
(229,'Nurfazila Haji Zulaihi ',NULL,'nurfazila@mpc.gov.my','1605',27,'Penolong Pengurus',3,'E41','MPC SKO',11,'MPC SKO','900802136836',295,'Waila Mohd. Nasir',8),
(230,'Nursyahida Muhamad Aszahari',NULL,'nursyahida@mpc.gov.my','3121',27,'Penolong Pengurus',3,'E41','MPC NRO',9,'MPC NRO','890921146168',99,'Dr. Mazrina Mohd. Ibramsah',8),
(231,'Nurul Ain Alia  Abdullah Zawawi',NULL,'alia@mpc.gov.my','1583',27,'Penolong Pengurus',3,'E41','PCK',6,'PCD','860805435694',307,'Zainon Bakar',8),
(232,'Nurul Farahaton Najihan Jusoh',NULL,'farahaton@mpc.gov.my','1634',27,'Penolong Pengurus',3,'E41','SR',6,'PCD','900430115822',39,'Dr.  Daud Talib',8),
(233,'Nurul Fatihah Mohd Azlan',NULL,'nurulfatihah@mpc.gov.my','1576',27,'Penolong Pengurus',3,'E41','SR',6,'PCD','860509295922',39,'Dr.  Daud Talib',8),
(234,'Nurul Nadia Zainal Adnan',NULL,'nurulnadia@mpc.gov.my','3133',12,'Pembantu Setiausaha Pejabat',18,'N19','',1,'CPD','870825565508',79,'Kamaruddin Mohamad  ',8),
(235,'Nurul Sazrina Mohd Shukor',NULL,'sazrina@mpc.gov.my','1520',29,'Pustakawan',26,'S41','LIC',5,'MSF','830322105028',36,'Burhanuddin Saidin',8),
(236,'Nurul Syamimi Ismail',NULL,'syamimi@mpc.gov.my','1574',27,'Penolong Pengurus',3,'E41','PCK',6,'PCD','850926035516',307,'Zainon Bakar',8),
(237,'Nurzarina Jaafar',NULL,'nurzarina@mpc.gov.my','2992',30,'Setiausaha Pejabat',22,'N29','MPC NRO',9,'MPC NRO','800509075538',99,'Dr. Mazrina Mohd. Ibramsah',2),
(238,'Omi Kalsom Osman',NULL,'omi@mpc.gov.my','2060',14,'Pembantu Tadbir (P/O)',20,'N26','ADM',5,'MSF','590905085292',36,'Burhanuddin Saidin',8),
(239,'Osman Zaidan',NULL,'osmanzaidan@mpc.gov.my','2996',7,'Pemandu Kenderaan',9,'H11','MPC SKO',11,'MPC SKO','680925135225',295,'Waila Mohd. Nasir',8),
(240,'Rabiatul Hana Ishak',NULL,'rabiatulhana@mpc.gov.my','1610',27,'Penolong Pengurus',3,'E41','SR',6,'PCD','901211146770',39,'Dr.  Daud Talib',8),
(241,'Rahayu Abd. Rahman',NULL,'RahayuR@mpc.gov.my','3085',14,'Pembantu Tadbir (P/O) ',18,'N19','MPC ECR',8,'MPC ECR','821114115518',33,'Azlan Kassim',8),
(242,'Dr. Rahmat Md. Smail',NULL,'rahmat@mpc.gov.my','1186',17,'Pengarah',7,'E54','CRO',2,'CRO','600302045271',66,'Ab. Rahim Yusoff',6),
(243,'Rainah Osman ',NULL,'rainah@mpc.gov.my','3020',6,'Pegawai Khidmat Pelanggan',18,'N19','MPC SBO',10,'MPC SBO','731111125252',72,'Izani Ishak',8),
(244,'Raja Ainul Bismi Raja Abd. Hadi',NULL,'rajaainul@mpc.gov.my','1509',18,'Pengurus',4,'E44','BTI',1,'CPD','831026086234',79,'Kamaruddin Mohamad  ',8),
(245,'Ramale Yusoff',NULL,'ramale@mpc.gov.my','2146',10,'Pembantu Operasi',16,'N11','KEW',5,'MSF','640510035445',36,'Burhanuddin Saidin',8),
(246,'Ramlan Sainan',NULL,'ramlan@mpc.gov.my','2067',10,'Pembantu Operasi',17,'N14','CRO',2,'CRO','610228105027',242,'Dr. Rahmat Md. Smail',8),
(247,'Roseleena Hashim',NULL,'leena@mpc.gov.my','1306',33,'Timbalan Pengarah',6,'E52','CSU',3,'DGO','650318035284',129,'Dato\' Mohd Razali Hussain',6),
(248,'Roslah Md Yusof',NULL,'roslah@mpc.gov.my','2105',31,'Setiausaha Pejabat (KUP)',23,'N30','',6,'PCD','610210105328',78,'Kabir Ahmad Mohamad Jamil',8),
(249,'Rosli Mat Dom',NULL,'rosli@mpc.gov.my','2098',14,'Pembantu Tadbir (P/O) ',20,'N26','PEMUDAH',1,'CPD','610314055177',79,'Kamaruddin Mohamad  ',8),
(250,'Roslinda Abdul Hamid',NULL,'lynda@mpc.gov.my','1493',27,'Penolong Pengurus',3,'E41','',7,'QED','770706065860',141,'Mohd. Zaki Bin Ibrahim ',8),
(251,'Roslinda Ahmad',NULL,'roslinda@mpc.gov.my','2977',30,'Setiausaha Pejabat',22,'N29','',7,'QED','780922105002',264,'Sarimah Misman ',8),
(252,'Rosmi  Abdullah',NULL,'rosmi@mpc.gov.my','1274',33,'Timbalan Pengarah',7,'E54','sar',7,'QED','630525035473',66,'Ab. Rahim Yusoff',6),
(253,'Rosmiza Rosly',NULL,'iza@mpc.gov.my','1374',19,'Pengurus Kanan',5,'E48','',6,'PCD','721031065086',9,'Dato\' Abd. Latif Abu Seman',8),
(254,'Rosniwati Abdullah',NULL,'rosniwati@mpc.gov.my','2783',6,'Pegawai Khidmat Pelanggan',18,'N19','MKTG',1,'CPD','760405075492',79,'Kamaruddin Mohamad  ',8),
(255,'Roziana Othman',NULL,'ogie@mpc.gov.my','1289',33,'Timbalan Pengarah',6,'E52','MPC SRO',12,'MPC SRO','660928015060',255,'Roziana Othman',6),
(256,'Rozitah Ma\'al         ',NULL,'rozitah@mpc.gov.my','1400',18,'Pengurus',4,'E44','',7,'QED','730323145672',141,'Mohd. Zaki Bin Ibrahim ',8),
(257,'Rusdi Muda',NULL,'rusdi@mpc.gov.my','1312',19,'Pengurus Kanan',5,'E48','CRO',2,'CRO','650803035157',242,'Dr. Rahmat Md. Smail',8),
(258,'Sabri Hasan  ',NULL,'sabri@mpc.gov.my','1458',18,'Pengurus',4,'E44','CRO',2,'CRO','750708035595',242,'Dr. Rahmat Md. Smail',8),
(259,'Safarwan Mohd. Suhaimi',NULL,'safarwan@mpc.gov.my','1596',27,'Penolong Pengurus',3,'E41','MPC SKO',11,'MPC SKO','890306146107',295,'Waila Mohd. Nasir',8),
(260,'Safiah Mitri ',NULL,'safiah@mpc.gov.my','3080',15,'Pembantu Tadbir (P/O) (KUP)',18,'N19','HRMD',3,'DGO','830413125884',129,'Dato\' Mohd Razali Hussain',8),
(261,'Safniwati Jasri',NULL,'safniwati@mpc.gov.my','1392',18,'Pengurus',4,'E44','',7,'QED','760217715026',216,'Norzirin Ariffin',8),
(262,'Safura Abdul Malek',NULL,'safura@mpc.gov.my','1579',18,'Pengurus',4,'E44','',4,'DMO','860904525900',304,'Zahid Ismail',8),
(263,'Saliza Saari',NULL,'saliza@mpc.gov.my','1415',33,'Timbalan Pengarah',6,'E52','CRO',2,'CRO','770801066220',242,'Dr. Rahmat Md. Smail',6),
(264,'Sarimah Misman ',NULL,'sarimah@mpc.gov.my','1311',17,'Pengarah',7,'E54','',4,'DMO','640414107066',129,'Dato\' Mohd Razali Hussain',6),
(265,'Sawiah Abdul Samad',NULL,'sawiah@mpc.gov.my','1339',33,'Timbalan Pengarah',6,'E52','',6,'PCD','680101045120',9,'Dato\' Abd. Latif Abu Seman',6),
(266,'Semawi Zakaria',NULL,'semawi@mpc.gov.my','1370',18,'Pengurus',4,'E44','CRO',2,'CRO','630328085527',242,'Dr. Rahmat Md. Smail',8),
(267,'Shafirul Izwar Saad',NULL,'shafirul@mpc.gov.my','2999',14,'Pembantu Tadbir (P/O) ',18,'N19','MPC NRO',9,'MPC NRO','810418025235',99,'Dr. Mazrina Mohd. Ibramsah',8),
(268,'Shahidah Samsudin ',NULL,'shahidah@mpc.gov.my','1558',27,'Penolong Pengurus',3,'E41','',4,'DMO','820526145858',304,'Zahid Ismail',8),
(269,'Shahriza Bahari  ',NULL,'shahriza@mpc.gov.my','1428',18,'Pengurus',4,'E44','SR',6,'PCD','751226145016',39,'Dr.  Daud Talib',8),
(270,'Dr. Shaik Roslinah Bux ',NULL,'roslinahbux@mpc.gov.my','1320',33,'Timbalan Pengarah',6,'E52','',4,'DMO','630619106404',304,'Zahid Ismail',6),
(271,'Shanthini Tamadoram',NULL,'shanthini@mpc.gov.my','1592',27,'Penolong Pengurus',3,'E41','PCK',6,'PCD','800528145896',307,'Zainon Bakar',8),
(272,'Sharipah Mazina Syed Mohammed',NULL,'sharipah@mpc.gov.my','1322',19,'Pengurus Kanan',5,'E48','MKTG',1,'CPD','660228035028',79,'Kamaruddin Mohamad  ',8),
(273,'Sharizal Samsudin',NULL,'sharizal@mpc.gov.my','2978',10,'Pembantu Operasi',16,'N11','ADM',5,'MSF','800809085025',36,'Burhanuddin Saidin',8),
(274,'Shezlina Zakaria',NULL,'shez@mpc.gov.my','1377',33,'Timbalan Pengarah',6,'E52','MEDIA',1,'CPD','720408025822',79,'Kamaruddin Mohamad  ',6),
(275,'Siti Aslindah Ahmad  ',NULL,'sitiaslindah@mpc.gov.my','3054',15,'Pembantu Tadbir (P/O) (KUP)',18,'N19','MKTG',1,'CPD','830813125234',79,'Kamaruddin Mohamad  ',8),
(276,'Siti Rahayu Md. Desa',NULL,'rahayu@mpc.gov.my','3052',14,'Pembantu Tadbir (P/O) ',19,'N22','KEW',5,'MSF','750514075062',36,'Burhanuddin Saidin',8),
(277,'Siti Rawaida Shariff',NULL,'rawaida@mpc.gov.my','3076',21,'Penolong Akauntan',27,'W29','KEW',5,'MSF','840604075284',36,'Burhanuddin Saidin',8),
(278,'Siti Sakinah Mohd Zaki',NULL,'sakinah@mpc.gov.my','1654',27,'Penolong Pengurus',3,'E41','MPC SRO',12,'MPC SRO','890129035608',255,'Roziana Othman',8),
(279,'Siti Salia Azizan',NULL,'salia@mpc.gov.my','1562',2,'Akauntan',28,'WA41','KEW',5,'MSF','770502025592',36,'Burhanuddin Saidin',8),
(280,'Siti Salmiah Yahaya',NULL,'siti@mpc.gov.my','2135',14,'Pembantu Tadbir (P/O)',19,'N22','PCT',5,'MSF','641101065170',36,'Burhanuddin Saidin',8),
(281,'Siti Syafiqah Ahmad',NULL,'syafiqah@mpc.gov.my','1586',27,'Penolong Pengurus',3,'E41','CSU',3,'DGO','891122146000',129,'Dato\' Mohd Razali Hussain',8),
(282,'Siti Zaharah Mohamed',NULL,'zaharah@mpc.gov.my','3039',6,'Pegawai Khidmat Pelanggan',18,'N19','ADM',5,'MSF','860913235390',36,'Burhanuddin Saidin',8),
(283,'Siti Zurianah Othman',NULL,'zurianah@mpc.gov.my','1528',27,'Penolong Pengurus',3,'E41','SR',6,'PCD','780808045202',39,'Dr.  Daud Talib',8),
(284,'Sugumar a/l Saminathan',NULL,'sugumar@mpc.gov.my','1353',33,'Timbalan Pengarah',6,'E52','',6,'PCD','650711025373',9,'Dato\' Abd. Latif Abu Seman',6),
(285,'Suhaimi Hamad',NULL,'suhaimi@mpc.gov.my','1209',17,'Pengarah',7,'E54','',4,'DMO','610920035475',129,'Dato\' Mohd Razali Hussain',6),
(286,'Suhaimi Robini',NULL,'suhaimi_robini@mpc.gov.my','2988',14,'Pembantu Tadbir (P/O) ',18,'N19','ADM',5,'MSF','821006015819',36,'Burhanuddin Saidin',8),
(287,'Dr. Suriati Zainal Abidin',NULL,'Ati@mpc.gov.my','1378',19,'Pengurus Kanan',5,'E48','MPC NRO',9,'MPC NRO','720615045084',99,'Dr. Mazrina Mohd. Ibramsah',8),
(288,'Suzana Ismail',NULL,'suzana@mpc.gov.my','2941',18,'Pengurus',4,'E44','CRO',2,'CRO','730505035706',242,'Dr. Rahmat Md. Smail',8),
(289,'Syairah Zaimah Shafiee',NULL,'syairah@mpc.gov.my','3143',14,'Pembantu Tadbir (P/O) ',18,'N19','MPC NRO',9,'MPC NRO','860504387326',99,'Dr. Mazrina Mohd. Ibramsah',8),
(290,'Syed Mohammad Fitri Syed Abdul Rahim ',NULL,'smfitri@mpc.gov.my','2979',24,'Penolong Pegawai Perangkaan (KUP)',2,'E29/E32','MIT',5,'MSF','780905065205',36,'Burhanuddin Saidin',8),
(291,'Syed Mohd. Al-Khafiez Syed Mohd. Azam Shah',NULL,'syed@mpc.gov.my','2966',27,'Penolong Pengurus',3,'E41','ADM',5,'MSF','800531145133',36,'Burhanuddin Saidin',8),
(292,'Thea Juminita Cheong Kiam',NULL,'thea@mpc.gov.my','2119',14,'Pembantu Tadbir (P/O)',19,'N22','MPC SBO',10,'MPC SBO','611123125392',72,'Izani Ishak',8),
(293,'Umi Kalsom Osman',NULL,'umi@mpc.gov.my','2082',31,'Setiausaha Pejabat (KUP)',23,'N30','',7,'QED','610102045102',66,'Ab. Rahim Yusoff',8),
(294,'Vimala a/p R.Muniandy ',NULL,'vimala@mpc.gov.my','1567',27,'Penolong Pengurus',3,'E41','MEDIA',1,'CPD','830708146260',79,'Kamaruddin Mohamad  ',8),
(295,'Waila Mohd. Nasir',NULL,'waila@mpc.gov.my','1381',19,'Pengurus Kanan',5,'E48','MPC SKO',11,'MPC SKO','730621106022',66,'Ab. Rahim Yusoff',7),
(296,'Wan Farid Wan Hamad @ Wan Ahmad',NULL,'wanfarid@mpc.gov.my','1587',27,'Penolong Pengurus',3,'E41','',4,'DMO','791024105661',304,'Zahid Ismail',8),
(297,'Wan Fazlin Nadia Wan Osman',NULL,'nadia@mpc.gov.my','1417',33,'Timbalan Pengarah',6,'E52','',1,'CPD','791126015974',79,'Kamaruddin Mohamad  ',6),
(298,'Wan Khairunnisa Azmi',NULL,'khairunnisa@mpc.gov.my','1569',27,'Penolong Pengurus',3,'E41','PCT',5,'MSF','860225295576',36,'Burhanuddin Saidin',8),
(299,'Wan Norhani Wan Khalid',NULL,'wannorhani@mpc.gov.my','1536',4,'Ketua Akauntan',30,'WA48','KEW',5,'MSF','640706115164',36,'Burhanuddin Saidin',8),
(300,'Wan Rozita Hussain',NULL,'waMPC NROzita@mpc.gov.my','2959',30,'Setiausaha Pejabat ',23,'N30','',3,'DGO','770518065820',129,'Dato\' Mohd Razali Hussain',8),
(301,'Wan Yusnaini Wan Yaacob   ',NULL,'yusnaini@mpc.gov.my','1403',18,'Pengurus',4,'E44','',7,'QED','710502035534',216,'Norzirin Ariffin',8),
(302,'Wan Zainulhaq Thaniah Che Haron',NULL,'WanZainulhaq@mpc.gov.my','3091',6,'Pegawai Khidmat Pelanggan',18,'N19','ADM',5,'MSF','710129035076',36,'Burhanuddin Saidin',8),
(303,'Zaffrulla Hussein',NULL,'zaff@mpc.gov.my','1379',19,'Pengurus Kanan',5,'E48','',6,'PCD','691003035395',9,'Dato\' Abd. Latif Abu Seman',8),
(304,'Zahid Ismail',NULL,'zahid@mpc.gov.my','1315',17,'Pengarah',7,'E54','',4,'DMO','660320075225',129,'Dato\' Mohd Razali Hussain',6),
(305,'Zaidah Hassan',NULL,'zaidah@mpc.gov.my','3017',30,'Setiausaha Pejabat',22,'N29','',6,'PCD','810614065568',9,'Dato\' Abd. Latif Abu Seman',8),
(306,'Zaini Haron',NULL,'zainiharon@mpc.gov.my','2993',10,'Pembantu Operasi',16,'N11','MPC ECR',8,'MPC ECR','830119105073',33,'Azlan Kassim',8),
(307,'Zainon Bakar',NULL,'zainon@mpc.gov.my','1280',17,'Pengarah',7,'E54','',6,'PCD','630524106620',129,'Dato\' Mohd Razali Hussain',6),
(308,'Zainudin Elias ',NULL,'zainudine@mpc.gov.my','1296',33,'Timbalan Pengarah',6,'E52','CRO',2,'CRO','650322015235',242,'Dr. Rahmat Md. Smail',6),
(309,'Zaiton Nordin',NULL,'zainordin@mpc.gov.my','2136',14,'Pembantu Tadbir (P/O)',19,'N22','HRMD',3,'DGO','621101065316',129,'Dato\' Mohd Razali Hussain',8),
(310,'Zaki Jaafar',NULL,'zeck@mpc.gov.my','1341',19,'Pengurus Kanan',5,'E48','MPC SRO',12,'MPC SRO','670719035611',255,'Roziana Othman',8),
(311,'Zawiyah Abd Manaf',NULL,'zawiyahmanaf@mpc.gov.my','3111',14,'Pembantu Tadbir (P/O) ',18,'N19','KEW',5,'MSF','871012235530',36,'Burhanuddin Saidin',8),
(312,'Zubir Zainuddin',NULL,'zack@mpc.gov.my','2283',10,'Pembantu Operasi',16,'N11','ADM',5,'MSF','720327055077',36,'Burhanuddin Saidin',8),
(313,'Zul Ezwan Muhamad',NULL,'zulezwan@mpc.gov.my','1511',27,'Penolong Pengurus',3,'E41','MPC SRO',12,'MPC SRO','810122015257',255,'Roziana Othman',8),
(314,'Zulaifah Omar',NULL,'xue@mpc.gov.my','1307',33,'Timbalan Pengarah',6,'E52','',4,'DMO','631016015006',304,'Zahid Ismail',6),
(315,'Zunaidah Awang Nawi',NULL,'zunaidah@mpc.gov.my','2972',14,'Pembantu Tadbir (P/O) ',19,'N22','PCT',5,'MSF','820911035882',36,'Burhanuddin Saidin',8),
(316,'Zuraidi Zainol   ',NULL,'zuraidi@mpc.gov.my','1500',18,'Pengurus',4,'E44','MIT',5,'MSF','830428095219',36,'Burhanuddin Saidin',8),
(317,'Zuraini Subki',NULL,'zuraini@mpc.gov.my','1658',27,'Penolong Pengurus',3,'E41','MPC SKO',11,'MPC SKO','820829035744',295,'Waila Mohd. Nasir',8),
(318,'Zurianti Nor Azian Mohd. Nafi',NULL,'zurianti@mpc.gov.my','3148',14,'Pembantu Tadbir (P/O) ',18,'N19','KEW',5,'MSF','880229065872',36,'Burhanuddin Saidin',8),
(319,'Abdul Rahman Kamis',NULL,'arahman@mpc.gov.my','1699',27,'Penolong Pengurus',3,'E41','',4,'DMO','911019085241',304,'Zahid Ismail',8),
(320,'Aimi Zahira Azami',NULL,'aimizahira@mpc.gov.my','3154',14,'Pembantu Tadbir (P/O) ',18,'N19','',8,'MPC ECR','891008026064',33,'Azlan Kassim',8),
(321,'Anis Syafiqah Ayob',NULL,'anissyafiqah@mpc.gov.my','3161',27,'Penolong Pengurus',3,'E41','',7,'QED','910208095030',66,'Ab. Rahim Yusoff',8),
(322,'Jerrecy Elsie P. Tojipun',NULL,'jerrecy@mpc.gov.my','3099',14,'Pembantu Tadbir (P/O) ',18,'N19','',10,'MPC SBO','841208125352',72,'Izani Ishak',8),
(323,'Mohamad Amirul Arif Sahimi',NULL,'mohamad@mpc.gov.my','3128',14,'Pembantu Tadbir (P/O) ',18,'N19','',8,'MPC ECR','910408036123',33,'Azlan Kassim',8),
(324,'Mohammad Fadzrul Faridz Hazni',NULL,'mfadzrul@mpc.gov.my','1678',27,'Penolong Pengurus',3,'E41','PCT',5,'MSF','930527045223',36,'Burhanuddin Saidin',8),
(325,'Mohd Aizuddin Noor Azman',NULL,'aizuddin@mpc.gov.my','1674',27,'Penolong Pengurus',3,'E41','',6,'PCD','890129085541',9,'Dato\' Abd. Latif Abu Seman',8),
(326,'Mohd Mujahid Mohd Yusoff',NULL,'mujahid@mpc.gov.my','1662',27,'Penolong Pengurus',3,'E41','',8,'MPC ECR','900521036193',33,'Azlan Kassim',8),
(327,'Muhammad Adib Fitrie Mukhtar',NULL,'adibfitrie@mpc.gov.my','1676',27,'Penolong Pengurus',3,'E41','',4,'DMO','910416036107',285,'Suhaimi Hamad',8),
(328,'Muhammad Azrull Nazreen',NULL,'azrullnazreen@mpc.gov.my','1683',27,'Penolong Pengurus',3,'E41','',4,'DMO','940822015325',304,'Zahid Ismail',8),
(329,'Muhammad Firdaus Yahya',NULL,'firdaus@mpc.gov.my','1693',27,'Penolong Pengurus',3,'E41','',4,'DMO','940723015733',304,'Zahid Ismail',8),
(330,'Muhammad Hanif Che Wan Naman',NULL,'hanif@mpc.gov.my','1685',27,'Penolong Pengurus',3,'E41','',6,'PCD','950913035929',9,'Dato\' Abd. Latif Abu Seman',8),
(331,'Muhammad Imazakwan Abdul Razak',NULL,'imazakwan@mpc.gov.my','1696',27,'Penolong Pengurus',3,'E41','CRO',2,'CRO','930213145205',242,'Dr. Rahmat Md. Smail',8),
(332,'Muhammad Zarul Naim Zul Haddi',NULL,'zarulnaim@mpc.gov.my','1677',27,'Penolong Pengurus',3,'E41','',6,'PCD','941218085225',9,'Dato\' Abd. Latif Abu Seman',8),
(333,'Munira Abd Razak',NULL,'muniraabd@mpc.gov.my','3150',14,'Pembantu Tadbir (P/O) ',18,'N19','',12,'MPC SRO','821219105244',255,'Roziana Othman',8),
(334,'Nadiah Jamal',NULL,'nadiah@mpc.gov.my','1668',27,'Penolong Pengurus',3,'E41','',6,'PCD','930416105414',9,'Dato\' Abd. Latif Abu Seman',8),
(335,'Naratul Nurhaniza Rusli',NULL,'naratul@mpc.gov.my','3169',14,'Pembantu Tadbir (P/O) ',18,'N19','PCT',5,'MSF','940209146298',36,'Burhanuddin Saidin',8),
(336,'Nasuha Misri',NULL,'nasuha@mpc.gov.my','1671',27,'Penolong Pengurus',3,'E41','',6,'PCD','930827016256',9,'Dato\' Abd. Latif Abu Seman',8),
(337,'Nik Haneez Amizan Nik Rosdi',NULL,'nikhaneez@mpc.gov.my','1661',27,'Penolong Pengurus',3,'E41','CRO',2,'CRO','920718895010',242,'Dr. Rahmat Md. Smail',8),
(338,'Noorazlin Mohd Nasir',NULL,'noorazlin@mpc.gov.my','1695',27,'Penolong Pengurus',3,'E41','',6,'PCD','930103085678',9,'Dato\' Abd. Latif Abu Seman',8),
(339,'Nur Asyikin Setapa',NULL,'nurasyikin@mpc.gov.my','1670',27,'Penolong Pengurus',3,'E41','',6,'PCD','920609035740',9,'Dato\' Abd. Latif Abu Seman',8),
(340,'Nur Farhana Zaibidi',NULL,'nurfarhana@mpc.gov.my','3168',14,'Pembantu Tadbir (P/O) ',18,'N19','KEW',5,'MSF','871216015126',36,'Burhanuddin Saidin',8),
(341,'Nurain Syafiqah Norazman',NULL,'nurainsyafiqah@mpc.gov.my','1692',27,'Penolong Pengurus',3,'E41','KEW',5,'MSF','930624016096',36,'Burhanuddin Saidin',8),
(342,'Nurezyan Sofea Zairul Mujahidin',NULL,'nurezyansofea@mpc.gov.my','1700',27,'Penolong Pengurus',3,'E41','',4,'DMO','940312015130',304,'Zahid Ismail',8),
(343,'Nurfariha Ahmad',NULL,'nurfariha@mpc.gov.my','1698',27,'Penolong Pengurus',3,'E41','',4,'DMO','951130136162',304,'Zahid Ismail',8),
(344,'Nurul Husna Abdul Rashid',NULL,'nurulhusna@mpc.gov.my','1690',27,'Penolong Pengurus',3,'E41','',7,'QED','920422086556',242,'Dr. Rahmat Md. Smail',8),
(345,'Rabiatul Adawiyah Arzahar',NULL,'rabiatuladawiyah@mpc.gov.my','3164',14,'Pembantu Tadbir (P/O) ',18,'N19','CRO',2,'CRO','970504145308',242,'Dr. Rahmat Md. Smail',8),
(346,'Rozainy Elyza Rosli',NULL,'rozainy@mpc.gov.my','1667',27,'Penolong Pengurus',3,'E41','HRMD',3,'DGO','940817146750',129,'Dato\' Mohd Razali Hussain',8),
(347,'Shazymin Mazlan',NULL,'shazymin@mpc.gov.my','3163',14,'Pembantu Tadbir (P/O) ',18,'N19','',9,'MPC NRO','930205075796',99,'Dr. Mazrina Mohd. Ibramsah',8),
(348,'Siti Hajar Ismail',NULL,'sitihajar@mpc.gov.my','1686',27,'Penolong Pengurus',3,'E41','',4,'DMO','930122085702',304,'Zahid Ismail',8),
(349,'Siti Nur Syuhaida Mohd Salleh',NULL,'syuhaida@mpc.gov.my','1705',27,'Penolong Pengurus',3,'E41','',6,'PCD','960416115070',9,'Dato\' Abd. Latif Abu Seman',8),
(350,'Siti Nuraini Ab Halim',NULL,'sitinuraini@mpc.gov.my','3167',21,'Penolong Akauntan',27,'W29','KEW',5,'MSF','921013065046',36,'Burhanuddin Saidin',8),
(351,'Siti Rohana Rubaidi',NULL,'sitirohana@mpc.gov.my','1666',27,'Penolong Pengurus',3,'E41','',6,'PCD','910516106408',9,'Dato\' Abd. Latif Abu Seman',8),
(352,'Siti Zaharah Ibrahim',NULL,'sitizaharah@mpc.gov.my','1702',27,'Penolong Pengurus',3,'E41','',6,'PCD','830226045192',9,'Dato\' Abd. Latif Abu Seman',8),
(353,'Syed Izzat Emir Syed Ahmad Razali',NULL,'syedizzat@mpc.gov.my','1691',27,'Penolong Pengurus',3,'E41','',6,'PCD','940405105629',9,'Dato\' Abd. Latif Abu Seman',8),
(354,'Ummu ‘Ammarah Basyirah Hashim',NULL,'ummu@mpc.gov.my','1687',27,'Penolong Pengurus',3,'E41','',4,'DMO','940826017328',304,'Zahid Ismail',8);

/*Table structure for table `ref_akademik` */


CREATE TABLE `ref_akademik` (
  `akademik_id` int(11) NOT NULL AUTO_INCREMENT,
  `akademik_desc` varchar(200) NOT NULL,
  `is_active` char(1) NOT NULL DEFAULT '1',
  `created_at` timestamp NULL DEFAULT NULL,
  `updated_at` timestamp NULL DEFAULT CURRENT_TIMESTAMP,
  `deleted_at` timestamp NULL DEFAULT NULL,
  PRIMARY KEY (`akademik_id`)
) ENGINE=InnoDB DEFAULT CHARSET=latin1;

/*Data for the table `ref_akademik` */

/*Table structure for table `ref_alasan` */


CREATE TABLE `ref_alasan` (
  `alasan_id` int(11) NOT NULL AUTO_INCREMENT,
  `alasan_desc` varchar(300) NOT NULL,
  `is_active` char(1) NOT NULL DEFAULT '1',
  `created_at` timestamp NULL DEFAULT NULL,
  `updated_at` timestamp NOT NULL DEFAULT CURRENT_TIMESTAMP,
  `deleted_at` timestamp NULL DEFAULT NULL,
  PRIMARY KEY (`alasan_id`)
) ENGINE=InnoDB AUTO_INCREMENT=18 DEFAULT CHARSET=latin1;

/*Data for the table `ref_alasan` */

insert  into `ref_alasan`(`alasan_id`,`alasan_desc`,`is_active`,`created_at`,`updated_at`,`deleted_at`) values 
(1,'Cuti Rehat','0','2018-12-01 08:04:36','2018-12-01 08:04:36','2019-01-14 02:52:31'),
(2,'Cuti Sakit','0','2018-12-01 08:04:36','2018-12-01 08:04:36','2019-01-14 02:52:46'),
(3,'Menghadiri Mesyuarat','0','2018-12-01 08:04:36','2018-12-01 08:04:36','2019-01-14 02:59:28'),
(4,'Kerja Lebih Masa','0','2018-12-01 08:04:36','2018-12-01 08:04:36','2019-01-14 02:54:14'),
(5,'Cuti Bersalin','0','2018-12-01 08:04:36','2018-12-01 08:04:36','2019-01-14 02:52:59'),
(6,'Menghadiri Kursus','0','2018-12-01 08:04:36','2018-12-01 08:04:36','2019-01-14 02:59:10'),
(7,'Tersalah Punch','0','2018-12-01 08:04:36','2018-12-01 08:04:36','2019-01-14 02:58:31'),
(8,'Cuti Tanpa Rekod','1','2018-12-01 08:04:37','2018-12-01 08:04:37','2019-01-14 02:55:00'),
(9,'Cuti Tanpa Gaji','0','2018-12-01 08:04:37','2018-12-01 08:04:37','2019-01-14 02:53:39'),
(10,'Mesy. Sasaran Kerja Tahunan','1','2018-12-01 08:04:37','2018-12-01 08:04:37','2019-01-14 02:53:12'),
(11,'Alasan Lewat Diterima','1','2018-12-01 08:04:37','2018-12-01 08:04:37',NULL),
(12,'Pelepasan Waktu Bertugas','1','2018-12-01 08:04:37','2018-12-01 08:04:37','2019-01-14 02:59:21'),
(13,'Cuti Kecemasan','1','2018-12-01 08:04:37','2018-12-01 08:04:37','2019-01-14 02:53:51'),
(14,'Cuti Tahunan','1','2018-12-01 08:04:37','2018-12-01 08:04:37','2019-01-14 02:54:26'),
(15,'Cuti Isteri Bersalin','1','2018-12-01 08:04:37','2018-12-01 08:04:37','2019-01-14 02:54:00'),
(16,'Alasan Pulang Awal Diterima','1','2018-12-01 08:04:37','2018-12-01 08:04:37',NULL),
(17,'Alasan Tidak Lengkap','1','2019-01-14 10:58:50','2019-01-14 10:58:50',NULL);

/*Table structure for table `ref_allocation` */


CREATE TABLE `ref_allocation` (
  `allocation_id` int(11) NOT NULL AUTO_INCREMENT,
  `allocation_desc` varchar(255) DEFAULT NULL,
  `created_by` int(11) DEFAULT NULL,
  `updated_by` int(11) DEFAULT NULL,
  `created_at` timestamp NULL DEFAULT NULL,
  `updated_at` timestamp NOT NULL DEFAULT CURRENT_TIMESTAMP,
  `deleted_at` timestamp NULL DEFAULT NULL,
  PRIMARY KEY (`allocation_id`)
) ENGINE=InnoDB AUTO_INCREMENT=3 DEFAULT CHARSET=latin1;

/*Data for the table `ref_allocation` */

insert  into `ref_allocation`(`allocation_id`,`allocation_desc`,`created_by`,`updated_by`,`created_at`,`updated_at`,`deleted_at`) values 
(1,'OPERASI',2,46,'2019-03-22 03:41:34','2019-04-12 04:19:11',NULL),
(2,'PEMBANGUNAN',2,46,'2019-03-22 03:41:45','2019-04-12 04:54:00',NULL);

/*Table structure for table `ref_card` */


CREATE TABLE `ref_card` (
  `card_id` int(11) NOT NULL AUTO_INCREMENT,
  `card_desc` varchar(20) DEFAULT NULL,
  `card_color` varchar(20) NOT NULL,
  `created_at` timestamp NULL DEFAULT NULL,
  `updated_at` timestamp NOT NULL DEFAULT CURRENT_TIMESTAMP,
  `deleted_at` timestamp NULL DEFAULT NULL,
  PRIMARY KEY (`card_id`)
) ENGINE=InnoDB AUTO_INCREMENT=4 DEFAULT CHARSET=latin1;

/*Data for the table `ref_card` */

insert  into `ref_card`(`card_id`,`card_desc`,`card_color`,`created_at`,`updated_at`,`deleted_at`) values 
(1,'Kuning','#FFFF00','2018-11-26 01:16:20','2018-11-25 22:50:57',NULL),
(2,'Hijau','#00FF00','2018-11-26 01:16:24','2018-11-25 22:51:07',NULL),
(3,'Merah','#FF0000','2018-11-26 01:16:28','2018-11-25 22:51:15',NULL);

/*Table structure for table `ref_cawangan` */


CREATE TABLE `ref_cawangan` (
  `cawangan_id` int(11) NOT NULL AUTO_INCREMENT,
  `cawangan_desc` varchar(255) NOT NULL,
  `created_by` int(11) DEFAULT NULL,
  `updated_by` int(11) DEFAULT NULL,
  `created_at` timestamp NULL DEFAULT NULL,
  `updated_at` timestamp NOT NULL DEFAULT CURRENT_TIMESTAMP,
  `deleted_at` timestamp NULL DEFAULT NULL,
  PRIMARY KEY (`cawangan_id`)
) ENGINE=InnoDB DEFAULT CHARSET=latin1;

/*Data for the table `ref_cawangan` */

/*Table structure for table `ref_flight_company` */


CREATE TABLE `ref_flight_company` (
  `flight_company_id` int(11) NOT NULL AUTO_INCREMENT,
  `flight_company_desc` varchar(100) NOT NULL,
  `flight_company_url` varchar(200) NOT NULL,
  `flight_company_luggage_quota` decimal(10,2) NOT NULL DEFAULT '0.00',
  `created_by` int(11) DEFAULT NULL,
  `updated_by` int(11) DEFAULT NULL,
  `created_at` timestamp NULL DEFAULT NULL,
  `updated_at` timestamp NOT NULL DEFAULT CURRENT_TIMESTAMP,
  `deleted_at` timestamp NULL DEFAULT NULL,
  PRIMARY KEY (`flight_company_id`)
) ENGINE=InnoDB AUTO_INCREMENT=7 DEFAULT CHARSET=latin1;

/*Data for the table `ref_flight_company` */

insert  into `ref_flight_company`(`flight_company_id`,`flight_company_desc`,`flight_company_url`,`flight_company_luggage_quota`,`created_by`,`updated_by`,`created_at`,`updated_at`,`deleted_at`) values 
(1,'MAS','https://www.malaysiaairlines.com',20.00,2,2,'2019-03-20 21:34:10','2019-03-20 21:31:37',NULL),
(2,'AIR ASIA','https://www.airasia.com',15.00,2,2,'2019-03-20 21:34:28','2019-03-20 21:31:42',NULL),
(3,'MALINDO AIR','https://www.malindoair.com/',20.00,2,2,'2019-03-20 21:35:09','2019-03-20 21:31:54',NULL),
(4,'FIREFLY','https://www.airpaz.com',20.00,2,2,'2019-03-20 21:35:11','2019-03-20 21:32:02',NULL),
(5,'LATAM AIRLINES','https://www.latam.com',20.00,71,46,'2019-08-10 00:02:56','2020-02-28 16:33:10',NULL),
(6,'FIJI AIRWAYS','https://www.fijiairways.com/',20.00,46,46,'2020-02-28 16:32:56','2020-02-28 16:32:56',NULL);

/*Table structure for table `ref_gred` */


CREATE TABLE `ref_gred` (
  `gred_id` int(11) NOT NULL AUTO_INCREMENT,
  `gred_desc` varchar(20) NOT NULL,
  `is_active` char(1) NOT NULL DEFAULT '1',
  `created_by` int(11) DEFAULT NULL,
  `updated_by` int(11) DEFAULT NULL,
  `created_at` timestamp NULL DEFAULT NULL,
  `updated_at` timestamp NULL DEFAULT CURRENT_TIMESTAMP,
  `deleted_at` timestamp NULL DEFAULT NULL,
  PRIMARY KEY (`gred_id`)
) ENGINE=InnoDB AUTO_INCREMENT=32 DEFAULT CHARSET=latin1;

/*Data for the table `ref_gred` */

insert  into `ref_gred`(`gred_id`,`gred_desc`,`is_active`,`created_by`,`updated_by`,`created_at`,`updated_at`,`deleted_at`) values 
(1,'B22','1',2,2,'2019-03-28 15:32:43','2019-03-28 15:32:43',NULL),
(2,'E29/E32','1',2,2,'2019-03-28 15:32:43','2019-03-28 15:32:43',NULL),
(3,'E41','1',2,2,'2019-03-28 15:32:43','2019-03-28 15:32:43',NULL),
(4,'E44','1',2,2,'2019-03-28 15:32:43','2019-03-28 15:32:43',NULL),
(5,'E48','1',2,2,'2019-03-28 15:32:43','2019-03-28 15:32:43',NULL),
(6,'E52','1',2,2,'2019-03-28 15:32:43','2019-03-28 15:32:43',NULL),
(7,'E54','1',2,2,'2019-03-28 15:32:43','2019-03-28 15:32:43',NULL),
(8,'FA29','1',2,2,'2019-03-28 15:32:43','2019-03-28 15:32:43',NULL),
(9,'H11','1',2,2,'2019-03-28 15:32:43','2019-03-28 15:32:43',NULL),
(10,'H19','1',2,2,'2019-03-28 15:32:43','2019-03-28 15:32:43',NULL),
(11,'J22','1',2,2,'2019-03-28 15:32:43','2019-03-28 15:32:43',NULL),
(12,'JA29/JA36','1',2,2,'2019-03-28 15:32:43','2019-03-28 15:32:43',NULL),
(13,'JUSA A/VU5','1',2,2,'2019-03-28 15:32:43','2019-03-28 15:32:43',NULL),
(14,'JUSA B/VU6','1',2,2,'2019-03-28 15:32:43','2019-03-28 15:32:43',NULL),
(15,'JUSA C/VU7','1',2,2,'2019-03-28 15:32:43','2019-03-28 15:32:43',NULL),
(16,'N11','1',2,2,'2019-03-28 15:32:43','2019-03-28 15:32:43',NULL),
(17,'N14','1',2,2,'2019-03-28 15:32:43','2019-03-28 15:32:43',NULL),
(18,'N19','1',2,2,'2019-03-28 15:32:43','2019-03-28 15:32:43',NULL),
(19,'N22','1',2,2,'2019-03-28 15:32:43','2019-03-28 15:32:43',NULL),
(20,'N26','1',2,2,'2019-03-28 15:32:43','2019-03-28 15:32:43',NULL),
(21,'N28','1',2,2,'2019-03-28 15:32:43','2019-03-28 15:32:43',NULL),
(22,'N29','1',2,2,'2019-03-28 15:32:43','2019-03-28 15:32:43',NULL),
(23,'N30','1',2,2,'2019-03-28 15:32:43','2019-03-28 15:32:43',NULL),
(24,'N32','1',2,2,'2019-03-28 15:32:43','2019-03-28 15:32:43',NULL),
(25,'S32','1',2,2,'2019-03-28 15:32:43','2019-03-28 15:32:43',NULL),
(26,'S41','1',2,2,'2019-03-28 15:32:43','2019-03-28 15:32:43',NULL),
(27,'W29','1',2,2,'2019-03-28 15:32:43','2019-03-28 15:32:43',NULL),
(28,'WA41','1',2,2,'2019-03-28 15:32:43','2019-03-28 15:32:43',NULL),
(29,'WA44','1',2,2,'2019-03-28 15:32:43','2019-03-28 15:32:43',NULL),
(30,'WA48','1',2,2,'2019-03-28 15:32:43','2019-03-28 15:32:43',NULL),
(31,'F41','1',2,2,'2019-03-31 20:54:05','2019-03-31 20:54:05',NULL);

/*Table structure for table `ref_jabatan` */


CREATE TABLE `ref_jabatan` (
  `jabatan_id` int(11) NOT NULL AUTO_INCREMENT,
  `jabatan_desc` varchar(200) NOT NULL,
  `is_active` char(1) NOT NULL DEFAULT '1',
  `created_at` timestamp NULL DEFAULT NULL,
  `updated_at` timestamp NULL DEFAULT CURRENT_TIMESTAMP,
  `deleted_at` timestamp NULL DEFAULT NULL,
  PRIMARY KEY (`jabatan_id`)
) ENGINE=InnoDB AUTO_INCREMENT=36 DEFAULT CHARSET=latin1;

/*Data for the table `ref_jabatan` */

insert  into `ref_jabatan`(`jabatan_id`,`jabatan_desc`,`is_active`,`created_at`,`updated_at`,`deleted_at`) values 
(2,'JABATAN KHIDMAT PENGURUSAN','1','2019-01-01 15:48:01','2019-01-01 15:48:01',NULL),
(3,'JABATAN TEKNOLOGI MAKLUMAT','1','2019-01-01 15:48:01','2019-01-01 15:48:01',NULL),
(4,'BAHAGIAN PENGURUSAN HARTA','1','2019-01-01 15:48:01','2019-01-01 15:48:01',NULL),
(5,'JABATAN PENILAIAN & PENGURUSAN HARTA','1','2019-01-01 15:48:01','2019-01-01 15:48:01',NULL),
(6,'JABATAN PERBENDAHARAAN','1','2019-01-01 15:48:01','2019-01-01 15:48:01',NULL),
(7,'JABATAN PERUNDANGAN','1','2019-01-01 15:48:01','2019-01-01 15:48:01',NULL),
(8,'JABATAN KORPORAT','1','2019-01-01 15:48:01','2019-01-01 15:48:01',NULL),
(9,'JABATAN PERANCANG BANDAR','1','2019-01-01 15:48:01','2019-01-01 15:48:01',NULL),
(10,'JABATAN KEJURUTERAAN','1','2019-01-01 15:48:01','2019-01-01 15:48:01',NULL),
(11,'JABATAN BANGUNAN','1','2019-01-01 15:48:01','2019-01-01 15:48:01',NULL),
(13,'PEJABAT YANG DIPERTUA / TIMBALAN YANG DIPERTUA','1','2019-01-01 15:48:01','2019-01-01 15:48:01',NULL),
(14,'BAHAGIAN KEMUDAHAN AWAM','1','2019-01-01 15:48:01','2019-01-01 15:48:01',NULL),
(16,'JABATAN LANDSKAP','1','2019-01-01 15:48:01','2019-01-01 15:48:01',NULL),
(17,'BAHAGIAN URUSETIA','1','2019-01-01 15:48:01','2019-01-01 15:48:01',NULL),
(18,'UNIT NURSERY','1','2019-01-01 15:48:01','2019-01-01 15:48:01',NULL),
(19,'JABATAN AUDIT DALAM','1','2019-01-01 15:48:01','2019-01-01 15:48:01',NULL),
(20,'UNIT BENGKEL RAWANG','1','2019-01-01 15:48:01','2019-01-01 15:48:01',NULL),
(22,'JABATAN PUSAT SETEMPAT (OSC)','1','2019-01-01 15:48:01','2019-01-01 15:48:01',NULL),
(23,'JABATAN PENGUATKUASA & KESELAMATAN','1','2019-01-01 15:48:01','2019-01-01 15:48:01',NULL),
(24,'JABATAN KONTRAK DAN UKUR BAHAN','1','2019-01-01 15:48:01','2019-01-01 15:48:01',NULL),
(25,'JABATAN PELESENAN','1','2019-01-01 15:48:01','2019-01-01 15:48:01',NULL),
(26,'BAHAGIAN HASIL','1','2019-01-01 15:48:01','2019-01-01 15:48:01',NULL),
(29,'BAHAGIAN KESELAMATAN','1','2019-01-01 15:48:01','2019-01-01 15:48:01',NULL),
(32,'UNIT URUS SELENGGARA BANGUNAN','1','2019-01-01 15:48:01','2019-01-01 15:48:01',NULL),
(33,'JABATAN PEMBANGUNAN MASYARAKAT','1','2019-01-01 15:48:01','2019-01-01 15:48:01',NULL),
(34,'JABATAN PENGURUSAN SISA PEPEJAL & KESIHATAN','1','2019-01-01 15:48:01','2019-01-01 15:48:01',NULL),
(35,'JABATAN PESURUHJAYA BANGUNAN (COB)','1','2019-01-01 15:48:01','2019-01-01 15:48:01',NULL);

/*Table structure for table `ref_jawatan` */


CREATE TABLE `ref_jawatan` (
  `jawatan_id` int(11) NOT NULL AUTO_INCREMENT,
  `jawatan_desc` varchar(255) NOT NULL,
  `is_active` int(1) NOT NULL DEFAULT '1',
  `created_by` int(11) DEFAULT NULL,
  `updated_by` int(11) DEFAULT NULL,
  `created_at` timestamp NULL DEFAULT NULL,
  `updated_at` timestamp NOT NULL DEFAULT CURRENT_TIMESTAMP,
  `deleted_at` timestamp NULL DEFAULT NULL,
  PRIMARY KEY (`jawatan_id`)
) ENGINE=InnoDB AUTO_INCREMENT=34 DEFAULT CHARSET=latin1;

/*Data for the table `ref_jawatan` */

insert  into `ref_jawatan`(`jawatan_id`,`jawatan_desc`,`is_active`,`created_by`,`updated_by`,`created_at`,`updated_at`,`deleted_at`) values 
(1,'Ahli Fotografi',1,2,2,'2019-03-28 15:28:12','2019-03-28 15:28:12',NULL),
(2,'Akauntan',1,2,2,'2019-03-28 15:28:12','2019-03-28 15:28:12',NULL),
(3,'Akauntan Kanan',1,2,2,'2019-03-28 15:28:12','2019-03-28 15:28:12',NULL),
(4,'Ketua Akauntan',1,2,2,'2019-03-28 15:28:12','2019-03-28 15:28:12',NULL),
(5,'Ketua Pengarah',1,2,2,'2019-03-28 15:28:12','2019-03-28 15:28:12',NULL),
(6,'Pegawai Khidmat Pelanggan',1,2,2,'2019-03-28 15:28:12','2019-03-29 21:28:28',NULL),
(7,'Pemandu Kenderaan',1,2,2,'2019-03-28 15:28:12','2019-03-28 15:28:12',NULL),
(8,'Pembantu Awam',1,2,2,'2019-03-28 15:28:12','2019-03-28 15:28:12',NULL),
(9,'Pembantu Kemahiran',1,2,2,'2019-03-28 15:28:12','2019-03-28 15:28:12',NULL),
(10,'Pembantu Operasi',1,2,2,'2019-03-28 15:28:12','2019-03-28 15:28:12',NULL),
(11,'Pembantu Penerbitan (KUP)',1,2,2,'2019-03-28 15:28:12','2019-03-28 15:28:12',NULL),
(12,'Pembantu Setiausaha Pejabat',1,2,2,'2019-03-28 15:28:12','2019-03-28 15:28:12',NULL),
(13,'Pembantu Setiausaha Pejabat (KUP)',1,2,2,'2019-03-28 15:28:12','2019-03-28 15:28:12',NULL),
(14,'Pembantu Tadbir (P/O)',1,2,2,'2019-03-28 15:28:12','2019-03-28 15:28:12',NULL),
(15,'Pembantu Tadbir (P/O) (KUP)',1,2,2,'2019-03-28 15:28:12','2019-03-28 15:28:12',NULL),
(16,'Pembantu Tadbir (P/O) KUP',1,2,2,'2019-03-28 15:28:12','2019-03-28 15:28:12',NULL),
(17,'Pengarah',1,2,2,'2019-03-28 15:28:12','2019-03-28 15:28:12',NULL),
(18,'Pengurus',1,2,2,'2019-03-28 15:28:12','2019-03-28 15:28:12',NULL),
(19,'Pengurus Kanan',1,2,2,'2019-03-28 15:28:12','2019-03-28 15:28:12',NULL),
(20,'Penjaga Jentera Eletrik',1,2,2,'2019-03-28 15:28:12','2019-03-28 15:28:12',NULL),
(21,'Penolong Akauntan',1,2,2,'2019-03-28 15:28:12','2019-03-28 15:28:12',NULL),
(22,'Penolong Jurutera',1,2,2,'2019-03-28 15:28:12','2019-03-28 15:28:12',NULL),
(23,'Penolong Jurutera (KUP)',1,2,2,'2019-03-28 15:28:12','2019-03-28 15:28:12',NULL),
(24,'Penolong Pegawai Perangkaan (KUP)',1,2,2,'2019-03-28 15:28:12','2019-03-28 15:28:12',NULL),
(25,'Penolong Pegawai Tadbir',1,2,2,'2019-03-28 15:28:12','2019-03-28 15:28:12',NULL),
(26,'Penolong Pegawai Teknologi Maklumat',1,2,2,'2019-03-28 15:28:12','2019-03-28 15:28:12',NULL),
(27,'Penolong Pengurus',1,2,2,'2019-03-28 15:28:12','2019-03-28 15:28:12',NULL),
(28,'Penolong Pustakawan (KUP)',1,2,2,'2019-03-28 15:28:12','2019-03-28 15:28:12',NULL),
(29,'Pustakawan',1,2,2,'2019-03-28 15:28:12','2019-03-28 15:28:12',NULL),
(30,'Setiausaha Pejabat ',1,2,2,'2019-03-28 15:28:12','2019-03-28 15:28:12',NULL),
(31,'Setiausaha Pejabat (KUP)',1,2,2,'2019-03-28 15:28:12','2019-03-28 15:28:12',NULL),
(32,'Timbalan Ketua Pengarah',1,2,2,'2019-03-28 15:28:12','2019-03-28 15:28:12',NULL),
(33,'Timbalan Pengarah',1,2,2,'2019-03-28 15:28:12','2019-03-28 15:28:12',NULL);

/*Table structure for table `ref_jenis_penerbangan` */


CREATE TABLE `ref_jenis_penerbangan` (
  `jenis_penerbangan_id` int(11) NOT NULL AUTO_INCREMENT,
  `jenis_penerbangan_desc` varchar(255) NOT NULL,
  `created_at` timestamp NULL DEFAULT NULL,
  `updated_at` timestamp NOT NULL DEFAULT CURRENT_TIMESTAMP,
  `deleted_at` timestamp NULL DEFAULT NULL,
  PRIMARY KEY (`jenis_penerbangan_id`)
) ENGINE=InnoDB AUTO_INCREMENT=4 DEFAULT CHARSET=latin1;

/*Data for the table `ref_jenis_penerbangan` */

insert  into `ref_jenis_penerbangan`(`jenis_penerbangan_id`,`jenis_penerbangan_desc`,`created_at`,`updated_at`,`deleted_at`) values 
(1,'PERGI','2019-03-22 03:57:17','2019-03-22 03:57:17',NULL),
(2,'BALIK','2019-03-22 03:57:20','2019-03-22 03:57:20',NULL),
(3,'PERGI & BALIK','2019-03-22 03:57:34','2019-03-22 03:57:34',NULL);

/*Table structure for table `ref_kalendar` */


CREATE TABLE `ref_kalendar` (
  `kalendar_id` int(11) NOT NULL AUTO_INCREMENT,
  `kalendar_date` date NOT NULL COMMENT 'simpan event date dlm bentuk yyyy-mm-dd',
  `kalendar_desc` longtext NOT NULL,
  `is_active` char(1) NOT NULL DEFAULT '1',
  `created_at` timestamp NULL DEFAULT NULL,
  `updated_at` timestamp NULL DEFAULT CURRENT_TIMESTAMP,
  `deleted_at` timestamp NULL DEFAULT NULL,
  PRIMARY KEY (`kalendar_id`)
) ENGINE=InnoDB DEFAULT CHARSET=latin1;

/*Data for the table `ref_kalendar` */

/*Table structure for table `ref_location` */


CREATE TABLE `ref_location` (
  `location_id` int(11) NOT NULL AUTO_INCREMENT,
  `location_code` varchar(10) DEFAULT NULL,
  `location_desc` varchar(255) DEFAULT NULL,
  `created_by` int(11) DEFAULT NULL,
  `updated_by` int(11) DEFAULT NULL,
  `created_at` timestamp NULL DEFAULT NULL,
  `updated_at` timestamp NOT NULL DEFAULT CURRENT_TIMESTAMP,
  `deleted_at` timestamp NULL DEFAULT NULL,
  PRIMARY KEY (`location_id`)
) ENGINE=InnoDB AUTO_INCREMENT=40 DEFAULT CHARSET=latin1;

/*Data for the table `ref_location` */

insert  into `ref_location`(`location_id`,`location_code`,`location_desc`,`created_by`,`updated_by`,`created_at`,`updated_at`,`deleted_at`) values 
(1,'KUL','KUALA LUMPUR',2,2,'2019-03-20 21:40:51','2019-03-20 21:40:51',NULL),
(2,'LGK','LANGKAWI',2,2,'2019-03-20 21:40:51','2019-03-20 21:40:51',NULL),
(3,'KCH','KUCHING',2,2,'2019-03-20 21:40:51','2019-03-20 21:40:51',NULL),
(4,'PEN','PENANG',2,2,'2019-03-20 21:40:51','2019-03-20 21:40:51',NULL),
(5,'BKI','KOTA KINABALU',2,2,'2019-03-20 21:40:51','2019-03-20 21:40:51',NULL),
(6,'JHB','JOHOR BAHRU',2,2,'2019-03-20 21:40:51','2019-03-20 21:40:51',NULL),
(7,'SZB','SUBANG',2,2,'2019-03-20 21:40:51','2019-03-20 21:40:51',NULL),
(8,'AOR','ALOR SETAR',2,2,'2019-03-20 21:40:51','2019-03-20 21:40:51',NULL),
(9,'KBR','KOTA BHARU',2,2,'2019-03-20 21:40:51','2019-03-20 21:40:51',NULL),
(10,'TGG','KUALA TERENGGANU',2,2,'2019-03-20 21:40:51','2019-03-20 21:40:51',NULL),
(11,'IPH','IPOH',2,2,'2019-03-20 21:40:51','2019-03-20 21:40:51',NULL),
(12,'KUA','KUANTAN',2,2,'2019-03-20 21:40:51','2019-03-20 21:40:51',NULL),
(13,'SBW','SIBU',2,2,'2019-03-20 21:40:51','2019-03-20 21:40:51',NULL),
(14,'SDK','SANDAKAN',2,2,'2019-03-20 21:40:51','2019-03-20 21:40:51',NULL),
(15,'TWU','TAWAU',2,2,'2019-03-20 21:40:51','2019-03-20 21:40:51',NULL),
(16,'MYY','MIRI',2,2,'2019-03-20 21:40:51','2019-03-20 21:40:51',NULL),
(17,'LDU','LAHAD DATU',46,46,'2019-05-11 02:39:19','2019-05-11 02:39:19',NULL),
(18,'SIN','CANGI, SINGAPORE',46,46,'2019-05-21 21:12:58','2019-06-20 22:13:08',NULL),
(19,'XSP','SELETAR, SINGAPORE',46,46,'2019-06-20 22:12:45','2019-06-20 22:13:21',NULL),
(20,'MZV','MULU, SARAWAK',46,46,'2019-07-16 00:39:59','2019-07-16 00:39:59',NULL),
(21,'LBU','LABUAN',46,46,'2019-07-16 00:40:17','2019-07-16 00:40:17',NULL),
(22,'PEK','BEIJING, CHINA',46,46,'2019-08-07 20:26:23','2019-08-07 20:26:23',NULL),
(23,'LHR','LONDON, UNITED KINGDOM',46,46,'2019-08-08 20:44:01','2019-08-10 00:09:08',NULL),
(24,'SYD','SYDNEY, AU',46,46,'2019-08-10 00:04:43','2019-08-10 00:09:45',NULL),
(25,'SCL','SANTIAGO, CHILE',46,46,'2019-08-10 00:17:03','2019-08-10 00:17:03',NULL),
(26,'PMC','PUERTO MONTT, CHILE',46,46,'2019-08-10 00:18:58','2019-08-10 00:18:58',NULL),
(27,'BTU','BINTULU, SARAWAK',46,46,'2019-08-28 23:45:34','2019-08-28 23:45:34',NULL),
(28,'TPE','TAIPEI , TAIWAN CHINA',46,46,'2019-10-01 03:13:36','2019-10-01 03:13:36',NULL),
(29,'CTU','CHENGDU, CHINA',46,46,'2019-10-01 20:23:49','2019-10-01 20:23:49',NULL),
(30,'LMN','LIMBANG, SARAWAK',53,53,'2019-10-01 22:58:07','2019-10-01 22:58:07',NULL),
(31,'MKM','MUKAH, SARAWAK',53,53,'2019-10-01 22:59:14','2019-10-01 22:59:14',NULL),
(32,'VTE','VIENTIANE, LAOS',71,71,'2019-10-08 05:09:34','2019-10-08 05:09:34',NULL),
(33,'BKK','SURVARNABHUMI AIRPORT, THAILAND',71,71,'2019-10-08 05:14:16','2019-10-08 05:14:16',NULL),
(34,'DMK','DON MUEANG INTERNATIONAL AIRPORT, THAILAND',71,71,'2019-10-08 05:15:28','2019-10-08 05:15:28',NULL),
(35,'ICN','SEOUL, KOREA',46,46,'2019-11-13 23:16:13','2019-11-13 23:16:13',NULL),
(36,'CDG','PARIS, CHARLES DE GAULLE',46,46,'2019-11-20 23:59:01','2019-11-20 23:59:01',NULL),
(37,'NRT','TOKYO, JEPUN',46,46,'2020-01-11 05:11:36','2020-01-11 05:11:36',NULL),
(38,'MEL','MELBOURNE, AUSTRALIA',46,46,'2020-02-28 16:20:52','2020-02-28 16:20:52',NULL),
(39,'NAN','NADI,FIJI',46,46,'2020-02-28 16:21:22','2020-02-28 16:21:22',NULL);

/*Table structure for table `ref_payment_method` */


CREATE TABLE `ref_payment_method` (
  `payment_method_id` int(11) NOT NULL AUTO_INCREMENT,
  `payment_method_desc` varchar(150) NOT NULL,
  `created_at` timestamp NULL DEFAULT NULL,
  `updated_at` timestamp NOT NULL DEFAULT CURRENT_TIMESTAMP,
  `deleted_at` timestamp NULL DEFAULT NULL,
  PRIMARY KEY (`payment_method_id`)
) ENGINE=InnoDB AUTO_INCREMENT=3 DEFAULT CHARSET=latin1;

/*Data for the table `ref_payment_method` */

insert  into `ref_payment_method`(`payment_method_id`,`payment_method_desc`,`created_at`,`updated_at`,`deleted_at`) values 
(1,'Kad Kredit','2019-03-24 03:32:36','2019-03-24 03:32:36',NULL),
(2,'Waran','2019-03-24 03:32:43','2019-03-24 03:32:43',NULL);

/*Table structure for table `ref_pembangunan` */


CREATE TABLE `ref_pembangunan` (
  `pembangunan_id` int(11) NOT NULL AUTO_INCREMENT,
  `pembangunan_desc` varchar(255) DEFAULT NULL,
  `created_by` int(11) DEFAULT NULL,
  `updated_by` int(11) DEFAULT NULL,
  `created_at` timestamp NULL DEFAULT NULL,
  `updated_at` timestamp NOT NULL DEFAULT CURRENT_TIMESTAMP,
  `deleted_at` timestamp NULL DEFAULT NULL,
  PRIMARY KEY (`pembangunan_id`)
) ENGINE=InnoDB AUTO_INCREMENT=33 DEFAULT CHARSET=latin1;

/*Data for the table `ref_pembangunan` */

insert  into `ref_pembangunan`(`pembangunan_id`,`pembangunan_desc`,`created_by`,`updated_by`,`created_at`,`updated_at`,`deleted_at`) values 
(1,'NPDIR',2,2,'2019-03-22 03:39:55','2019-03-22 03:39:55',NULL),
(2,'PPE',2,2,'2019-03-22 03:40:05','2019-03-22 03:40:05','2019-04-15 15:21:08'),
(3,'MBR',2,2,'2019-03-22 03:40:09','2019-03-22 03:40:09',NULL),
(4,'PTPS',2,2,'2019-03-22 03:40:22','2019-03-22 03:40:22',NULL),
(5,'TEST123 DDDD',355,355,'2019-04-13 07:06:59','2019-04-13 07:07:06','2019-04-12 23:07:10'),
(6,'T5-MPB',46,46,'2019-04-15 23:21:35','2019-04-15 23:21:35',NULL),
(7,'NTM',46,46,'2019-04-15 23:21:55','2019-04-15 23:21:55',NULL),
(8,'PKP',46,46,'2019-04-15 23:22:04','2019-04-15 23:22:04',NULL),
(9,'SPN TOURISM',46,46,'2019-04-15 23:22:29','2019-04-15 23:22:29',NULL),
(10,'SPN RETAIL',46,46,'2019-04-15 23:24:16','2019-04-15 23:24:16',NULL),
(11,'SPN CHEMICAL',46,46,'2019-04-15 23:24:40','2019-04-15 23:24:40',NULL),
(12,'SPN E & E',46,46,'2019-04-15 23:24:59','2019-04-15 23:24:59',NULL),
(13,'SPN M & E',46,46,'2019-04-15 23:25:15','2019-04-15 23:25:15',NULL),
(14,'SPN AGROFOOD',46,46,'2019-04-15 23:25:34','2019-04-15 23:25:34',NULL),
(15,'SPN HEALTHCARE',46,46,'2019-04-15 23:25:44','2019-04-15 23:25:44',NULL),
(16,'SPN PROF SERV',46,46,'2019-04-15 23:26:01','2019-04-15 23:26:01',NULL),
(17,'SPN ICT',46,46,'2019-04-15 23:26:21','2019-04-15 23:26:21',NULL),
(18,'SPPE',46,46,'2019-07-27 03:20:19','2019-07-27 03:20:19',NULL),
(19,'CCI',46,46,'2019-07-27 04:53:35','2019-07-27 04:53:35',NULL),
(20,'KLEMS - TFP',46,46,'2019-07-27 04:53:52','2019-07-27 04:53:52',NULL),
(21,'EIIP',46,46,'2019-07-27 04:54:02','2019-07-27 04:54:02',NULL),
(22,'MPB-EEPN',46,46,'2019-07-27 04:54:21','2019-07-27 04:54:21',NULL),
(23,'MPB-CCPPN',46,46,'2019-07-27 04:56:50','2019-07-27 04:56:50',NULL),
(24,'MPB-RFBPN',46,46,'2019-07-27 04:57:08','2019-07-27 04:57:08',NULL),
(25,'MPB-TPN',46,46,'2019-07-27 04:57:27','2019-07-27 04:57:27',NULL),
(26,'MPB AFPN',46,46,'2019-07-27 04:57:41','2019-07-27 04:57:41',NULL),
(27,'MPB MEPN',46,46,'2019-07-27 04:57:54','2019-07-27 04:57:54',NULL),
(28,'MPB PS',46,46,'2019-07-27 04:58:05','2019-07-27 04:58:05',NULL),
(29,'MPB PH',46,46,'2019-07-27 04:58:16','2019-07-27 04:58:16',NULL),
(30,'MPB ICTPN',46,46,'2019-10-30 22:27:13','2019-10-30 22:27:13',NULL),
(31,'HRD',46,46,'2019-11-12 22:09:57','2019-11-12 22:09:57',NULL),
(32,'BI (BEHAVIORAL INSIGHTS)',46,46,'2020-01-21 23:26:54','2020-01-21 23:26:54',NULL);

/*Table structure for table `ref_permohonan_doc` */


CREATE TABLE `ref_permohonan_doc` (
  `permohonan_doc_id` int(11) NOT NULL AUTO_INCREMENT,
  `permohonan_doc_desc` varchar(200) DEFAULT NULL,
  `sort` int(11) DEFAULT NULL,
  `active_status` int(11) NOT NULL DEFAULT '1',
  `created_at` timestamp NOT NULL DEFAULT CURRENT_TIMESTAMP,
  `updated_at` timestamp NOT NULL DEFAULT CURRENT_TIMESTAMP,
  `deleted_at` timestamp NULL DEFAULT NULL,
  PRIMARY KEY (`permohonan_doc_id`)
) ENGINE=InnoDB AUTO_INCREMENT=32 DEFAULT CHARSET=latin1;

/*Data for the table `ref_permohonan_doc` */

insert  into `ref_permohonan_doc`(`permohonan_doc_id`,`permohonan_doc_desc`,`sort`,`active_status`,`created_at`,`updated_at`,`deleted_at`) values 
(1,'BOM',4,1,'2020-07-23 18:13:10','2020-07-23 18:13:10',NULL),
(2,'LPO untuk Pembekal',1,1,'2020-07-23 18:13:19','2020-07-23 18:13:19',NULL),
(3,'Sebut Harga',5,1,'2020-07-23 18:13:29','2020-07-23 18:13:29',NULL),
(4,'Keratan Minit Kelulusan BOM',6,1,'2020-07-23 18:13:39','2020-07-23 18:13:39',NULL),
(5,'Anggaran perbelanjaan BOM yang diluluskan',7,1,'2020-07-23 18:13:48','2020-07-23 18:13:48',NULL),
(6,'Sijil GST (Wajib)',8,1,'2020-07-23 18:14:01','2020-07-23 18:14:01',NULL),
(7,'Lantikan perunding/ penceramah Tempatan/ Luar Negara (attachmentb)',12,0,'2020-07-23 18:14:44','2020-07-23 18:14:44',NULL),
(8,'Kelulusan Kementerian Kewangan (MOF)',13,1,'2020-07-23 18:14:54','2020-07-23 18:14:54',NULL),
(9,'PLPS',14,1,'2020-07-23 18:15:27','2020-07-23 18:15:27',NULL),
(10,'Surat Setuju Terima (SST) (Wajib)',15,1,'2020-07-23 18:15:36','2020-07-23 18:15:36',NULL),
(11,'Surat Lantikan (Wajib)',16,1,'2020-07-23 18:15:47','2020-07-23 18:15:47',NULL),
(12,'Jadual Pembayaran',17,1,'2020-07-23 18:15:54','2020-07-23 18:15:54',NULL),
(13,'Terms of Reference (TOR)',18,1,'2020-07-23 18:16:02','2020-07-23 18:16:02',NULL),
(14,'Borang Lampiran B (sekiranya menggunakan khidmat kakitangan kerajaan)',19,1,'2020-07-23 18:16:09','2020-07-23 18:16:09',NULL),
(15,'Invois (bagi bayaran yang dibuat secara telegraphic transfer (TT) kepada pembekal di luar negara)',20,1,'2020-07-23 18:16:20','2020-07-23 18:16:20',NULL),
(16,'Perolehan melalui Sebut harga B (> RM20K) / Sebut harga A (> RM50K) / Tender (>RM500K) (attachmentc)',21,0,'2020-07-23 18:16:29','2020-07-23 18:16:29',NULL),
(17,'Surat Setuju Terima (SST) (Perolehan melalui Sebut harga B (> RM20K) / Sebut harga A (> RM50K) / Tender (>RM500K))',22,1,'2020-07-23 18:16:41','2020-07-23 18:16:41',NULL),
(18,'Keputusan Mesyuarat sebut harga/ Lembaga Perolehan',23,1,'2020-07-23 18:16:50','2020-07-23 18:16:50',NULL),
(19,'Surat Lantikan (Perolehan melalui Sebut harga B (> RM20K) / Sebut harga A (> RM50K) / Tender (>RM500K))',24,1,'2020-07-23 18:16:57','2020-07-23 18:16:57',NULL),
(20,'Teknikal / Penyelenggaraan (attachmentd)',25,0,'2020-07-23 18:17:03','2020-07-23 18:17:03',NULL),
(21,'Laporan penyelenggaraan yang disahkan',26,1,'2020-07-23 18:17:11','2020-07-23 18:17:11',NULL),
(22,'Kontrak (Salinan)',27,1,'2020-07-23 18:17:17','2020-07-23 18:17:17',NULL),
(23,'Makanan (attachmente)',28,0,'2020-07-23 18:17:24','2020-07-23 18:17:24',NULL),
(24,'Senarai nama peserta bengkel/ ceramah/ taklimat',29,1,'2020-07-23 18:17:32','2020-07-23 18:17:32',NULL),
(25,'Tentatif program',30,1,'2020-07-23 18:17:40','2020-07-23 18:17:40',NULL),
(26,'Penginapan Hotel/Tiket Penerbangan (attachmenta)',9,0,'2020-07-23 18:14:09','2020-07-23 18:14:09',NULL),
(27,'Senarai Nama Penginap',10,1,'2020-07-23 18:14:24','2020-07-23 18:14:24',NULL),
(28,'Senarai Nama Tiket Kapal Terbang',11,1,'2020-07-23 18:14:40','2020-07-23 18:14:40',NULL),
(30,'LPO untuk Bhg Kewangan',2,1,'2020-07-23 18:17:53','2020-07-23 18:17:53',NULL),
(31,'Invoice untuk Bhg Kewangan',3,1,'2020-07-23 18:18:06','2020-07-23 18:18:06',NULL);

/*Table structure for table `ref_race` */


CREATE TABLE `ref_race` (
  `race_id` int(11) NOT NULL AUTO_INCREMENT,
  `race_desc` varchar(50) NOT NULL,
  `created_at` timestamp NULL DEFAULT NULL,
  `updated_at` timestamp NOT NULL DEFAULT CURRENT_TIMESTAMP,
  `deleted_at` timestamp NULL DEFAULT NULL,
  PRIMARY KEY (`race_id`,`updated_at`)
) ENGINE=InnoDB AUTO_INCREMENT=5 DEFAULT CHARSET=latin1;

/*Data for the table `ref_race` */

insert  into `ref_race`(`race_id`,`race_desc`,`created_at`,`updated_at`,`deleted_at`) values 
(1,'Melayu','2018-12-04 21:29:28','2018-12-04 21:29:07',NULL),
(2,'Cina','2018-12-04 21:29:31','2018-12-04 21:29:09',NULL),
(3,'India','2018-12-04 21:29:36','2018-12-04 21:29:13',NULL),
(4,'Lain-lain','2018-12-04 21:29:39','2018-12-04 21:29:18',NULL);

/*Table structure for table `ref_religion` */


CREATE TABLE `ref_religion` (
  `religion_id` int(11) NOT NULL AUTO_INCREMENT,
  `religion_desc` varchar(50) NOT NULL,
  `created_at` timestamp NULL DEFAULT NULL,
  `updated_at` timestamp NOT NULL DEFAULT CURRENT_TIMESTAMP,
  `deleted_at` timestamp NULL DEFAULT NULL,
  PRIMARY KEY (`religion_id`,`updated_at`)
) ENGINE=InnoDB AUTO_INCREMENT=6 DEFAULT CHARSET=latin1;

/*Data for the table `ref_religion` */

insert  into `ref_religion`(`religion_id`,`religion_desc`,`created_at`,`updated_at`,`deleted_at`) values 
(1,'Islam','2018-12-04 21:28:12','2018-12-04 21:28:12',NULL),
(2,'Kristian','2018-12-04 21:28:12','2018-12-04 21:28:19',NULL),
(3,'Buddha','2018-12-04 21:28:12','2018-12-04 21:28:22',NULL),
(4,'Hindu','2018-12-04 21:28:12','2018-12-04 21:28:26',NULL),
(5,'Lain-lain','2018-12-04 21:28:12','2018-12-04 21:28:43',NULL);

/*Table structure for table `ref_supplier` */


CREATE TABLE `ref_supplier` (
  `supplier_id` int(11) NOT NULL AUTO_INCREMENT,
  `supplier_code` varchar(50) NOT NULL,
  `supplier_name` varchar(100) NOT NULL,
  `supplier_regno` varchar(20) NOT NULL,
  `supplier_address_1` varchar(100) DEFAULT NULL,
  `supplier_address_2` varchar(100) DEFAULT NULL,
  `supplier_address_3` varchar(100) DEFAULT NULL,
  `supplier_postcode` char(5) DEFAULT NULL,
  `district_id` int(11) DEFAULT NULL,
  `state_id` int(11) DEFAULT NULL,
  `supplier_contact_person` varchar(100) DEFAULT NULL,
  `supplier_office_no` varchar(20) DEFAULT NULL,
  `supplier_mobile_no` varchar(20) DEFAULT NULL,
  `supplier_fax_no` varchar(20) DEFAULT NULL,
  `supplier_email` varchar(100) DEFAULT NULL,
  `supplier_account_no` varchar(50) DEFAULT NULL,
  `bank_id` int(11) DEFAULT NULL,
  `created_by` int(11) DEFAULT NULL,
  `created_at` timestamp NULL DEFAULT NULL ON UPDATE CURRENT_TIMESTAMP,
  `updated_by` int(11) DEFAULT NULL,
  `updated_at` timestamp NOT NULL DEFAULT CURRENT_TIMESTAMP,
  `deleted_by` int(11) DEFAULT NULL,
  `deleted_at` timestamp NULL DEFAULT NULL,
  PRIMARY KEY (`supplier_id`)
) ENGINE=InnoDB DEFAULT CHARSET=latin1;

/*Data for the table `ref_supplier` */

/*Table structure for table `ref_unit` */


CREATE TABLE `ref_unit` (
  `unit_id` int(11) NOT NULL AUTO_INCREMENT,
  `unit_desc` varchar(200) NOT NULL,
  `is_active` char(1) NOT NULL DEFAULT '1',
  `created_at` timestamp NULL DEFAULT NULL,
  `updated_at` timestamp NULL DEFAULT CURRENT_TIMESTAMP,
  `deleted_at` timestamp NULL DEFAULT NULL,
  PRIMARY KEY (`unit_id`)
) ENGINE=InnoDB DEFAULT CHARSET=latin1;

/*Data for the table `ref_unit` */

/*Table structure for table `ref_unit_bahagian` */


CREATE TABLE `ref_unit_bahagian` (
  `unit_bahagian_id` int(11) NOT NULL AUTO_INCREMENT,
  `parent_id` int(11) DEFAULT NULL,
  `unit_bahagian_desc` varchar(100) NOT NULL,
  `is_cawangan` int(11) NOT NULL DEFAULT '0',
  `running_no` int(11) NOT NULL DEFAULT '0',
  `created_by` int(11) DEFAULT NULL,
  `updated_by` int(11) DEFAULT NULL,
  `created_at` timestamp NULL DEFAULT NULL,
  `updated_at` timestamp NOT NULL DEFAULT CURRENT_TIMESTAMP,
  `deleted_at` timestamp NULL DEFAULT NULL,
  PRIMARY KEY (`unit_bahagian_id`)
) ENGINE=InnoDB AUTO_INCREMENT=13 DEFAULT CHARSET=latin1;

/*Data for the table `ref_unit_bahagian` */

insert  into `ref_unit_bahagian`(`unit_bahagian_id`,`parent_id`,`unit_bahagian_desc`,`is_cawangan`,`running_no`,`created_by`,`updated_by`,`created_at`,`updated_at`,`deleted_at`) values 
(0,NULL,'HQ',0,0,2,2,'2019-03-29 20:32:26','2019-03-29 20:32:28',NULL),
(1,0,'CPD',0,1,2,2,'2019-03-29 01:14:07','2019-03-29 01:14:07',NULL),
(2,0,'CRO',0,1,2,2,'2019-03-29 01:14:07','2019-03-29 01:14:07',NULL),
(3,0,'DGO',0,1,2,2,'2019-03-29 01:14:07','2019-03-29 01:14:07',NULL),
(4,0,'DMO',0,1,2,2,'2019-03-29 01:14:07','2019-03-29 01:14:07',NULL),
(5,0,'MSF',0,1,2,2,'2019-03-29 01:14:07','2019-03-29 01:14:07',NULL),
(6,0,'PCD',0,1,2,2,'2019-03-29 01:14:07','2019-03-29 01:14:07',NULL),
(7,0,'QED',0,1,2,2,'2019-03-29 01:14:07','2019-03-29 01:14:07',NULL),
(8,7,'ECR',1,1,2,2,'2019-03-29 01:14:07','2019-03-29 01:14:07',NULL),
(9,7,'NRO',1,1,2,2,'2019-03-29 01:14:07','2019-03-29 01:14:07',NULL),
(10,7,'SBO',1,1,2,2,'2019-03-29 01:14:07','2019-03-29 01:14:07',NULL),
(11,7,'SKO',1,1,2,2,'2019-03-29 01:14:07','2019-03-29 01:14:07',NULL),
(12,7,'SRO',1,1,2,2,'2019-03-29 01:14:07','2019-03-29 01:14:07',NULL);

/*Table structure for table `role_has_permissions` */


CREATE TABLE `role_has_permissions` (
  `permission_id` int(10) unsigned NOT NULL,
  `role_id` int(10) unsigned NOT NULL,
  PRIMARY KEY (`permission_id`,`role_id`),
  KEY `role_has_permissions_role_id_foreign` (`role_id`),
  CONSTRAINT `role_has_permissions_permission_id_foreign` FOREIGN KEY (`permission_id`) REFERENCES `permissions` (`id`) ON DELETE CASCADE,
  CONSTRAINT `role_has_permissions_role_id_foreign` FOREIGN KEY (`role_id`) REFERENCES `roles` (`id`) ON DELETE CASCADE
) ENGINE=InnoDB DEFAULT CHARSET=utf8 COLLATE=utf8_unicode_ci ROW_FORMAT=DYNAMIC COMMENT='ACL related';

/*Data for the table `role_has_permissions` */

insert  into `role_has_permissions`(`permission_id`,`role_id`) values 
(13,1),
(13,2),
(13,6),
(13,7),
(13,8),
(13,9),
(13,10),
(14,1),
(14,2),
(15,1),
(15,2),
(16,1),
(16,2),
(16,6),
(16,7),
(16,8),
(16,9),
(16,10),
(17,1),
(18,1),
(19,1),
(20,1),
(21,1),
(22,1),
(22,2),
(29,1),
(29,2),
(30,1),
(30,2),
(101,1),
(101,2),
(104,1),
(104,2),
(108,1),
(108,2),
(108,6),
(108,7),
(108,8),
(108,9),
(108,10),
(110,1),
(110,2),
(121,1),
(121,2),
(123,1),
(123,2),
(124,1),
(124,2),
(125,1),
(125,2),
(127,1),
(127,2),
(128,1),
(128,2),
(129,6),
(129,7),
(129,8),
(129,9),
(129,10),
(130,1),
(130,2),
(130,6),
(130,7),
(130,8),
(130,9),
(130,10),
(131,1),
(131,2),
(131,6),
(132,1),
(132,2),
(132,7),
(133,1),
(133,2),
(134,1),
(134,2),
(136,1),
(136,2),
(136,9),
(137,1),
(137,2),
(137,10),
(138,1),
(138,2),
(138,9);

/*Table structure for table `roles` */


CREATE TABLE `roles` (
  `id` int(10) unsigned NOT NULL AUTO_INCREMENT,
  `name` varchar(255) COLLATE utf8_unicode_ci NOT NULL,
  `description` longtext COLLATE utf8_unicode_ci,
  `created_at` timestamp NULL DEFAULT NULL,
  `updated_at` timestamp NULL DEFAULT NULL,
  `deleted_at` timestamp NULL DEFAULT NULL,
  PRIMARY KEY (`id`),
  UNIQUE KEY `roles_name_unique` (`name`)
) ENGINE=InnoDB AUTO_INCREMENT=11 DEFAULT CHARSET=utf8 COLLATE=utf8_unicode_ci ROW_FORMAT=DYNAMIC COMMENT='ACL related';

/*Data for the table `roles` */

insert  into `roles`(`id`,`name`,`description`,`created_at`,`updated_at`,`deleted_at`) values 
(1,'superadmin','Super System Administrator','2018-04-03 21:56:05','2018-04-03 21:56:05',NULL),
(2,'admin','Pentadbir Sistem','2018-04-03 21:56:55','2018-04-03 21:56:55',NULL),
(6,'director','Pelulus','2019-03-21 14:20:11','2019-03-21 14:20:14',NULL),
(7,'approver','Penyelia','2019-03-21 14:20:14','2019-03-21 14:20:14',NULL),
(8,'officer','Pegawai','2019-03-21 14:20:14','2019-03-21 14:20:14',NULL),
(9,'checker','Pegawai PCT','2020-05-28 01:57:49','2020-05-28 01:57:54',NULL),
(10,'finance','Pegawai Kewangan','2020-07-23 00:53:22','2020-07-23 00:53:25',NULL);

/*Table structure for table `scripts` */


CREATE TABLE `scripts` (
  `content` text
) ENGINE=InnoDB DEFAULT CHARSET=latin1;

/*Data for the table `scripts` */

insert  into `scripts`(`content`) values 
('w');

/*Table structure for table `upload` */


CREATE TABLE `upload` (
  `upload_id` int(11) NOT NULL AUTO_INCREMENT,
  `upload_model` varchar(50) NOT NULL COMMENT '1-fromcomplaint,2-fromemergency',
  `upload_model_id` int(11) NOT NULL,
  `upload_path` varchar(50) NOT NULL,
  `upload_filename` varchar(200) NOT NULL,
  `upload_type` char(2) DEFAULT NULL,
  `upload_imagetype` varchar(20) DEFAULT NULL COMMENT 'thumbnail, feature, original',
  `upload_imageid` longtext COMMENT 'this will be used during delete action. this id generate based on encrypt filename',
  `created_at` timestamp NULL DEFAULT NULL,
  `updated_at` timestamp NOT NULL DEFAULT '0000-00-00 00:00:00',
  `deleted_at` timestamp NULL DEFAULT NULL,
  PRIMARY KEY (`upload_id`),
  KEY `idx_upload_upload_model` (`upload_model`),
  KEY `idx_upload_upload_model_id` (`upload_model_id`),
  KEY `idx_upload_upload_type` (`upload_type`)
) ENGINE=InnoDB DEFAULT CHARSET=latin1;

/*Data for the table `upload` */

/*Table structure for table `user_has_permissions` */


CREATE TABLE `user_has_permissions` (
  `user_id` int(10) unsigned NOT NULL,
  `permission_id` int(10) unsigned NOT NULL,
  PRIMARY KEY (`user_id`,`permission_id`),
  KEY `user_has_permissions_permission_id_foreign` (`permission_id`),
  CONSTRAINT `user_has_permissions_permission_id_foreign` FOREIGN KEY (`permission_id`) REFERENCES `permissions` (`id`) ON DELETE CASCADE,
  CONSTRAINT `user_has_permissions_user_id_foreign` FOREIGN KEY (`user_id`) REFERENCES `users` (`id`) ON DELETE CASCADE
) ENGINE=InnoDB DEFAULT CHARSET=utf8 COLLATE=utf8_unicode_ci ROW_FORMAT=DYNAMIC COMMENT='ACL related';

/*Data for the table `user_has_permissions` */

/*Table structure for table `user_has_roles` */


CREATE TABLE `user_has_roles` (
  `role_id` int(10) unsigned NOT NULL,
  `user_id` int(10) unsigned NOT NULL,
  PRIMARY KEY (`role_id`,`user_id`),
  KEY `user_has_roles_user_id_foreign` (`user_id`),
  CONSTRAINT `user_has_roles_role_id_foreign` FOREIGN KEY (`role_id`) REFERENCES `roles` (`id`) ON DELETE CASCADE,
  CONSTRAINT `user_has_roles_user_id_foreign` FOREIGN KEY (`user_id`) REFERENCES `users` (`id`) ON DELETE CASCADE
) ENGINE=InnoDB DEFAULT CHARSET=utf8 COLLATE=utf8_unicode_ci ROW_FORMAT=DYNAMIC COMMENT='ACL related';

/*Data for the table `user_has_roles` */

insert  into `user_has_roles`(`role_id`,`user_id`) values 
(1,1),
(2,1),
(2,2),
(2,21),
(2,46),
(2,53),
(2,71),
(2,106),
(2,123),
(2,196),
(2,213),
(2,221),
(2,243),
(2,289),
(2,292),
(2,347),
(2,355),
(6,9),
(6,129),
(6,284),
(7,36),
(7,39),
(7,49),
(7,66),
(7,79),
(7,99),
(7,131),
(7,141),
(7,143),
(7,216),
(7,242),
(7,252),
(7,255),
(7,264),
(7,285),
(7,297),
(7,304),
(7,307),
(7,356),
(8,3),
(8,4),
(8,6),
(8,7),
(8,8),
(8,10),
(8,11),
(8,12),
(8,13),
(8,14),
(8,15),
(8,16),
(8,17),
(8,18),
(8,19),
(8,20),
(8,22),
(8,23),
(8,24),
(8,25),
(8,26),
(8,27),
(8,28),
(8,29),
(8,30),
(8,31),
(8,32),
(8,33),
(8,34),
(8,35),
(8,37),
(8,38),
(8,40),
(8,41),
(8,42),
(8,43),
(8,44),
(8,45),
(8,47),
(8,48),
(8,50),
(8,51),
(8,52),
(8,54),
(8,55),
(8,56),
(8,57),
(8,58),
(8,59),
(8,60),
(8,61),
(8,62),
(8,63),
(8,64),
(8,65),
(8,67),
(8,68),
(8,69),
(8,70),
(8,72),
(8,73),
(8,74),
(8,75),
(8,76),
(8,77),
(8,78),
(8,80),
(8,81),
(8,82),
(8,83),
(8,84),
(8,85),
(8,86),
(8,87),
(8,88),
(8,89),
(8,90),
(8,91),
(8,92),
(8,93),
(8,94),
(8,95),
(8,96),
(8,97),
(8,98),
(8,100),
(8,101),
(8,102),
(8,103),
(8,104),
(8,105),
(8,107),
(8,108),
(8,109),
(8,110),
(8,111),
(8,112),
(8,113),
(8,114),
(8,115),
(8,116),
(8,117),
(8,118),
(8,119),
(8,120),
(8,121),
(8,122),
(8,124),
(8,125),
(8,126),
(8,127),
(8,128),
(8,130),
(8,132),
(8,133),
(8,134),
(8,135),
(8,136),
(8,137),
(8,138),
(8,139),
(8,140),
(8,142),
(8,144),
(8,145),
(8,146),
(8,147),
(8,148),
(8,149),
(8,150),
(8,151),
(8,152),
(8,153),
(8,154),
(8,155),
(8,156),
(8,157),
(8,158),
(8,159),
(8,160),
(8,161),
(8,162),
(8,163),
(8,164),
(8,165),
(8,166),
(8,167),
(8,168),
(8,169),
(8,170),
(8,173),
(8,174),
(8,175),
(8,176),
(8,177),
(8,178),
(8,179),
(8,180),
(8,181),
(8,182),
(8,183),
(8,184),
(8,185),
(8,186),
(8,187),
(8,188),
(8,189),
(8,190),
(8,191),
(8,192),
(8,193),
(8,194),
(8,195),
(8,197),
(8,198),
(8,199),
(8,200),
(8,201),
(8,202),
(8,203),
(8,204),
(8,205),
(8,206),
(8,207),
(8,208),
(8,209),
(8,210),
(8,211),
(8,212),
(8,214),
(8,215),
(8,217),
(8,218),
(8,219),
(8,220),
(8,222),
(8,223),
(8,224),
(8,225),
(8,226),
(8,227),
(8,228),
(8,229),
(8,230),
(8,231),
(8,232),
(8,233),
(8,234),
(8,235),
(8,236),
(8,237),
(8,238),
(8,239),
(8,240),
(8,241),
(8,244),
(8,245),
(8,246),
(8,247),
(8,248),
(8,249),
(8,250),
(8,251),
(8,253),
(8,254),
(8,256),
(8,257),
(8,258),
(8,259),
(8,260),
(8,261),
(8,262),
(8,263),
(8,265),
(8,266),
(8,267),
(8,268),
(8,269),
(8,270),
(8,271),
(8,272),
(8,273),
(8,274),
(8,275),
(8,276),
(8,277),
(8,278),
(8,279),
(8,280),
(8,281),
(8,282),
(8,283),
(8,286),
(8,287),
(8,288),
(8,290),
(8,291),
(8,293),
(8,294),
(8,295),
(8,296),
(8,298),
(8,299),
(8,300),
(8,301),
(8,302),
(8,303),
(8,305),
(8,306),
(8,308),
(8,309),
(8,310),
(8,311),
(8,312),
(8,313),
(8,314),
(8,315),
(8,316),
(8,317),
(8,318),
(8,319),
(8,320),
(8,321),
(8,322),
(8,323),
(8,324),
(8,325),
(8,326),
(8,327),
(8,328),
(8,329),
(8,330),
(8,331),
(8,332),
(8,333),
(8,334),
(8,335),
(8,336),
(8,337),
(8,338),
(8,339),
(8,340),
(8,341),
(8,342),
(8,343),
(8,344),
(8,345),
(8,346),
(8,348),
(8,349),
(8,350),
(8,351),
(8,352),
(8,353),
(8,354),
(8,357),
(8,358),
(8,359),
(8,360),
(8,361),
(8,362),
(8,363),
(8,364),
(8,365),
(8,366),
(8,367),
(8,368),
(8,369),
(8,370),
(8,371),
(8,372),
(8,373),
(8,374),
(8,375),
(8,376),
(8,377),
(8,378),
(8,379),
(8,380),
(8,381),
(9,171),
(9,172),
(10,5);

/*Table structure for table `users` */


CREATE TABLE `users` (
  `id` int(10) unsigned NOT NULL AUTO_INCREMENT,
  `name` varchar(255) COLLATE utf8_unicode_ci NOT NULL,
  `email` varchar(255) COLLATE utf8_unicode_ci DEFAULT NULL,
  `username` varchar(100) COLLATE utf8_unicode_ci NOT NULL,
  `password` varchar(255) COLLATE utf8_unicode_ci NOT NULL,
  `status` char(1) COLLATE utf8_unicode_ci NOT NULL DEFAULT '0',
  `approve_status` char(1) COLLATE utf8_unicode_ci NOT NULL DEFAULT '0',
  `remember_token` varchar(100) COLLATE utf8_unicode_ci DEFAULT NULL,
  `locale` varchar(20) COLLATE utf8_unicode_ci DEFAULT NULL,
  `picture` longtext COLLATE utf8_unicode_ci,
  `type` char(1) COLLATE utf8_unicode_ci NOT NULL DEFAULT '0',
  `jabatan_id` int(11) DEFAULT NULL,
  `created_by` int(11) DEFAULT NULL,
  `updated_by` int(11) DEFAULT NULL,
  `created_at` timestamp NULL DEFAULT NULL,
  `updated_at` timestamp NULL DEFAULT NULL ON UPDATE CURRENT_TIMESTAMP,
  `deleted_at` timestamp NULL DEFAULT NULL,
  PRIMARY KEY (`id`),
  UNIQUE KEY `users_email_unique` (`email`)
) ENGINE=InnoDB AUTO_INCREMENT=382 DEFAULT CHARSET=utf8 COLLATE=utf8_unicode_ci ROW_FORMAT=DYNAMIC;

/*Data for the table `users` */

insert  into `users`(`id`,`name`,`email`,`username`,`password`,`status`,`approve_status`,`remember_token`,`locale`,`picture`,`type`,`jabatan_id`,`created_by`,`updated_by`,`created_at`,`updated_at`,`deleted_at`) values 
(1,'SUPERADMIN','superadmin@gmail.com','superadmin','$2y$10$gw0izPMU3RRuC4YfPSl4m.kGzqtxT9mby73D.yAouGl/p8agf1LQa','1','1','F2pL8O9aqkxhgPy8HbK354OgHa6FW26jUntlnvHldCWV5ifav8Q8xEIrGo6P','en',NULL,'0',NULL,NULL,NULL,'2018-03-13 14:12:25','2020-07-27 01:22:10',NULL),
(2,'ADMIN','admin@gmail.com','admin','$2y$10$gw0izPMU3RRuC4YfPSl4m.kGzqtxT9mby73D.yAouGl/p8agf1LQa','1','1','7kFPxYVhea1YxnWexQEfpCpyXZoaqN7B9y8hVMSNE9VfDo6ZNbksgSKpYJIV','en',NULL,'0',NULL,NULL,NULL,'2018-04-18 02:31:06','2020-05-28 15:03:42',NULL),
(3,'Ab. Razak Salleh ','razaksalleh@mpc.gov.my','620310035231','$2y$10$CZ81pZ5nnSKe.d82oXpAROm1qByTj8d7wLicTff8MIowauEgV69ku','1','1',NULL,'en',NULL,'0',NULL,2,2,'2019-03-29 18:02:54','2019-03-30 01:48:35',NULL),
(4,'ABANG NURFADLI ABANG YUSUF','nurfadli@mpc.gov.my','881113136047','$2y$10$bnu2yyfLxnZC.QRePsFeAeYi9Jbyg7/jGpVqKe/YjoSWpKTXG.ilK','1','1',NULL,'en',NULL,'0',NULL,2,53,'2019-03-29 18:02:54','2019-08-19 20:57:24',NULL),
(5,'ABDOLLAH TALIB','dollah@mpc.gov.my','641129055193','$2y$10$CtQDx994caSha8ZfmBM4O.vcXDRPjUfXQMP6f6ALk9xfCbz4C8Z.O','1','1','kXlBQMI3pqOU97hUYoUOXf44wx96aXi01tL97CxslzKBfC43FDJEqyPdtaKw','en',NULL,'0',NULL,2,1,'2019-03-29 18:02:54','2020-07-23 03:12:29',NULL),
(6,'Abdul Hadi Ishak','hadi@mpc.gov.my','810825045057','$2y$10$npHZ6aN0tonnc1B519JXnuE5nXYJp/Xgzr9wrdyPuZTCshDmtmGV.','1','1','gxhsNVRhgBdEqkBLH5vXdqvpEvLEZj5qLNNkbohMFS7nj0cDJQacVIs7Qgwi','en',NULL,'0',NULL,2,2,'2019-03-29 18:02:54','2019-12-10 14:40:26',NULL),
(7,'Abdul Hakim bin Mohamad Sharif','hakim@mpc.gov.my','840515145893','$2y$10$LV34RMBlsx9RvL932M2wXes7T3nszJcEiR.oKW0VCeh2vLCExkW8q','1','1','1QArCCkFex03LItEhfzdZGFw3AYPwyWxKA99ZGdHBUxmZdn6mmPCaJKzl2Yv','en',NULL,'0',NULL,2,2,'2019-03-29 18:02:54','2019-10-07 01:14:50',NULL),
(8,'Abdul Karim Abdul Halim','karim@mpc.gov.my','810328145225','$2y$10$bBDl0ZAm2Mmgm9edSM6WW.1iTZzIAZP5HXkgwsghZNUYZRf5AzVCu','1','1',NULL,'en',NULL,'0',NULL,2,2,'2019-03-29 18:02:54','2019-03-30 01:48:36',NULL),
(9,'DATO\' ABDUL LATIF BIN HAJI ABU SEMAN','abdullatif@mpc.gov.my','610529065073','$2y$10$ZPqL0guqFUL0n2omcyKWWeyTrB11aIQ03jB2qQKtykgzQiwt/aOUS','1','1','TRqPhjMrLXdZuFmvjQQe29I1zP3TjA5TN7iFG5IdplXaCPufnCMf7Ujs8oPj','en',NULL,'0',NULL,2,46,'2019-03-29 18:02:54','2020-03-11 15:35:02',NULL),
(10,'ABDUL LATIF HUSSEIN','abdullatifh@mpc.gov.my','600723135435','$2y$10$ESKp1/U/V6vWGiL17MuDbuJmjPf0PDe/7UOw8Vsf1u4mUMBTRyxji','1','1',NULL,'en',NULL,'0',NULL,2,46,'2019-03-29 18:02:54','2019-09-10 21:19:34',NULL),
(11,'Abdul Malek Mohamad Aripin','malek@mpc.gov.my','690206045185','$2y$10$iBQprUKx3XAUvF//mCxGZOicYFdzT/vT.bzApP6CwFXFlT3cJP3Ky','1','1',NULL,'en',NULL,'0',NULL,2,2,'2019-03-29 18:02:54','2019-03-30 01:48:36',NULL),
(12,'Abdul Quyun Mansor','quyun@mpc.gov.my','850207065305','$2y$10$EyYfLJGXRPfR6YyDqEGd3uOp.MRaqT2r.fYL0UqYgkQd1nAJM4axa','1','1',NULL,'en',NULL,'0',NULL,2,2,'2019-03-29 18:02:54','2019-03-30 01:48:36',NULL),
(13,'ABIGAIL SUBATRA A/P ANBALAKAN','abigail@mpc.gov.my','850106055140','$2y$10$7YnPHtFdkd7oDG2ZIOJxruiAXMB2tGfwjOKQcYPf3blcz0u9S5Wqy','1','1',NULL,'en',NULL,'0',NULL,2,13,'2019-03-29 18:02:54','2019-10-01 23:05:45',NULL),
(14,'Adlina Snawi','adlina@mpc.gov.my','781031075342','$2y$10$GE3mtQzNsaNPUQjAp5hW2.VasYOOynDhhSHv.Q4hq/W02UDGXWsdG','1','1',NULL,'en',NULL,'0',NULL,2,2,'2019-03-29 18:02:54','2019-03-30 01:48:36',NULL),
(15,'Ahmad Fathan Abdul Rahim','fathan@mpc.gov.my','860818355343','$2y$10$G11gPc3z0iSQWK7/0x.1HOLTs8dBgKDz9IT.CCHRv.CC1wXJ0KgeW','1','1',NULL,'en',NULL,'0',NULL,2,2,'2019-03-29 18:02:54','2019-03-30 01:48:36',NULL),
(16,'AHMAD HARRIS ABDULLAH','harris@mpc.gov.my','790805115235','$2y$10$RP7BtZMg99c6ziqcqV8LhO.0Owa6STJ1fMkKSkJLbyfk2oslUOSlW','1','1','m4yd8hpbAKCEb3WyYGUU36C0SaXv9wEAmvmOZb5ToqfcAG0gBovavHFWFjqr','en',NULL,'0',NULL,2,16,'2019-03-29 18:02:54','2019-11-29 06:44:06',NULL),
(17,'Aiman Zakwan Zahari','aiman@mpc.gov.my','891020015691','$2y$10$NwUXqPAiZUcjQx5gvtMnn.zSZ0t0.sr0oCiB1hNga8do6ac2YD45i','1','1',NULL,'en',NULL,'0',NULL,2,2,'2019-03-29 18:02:54','2019-03-30 01:48:36',NULL),
(18,'Aizulhisham Mat Menan','aizul@mpc.gov.my','801211105313','$2y$10$BcYMC7Aa7SA.ey2YJeZn1e6uoVtoh9DHB1PCiEKGRE.bM/SXxsBw2','1','1','kUnt2HvBKBqSozGrjpfpRqKtoH0pTTfYncJjz9S9gcsvxVbzkWE2SNug1fvS','en',NULL,'0',NULL,2,2,'2019-03-29 18:02:54','2019-11-29 12:19:54',NULL),
(19,'AKMAR ASHAARI','akmar@mpc.gov.my','790723075671','$2y$10$U9.11tzu6.DgmGJQnyN/6.eOPpxf3PA5CCNRy25LFhVVnLgC/5jQu','1','1','8EeHDDZ6IefRICmPrnwtDVRM91qLkU4m7cjScrtlY3QLm85OLQNH4xsSSogY','en',NULL,'0',NULL,2,46,'2019-03-29 18:02:54','2019-10-11 17:01:15',NULL),
(20,'Al Hisyam Abdul Halim','alhisyam@mpc.gov.my','780407145421','$2y$10$OZWENnxA8fbnYxM53V.IauB8I3qKQnEbOigVcdiUcKT1w1IadfIIq','1','1','EBRYsrBRijvIuKvuF4T1Knqho4Fq8LjFHsclUQbavSo1dIpFJDc4ToX9qxl8','en',NULL,'0',NULL,2,2,'2019-03-29 18:02:54','2019-10-04 16:00:20',NULL),
(21,'ALUYAH SUHAILI','alluyah@mpc.gov.my','630805135268','$2y$10$EF6HYQBzs8kheLv4QoWoJOhpC9AwVd2HAsk/hd8MehwLgtq2SVcwK','1','1','kmvoEjZYmkxeQmerlXceaNi8y3aiv1SKCmeg1DBlCfJpaT9ncQMr04XGLkDE','en',NULL,'0',NULL,2,53,'2019-03-29 18:02:54','2020-03-17 15:08:05',NULL),
(22,'Amirul Qamar Zakaria','amirulqamar@mpc.gov.my','870118086399','$2y$10$bl/K1Ml125iLujJTsiw7r.G9dovXXy0pankneoxyAfiqOJcehbXEW','1','1',NULL,'en',NULL,'0',NULL,2,2,'2019-03-29 18:02:54','2019-03-30 01:48:37',NULL),
(23,'Anis Marina Abd. Wahab','anis@mpc.gov.my','850708145936','$2y$10$DIfGs2r/yFK96jLrPSO/BOS/oH1usgdTr1dQN3nNBCmh1/XaZv/HO','1','1',NULL,'en',NULL,'0',NULL,2,2,'2019-03-29 18:02:54','2019-03-30 01:48:37',NULL),
(24,'ASMAHAN OTHMAN','asmahan@mpc.gov.my','730601715226','$2y$10$k2QRC5JsB64qwYpkSXJkAOIbmt3zEhkdeXQV2jiD2QaKo5OhAghda','1','1','i83IxeNh9J7HPzCHRARTWxPAPCuLgSFNuBtg9ABz6S0WudtfTF1g7mJrUSkH','en',NULL,'0',NULL,2,24,'2019-03-29 18:02:54','2019-08-09 08:20:00',NULL),
(25,'ASMAWADI MOHAMED','asmawadi@mpc.gov.my','800318035293','$2y$10$UnqSWsynjMOZW1wMBivg1uuB11gKQ64MZiqxYeBElEhyNe10Hy4na','1','1','hE9Z770SCn7SxW4tz4qrgAGveVORDGqHpQTnTUld08paFMRK698S0yOqNqII','en',NULL,'0',NULL,2,25,'2019-03-29 18:02:54','2019-10-10 09:04:42',NULL),
(26,'ATHIRAH ISHAK','athirah@mpc.gov.my','890925035094','$2y$10$yscoU9tSGu5L8tyX8GLNKu0ylXS7HODI2bM3XXLaLh7vByP/Dfl12','1','1','2z5YxK4tVshVC0aRsFIgKp8ChRqrNWK4WpeISxkqy25XnOOU7GcXU1Qg0j1P','en',NULL,'0',NULL,2,26,'2019-03-29 18:02:54','2019-04-11 09:54:12',NULL),
(27,'Ati Djam Seri Montoi','atidjam@mpc.gov.my','721110125470','$2y$10$kpyrymEF7F0uHoEFi.dgrelV/0beV32jggzmtpNtFqoCEyE/5y/Ty','1','1','mXlUELnu8dm6gJyabWSLn7YxKorwtgTgusnGSr36VnF5R6rZylzs7Wh6CxbS','en',NULL,'0',NULL,2,2,'2019-03-29 18:02:54','2019-11-27 22:18:18',NULL),
(28,'Awang Udin Kanda ','awangudin@mpc.gov.my','620807125523','$2y$10$r4TjMnHKJlV5MK4UJek/5uqTSCkAG6kjJIWjikaSISm0afRLbIPi2','1','1',NULL,'en',NULL,'0',NULL,2,2,'2019-03-29 18:02:54','2019-03-30 01:48:37',NULL),
(29,'AZHANI ISMAIL','azhani@mpc.gov.my','740621715142','$2y$10$ZzDmcm7KXFJcvXXxf0QMQuC50gXOqewWxxltUOVjUX2ks.j/BjOgG','1','1',NULL,'en',NULL,'0',NULL,2,29,'2019-03-29 18:02:54','2019-10-23 03:54:11',NULL),
(30,'Azimah Adnan','azimah@mpc.gov.my','820910105084','$2y$10$kttfuitmkUItj7afQ4ON6eJR/WMstx5yl.jDTEMsFfdQKXYsMRQUi','1','1',NULL,'en',NULL,'0',NULL,2,2,'2019-03-29 18:02:54','2019-03-30 01:48:38',NULL),
(31,'AZIRA MOHAMED HODZAI','azira@mpc.gov.my','871121295452','$2y$10$WOLEx9NwnA7CpsM4h47h2eudxG8zrnSpXTE6kTZ5OjzArkBRaFwh2','1','1','WmJEkiUp7M8BXYdyXPDrGlyn8gXhd2p27ak4aQauTNvu38Zjp3qpWyX3BBZm','en',NULL,'0',NULL,2,46,'2019-03-29 18:02:54','2020-02-12 18:16:16',NULL),
(32,'Azizan Omar ','azizan@mpc.gov.my','590613055315','$2y$10$ekBpX0Kv.fZe3aeSbH78SOBzktVgKnacMTkV2mVyvl8/lgE2lhJFu','1','1',NULL,'en',NULL,'0',NULL,2,2,'2019-03-29 18:02:54','2019-03-30 01:48:38',NULL),
(33,'AZLAN KASSIM','azk@mpc.gov.my','600518106299','$2y$10$FfC7i98oTzHvfIYN14tbE.G5U6WaC2i/cwn/1lkc1oy5Vbru/1svi','1','1','3c6u2qsYx2URxYSIFm9yq8CgM9eibEY4LStccHFSx39gg6Eb9PeVv5md7GW0','en',NULL,'0',NULL,2,46,'2019-03-29 18:02:54','2020-01-06 23:58:08',NULL),
(34,'Azlin Mohd Alias    ','azlin@mpc.gov.my','771102145856','$2y$10$Rq/y3Yu/hogLeEnAMCCSk.lD0NnBr9joIl7TEYX6r/QkIueOcsJXe','1','1','mB7elW0ChUtGF7uZJxytfK9qkAlcakNnZ5KDtqoeVwfAbTxf2yfgTB6HBMkL','en',NULL,'0',NULL,2,2,'2019-03-29 18:02:54','2019-06-26 15:42:18',NULL),
(35,'Bahar Musa ','bahar@mpc.gov.my','591116055239','$2y$10$LdFpq7HVg5DclO/w6EiqQOGeSu1yuv60luioDf33HDwdvDMX47kB6','1','1',NULL,'en',NULL,'0',NULL,2,2,'2019-03-29 18:02:54','2019-03-30 01:48:38',NULL),
(36,'BURHANUDDIN SAIDIN','bob@mpc.gov.my','601103085419','$2y$10$pdt.CUgn4t2XOLK0cRKVier/8/M.m3n013uIkp5qXrxylII7TJ1KS','1','1','uM0oHRD5NdGhUAlgupNtkym4oT08OkcL1Ac1qrXmJBs93lX7b9ykRWyQq5cG','en',NULL,'0',NULL,2,46,'2019-03-29 18:02:54','2020-03-04 14:36:10',NULL),
(37,'CHAM YIN HWA','cham@mpc.gov.my','850809045416','$2y$10$8kfF2/Kmb5aBKZ6FPkujPeJ7Dy/8TqG3eK7WHWbUSZpPZkxK0RySW','1','1','Q3Ea7II7oAdROKVzMzfv7RbP6HBkjZVxMTAbBYGcQUfZOWUpMqBHiiPZYmZH','en',NULL,'0',NULL,2,37,'2019-03-29 18:02:54','2020-01-07 19:45:13',NULL),
(38,'DARUL ADIZUL ISHAK','daruladizul@mpc.gov.my','821110105937','$2y$10$fQWhAtWRzzCp7QYCebR8UesXh1ZBjAV4KGt/LQLL4hLI2o4fmqG0e','1','1','F7bhv5JiOHpTQVkVGiJJL2UWPsQsM49hy2dVgskrjGj7IrD9hO8rAYzTCUNh','en',NULL,'0',NULL,2,46,'2019-03-29 18:02:54','2020-03-08 15:50:27',NULL),
(39,'DR. DAUD TALIB','daud@mpc.gov.my','650523015733','$2y$10$kEreLbQxiO5aaqCKx6uOgOksOO.r4A6N6mYiMeZ0XGbd.ZbHY5vIa','1','1','aHKX1Wmv3VhBs2UhO2Xrpgbaztq4v2eNRRaJgyYr0QmLE7LXBjWzAkOYzoZf','en',NULL,'0',NULL,2,46,'2019-03-29 18:02:54','2019-11-28 10:48:31',NULL),
(40,'EAMIZAN HASIM','eamizan@mpc.gov.my','671215106089','$2y$10$KDpqYgkR4khp4VPsPPoHJelqmZFjmsIQpwXX0Hk9rnGXElF8E9xUm','1','1','6NuGCcQauNb8NsaU2iRo73jIVkbyUv3lw8P1TDa19iNbHdDbzle1UUHRqiEa','en',NULL,'0',NULL,2,46,'2019-03-29 18:02:54','2019-10-07 11:49:55',NULL),
(41,'EDWARD BINTY','edward@mpc.gov.my','750707125521','$2y$10$aal1E.ibD06RdCgvad78Iuvg.OGjtEq.Au3W78mDn.eklNmnxvO6y','1','1','zDGmaZqrxVkOKi7mP4nH0tFF6Vh149QrrwgA3DlbSztLLQyTnwzOqK1RsIha','en',NULL,'0',NULL,2,46,'2019-03-29 18:02:54','2020-03-11 11:40:17',NULL),
(42,'Ellma Eddiahwati Musa','ellma@mpc.gov.my','760622145362','$2y$10$t6zUP3ShBeD0CkCYgHNqgu04oa3HsKBu4olYz9TyhjXkdKK6YmUnq','1','1','XDijWm8xXs2Z7rYC6Vh1fmHGM1OzAkx7j9HxknOw53AQ0yuAB3lEK2s2wM58','en',NULL,'0',NULL,2,2,'2019-03-29 18:02:54','2019-12-16 10:45:14',NULL),
(43,'Faizul Mohamed','faizul@mpc.gov.my','730506015053','$2y$10$tFGt1eAj9t7uWIuMX28cte93XFbloRR.DoYIo.2XmX76f3pAtCOyG','1','1',NULL,'en',NULL,'0',NULL,2,2,'2019-03-29 18:02:54','2019-03-30 01:48:39',NULL),
(44,'Fara Salinda Ayu Halim ','farasalinda@mpc.gov.my','790904085772','$2y$10$te3cpcB8RWjG6jjNo.0XWeFehBk4d7CRsgN7ZgDlcjBeJ1SnbhChi','1','1','VKa29YhcyVv56c5vgNGUknOUKIRdeGEFq5trKPH8hGkWO27oXC9JOydV2HEz','en',NULL,'0',NULL,2,2,'2019-03-29 18:02:54','2019-10-04 16:25:34',NULL),
(45,'FARA SURAYA HANI BINTI HALIM','fara@mpc.gov.my','780714085668','$2y$10$z7eUpnioJcrQNGMA2ni50.NBIWRGz6eAnQtavHRhzkduE6STkqWri','1','1','wqxD5thpHeLUHFAjGldhJHBsoc03o4kTplSjmTxCBo1GjexIrfj9eqKeHNCG','en',NULL,'0',NULL,2,45,'2019-03-29 18:02:54','2019-04-24 12:33:31',NULL),
(46,'FARAH DIYANA DERMA DEWA','diyana@mpc.gov.my','820812105056','$2y$10$5ueVNp8pwNaftR2ttwXmrORe61Xwj9Im6hSQWkvAslRCsHOtO1S0W','1','1','jrJ2i492UgAgrWCOwh3iKZfTQJtRGyuPAkQWHcsAMIZP52D1oDpoCTO4qYu5','en',NULL,'0',NULL,2,46,'2019-03-29 18:02:54','2020-03-19 14:23:51',NULL),
(47,'Farah Sazarina Othman','farah@mpc.gov.my','811203015456','$2y$10$vWfbEVZB7GpJwr5JkVLzyenbcySChDuVu5ycUkSNmSkGHXx6V3Msq','1','1',NULL,'en',NULL,'0',NULL,2,2,'2019-03-29 18:02:54','2019-03-30 01:48:39',NULL),
(48,'Farhan Abdullah','farhan@mpc.gov.my','730617105449','$2y$10$GR2uglfLtNb9IPDutZwYXOdSJNiXvL138jBtuTw7ybMIcEHrI6/Dm','1','1',NULL,'en',NULL,'0',NULL,2,2,'2019-03-29 18:02:54','2019-03-30 01:48:39',NULL),
(49,'FARIDAH TAJU RAHIM','faridah_tr@mpc.gov.my','760308065380','$2y$10$i6YYxkEwKoqar7iKRx6MUuMFSVIhvxFDMeXAf9OsBfwmhd./T0.Ne','1','1','h7LS9DlJ7ycwdOynTUP9XIUbpGAw7hsWaIkRdq9AkLHl1CghJBXS8TTa58Y4','en',NULL,'0',NULL,2,46,'2019-03-29 18:02:54','2020-03-12 16:10:00',NULL),
(50,'Fauziah Ahmad Nawawi','fauziahnawawi@mpc.gov.my','790625105398','$2y$10$8q05BqR2KX7XBembhfAleuS/Gju.Mw3iMJEQ37834Qm7jSrDZIK9.','1','1','rQ0wg1YgClUbDNv09xvNlwHTra8SoTFQvF9dE622HZezcQVdkgMUc9hSlJyV','en',NULL,'0',NULL,2,2,'2019-03-29 18:02:54','2019-12-15 15:40:02',NULL),
(51,'FAUZIAH MANAF','fauziah@mpc.gov.my','660107065028','$2y$10$9v8Dr1tA7Qwnm/.G3v9e3OFYle102lQogMQlCBvTeh9tj5IqhWzQG','1','1','kpfLpG2Cz87CldNVQ83iaGnStfs38R9euWhqUgmmLEtQayZ8244kWFyBTIvn','en',NULL,'0',NULL,2,51,'2019-03-29 18:02:54','2019-12-10 16:37:47',NULL),
(52,'FAUZIAH SAKIMAN','fauziahsakiman@mpc.gov.my','720323015326','$2y$10$vjL9X8tfZzBjqzaU4Z1zyuwULRGvTTUJJL2BEvHnldKCKAYPCHMKy','1','1',NULL,'en',NULL,'0',NULL,2,46,'2019-03-29 18:02:54','2019-04-16 20:31:14',NULL),
(53,'FIZALAWATI AMIN','fizalawati@mpc.gov.my','810813135258','$2y$10$8qbr4S.I3ZtRrGQMHEH1W.TU0oArFKt6/Y4yAzZKSx6ispkgXGO1m','1','1','NloYiTphdZEOMC0A7XZKNHouRXXgwv7J7av5iOhcAnwudulEDctES5NmtuhE','en',NULL,'0',NULL,2,53,'2019-03-29 18:02:54','2020-02-01 11:44:15',NULL),
(54,'HAFIZA ATHA AHMAD','hafiza@mpc.gov.my','811010105092','$2y$10$0kw4iMKeV2Rs/7NdaZmaF.zabnwKoTy9P3gqQYgTSOyMvmBIehBZq','1','1','Pg167HxVGdDqonS8nXRBl1EdoyrgD20JVJpaiQ6cR50891ZOKOyYcQbA8Gcp','en',NULL,'0',NULL,2,54,'2019-03-29 18:02:54','2020-02-11 09:30:09',NULL),
(55,'HAFIZAH SITH','hafizahsith@mpc.gov.my','790329016120','$2y$10$ZtjhH/zbt0g73wxXTlk.TeBR7TtmzfNvGVdh07.6Yt5jCEY2odgdC','1','1',NULL,'en',NULL,'0',NULL,2,46,'2019-03-29 18:02:54','2019-04-18 21:40:40',NULL),
(56,'Hafizoh Md. Aris','hafizoh@mpc.gov.my','780402025746','$2y$10$1BJO/oxayfyT1y6U27e3J.FhG2YNYpaBp/6kRfxNMoWiHcESkSnle','1','1',NULL,'en',NULL,'0',NULL,2,2,'2019-03-29 18:02:54','2019-03-30 01:48:39',NULL),
(57,'Hairul Mizan Hamdan ','hairul@mpc.gov.my','770222015947','$2y$10$ysZ6RD1ecM1BCrUGR5488egShFRns9wD5SCPAWuufnKsSjCw6J7U2','1','1',NULL,'en',NULL,'0',NULL,2,2,'2019-03-29 18:02:54','2019-03-30 01:48:40',NULL),
(58,'HALIMAHTON SAADIAH LET','halimahton@mpc.gov.my','730930085368','$2y$10$ckaSKluKWQdQ/NurSy.I1eHrRztlXcPJsYbkSRM7eg.Rblctn1HQK','1','1','r9HZKDodT4PKIA2BS3BWtnxTjni9I8rctTS5HhP8eE0lzFamADQd8EDDIFNl','en',NULL,'0',NULL,2,58,'2019-03-29 18:02:54','2019-06-26 11:27:25',NULL),
(59,'Hamzaly Zakaria','hamzaly@mpc.gov.my','680617105825','$2y$10$Q2llnygwSl5uqBdxPgjKJ.RIisKHnFi96ZQZpXAaxTPgjrmxl80tu','1','1',NULL,'en',NULL,'0',NULL,2,2,'2019-03-29 18:02:54','2019-03-30 01:48:40',NULL),
(60,'HANISAH RAMLI','hanisah@mpc.gov.my','840523105736','$2y$10$tV9fRhFwxKm9G.fb5o2fE.f1o.99AXKsYCVdW5is01vcsy9AVQ.Fa','1','1',NULL,'en',NULL,'0',NULL,2,60,'2019-03-29 18:02:54','2019-11-19 01:07:05',NULL),
(61,'Hasbullah Abdul Hamid ','hasbullah@mpc.gov.my','800114025253','$2y$10$A1I0Ifh7Cnqi6xjEjWgErO3JpjA1BdO2.KRsgm4OsraQfINywIToi','1','1',NULL,'en',NULL,'0',NULL,2,2,'2019-03-29 18:02:54','2019-03-30 01:48:40',NULL),
(62,'Haslizayanti Othman','haslizayanti@mpc.gov.my','810117065348','$2y$10$DT65BE4dLMkQkJ9Fyw1xZeTV4dsMSUxOgAxXZLpGHTNLbGa8o/dvq','1','1','ZOzr5oDnMVlOPJV9j6U617qhWHbW2xF0wGvc2f6DYgb2WlB6cLfQ360lcJf9','en',NULL,'0',NULL,2,2,'2019-03-29 18:02:54','2020-01-21 21:09:02',NULL),
(63,'Hazwani Nadiah Ismail','hazwani@mpc.gov.my','820913035624','$2y$10$A8jxNkP3AbyroYUbiiXA5.0Szu8/mA72omamTTFMQIxYnz50VqBce','1','1',NULL,'en',NULL,'0',NULL,2,2,'2019-03-29 18:02:54','2019-03-30 01:48:40',NULL),
(64,'Hillina Abdul Karim','hillina@mpc.gov.my','760325105284','$2y$10$QkggtNStqTgAtgWx9RDZze5DrK0WkYh1hRzSNSN243jXhwM/mIixq','1','1',NULL,'en',NULL,'0',NULL,2,2,'2019-03-29 18:02:54','2019-03-30 01:48:40',NULL),
(65,'Hishamuddin Hassan','hishammudin@mpc.gov.my','811203025531','$2y$10$HWCuayIspv.RH0nBtAgtduIgbEuioy/jFpA3xG12aEOiXte04E26G','1','1',NULL,'en',NULL,'0',NULL,2,2,'2019-03-29 18:02:54','2019-03-30 01:48:40',NULL),
(66,'AB. RAHIM YUSOFF','abrahim@mpc.gov.my','601217035145','$2y$10$Zj8GMz0blNDRjHibgi3XH.SBQOnsfHR9SG42Eu0B7kSrTn1wyuaAq','1','1','IFxXJ2xjaeUjQWGmmS6kEbbHezM5KT2XFzHqlbka4Y8krmIILYWnDEF18uWF','en',NULL,'0',NULL,2,46,'2019-03-29 18:02:54','2020-03-11 12:48:15',NULL),
(67,'Ab. Rashid Omar','abrash@mpc.gov.my','660801045393','$2y$10$yiXQ8cUjQLw2qiFIGuyClur30r78NSddC5L5GYBKkk9zZRMCJJliC','1','1',NULL,'en',NULL,'0',NULL,2,2,'2019-03-29 18:02:54','2019-03-30 01:48:40',NULL),
(68,'HUDA ATIQAH SAMSIR','atiqah@mpc.gov.my','881028015128','$2y$10$a1AJbYjhK1CEqzzTlhmuxOImNipKGVTN2G/J6fuUCZPuTqEnaEL6K','1','1',NULL,'en',NULL,'0',NULL,2,68,'2019-03-29 18:02:54','2019-04-29 23:11:08',NULL),
(69,'Ilyana Norsaidah Ab Rahman','ilyana@mpc.gov.my','910911035478','$2y$10$15hS2XJIVr8Y8x3wRS7NCu7oCcZE34wVwqBiNZP7eh25w86PxaEP2','1','1',NULL,'en',NULL,'0',NULL,2,2,'2019-03-29 18:02:54','2019-03-30 01:48:40',NULL),
(70,'Ingrid Ng Edy','ingrid@mpc.gov.my','871121495040','$2y$10$3zqZb2ustabeTxha8WCoHey8kyebXuZFtqGd1PAq5YgoxBQKE0blO','1','1','A3NCheILeIByDocmnIC9fvFGjcX5GDoMIGCrSCuDstuioqKojmR8gSAE7Pu4','en',NULL,'0',NULL,2,2,'2019-03-29 18:02:54','2019-11-18 16:21:10',NULL),
(71,'ISRAM AZHAR','isram@mpc.gov.my','820324105479','$2y$10$Xwa7MWd6M1foRj1besvsXu/vt5iT9/cgAxM8nlCdPkJrvPrISfkRq','1','1','BAD8ZZFHEiuxcKjjrWPaIhWlZIfwUoMpfqwSd4OHtw35fDvimulUUEzQRsHc','en',NULL,'0',NULL,2,71,'2019-03-29 18:02:54','2020-02-24 09:21:25',NULL),
(72,'IZANI ISHAK','izani@mpc.gov.my','630610035689','$2y$10$7eXapXTkMZeycnuoMAisPudYERgZDfDOHsjBTd620mm5/cGer7fu6','1','1','YisWqkRHb13ok7vhKojYXSi0km0CTdAZyHUKvNzE5mFO0NoCwOrpblOVoHUl','en',NULL,'0',NULL,2,46,'2019-03-29 18:02:54','2020-02-10 14:28:06',NULL),
(73,'Izzul Ikhwan Ishak','izzul@mpc.gov.my','910610105989','$2y$10$Q.i22U4leEwvFZqxJkbfjOsGyK3exHilMH2kFy/lnpuT9Cg6TPhp.','1','1',NULL,'en',NULL,'0',NULL,2,2,'2019-03-29 18:02:54','2019-03-30 01:48:41',NULL),
(74,'Jauza Juhairah Jimmy Abdullah','jacqueline@mpc.gov.my','920127126324','$2y$10$IBVhquZnOjQK2UQBNe5jWOFmyq6q3V0Cz1moBRTqOhcz.XsHh1zKS','1','1',NULL,'en',NULL,'0',NULL,2,2,'2019-03-29 18:02:54','2019-03-30 01:48:41',NULL),
(75,'JAYALETCHUMI KRISHNAN','jaya@mpc.gov.my','780507025152','$2y$10$yiHtxXJ0etJw7unSaRtbnONJnLOyOS5Pb8WYMjnaiuKZzAnnkQt8C','1','1','TcKhxwwTZw0Ty6iThUvmzjbceGo3BadTNrdY5TiNE9VNBVQunIbqAPB7B7UM','en',NULL,'0',NULL,2,75,'2019-03-29 18:02:54','2020-01-02 15:32:43',NULL),
(76,'JERRY SHAHNIZAL AB AZIZ','jerry@mpc.gov.my','830808146065','$2y$10$LDhFZkxEBjt6.YqyhzGqROP8rlHJhEhP7mJe0QBz5Kn9C9PV6ecG2','1','1','YHBmyYbVfyFwL2dvmJZVNVURYQQmkC5M9JY008suPl1sOBTNew2xuomhmHmd','en',NULL,'0',NULL,2,76,'2019-03-29 18:02:54','2019-12-17 13:47:03',NULL),
(77,'Josffa Ismail','josffa@mpc.gov.my','780215075975','$2y$10$bmbZUWtuAwI80sJhV3HBTOgzCmHqwnJsN9uhqwIj1H72chRUf8Xnm','1','1',NULL,'en',NULL,'0',NULL,2,2,'2019-03-29 18:02:54','2019-03-30 01:48:41',NULL),
(78,'KABIR AHMAD MOHD JAMIL','kabir@mpc.gov.my','600101025303','$2y$10$h6g44/p2vkAPVDFkMsiJ7usgDt/vjucsboMA3/KfO9P3HDoXiQ.CG','0','1','QiEl5sHq8okwaC7w8Qg9klMwAOn132JFDL3Dpd2h1C9aTFMNJ9JWvMcQAjR7','en',NULL,'0',NULL,2,46,'2019-03-29 18:02:54','2020-01-06 22:48:26',NULL),
(79,'KAMARUDDIN MOHAMAD','dinmohd@mpc.gov.my','610718115105','$2y$10$TGrzEFJLHaiOfraNpna3pOUFnG6JnMLxnxcbjRYMY7mxvih7k8tCi','1','1','2DBszOgJ5WzLwO4FDcRy3H9V1l35gipPUitufbCeFhXM5PqiGN95g0OZ5knl','en',NULL,'0',NULL,2,46,'2019-03-29 18:02:54','2020-07-23 01:57:07',NULL),
(80,'Kamaruzaman Ramli ','kamaruzamanr@mpc.gov.my','830308115035','$2y$10$vUnFBgBDIEwHMtlfwIDRiuW0DANWEK/q45RJnYs2srwApExJD9J.u','1','1',NULL,'en',NULL,'0',NULL,2,2,'2019-03-29 18:02:54','2019-03-30 01:48:41',NULL),
(81,'KARTIN HASLINDA CHE MAT','haslinda@mpc.gov.my','760304035264','$2y$10$lKThZUMXvpSYj8UBlwBK5uaM5flL1G7ron/h.3lxZkaX.OLP50dj.','1','1','ZOD8hqGozKPL7XUKyqSape26h6XA48scgC0fXhlZnrHtKFOTxumgENnmqs4L','en',NULL,'0',NULL,2,81,'2019-03-29 18:02:54','2019-11-24 12:20:25',NULL),
(82,'Kasturi Devi a/p Appanna','kasturi@mpc.gov.my','810525085890','$2y$10$pvTTttB2XjLu9snD8nT7oeEWfVeUBHeed.gUn2ktQsyqdfIgRvJaK','1','1',NULL,'en',NULL,'0',NULL,2,2,'2019-03-29 18:02:54','2019-03-30 01:48:41',NULL),
(83,'Khairil Afi Adnan','KhairilAfi@mpc.gov.my','871003065189','$2y$10$FHN9KPOmjAqQk2WS0hyFrepXHRiEi8SS3ygH0.V6y.RkHNcpKIO7y','1','1','PKONKWT1Hj3ixCN9FMU1K2DRR6I3G5XZBQeix9KWDw1eKF1nmMRMLpttKweV','en',NULL,'0',NULL,2,2,'2019-03-29 18:02:54','2019-04-25 15:45:51',NULL),
(84,'Khalidatul Asrin Abd. Aziz','asrin@mpc.gov.my','800112025794','$2y$10$5DUlAtR4Z9n2Wdy6cOnHGu9.yZr5TVMaT3TmdYx0EBJ1krT5lGmNa','1','1',NULL,'en',NULL,'0',NULL,2,2,'2019-03-29 18:02:54','2019-03-30 01:48:42',NULL),
(85,'KHATIJAH RAHMAT','khatijah@mpc.gov.my','840710135404','$2y$10$JN2rxs9GSu5a6ppCJtiRoOv1xhgf4m82jdbB.TlOkqYUmSACso26u','1','1','9ygNLY1vBO0II52aUb6fUHp2EnrnNcFer1WxVXN4WsPTnejY7qkbrtKg4Xlw','en',NULL,'0',NULL,2,53,'2019-03-29 18:02:54','2019-11-22 17:01:45',NULL),
(86,'KHIDZIR BIN AHMAD','khidzir@mpc.gov.my','780830105611','$2y$10$DAoeoC6BsyvlSgrRznO70ONp/RYSh8Mr6ZkMNlzzw/yQSJNqqR8Li','1','1','xjgmqJuxk1NUXf1u9JFV8j5M6bwAbkxwpaofIhWCdS8qW1IzxC7XzaDUQvnU','en',NULL,'0',NULL,2,86,'2019-03-29 18:02:54','2020-02-27 12:32:59',NULL),
(87,'Datin Latchumy Prabha','prabha@mpc.gov.my','620517015246','$2y$10$IVyIjV2V/sO6haCLuonsauYVdJmSSP3HTVzUPAJh5buK7hVuG2eEW','1','1',NULL,'en',NULL,'0',NULL,2,2,'2019-03-29 18:02:54','2019-03-30 01:48:42',NULL),
(88,'LEE WAN SWANEE','swanee@mpc.gov.my','850915035756','$2y$10$L9AWqTKGLWthKCuHOQU0Zu9VvAAbAYtgzM5DBnnvchk.7KDkxZVCS','1','1','aFDTDJfU5tsTwQ5fgWyUYOK4dgAwTSd1Pc0fOv1kBnXIBpOT4PgmAKhbtz0y','en',NULL,'0',NULL,2,88,'2019-03-29 18:02:54','2019-12-06 23:13:35',NULL),
(89,'LEE WAN WEI','wanwei@mpc.gov.my','860814595008','$2y$10$TbxzwXWRRytIv/z3wGFnaOfVKuM3CL7ANkBrKkcQJp6W73JOktCeC','1','1','ykf0s34EiZjbKpppY1wCdllnZHgHDv3BXplkx6fAw31FBKlS0uNMIKktRKQL','en',NULL,'0',NULL,2,89,'2019-03-29 18:02:54','2019-10-04 07:52:15',NULL),
(90,'LIYANA OTHMAN','liyana@mpc.gov.my','900703137438','$2y$10$44XaFsA05XVaPrkPW239CO/SXTT2sUATvUguKKvG0QSUmDEOuIo6O','1','1','TlFDQWuryY8Hm0kmiKpQFCmCUnl61DFC19ErsdpvrhejoX05fb7fNasTMhtb','en',NULL,'0',NULL,2,53,'2019-03-29 18:02:54','2020-02-03 08:27:03',NULL),
(91,'Mahadi Hasbullah','mahadi@mpc.gov.my','760815035303','$2y$10$IhY14l7EeZK7Eai07gBOPufHg4XmQQfVyMJzmf56Rg6/EzWTtcGGS','1','1',NULL,'en',NULL,'0',NULL,2,2,'2019-03-29 18:02:54','2019-03-30 01:48:42',NULL),
(92,'MARIATUL AF-IDA BT MOHD TAJUL ARIFFIN','mariatul@mpc.gov.my','750712085034','$2y$10$YWF06n.c1ASb6WYB5enzQOSV2n2vE8lCWGCFKvM/xk2aFKfJMMRFm','1','1','Z6o8lcEYsXAfElURRbWdeg0SuFGVdB7WKMQs13b8BlrJs1uAljDD4Z1gspnX','en',NULL,'0',NULL,2,92,'2019-03-29 18:02:54','2019-11-26 10:07:43',NULL),
(93,'Marina Maulad Ismail','marina@mpc.gov.my','860329145038','$2y$10$OTEvUkZSieSYYtUrtJExD.wdcNGxAuKJeWiSFggn3N.CfCXQITFPi','1','1',NULL,'en',NULL,'0',NULL,2,2,'2019-03-29 18:02:54','2019-03-30 01:48:42',NULL),
(94,'Marziah Ahmad','marziahahmad@mpc.gov.my','650411065218','$2y$10$mtdJ7Qis3BXY1qJiO2B6UOXliPWH1xRBhRsHlzdNLF3.SulQlgJTm','1','1','MrZizcPNVHkq2spkhtakOotZL6fiUA15pJuLyykHbRmXzqYQorLy1q0gr2Hq','en',NULL,'0',NULL,2,2,'2019-03-29 18:02:54','2019-07-02 16:06:13',NULL),
(95,'Mashitanor Zainudin','mashitanor@mpc.gov.my','761019055308','$2y$10$yEVmdZMD1hH0ThUJp082We63qv5E/R26QFvrgWXEDBC3ld2soGh.W','1','1',NULL,'en',NULL,'0',NULL,2,2,'2019-03-29 18:02:54','2019-03-30 01:48:43',NULL),
(96,'MASWANI ISMAIL','maswani@mpc.gov.my','810316035600','$2y$10$VbSc5pbMiFkLAksQVBygI.1by122gBhF1ARUf0vESawdELMxCGm8i','1','1',NULL,'en',NULL,'0',NULL,2,46,'2019-03-29 18:02:54','2020-01-14 00:04:42',NULL),
(97,'Dr. Mazlina Shafii','eyna@mpc.gov.my','720731086000','$2y$10$KCQLSCtUL3CkFSpkmvoBTe1XoWT/tUHY/W9N3ZCDvmUrxzhZ/8XvO','1','1',NULL,'en',NULL,'0',NULL,2,2,'2019-03-29 18:02:54','2019-03-30 01:48:43',NULL),
(98,'Maznee Abd. Halim','maznee@mpc.gov.my','661204115036','$2y$10$7Bv3PRQp5pZ8SglYUdsa.OT1GLmgY5znPQ43YVBVzvk4lRvABnNY2','1','1','ZVH9j82dr50uBwqzSYcRuaFUzrPnCnrhzhvhtTVgwHen5nTI34izRQUVMyvc','en',NULL,'0',NULL,2,2,'2019-03-29 18:02:54','2020-02-24 10:01:50',NULL),
(99,'DR. MAZRINA MOHD. IBRAMSAH','mazrina@mpc.gov.my','741207075594','$2y$10$qeysvv7YITZVINosytnQL.xTlqP2exxuwqnmEKdERqx0elVDSo67S','1','1','9M7LZbKT5E6wWHPkn0DGGt6crG8qepNuruwcJUfRlsFTW6aAqHeyeG1qcjjD','en',NULL,'0',NULL,2,46,'2019-03-29 18:02:54','2020-03-10 12:26:12',NULL),
(100,'Mazuan Salleh','mazuan@mpc.gov.my','810105125067','$2y$10$jACqLD9.rx.010FSanrMuOq2i5gUeLV8S2Mh3u0hli.bZLMcUzeVm','1','1',NULL,'en',NULL,'0',NULL,2,2,'2019-03-29 18:02:54','2019-03-30 01:48:43',NULL),
(101,'Mazuin Dahlan       ','mazuin@mpc.gov.my','790417145328','$2y$10$xt56WKnlbJPW9adzinCv9.sJnq5lWmhx3Q.Z5lmbr2UZWLN/kdhPS','1','1','rKl5HMm5RJwekyBdFLjLSEXt7E1jhS5BckSRVcVMk4hK4Uh7pPCul3DFTK3w','en',NULL,'0',NULL,2,2,'2019-03-29 18:02:54','2019-07-15 16:08:04',NULL),
(102,'MD SHUBRI ISMAIL','shubri@mpc.gov.my','591223075331','$2y$10$jQmCXquH5UeS29BKfLTtJ.Ajdx22LIdN7YYO1MmP5Hh7xL78Q4bnO','1','1',NULL,'en',NULL,'0',NULL,2,46,'2019-03-29 18:02:54','2019-04-23 04:03:36',NULL),
(103,'Md Zainuri Juri','zainuri@mpc.gov.my','741122017053','$2y$10$M/q5YPco3nvvkFjMdbZ/b.RkCXgYPdBXHrFmcWyCBGj9V18ea/BZO','1','1',NULL,'en',NULL,'0',NULL,2,2,'2019-03-29 18:02:54','2019-03-30 01:48:43',NULL),
(104,'Megat Amirul Saifulnizam Megat Kamarul Bahrin ','megatamirul@mpc.gov.my','820702115739','$2y$10$dpO8H3RpszmowN6W8UCAU.rhuChBwR5DpcJEkHwJevqhnaZfVIAeq','1','1',NULL,'en',NULL,'0',NULL,2,2,'2019-03-29 18:02:54','2019-03-30 01:48:43',NULL),
(105,'Melissa Ahmad Arshad','melissa@mpc.gov.my','761210105270','$2y$10$1sDEO8R2SBajUdVNyBxy1OnftD1.jlb1QdtQMSNmz0IXstBoaiJg2','1','1','3qUmcqnEsDGaczkdffxwEHPL2E0lra3GAYrHXpGAf0eNUX6AMGlyXu1Gcl9W','en',NULL,'0',NULL,2,2,'2019-03-29 18:02:54','2019-12-03 19:11:34',NULL),
(106,'Mimi Hasnita Ahmad','mimi@mpc.gov.my','761108065348','$2y$10$Rn4ImrYij1QFhhVnUC6H1OF3TRHnbQdhxq2mZXPwtUIt/AsNrEPou','1','1','EUGJM8KCFq7KkziU1KVwbg93HkkPbsxQTvT5otNjCDR6IvsED5RxY8K2uTQr','en',NULL,'0',NULL,2,2,'2019-03-29 18:02:54','2020-07-24 02:35:58',NULL),
(107,'Minhana Yahaya','minhana@mpc.gov.my','790514145178','$2y$10$tug3ajR5pslbBtTy3bdy6uLhd1DDhxThkJ8eR9RHa8DivHt5obaQS','1','1',NULL,'en',NULL,'0',NULL,2,2,'2019-03-29 18:02:54','2019-03-30 01:48:43',NULL),
(108,'MOHAMAD AZROL MOHAMAD DALI','mdazrol@mpc.gov.my','750930015683','$2y$10$ngENSD8pw2aT8vs8SXdKvehDhMG4Wgnau8JkYZ/aaOYB.wYV7UQ3q','1','1','s6A6hBigewvNLHCuF9ufyYAIixWNfKES5aYC4dUzVdOM2sdg9H3Y7eakYWCs','en',NULL,'0',NULL,2,108,'2019-03-29 18:02:54','2020-02-21 15:50:26',NULL),
(109,'Mohamad Hafizi Abd Rashid','hafizi@mpc.gov.my','880905025009','$2y$10$W9so.DxuXpVhUNcgnOOdLunNp/iCu3693SVfbBUzdil7NiQajsHyu','1','1',NULL,'en',NULL,'0',NULL,2,2,'2019-03-29 18:02:54','2019-03-30 01:48:44',NULL),
(110,'MOHAMAD MUZAFFAR ABDUL HAMID','muzaffar@mpc.gov.my','740919017603','$2y$10$q8ji32.U6MObs5r0rbq9ge2CffryVP.hR85pkI8YbaZt3xaWR5XoC','1','1','oq5UhgAm3ZCxJJJvmLVRkVcjlA9rxLRCghVc7r7Ffj4ZZ6T4HuqrC4IH7TiV','en',NULL,'0',NULL,2,110,'2019-03-29 18:02:54','2019-06-14 09:37:23',NULL),
(111,'Mohamad Nor Bolhi','mohamadnor@mpc.gov.my','790607135681','$2y$10$l6UROBnIrLcfPvVtjv0EZO9eFzApu8rNU19k/NShRWgM3KONK5.ZO','1','1',NULL,'en',NULL,'0',NULL,2,2,'2019-03-29 18:02:54','2019-03-30 01:48:44',NULL),
(112,'MOHAMAD NORJAYADI TAMAM','norjayadi@mpc.gov.my','741205135725','$2y$10$EAri7RReD5wLFlKWdKnoX.9SSkuvwJj2uxId5X1i3MWl0p/fHlr7u','1','1','KF6n8o3eRpjnytkAn9gGAohForfN6Ip8Bt7gQcqJbzoVNrzqGQoBQfBDjFFI','en',NULL,'0',NULL,2,46,'2019-03-29 18:02:54','2019-10-23 04:38:26',NULL),
(113,'MOHAMAD SAHRIL AHMAD PUZI','sahril@mpc.gov.my','821115085445','$2y$10$RwSHIqTr8ROdQn1nuHM3LOxtniMFSUZArKpe4MRMYa/ZwQeomRwB6','1','1','J0FLp7jDbgWCHSZPjX75yTHPCp2B9c0T8iXEWF6Z7O1ecllxS8zjr3m709Aa','en',NULL,'0',NULL,2,113,'2019-03-29 18:02:54','2020-02-25 14:11:38',NULL),
(114,'Mohammad Afdhan Fauzi  ','afdhan@mpc.gov.my','860427565669','$2y$10$/e0dbvBCrbsotK2XCrdq3ONPD1qKwh4nBDStdGPz/ZF/ZPWI2WiKi','1','1',NULL,'en',NULL,'0',NULL,2,2,'2019-03-29 18:02:54','2019-03-30 01:48:44',NULL),
(115,'Mohammad Khairul Hakimin Zainoor','mkhairul@mpc.gov.my','830111015487','$2y$10$zv6L7DNsnZZBfhz/eJ8FGOTroRzt0RyX4PM.5i0C7qmwvyqZmaSGe','1','1',NULL,'en',NULL,'0',NULL,2,2,'2019-03-29 18:02:54','2019-03-30 01:48:44',NULL),
(116,'Mohammed Alamin Rehan','alamin@mpc.gov.my','790113065169','$2y$10$YGaS1wH96Nvoh0jlDV3N4.ULRsLZvEviuMo.KoUwvlo8VdSYuT3MS','1','1','LLfF3m643ltdTgfdrVMyENOWweVoVGOpBgNX8xRUiTCpoNrY5cYkeCUZLjtJ','en',NULL,'0',NULL,2,2,'2019-03-29 18:02:54','2019-12-06 07:32:13',NULL),
(117,'Mohd Amirol Md. Khair','amirol@mpc.gov.my','900309026107','$2y$10$MlGwOFVUBg3iV7IMkTP/q.0kGYPDcaTSUeo9IdjBSSJvgnvKhpWhO','1','1',NULL,'en',NULL,'0',NULL,2,2,'2019-03-29 18:02:54','2019-03-30 01:48:44',NULL),
(118,'Mohd Azhar Zainuddin','mohdazhar@mpc.gov.my','810110105773','$2y$10$xCqPHgYw.3NTOV738VqHleAxaFeqYyvUEuMpCcBtc7MWIHo1rf7wS','1','1',NULL,'en',NULL,'0',NULL,2,2,'2019-03-29 18:02:54','2019-03-30 01:48:44',NULL),
(119,'Mohd. Azrul Kamis ','mohdazrul@mpc.gov.my','770526025423','$2y$10$bffcWvOKWgEhMX7Ci2fRjOXj3sJAwa6f3f0vC6yY3koEPrTS5o5se','1','1',NULL,'en',NULL,'0',NULL,2,2,'2019-03-29 18:02:54','2019-03-30 01:48:44',NULL),
(120,'Mohd. Azwan Mohd. Salleh','azwan@mpc.gov.my','730926075271','$2y$10$APhniuC425TGLT/C2tw6.O./wrOTYfIkrzxvI2pUQmo83JJ6cBMZm','1','1','CBfmwSMtlNafpOB7SuCrUGuFvLVCpcNY5EycAaAoqs3HZuOXlIDxRXiZcENJ','en',NULL,'0',NULL,2,2,'2019-03-29 18:02:54','2019-10-18 15:28:09',NULL),
(121,'MOHD FAIZOL ABD. RAHMAN','mohdfaizol@mpc.gov.my','841110115033','$2y$10$Aw3aO4.KPV4DPGkEWEOBB.uaKk32sI4Z0JEh5yPaBYYSB5OnWUFAu','1','1','8vwOZKPuhN9W6cGIR3YtmGFosTIQtMnwPdpwQgjUNXOUeqYAKkGyO7wmZBzt','en',NULL,'0',NULL,2,46,'2019-03-29 18:02:54','2020-03-11 08:44:01',NULL),
(122,'Mohd Faizzul Shahir','faizzul@mpc.gov.my','860917436181','$2y$10$Qnrt3e1dOMtHAMN2riQjcurpzZ4FiHfxi8/2csWi0gN3SL9kE8p36','1','1',NULL,'en',NULL,'0',NULL,2,2,'2019-03-29 18:02:54','2019-03-30 01:48:45',NULL),
(123,'MOHD HILMI BIN MOHD IDRIS','hilmi@mpc.gov.my','790308105095','$2y$10$KsAmzuo0afoNSBd7BZx8PeJH8./tfJhuEKsrh9hnK/.W3JuD.WsOy','1','1','X6zJ28DU7dPkg2SIZHGxtzUqwdh7EWw0ETvWyJCKt0I7fU97cyIltj7eGHn2','en',NULL,'0',NULL,2,46,'2019-03-29 18:02:54','2019-10-10 22:31:07',NULL),
(124,'MOHD HISYAM HATIMTAI','mohdhisyam.hatimtai@gmail.com','780321105277','$2y$10$Y7nq/gVoawrXGpwlycFgPeCbsajSD2sE7PBKjVavG0SB3.s0aFDpS','1','1','kGANREY5M4b1DV1mEbzTTzRRlj0RPKtnvVy97Rd6TcME46BHPiVO0hEFBQPP','en',NULL,'0',NULL,2,46,'2019-03-29 18:02:54','2020-03-02 14:07:24',NULL),
(125,'Mohd. Khairil Anuar Amir Hamzah ','khairil@mpc.gov.my','840225025017','$2y$10$SvqBGygo1viixPB/aPSYROp03QCzNg1jApUbPAA8qunjnvaA5gN5a','1','1','lQDaTBJboNGsPG0mqQnW7a9NPbI2kokU7G64WYpUk2NvtfHEpXE3F3eHnpeH','en',NULL,'0',NULL,2,2,'2019-03-29 18:02:54','2019-09-10 09:58:37',NULL),
(126,'MOHD. KHAIRIZAL KHAHIDIR','khairizal@mpc.gov.my','830405055353','$2y$10$0/eN4y7SfxTEQKOgCacObOPiXFMJcMQJyFcpQVCKLGTW9mhXTKH4e','1','1','vYjzULAYZY8v1jLhyrlYEWaOU7miXP8XMD1sRbVYrwoRFYfQYsAZHy60Q03l','en',NULL,'0',NULL,2,46,'2019-03-29 18:02:54','2019-07-11 00:10:34',NULL),
(127,'Mohd. Khairul Nazir Nawi','khairul@mpc.gov.my','770220025957','$2y$10$mr5M8kVodBUm9SDn6z3XLOZyeHZeo2rZ8jD2Q0lCHk09ox7.SX0AC','1','1','n2HGjx2X0NYPJJyTMBS6fHYcEwaYTpK3Twr0WX7nSmaSLxYfJqsAF6idkamU','en',NULL,'0',NULL,2,2,'2019-03-29 18:02:54','2019-04-11 11:09:13',NULL),
(128,'Mohd Nizam Ali','nizam@mpc.gov.my','791128145297','$2y$10$jbyXfyi876OK/zFrpsOVtufI6xDTepgOhOuQCv1bSC/OxTwrTZEfe','1','1',NULL,'en',NULL,'0',NULL,2,2,'2019-03-29 18:02:54','2019-03-30 01:48:45',NULL),
(129,'Dato\' Mohd Razali Hussain','mrazali@mpc.gov.my','590826115385','$2y$10$xTP/Lku4WTR0czLi/ph7.udIqYTwk8k5RcBD5EQQgzqeldKfU5eYu','0','1','UkIafjfrapKuLZVDe5zG4zSXnqV677qWTeDbggF9oTh6xNqb7idv4EkFGnjr','en',NULL,'0',NULL,2,2,'2019-03-29 18:02:54','2019-09-10 09:17:03',NULL),
(130,'Mohd. Wafi Arip','wafi@mpc.gov.my','770212105551','$2y$10$6jsRO3gKUKOOOji/1k01q.OvxRH2q63fXCOZUNieTBTGctTgIzT8a','1','1',NULL,'en',NULL,'0',NULL,2,2,'2019-03-29 18:02:54','2019-03-30 01:48:45',NULL),
(131,'MOHD YAZID ABDUL MAJID','yazidmajid@mpc.gov.my','790310105537','$2y$10$bYb2lVgNkvAYYk54AGUDIuj5wRq/IVglio8amBBJbyhMR53A39/oa','1','1','obK3AePZYJm1YdtghEEZM3lVoKOcpX5FuLGpvDuXk4UNTj2OqFG78RqyhEFy','en',NULL,'0',NULL,2,46,'2019-03-29 18:02:54','2020-03-06 17:18:27',NULL),
(132,'MOHD ZULKIFLY CHE MOHD RAWAWI','mohdzulkifly@mpc.gov.my','830910035265','$2y$10$fu0Bk9FehMDsiYAdpMRAj.FDEbZR3pakJYGDg6k26kawkoCmrUceW','1','1',NULL,'en',NULL,'0',NULL,2,132,'2019-03-29 18:02:54','2019-05-24 00:19:49',NULL),
(133,'Mohd. Azuar Md. Sidek','azuar@mpc.gov.my','750514105065','$2y$10$LZA/F7n6ufL3K98n8/iV3uW9FfyZA8Fm5dsqCdvOZ9Oo0CQiosMla','1','1',NULL,'en',NULL,'0',NULL,2,2,'2019-03-29 18:02:54','2019-03-30 01:48:45',NULL),
(134,'Mohd. Hosni Mamat @ Ariffin','hosni@mpc.gov.my','840528115511','$2y$10$URKtQN38e34n67Wsiukkb.MKHs4iqhFUEsDYzMQL3lupmfIANGe8O','1','1','WMgi73L5PD0YDziaz6jAKWM3zXSCNqHp4tCxg7jECzFNzFYzg3pHbOMdCPbl','en',NULL,'0',NULL,2,2,'2019-03-29 18:02:54','2020-03-12 08:16:14',NULL),
(135,'Mohd. Hykal Mohd. Halim','hykal@mpc.gov.my','840415015223','$2y$10$IZdSKls9vSbbKNc/LSRKD..j1bY7ieYSCvGgx37JuFtbGrOOU.ybW','1','1',NULL,'en',NULL,'0',NULL,2,2,'2019-03-29 18:02:54','2019-03-30 01:48:46',NULL),
(136,'Mohd. Riduan Daud','riduan@mpc.gov.my','830906045057','$2y$10$Fvg0wJCDYzRHqkgIMf2WHe6XxqC0x0MllTskRHc7xsHyUHC4iTugm','1','1',NULL,'en',NULL,'0',NULL,2,2,'2019-03-29 18:02:54','2019-03-30 01:48:46',NULL),
(137,'Mohd. Rosdi Mohd Kauzi','rosdi@mpc.gov.my','750423035989','$2y$10$5tqZc1ebLrqokuETR0A1Veesl04.2Kb7egsmBQknou6HhfKW9UIbW','1','1',NULL,'en',NULL,'0',NULL,2,2,'2019-03-29 18:02:54','2019-03-30 01:48:46',NULL),
(138,'Mohd. Shapri Ismail ','shapri@mpc.gov.my','600813085945','$2y$10$FMGNb/7GCQHAwjYwaSNYw.PU5G8m47a8qqjR6NZTahc9ufnYAf4R.','1','1',NULL,'en',NULL,'0',NULL,2,2,'2019-03-29 18:02:54','2019-03-30 01:48:46',NULL),
(139,'MOHD SUZLEZAN SUPU','suzlezan@mpc.gov.my','781219125145','$2y$10$SSX/0cZxHMSnL4CiQ7XnIus27SOuW16kkRhBLJ/twjqwQKeiuANfO','1','1','I7NhKGDeNpV12pTii1BC7EXDs6NGXqLgVMMxwaSGfMf7YEjmioNzkgdfSyL5','en',NULL,'0',NULL,2,46,'2019-03-29 18:02:54','2019-11-11 16:53:29',NULL),
(140,'Mohd. Syarif Samsudin','syarif@mpc.gov.my','800305075173','$2y$10$L8wf9ChCkRdCOWki8ng1teQhk8LM7nf3VRHfKXvhb7yo/jn.kaVBi','1','1',NULL,'en',NULL,'0',NULL,2,2,'2019-03-29 18:02:54','2019-03-30 01:48:46',NULL),
(141,'MOHD. ZAKI BIN IBRAHIM','zaki@mpc.gov.my','610119035197','$2y$10$43NcBshHS37ugvGM0.qEFeGJz5wZ53DposjKh55I5NxnnChc/nzf.','1','1','eBY5JObves7mqQSNHWTlsCdZAuSzB5AjmWaUD2lVtyG9tLlXX1Vsicyz3w86','en',NULL,'0',NULL,2,46,'2019-03-29 18:02:54','2020-01-08 07:13:26',NULL),
(142,'MOHD. ZAMROS YUSOF','zamros@mpc.gov.my','670705055347','$2y$10$FDZIhX2YcB3Exgrb4bZ1wOXBXfkZoP6O5ktb3cOE3Ara1aD0qEuYO','1','1','NPqaw0mWBUy6zZzcFBWDgt7uVPGOfD077m4cu9ZM7H4RvkzZxykuD6LCiejG','en',NULL,'0',NULL,2,53,'2019-03-29 18:02:54','2020-01-14 16:28:15',NULL),
(143,'MOKHZANI ARIS MOHD. YUSOFF','mokhzani@mpc.gov.my','730308105015','$2y$10$FlifB98bu3UNtwYwV6U7CeywFd02O4mEt0wXMbbTf5nS.c8Wxzj4.','1','1','JTDVoI1V0GegaUosa4VQDxtKXr49o3ecFZ960BjQ1pHPTzBwHCXtsbh8o31f','en',NULL,'0',NULL,2,46,'2019-03-29 18:02:54','2020-03-03 09:55:00',NULL),
(144,'Muhamad Afiq Piramli','afiq@mpc.gov.my','901211036379','$2y$10$Zq9sb41QpQKf2NX6.I1oQ.c.f1r/mZ2kBx4no197./7.b.nHmnt7m','1','1',NULL,'en',NULL,'0',NULL,2,2,'2019-03-29 18:02:54','2019-03-30 01:48:46',NULL),
(145,'MUHAMAD RIZUWAN ABU BAKAR','muhamadrizuwan@mpc.gov.my','860512465355','$2y$10$GlfgX5.5tRMOO.mMYPEvde/reE.l1eEHXWvLmwoHwzZ3YKj6JvRh.','1','1','FOOu3AXoiq7NpNubrqIhCCAUNI1cpDW6gvHyvHPYPxT7zwrqWQiYEhlTeDsG','en',NULL,'0',NULL,2,46,'2019-03-29 18:02:54','2019-12-03 08:53:23',NULL),
(146,'Mohammad Shahaizal Abu Talib','shahaizal@mpc.gov.my','780218025869','$2y$10$3tKL1plpcaUD1erH4b4n6erg0M1a9k3bdLXWvtLfYdE9aJ5GGJ8SG','1','1',NULL,'en',NULL,'0',NULL,2,2,'2019-03-29 18:02:54','2019-03-30 01:48:47',NULL),
(147,'Muhamad Zain Musa ','zain@mpc.gov.my','611224055477','$2y$10$3UjLz51xIqP7A9OBbw4AheOXwn/TkyKwgCydScsriRs4sxDA0GPOK','1','1','yOY6hHzDaD6tuXoYb6uJcwNBcUcJbT0FwbVGu9LqO5Xfow0i8FqG4DpgCLlJ','en',NULL,'0',NULL,2,2,'2019-03-29 18:02:54','2020-02-17 10:03:20',NULL),
(148,'Muhamad Zamri Zainol ','zamri@mpc.gov.my','690427075433','$2y$10$XiH.k9kGz7cPJNKn4adMiev2ZO2iWEsC5w8x1hHRzDCSV1IlUAA7y','1','1',NULL,'en',NULL,'0',NULL,2,2,'2019-03-29 18:02:54','2019-03-30 01:48:47',NULL),
(149,'Muhammad Afzani Ahmad ','afzani@mpc.gov.my','811125145705','$2y$10$VvrPsvEeSCUvM9M.gcX8Y.rUpNEtd9WiImzfmJnIcCd74Op6.E35K','1','1',NULL,'en',NULL,'0',NULL,2,2,'2019-03-29 18:02:54','2019-03-30 01:48:47',NULL),
(150,'Muhammaad Aidil Razak','aidil@mpc.gov.my','910418035597','$2y$10$fb21xofciSOHxAoVICnZ/eH1PxwfQ7661L9z43S20XQhNgLm7C1W.','1','1','sMeqAoSgW7ZsCwTt5NnLAbc75LskuJ8F0vg1h5vyRQYbZpkl0bhoyk2UvErL','en',NULL,'0',NULL,2,2,'2019-03-29 18:02:54','2019-07-11 09:53:24',NULL),
(151,'Muhammad Fazre Zulhelmi Fizwan','fazre@mpc.gov.my','881014566439','$2y$10$OZqrxkz6Jtk67n9Tl19m5u7e4ytLH4AsE5fpcvjVzPTKOs7H4N95.','1','1','Ktu1Q9ZMxVoD5YLBXAD5sv3CqneLAKeXrzbtcSlSNoX4mk3iq6cRiO4MLRwo','en',NULL,'0',NULL,2,2,'2019-03-29 18:02:54','2019-04-25 15:59:18',NULL),
(152,'Mohammad Hafiz Sabaruddin','hafiz@mpc.gov.my','830408065477','$2y$10$66pCisRyVNvaJTGeYyYDkOn58ybdy.bblfXvdUeD7D8PrPNzG5DOy','1','1',NULL,'en',NULL,'0',NULL,2,2,'2019-03-29 18:02:54','2019-03-30 01:48:47',NULL),
(153,'MUHAMMAD HISHAM NORDIN','mhisham@mpc.gov.my','881113565247','$2y$10$xXBWr8M2BxB4Ho55JrV9YuwzrpHgAbBO5XolOzl3pOTu1PdU8URQ.','1','1','oN0MTPp2QCVLynUkSUjiJy8X2FK6ep5KISuEGb8Lv1BDHrCvYcAPTEZPmufz','en',NULL,'0',NULL,2,153,'2019-03-29 18:02:54','2019-11-22 09:22:52',NULL),
(154,'Muhammad Idham Mohd Zain','idham@mpc.gov.my','731006035511','$2y$10$r7tgLEbc2C78VoaI9RfTMOZu8cCSvEa8lxtyXTwmLctU.Y1RyUoNu','1','1',NULL,'en',NULL,'0',NULL,2,2,'2019-03-29 18:02:54','2019-03-30 01:48:47',NULL),
(155,'Muhammad Muizzuddin Muhamad','muiz@mpc.gov.my','910330036237','$2y$10$HnB.5WxuMBsg8hi3K9b9yOB9.lcggSnR9m6LwaPhgAXLlM/NSjc4W','1','1',NULL,'en',NULL,'0',NULL,2,2,'2019-03-29 18:02:54','2019-03-30 01:48:47',NULL),
(156,'MUHAMMAD SUFFIAN AHMAD','suffian@mpc.gov.my','790617145859','$2y$10$CnY2AssApvfA9B9hofzEGuPi5YSpZBlwetpQMfXAXqGVks9oItuUe','1','1','OksmBHhDmvn8g8VxE1wEUgSyUsS08DwX8RI5WxLzDJg3oTOKMH0ESThEeLKs','en',NULL,'0',NULL,2,156,'2019-03-29 18:02:54','2019-07-23 09:59:42',NULL),
(157,'MUHASLIZAWATI MOHD BAKRI','muhaslizawati@mpc.gov.my','820619035746','$2y$10$T7R.1qBoFXgLIuxT2Utbzetd.6Suqp6TTku2BBQUB8QN70Ugl6ZHu','1','1','Pfh12HtYUHp1iMDdA7Y1Q2gLVZHwFTjjwgXHLm8eNuKXFBs0v6cEUiNIC7MR','en',NULL,'0',NULL,2,157,'2019-03-29 18:02:54','2019-09-17 13:41:37',NULL),
(158,'Muhd. Adha Abd. Hamid','adha@mpc.gov.my','830918105555','$2y$10$yu0PlzQdWv0UqjVqB8PlquKfGmJ0zfqmhs5jy.WYcnAqHgSaAmSBe','1','1','7fvrbFUjW4JdDP6Z2mN8hl2bqJjdoYmjrA4sCIGNcJRXwbtuc1Yh3MmxrIOV','en',NULL,'0',NULL,2,2,'2019-03-29 18:02:54','2019-11-13 11:34:18',NULL),
(159,'Nahdatul Faeizin Norman','nahdatul@mpc.gov.my','901028015094','$2y$10$zAi3Mc9DaUuxQU287oukL.M69Yj0VEaX9B5Afilb2Sge2WnI6f0g2','1','1',NULL,'en',NULL,'0',NULL,2,2,'2019-03-29 18:02:54','2019-03-30 01:48:48',NULL),
(160,'Nazahiah Mohamad','nazahiah@mpc.gov.my','790525075056','$2y$10$CeSj3yaxLloNk6wwGaqOtuG6X02rSRhjSuTDniuyD1BTNmmRmEl.O','1','1',NULL,'en',NULL,'0',NULL,2,2,'2019-03-29 18:02:54','2019-03-30 01:48:48',NULL),
(161,'Nazeri Ariffin Madon','nazeri@mpc.gov.my','860804235965','$2y$10$KsGNRcSK1abzoE12gCVSgeGRUiU..RWC2vJf2iqtkxcQijpXQEsnm','1','1',NULL,'en',NULL,'0',NULL,2,2,'2019-03-29 18:02:54','2019-03-30 01:48:48',NULL),
(162,'Nazilah Ahmad','nazilah@mpc.gov.my','830710016190','$2y$10$IdADkssjF0PMpc7ughuR..XwY8YC99MoyojZ5mKsBaciVfGysIMV6','1','1',NULL,'en',NULL,'0',NULL,2,2,'2019-03-29 18:02:54','2019-03-30 01:48:48',NULL),
(163,'NIK FAIZAL NIK AHMAD','nikfaizal@mpc.gov.my','690320035423','$2y$10$eLeicHWNc/bZQHe//CGZdOrUPcuZJDUk0ZruXxIndU0x0rJ2XLz4G','1','1',NULL,'en',NULL,'0',NULL,2,46,'2019-03-29 18:02:54','2019-09-29 01:26:12',NULL),
(164,'Nik Nazarina Nek Mohamed','nazarina@mpc.gov.my','891121146332','$2y$10$GHcNihAyqHW1HNuX/rEtGuVCdHcbCSoqSRgvFbo9Jmr9TPV276o6u','1','1','Mr0cXcRHHGcETYkAz9zxNaOwbWuVGoylxISGqehVwfOang7zNbUQCCBsB1Z6','en',NULL,'0',NULL,2,2,'2019-03-29 18:02:54','2020-03-17 08:24:29',NULL),
(165,'NIK ROSDI NIK YUSOFF','nikrosdi@mpc.gov.my','591022035333','$2y$10$Tj1Y/VIZ1cYZjZoXJb5Hcu4Jnaok/8t9E./.VMvp4Nm908XrSUPEK','1','1','fxjgN5gAibPJZGj0YimkvCyHL6orARwrKnPQ4ynIos99aSaBW5I3VAYMkZbJ','en',NULL,'0',NULL,2,165,'2019-03-29 18:02:54','2019-05-08 08:45:10',NULL),
(166,'Noor Aishah Hassan','noor_aishah@mpc.gov.my','781121145260','$2y$10$e9h.igl3/ndtPSMQlbzgJ.fwRrl7tPztgxWqIykkTUYEvY/m6x/8e','1','1',NULL,'en',NULL,'0',NULL,2,2,'2019-03-29 18:02:54','2019-03-30 01:48:48',NULL),
(167,'Noor Anariza Hassan ','anariza@mpc.gov.my','760121075060','$2y$10$WSj9cqE.qfV4VwYGMo/es.kyzCwnggcCUj05lS7ypo79.jboJ98o2','1','1',NULL,'en',NULL,'0',NULL,2,2,'2019-03-29 18:02:54','2019-03-30 01:48:48',NULL),
(168,'Noor Asmawati Hussin ','asmawati@mpc.gov.my','820725085480','$2y$10$tsYnOs9tK2wGfjZ3y1rOy.8kGJo3DJPVVXV2KSs3Qzq0h5NFDMehq','1','1','Vb1EKDnIKelvrvGNc4Ydb25XEuo1ylk1wDyDiv94hdwF5P1bzKMC1SfofMtO','en',NULL,'0',NULL,2,2,'2019-03-29 18:02:54','2020-02-17 10:11:02',NULL),
(169,'Noor Aziah Othman','noraziah@mpc.gov.my','790928075448','$2y$10$RhC5WMVYidfRUpYZP/DbHOqjTbeXuTrKkQuUJz1mLUMoHoREVd1tK','1','1',NULL,'en',NULL,'0',NULL,2,2,'2019-03-29 18:02:54','2019-03-30 01:48:48',NULL),
(170,'NOOR AZMAN HASSAN','azman@mpc.gov.my','770211036515','$2y$10$sZmnriAm8lSpSeNZEt1/kOPa54.LXmeh.QHbPtspbjPVLQuOfA1V.','1','1','DNnwFSJK7ux9BvMIfCJzDOoG8K0NxTO1WjA8ExLf8uSSGtyulwpEIp0kRlMj','en',NULL,'0',NULL,2,170,'2019-03-29 18:02:54','2019-11-02 01:10:52',NULL),
(171,'Noor Hazilah Abdullah','hazilah@mpc.gov.my','820318035814','$2y$10$ltvEuXTARcM2r9pGAIBupOYeM.0mBSxtzqTyrPiHqWChcbnopckA6','1','1','ymf1l1TnwygRUNSEP93R8mSfWGhitrrizHVeugjrGHlnAvJ7w4BmuviU2xRZ','en',NULL,'0',NULL,2,2,'2019-03-29 18:02:54','2020-07-24 01:12:51',NULL),
(172,'NOOR IZZATI KAMIS','noorizzati@mpc.gov.my','900629145658','$2y$10$8gA/S3ToooO.0Td6KrsGA.Ahor1OtPj.yAeLY/zx35lLcW70oXfHG','1','1','WBsFcA1DtpnTDwuz4UqQcCdjNuYVAvxZyAfDxRuuqjZfOIJVBLNQoh3Jv1tM','en',NULL,'0',NULL,2,172,'2019-03-29 18:02:54','2020-05-28 02:02:09',NULL),
(173,'Noor Mohammad Farhan Nor Azman','mfarhan@mpc.gov.my','881216566111','$2y$10$VlVThOa9L1Or3hvSEvd0..rt803jJpzVaG/t3le1LL0cWN1X29.MK','1','1','uC0yh7lXKq6KyG4bx9tpV1JdEtsn6y2v9hXJkZh0jFWM3yNeYJlMiGInY7Ol','en',NULL,'0',NULL,2,2,'2019-03-29 18:02:54','2019-09-17 23:21:59',NULL),
(174,'NOOR RAHIDAH ABDUL RAZAK','rahidah@mpc.gov.my','830505045048','$2y$10$5ARz2XWHKzLr/f0IbZ2I9u/DwGSTt2gmGBP552Iwy5vNscMkirBsK','1','1','tHpsMzh6ZaAfAQv8hxQLMk0wvByAngVTyIONk3TStFZqomqeg4jctFVn03IK','en',NULL,'0',NULL,2,46,'2019-03-29 18:02:54','2020-03-16 15:44:45',NULL),
(175,'Noor Salfarina Jamaludin','salfarina@mpc.gov.my','830202045278','$2y$10$D5VWmtXaCGrt6IjKJkQG7eshmz7yvnYJQW4xwn1iDJSNz994ZAiuS','1','1',NULL,'en',NULL,'0',NULL,2,2,'2019-03-29 18:02:54','2019-03-30 01:48:49',NULL),
(176,'Noorsamsinar Sum Abdullah','noorsamsi@mpc.gov.my','610608105088','$2y$10$NJL9za7YWra6fWS7fyzAy.4ToiZKS7xFeCXKs/T6/Dummlv2wvu9W','1','1',NULL,'en',NULL,'0',NULL,2,2,'2019-03-29 18:02:54','2019-03-30 01:48:49',NULL),
(177,'NOR ADIRA ADNAN','noradira@mpc.gov.my','870504295260','$2y$10$yoqWaYziuyeZiBvKmKOXF.9sKyc7CfN9bdOSGUZqJmH1k5xqiEZKO','1','1',NULL,'en',NULL,'0',NULL,2,177,'2019-03-29 18:02:54','2020-02-12 10:25:24',NULL),
(178,'Nor Aishah Hassan','shah@mpc.gov.my','740928085894','$2y$10$y7a.n6GKHz44X6BSG.1Vr.3KPMoX1IpySt3IjmMqiY9wNZ4eN2Zie','1','1',NULL,'en',NULL,'0',NULL,2,2,'2019-03-29 18:02:54','2019-03-30 01:48:49',NULL),
(179,'Nor Akma Che Wan Naman','norakma@mpc.gov.my','890101035104','$2y$10$t4jw/2OUHSc/J0hKVzW7Ruegh2RAlZGNyKO/RpL921f0WjWCE7ht.','1','1',NULL,'en',NULL,'0',NULL,2,2,'2019-03-29 18:02:54','2019-03-30 01:48:49',NULL),
(180,'Nor Azmi Yahaya','norazmi@mpc.gov.my','600102065139','$2y$10$YhU50CIXU4JotxvlbchGKeQ8OX9ULnl7vK0VkzS4YnzUUNTMrxwLm','1','1',NULL,'en',NULL,'0',NULL,2,2,'2019-03-29 18:02:54','2019-03-30 01:48:49',NULL),
(181,'Nor Eshah Abd. Raman ','noreshah@mpc.gov.my','620113065052','$2y$10$h6jE0O0g0gkvuqPumYoHKeLh4534MU3wcNCVn.2D1rThnB7zjVLtm','1','1',NULL,'en',NULL,'0',NULL,2,2,'2019-03-29 18:02:54','2019-03-30 01:48:49',NULL),
(182,'Nor Fadilah Zulkifli Muhamad','NorFadilah@mpc.gov.my','941219036070','$2y$10$4NQ9nk/akNDWamuCL7atNuTfqAAJnE0gzMb4GeArtp.C2fOe09n8q','1','1',NULL,'en',NULL,'0',NULL,2,2,'2019-03-29 18:02:54','2019-03-30 01:48:49',NULL),
(183,'NOR FAZILA HASHIM','ila@mpc.gov.my','660129086196','$2y$10$Sez7h778f6yGgwbz0mSeI.2MucGqv8A7thOzJhOdy.Xf324X0yc3u','1','1',NULL,'en',NULL,'0',NULL,2,46,'2019-03-29 18:02:54','2020-02-12 18:21:10',NULL),
(184,'Nor Hafizah Mohd Arop','hafizah@mpc.gov.my','681203105352','$2y$10$sz4KMiSijgUZNyMOC10bD.dEJQI6638.Qlb/qn68v9LWyRbkmVFMK','1','1','Scet194O9qaD5ryaJhJJL99ewVpslv9vCxldt9Uu96nFXm9RYoQPNel3gmH7','en',NULL,'0',NULL,2,2,'2019-03-29 18:02:54','2019-10-30 11:28:30',NULL),
(185,'Nor Halisa Mohamad Halil ','halisa@mpc.gov.my','730228125374','$2y$10$E512hI/c16JdpFe7.TIPCuOOJ/p0S6sPjMuN/gbn8Ob4TxwnMzSjS','1','1',NULL,'en',NULL,'0',NULL,2,2,'2019-03-29 18:02:54','2019-03-30 01:48:49',NULL),
(186,'Nor Hasimah Ab. Rahman','hasimah@mpc.gov.my','610823105654','$2y$10$X8uKequVzo9eBJVi0NKzxe7AunJxUzeLHb32ali9J9lNCa11HBZr6','1','1','KgxMQACCLmmJWleYkO5Jun8qIDDIuKUS7ecGoj77BzMu10XKrg5yTCUn9ZKN','en',NULL,'0',NULL,2,2,'2019-03-29 18:02:54','2020-02-17 09:37:11',NULL),
(187,'Nor Idayuniza Rahmat','ayu@mpc.gov.my','781012145720','$2y$10$KqdM1ZDQ/IAHBnKHkkVPiOphOhohxp9JvZVR5z7K8sis3g0fRu2Im','1','1',NULL,'en',NULL,'0',NULL,2,2,'2019-03-29 18:02:54','2019-03-30 01:48:50',NULL),
(188,'NOR IZZATI NORHISAM','izzati@mpc.gov.my','850514105100','$2y$10$c9./jgl0lsCgoaEYaEreBOpgjzOEJB0AQrvDAdxPwQzpgLm5MVYC.','1','1','UdbFjyokBjFfeuJqrStmGlPlLmPwU3Vcf8wPdefLuLkTnsDOoltsZb72XRIO','en',NULL,'0',NULL,2,188,'2019-03-29 18:02:54','2019-10-30 15:37:40',NULL),
(189,'NOR ROBAAYAH MOHD. NOOR','nrmn@mpc.gov.my','660915085430','$2y$10$K/Vm9xBEHn6phwJRFSG.mO4T3mpkxhAGeB.ywGKlJc88aW7S2y0DC','1','1',NULL,'en',NULL,'0',NULL,2,46,'2019-03-29 18:02:54','2019-04-17 04:44:02',NULL),
(190,'Nor Surayya Abd. Samad','surayya@mpc.gov.my','751119145758','$2y$10$CklKElVYnyt8iolXOBqUo.jH2QB8tCiBFJjuK/ErJAbUwREBRWQWG','1','1',NULL,'en',NULL,'0',NULL,2,2,'2019-03-29 18:02:54','2019-03-30 01:48:50',NULL),
(191,'NOR ZAIRISHAM ZAKARIA','norzairisham@mpc.gov.my','681118015811','$2y$10$RWmIqS5706LFKhg.EckqyeldJrtzC.gi7oN/.0zcolhE2hStA93xW','1','1','HNQvbqpeMgGgiAj4gknlz9YiZluJ53Y3WEtyUqpCOlVEMDXApBHjRhJLdsRI','en',NULL,'0',NULL,2,191,'2019-03-29 18:02:54','2019-10-10 09:29:51',NULL),
(192,'NORA\'IN AHMAD KAMIL','norain@mpc.gov.my','690916016290','$2y$10$mwzHIVCoFPB0RT55Px.IKesMOG3IMCtqhIRT2hw38QINCfeBVvM2K','1','1','Ik9s7NLmdXnQqtvoiieS2c5tKqy8U4UnlM46tIKqhtmZDcH44M0HGBpaqeKS','en',NULL,'0',NULL,2,192,'2019-03-29 18:02:54','2019-11-25 15:23:30',NULL),
(193,'Norafidah Ramli                                                                              ','norafidah@mpc.gov.my','770815016494','$2y$10$w2N8uGJx26gH2KORKdjHsuBcmskQi2pflNeTWtGlOnMZ/vvfViohu','1','1',NULL,'en',NULL,'0',NULL,2,2,'2019-03-29 18:02:54','2019-03-30 01:48:50',NULL),
(194,'Noraniza Daud','noraniza@mpc.gov.my','821008065262','$2y$10$ESpBHEgXHvkTQ62eaVLo5eG2hS1aV2QV7eg.mQPkYVsYNVobntIqC','1','1',NULL,'en',NULL,'0',NULL,2,2,'2019-03-29 18:02:54','2019-03-30 01:48:50',NULL),
(195,'NORASHIKIN ABDUL SHUKOR','shikin@mpc.gov.my','820722086154','$2y$10$A4OfPcFmn71L/T8b1Z8YC.wMAbarZn7IPBG/NS5tCbZw.AJyakQhK','1','1','B1jbTZ2A0VtGasiqwf8BVKlYssjbkkukdwal9192N0p4VCsU9yrxMDroByb9','en',NULL,'0',NULL,2,46,'2019-03-29 18:02:54','2020-03-04 09:50:04',NULL),
(196,'NORASHIMA HAMZAH','norashima@mpc.gov.my','771210115582','$2y$10$N1.mbL7vz7p4uj6IfbGJOOZ/yetpdasPTPtvAj.t/yrZZfhpoOeIK','1','1','O0JjffuKXb4fC7iIeieMou3krIxIKYX1tUiybC8yhbSJowFY35NFnzMeg3CH','en',NULL,'0',NULL,2,46,'2019-03-29 18:02:54','2019-10-22 02:40:13',NULL),
(197,'Norazlina Tun Ibrahim','norazlina@mpc.gov.my','800222145850','$2y$10$a17zuOkv2z/B7F8dEK.kEuqc2KHr2DxYBxjA6ktBYaWT0MM/XlA4y','1','1','EmdLtDTcOcWueUUnl7O53sKosQxSufXVqXbdBHwEKpVURxEOzXLp8YFTMMrK','en',NULL,'0',NULL,2,2,'2019-03-29 18:02:54','2019-10-25 15:21:40',NULL),
(198,'Nordieana Nordin','deana@mpc.gov.my','790206105078','$2y$10$/JbLmOY0JTWio7.neD/e8.5GFudfMucPicew1mfq.O01FX1gFdXb6','1','1',NULL,'en',NULL,'0',NULL,2,2,'2019-03-29 18:02:54','2019-03-30 01:48:50',NULL),
(199,'Norfaizah Abdul Rahman','faizah@mpc.gov.my','720531065416','$2y$10$rwfdstjUq7SO1pBYkOY8pe8LZdxYE0m2RptFeOnqjT0RXe82LU7Vq','1','1','FBHkMUyLZpFY73WUA7pa5AO18AibTVmmJnr3JxiNHksnNXZ70mfUzmsY8fgO','en',NULL,'0',NULL,2,2,'2019-03-29 18:02:54','2019-04-25 15:11:00',NULL),
(200,'Norhaida Roslan ','norhaida@mpc.gov.my','830513035616','$2y$10$jTcUTQWi9KtFiNuneFpDr.waECBHkmWxKWzgoy/Bc3cdNU0GZS8ES','1','1',NULL,'en',NULL,'0',NULL,2,2,'2019-03-29 18:02:54','2019-03-30 01:48:51',NULL),
(201,'Norhanida Ahmad Puad ','norhanida@mpc.gov.my','800929085038','$2y$10$gVkZUjmCd3Ac4Tb031uYJezgwikOaaZ1PcPuXqXDTz7zLC3r.lw7q','1','1',NULL,'en',NULL,'0',NULL,2,2,'2019-03-29 18:02:54','2019-03-30 01:48:51',NULL),
(202,'Norhaniza Hamir','norhaniza@mpc.gov.my','790131086326','$2y$10$GbAm46qm9xlZXQ.ZodsILOJaU/bx8Tp8.WFor/I1M0J20/8KVfn/u','1','1','QIuhDntK7ll0F8jVGO88bjWC1a5hULrGj2YWyfmjkkNb487czcAq5lXl6PYm','en',NULL,'0',NULL,2,2,'2019-03-29 18:02:54','2020-01-22 11:58:27',NULL),
(203,'NORHASIMAH IBRAHIM','norhasimah@mpc.gov.my','750420105494','$2y$10$qSjk9gDBnDBOTtmNbkDiRe6RRyj.FtXwFZldDl4cdcufyClhxIVuO','1','1','LGJLRcMMTZrMmBwynlqnsR8Yw7Tiua3wwsRQfwsVdYXagFSpICeCme9iVoRd','en',NULL,'0',NULL,2,46,'2019-03-29 18:02:54','2019-10-08 16:21:01',NULL),
(204,'Norhayati Harun ','norhayatiharun@mpc.gov.my','741211025426','$2y$10$VeUGtHUk59Sk25hQGAvEi.0S/MWviSyBDItgaKiXAu7lQmN/lEcq6','1','1',NULL,'en',NULL,'0',NULL,2,2,'2019-03-29 18:02:54','2019-03-30 01:48:51',NULL),
(205,'Norhisam Ahmad ','norhisam@mpc.gov.my','590121085147','$2y$10$DRtymwwuEVO0bMsQo5QtwujbG3xBGy4jjztUV6ZFeRmscglPyqfmq','1','1','RcE8otqWZP0eJKC47xuX6M9KXlSNdW1ElFqu4IunrlbTMGGAMe4j6vGtTnMR','en',NULL,'0',NULL,2,2,'2019-03-29 18:02:54','2019-04-16 17:34:37',NULL),
(206,'Norhuda Abdullah','norhuda@mpc.gov.my','810924075016','$2y$10$HApNMGsOVv//EVlJyY.EEOtBdxxWrFKZYhSMIU8GUjf.K1mCH2b.q','1','1',NULL,'en',NULL,'0',NULL,2,2,'2019-03-29 18:02:54','2019-03-30 01:48:51',NULL),
(207,'NORIJAH JUEN','norijah@mpc.gov.my','760715135972','$2y$10$8RLkamKwQMmboxKlL7VSGOmvJmjR1Hok1h74kFRFmBxgJgnJMKdGW','1','1','W7AJSf8ubUg2fSGjhG7rPOoGhvdZ6lw3yuOzVTdHDRAcIDu6oGCohh6ngVHK','en',NULL,'0',NULL,2,53,'2019-03-29 18:02:54','2020-01-14 16:14:20',NULL),
(208,'Norkamila Shahrudin ','norkamila@mpc.gov.my','810301106066','$2y$10$oktRPefCBRiYhPOTvFwNCejcwKviuDwO7eMRYTCLZX0rvcy2hB1Q.','1','1',NULL,'en',NULL,'0',NULL,2,2,'2019-03-29 18:02:54','2019-03-30 01:48:51',NULL),
(209,'Norliana Mahmud        ','norliana@mpc.gov.my','770521075034','$2y$10$UVnHrl0p4o.AD0H/lt1.ouWvegIf86nUgFgcS1RQ7zNA.MUxbN3g2','1','1',NULL,'en',NULL,'0',NULL,2,2,'2019-03-29 18:02:54','2019-03-30 01:48:51',NULL),
(210,'Norliza Ahmad  ','norlizaahmad@mpc.gov.my','761213035482','$2y$10$0lFa7tiA3T9a8zjnxBcG4.nQGo3PpQlclYWl4DbK9c5u.NaObBQJm','1','1',NULL,'en',NULL,'0',NULL,2,2,'2019-03-29 18:02:54','2019-03-30 01:48:51',NULL),
(211,'Norliza Rosli ','norlizarosli@mpc.gov.my','850306055196','$2y$10$dinqEEd5GGb.0NAuCYzbv.HJr8.LfJzXftf00io8RvPZBC94Bh4Ly','1','1','iG8v6kWwGX5KG7gkuIiTk7uhNkXEsBxVqzw5tNXx4tGgQ8u1zzRyXnUt3tdK','en',NULL,'0',NULL,2,2,'2019-03-29 18:02:54','2019-10-21 11:29:43',NULL),
(212,'Norul Hasila Abdullah','norulhasila@mpc.gov.my','830714065344','$2y$10$jHh0j5MejQ3tRcU5zHPXwOMYkzWMos.OGI/deEVhGcreBJ2MDPu9S','1','1',NULL,'en',NULL,'0',NULL,2,2,'2019-03-29 18:02:54','2019-03-30 01:48:51',NULL),
(213,'Norwahidah Abdullah ','norwahidah@mpc.gov.my','800603035364','$2y$10$d2ValofpWKvKCNOr2.4Wxer5v1R33/TwZIVKYmEUaQxRzyLMfrz4S','1','1','3AFI12zxxprmJUrSe4ptq2UMUGYKeNbaKGSYtQRHwyP0vcEWxHrUM24G2JsM','en',NULL,'0',NULL,2,2,'2019-03-29 18:02:54','2020-01-09 12:45:09',NULL),
(214,'Norwahizan bt Mohamed','norwahizan@mpc.gov.my','781117035608','$2y$10$W5eISXLkRB2lFqr7s0o5/OpWp7R4NDOdbQdE7.9z.y2dmwLvtFNqS','1','1',NULL,'en',NULL,'0',NULL,2,2,'2019-03-29 18:02:54','2019-03-30 01:48:52',NULL),
(215,'NORZIAH KABIL','norziah@mpc.gov.my','741111135206','$2y$10$sgnuiASLmvPV/z005bEB3edQuH5i1BZCOPy5L23RLPuc7us05dN/q','1','1','s949vkGiIsbMrKQ70CBRQ92crF36iIF3v4f5PZJXH0kGsKdnyAJtHN53GQA1','en',NULL,'0',NULL,2,53,'2019-03-29 18:02:54','2019-08-19 21:32:44',NULL),
(216,'NORZIRIN ARIFFIN','zirin@mpc.gov.my','640927075362','$2y$10$nP0BW4rro0aa1I0RHkNreucvbxgKGTtzv5Xe7/b1yfcGcuENEIhaq','1','1','5EndwdD3j9hBfmL4G6QdPXjSMRJZUfsmGdGeDsRko2Glu924PnXagtfTE6NU','en',NULL,'0',NULL,2,46,'2019-03-29 18:02:54','2020-02-10 14:37:31',NULL),
(217,'Nur Jihan Ramli ','nurjihan@mpc.gov.my','820215065332','$2y$10$v4n7EZpjD37MWuDbK.P.hOOrkn0ymkfiJIrWiEOVnH13KODm11zgG','1','1',NULL,'en',NULL,'0',NULL,2,2,'2019-03-29 18:02:54','2019-03-30 01:48:52',NULL),
(218,'Nur \'Amirah Shaaban','nuramirah@mpc.gov.my','911229075316','$2y$10$pCh/D6kpzSsc56NgnpODAehZmDKJ8BlLWWv1/X00kqUTChYpY46w6','1','1',NULL,'en',NULL,'0',NULL,2,2,'2019-03-29 18:02:54','2019-03-30 01:48:52',NULL),
(219,'NUR FAIZAH TASMAN','nurfaizah@mpc.gov.my','820719015320','$2y$10$Y3IzBxOUQuErIM1QEUbmL.qmcVEMZS5FaTrT5TW0AvxdvcCwPQspq','1','1','nMku4VSfZNns1ep0StfKsZTSJ8WDC99wpn4jLLp8J0tetjZFqRClkei7LkbW','en',NULL,'0',NULL,2,219,'2019-03-29 18:02:54','2019-07-16 14:17:12',NULL),
(220,'Nur Fatimah Mohd Zaki','nurfatimah@mpc.gov.my','890703085766','$2y$10$X1gBrOoCZXe1zm5VgPVBh.hoX5FWb12NjihKbxa8.73znAKL/q0ZS','1','1',NULL,'en',NULL,'0',NULL,2,2,'2019-03-29 18:02:54','2019-03-30 01:48:52',NULL),
(221,'NUR HAFIZAH HALIMUDDIN','nurhafizah@mpc.gov.my','830829145870','$2y$10$Q2fiUWT4ksBVtrArxJzMWuf4i7rA7SxKZZFcyeRE0e4PrU74mBUaO','1','1','7cYEDXhhWrVhNZaSmmvx3t6fDWG9R4kOTr3JOVPc9iuzjtLJ8YhaX2Yj7dnQ','en',NULL,'0',NULL,2,46,'2019-03-29 18:02:54','2019-09-25 16:11:17',NULL),
(222,'Nur Hanim Abd Ghani','hanim@mpc.gov.my','760301145732','$2y$10$OZ14jpmg7FX/Na69W78yjuokhcvvR6kOAeQSplZ8Epmm0K64bX2NG','1','1','hOsDmqEpSpfqlOITIet3TA4VGfkTcrzwRt2pA4ffR7zGHkCMCvf1li27BFFW','en',NULL,'0',NULL,2,2,'2019-03-29 18:02:54','2019-04-15 12:05:39',NULL),
(223,'Nur Rafidah Zulkifl','nurrafidah@mpc.gov.my','880707086492','$2y$10$5e/Be6CLPdfnkL71CnmBWO9G5aYS2CsqeYUdSKSa.EDi0qAb0peP.','1','1',NULL,'en',NULL,'0',NULL,2,2,'2019-03-29 18:02:54','2019-03-30 01:48:52',NULL),
(224,'Nur Sulia Saari ','sulia@mpc.gov.my','830512145776','$2y$10$lhz6Lh6yD110YpF5mJ5olOn1cm2y5NjbAkQ55TBoWAgARmhjUxLqq','1','1',NULL,'en',NULL,'0',NULL,2,2,'2019-03-29 18:02:54','2019-03-30 01:48:52',NULL),
(225,'Nur Syafina Anuar','syafina@mpc.gov.my','830628105688','$2y$10$OSep1JlyZuHam9gM31KuhuPYlnpJrYz5sgmTNy6.ZhhV.vvME8JBW','1','1',NULL,'en',NULL,'0',NULL,2,2,'2019-03-29 18:02:54','2019-03-30 01:48:53',NULL),
(226,'Nur Syahrina Muhamad Nor','syahrina@mpc.gov.my','830726146360','$2y$10$7SSsH5iR3q46D52jZATO1eXqpIglrtK1lX5VbblpFpkXcJUT/xwYG','1','1',NULL,'en',NULL,'0',NULL,2,2,'2019-03-29 18:02:54','2019-03-30 01:48:53',NULL),
(227,'NURAIZAH HARUN @ HARRON','nuraizah@mpc.gov.my','831217015586','$2y$10$rOSr6n/tTuQGvTW/aNHWMOrCwQuZktwIOBSxycSiFwV9EorLAB/NO','1','1','N9ou3XD4xsxrwEBFFAdpEQRxWmPC0OdJ88oQlfPsPOlsa2pTg0p6xBySj5Q9','en',NULL,'0',NULL,2,227,'2019-03-29 18:02:54','2019-11-26 13:10:28',NULL),
(228,'Nurfayunie Pakhrururzi','nurfayunie@mpc.gov.my','880219145668','$2y$10$WrB2x1YbMgQSj60wz36jvO8XSrNQIsOixG17Y7waUN9SdawrvARey','1','1','wfURCuVIhat5bPG41BowyOq153fdKZaKnzW7zxg5MTLxhsK109NoKmRHyy2u','en',NULL,'0',NULL,2,2,'2019-03-29 18:02:54','2019-08-26 09:56:06',NULL),
(229,'NURFAZILA HAJI ZULAIHI','nurfazila@mpc.gov.my','900802136836','$2y$10$DRw5JKG3v4/HdGqMgBnGx.oGgHKtqN9ThBuY3tfv6r.dTuKYAQZL2','1','1','9N1mX7EIERjDm8RmNBWp2VuTcBlkXxUUZ8PNaozFJOAszg1H86toCPPjJ8Ba','en',NULL,'0',NULL,2,53,'2019-03-29 18:02:54','2019-10-24 16:44:36',NULL),
(230,'Nursyahida Muhamad Aszahari','nursyahida@mpc.gov.my','890921146168','$2y$10$Muvbwt2QGAINhnlu9XhT1OtMI1yeZIhCFZc4hR34M3kCQ7Zfgdam.','1','1','dgnHN3lseYRs1LKuFgChDDO8exSD1Xdfp30uZuxinUm6teoPyxhUtM8B8jrc','en',NULL,'0',NULL,2,2,'2019-03-29 18:02:54','2020-01-31 09:50:08',NULL),
(231,'Nurul Ain Alia  Abdullah Zawawi','alia@mpc.gov.my','860805435694','$2y$10$RAoupw6HfGnjgAJnZGJSeuJKypT3COFzbVtrNCF81KzRfUzqMVIHG','1','1',NULL,'en',NULL,'0',NULL,2,2,'2019-03-29 18:02:54','2019-03-30 01:48:53',NULL),
(232,'Nurul Farahaton Najihan Jusoh','farahaton@mpc.gov.my','900430115822','$2y$10$VngOwM74lhmMb.UmAING8u0JbfC2t0cMOqBvpzJp78enq8u46PFMu','1','1','yriqxWjVdfwmE08SSdbEvt5ljzZtyBH1B4psMRj3vAyhzNOLKMuGQvoGOddA','en',NULL,'0',NULL,2,2,'2019-03-29 18:02:54','2020-03-06 11:52:06',NULL),
(233,'NURUL FATIHAH MOHD AZLAN','nurulfatihah@mpc.gov.my','860509295922','$2y$10$gZ9xhM1n2CwizsNfDMMgXe0DSe2zrzqT2lCo8O6l0GYTYnBdJ7iTS','1','1',NULL,'en',NULL,'0',NULL,2,46,'2019-03-29 18:02:54','2019-04-16 20:41:17',NULL),
(234,'Nurul Nadia Zainal Adnan','nurulnadia@mpc.gov.my','870825565508','$2y$10$BgTvDCJWpNqD2XvIETfDW.RZ.IhsfsopaWCMCGXozVxZbH5KhtSQe','1','1','q3IghSJKE7TC1o5pkIstupZ6hdncGj9Zu2uGFT8HTCo1tPufWk6mTrKahKBT','en',NULL,'0',NULL,2,2,'2019-03-29 18:02:54','2019-10-09 09:39:58',NULL),
(235,'Nurul Sazrina Mohd Shukor','sazrina@mpc.gov.my','830322105028','$2y$10$MbdY1rVvtpl4ZFRz3e8ZOOgSvah.g72R7jTomTRqDEr7NRLHeJe1i','1','1','XxLnTybuzXyfsceOqJgptYdFCbK0sJrChjIlRoYwZ0hpLThLJUAP1MItoHqU','en',NULL,'0',NULL,2,2,'2019-03-29 18:02:54','2020-03-12 10:34:51',NULL),
(236,'NURUL SYAMIMI ISMAIL','syamimi@mpc.gov.my','850926035516','$2y$10$6L7icLyqBpPqbq9KPAfCK.8PkRVf5qE/o88KlE59XFXsV7B4OMMJm','1','1','DiEmLA2oc7PoADYJlNdkGXZTjTK0Fs5NThrVx92d0H1UEZswI086TPglqxZK','en',NULL,'0',NULL,2,46,'2019-03-29 18:02:54','2020-02-03 22:55:48',NULL),
(237,'NURZARINA JAAFAR','nurzarina@mpc.gov.my','800509075538','$2y$10$DLZ0jeokaIBw2OVrAZRoaOGzukfPzXYHi9pvw8N3ukD330U5Vub3q','1','1','8QnO8kzNQA1kfPooKmwe1TBNIZQf6JuUni0A7bIO57jgyfvbTqfpuH1xooqq','en',NULL,'0',NULL,2,46,'2019-03-29 18:02:54','2019-11-25 14:43:29',NULL),
(238,'Omi Kalsom Osman','omi@mpc.gov.my','590905085292','$2y$10$DPgppx.vwVxLrXHp1H.XkeDjeRPe4lh/fNmJuHP61NpauEDRGBjHG','1','1',NULL,'en',NULL,'0',NULL,2,2,'2019-03-29 18:02:54','2019-03-30 01:48:53',NULL),
(239,'OSMAN ZAIDAN','osmanzaidan@mpc.gov.my','680925135225','$2y$10$6T.1R2I7py3m6EzkX1CeeuFzsHk29XAxGx2S/yyA6bcPgVWxyvAam','1','1',NULL,'en',NULL,'0',NULL,2,53,'2019-03-29 18:02:54','2019-08-19 21:35:16',NULL),
(240,'RABIATUL HANA ISHAK','rabiatulhana@mpc.gov.my','901211146770','$2y$10$5QI3GcWa4vsXYbqDJhMkreMhwjBnwCfLCoq3xUWPsbnqlFt/KnF56','1','1','vHYYBGrHpYUGmOaJSIe89do0Ltzmn6KVXA6FLRY4UbSfzTuVPRAJyYRLfWz7','en',NULL,'0',NULL,2,240,'2019-03-29 18:02:54','2019-12-02 15:17:17',NULL),
(241,'Rahayu Abd. Rahman','RahayuR@mpc.gov.my','821114115518','$2y$10$fwDZuPsuVXDnrx8VVeeOlutLRS1RfSZMOy9mVcOkjBlgKo1Uss5Si','1','1',NULL,'en',NULL,'0',NULL,2,2,'2019-03-29 18:02:54','2019-03-30 01:48:54',NULL),
(242,'DR. RAHMAT MD. SMAIL','rahmat@mpc.gov.my','600302045271','$2y$10$OSI7xV8HZsvTf3kOh6..meyU1D8VGI5E5XJ9Ss8jh/Ea2Xng..LE6','1','1','M4msXTuUs2FEGEYClteVm66cmzoBw7XCOK7v6956mCjkskTV8o324n3AlrJP','en',NULL,'0',NULL,2,46,'2019-03-29 18:02:54','2019-09-20 12:21:28',NULL),
(243,'RAINAH OSMAN','rainah@mpc.gov.my','731111125252','$2y$10$XLo4SSfMtX1zt7Gkv077F.5QuKsTWXT7v5RpMiAVUey79Lew0Eiua','1','1',NULL,'en',NULL,'0',NULL,2,46,'2019-03-29 18:02:54','2020-01-24 03:29:15',NULL),
(244,'Raja Ainul Bismi Raja Abd. Hadi','rajaainul@mpc.gov.my','831026086234','$2y$10$7bKPpStYrsf8g4/sXzEf2uTU84SnHgdCBwjKYXu59ZGnShiPluTRW','1','1',NULL,'en',NULL,'0',NULL,2,2,'2019-03-29 18:02:54','2019-03-30 01:48:54',NULL),
(245,'Ramale Yusoff','ramale@mpc.gov.my','640510035445','$2y$10$ow7/zpFy7radiCOtEo3nkuuZhBjZYS12GnobuT4nW94hDYKPnK0pm','1','1',NULL,'en',NULL,'0',NULL,2,2,'2019-03-29 18:02:54','2019-03-30 01:48:54',NULL),
(246,'Ramlan Sainan','ramlan@mpc.gov.my','610228105027','$2y$10$FonIOSpq.7DtU4dsGJyGMem692DwGG2FULWlyxmQpVKFuYdFBdHUK','1','1',NULL,'en',NULL,'0',NULL,2,2,'2019-03-29 18:02:54','2019-03-30 01:48:54',NULL),
(247,'ROSELEENA HASHIM','leena@mpc.gov.my','650318035284','$2y$10$eRqc.b74sCJJnt5uztGUw.pwdlwsYsrL26cy8bWhzDeM6dO6cEXWK','1','1','czDu4vAB7f2t6gwkiIrmHabXsDE9Yr7Vsd898F0GmQHfF6RNOeUxeDfuW9Wc','en',NULL,'0',NULL,2,46,'2019-03-29 18:02:54','2020-02-13 11:41:22',NULL),
(248,'Roslah Md Yusof','roslah@mpc.gov.my','610210105328','$2y$10$mAhQU8OQQO.fEki3sCNwJ.Kl.aMVHtgS111VIJTWTvhFmszzIfAm.','1','1',NULL,'en',NULL,'0',NULL,2,2,'2019-03-29 18:02:54','2019-03-30 01:48:54',NULL),
(249,'ROSLI MAT DOM','rosli@mpc.gov.my','610314055177','$2y$10$h6Ode4Dw6MoVDeVVMj2Ml.QlObtbo7dlXFW4z0x9JcOMGoro1hUjS','1','1','JgVuWcSVOTgb0kxY6GadqFL9jFkAU2F4EBfhGxay6GcVrLoaoO7POr3kacag','en',NULL,'0',NULL,2,46,'2019-03-29 18:02:54','2020-07-28 00:21:29',NULL),
(250,'Roslinda Abdul Hamid','lynda@mpc.gov.my','770706065860','$2y$10$cWZg5fKK3yNHSSa6obBHJ.daKa4zZ9W0RUgspe34cv4G7mDFDymEi','1','1','nKudmvXqHqDBGsGdnIX0y6qiIvcO4zmNLXUzAXEPkKwqLTgu96TGZeecLenV','en',NULL,'0',NULL,2,2,'2019-03-29 18:02:54','2020-02-19 16:08:12',NULL),
(251,'Roslinda Ahmad','roslinda@mpc.gov.my','780922105002','$2y$10$epXlPus7SGLwUTACFH3Wcui7yT9jurtgZTO07Z6f8eKmYL8XcbzN6','1','1',NULL,'en',NULL,'0',NULL,2,2,'2019-03-29 18:02:54','2019-03-30 01:48:54',NULL),
(252,'ROSMI  ABDULLAH','rosmi@mpc.gov.my','630525035473','$2y$10$f9tZx4rozwRBGC1Ucu3QxeQ/j.M4G2CTiCb/.hAmK6Kg78/osvCxG','1','1','oo9FZiU6fPC5ayoMMbr7wWUhqTQ8UtpKqEHMMu3eba0c3EEFgQfRbT3GGNYG','en',NULL,'0',NULL,2,252,'2019-03-29 18:02:54','2020-03-10 16:42:44',NULL),
(253,'Rosmiza Rosly','iza@mpc.gov.my','721031065086','$2y$10$pvXv8wLtQNtkX2kP4uvH6eYIgNwxNX5Z.iPiFpzxCNXzPVAqnhk9m','1','1',NULL,'en',NULL,'0',NULL,2,2,'2019-03-29 18:02:54','2019-03-30 01:48:55',NULL),
(254,'Rosniwati Abdullah','rosniwati@mpc.gov.my','760405075492','$2y$10$.JuM2mRpaSpFWPT.ZsWyverxo68/sSdOws4qkR9RBX/g/ybA5fsRG','1','1',NULL,'en',NULL,'0',NULL,2,2,'2019-03-29 18:02:54','2019-03-30 01:48:55',NULL),
(255,'ROZIANA OTHMAN','ogie@mpc.gov.my','660928015060','$2y$10$FU3aKi5fc1oDqc87R.tzT.YTztGp6rhM8p.5KWo2pm.aUNkpAv2IC','1','1','Z3sqKjGQQmZRDJn6Qo3x8W5m0bvsAcETFawMrJf5jPTBKSWno58sx4W06KDJ','en',NULL,'0',NULL,2,46,'2019-03-29 18:02:54','2020-02-20 15:06:04',NULL),
(256,'Rozitah Ma\'al         ','rozitah@mpc.gov.my','730323145672','$2y$10$9ikiY2YFSY4Bpjhy8wjS2.HbaJ/k1elOpDfL53dlR21Hhs.OBs3De','1','1','tcKcAGTKhLLhGgO1NNcPis5UEzDijHwWAjy5OAVFXGuHcSYp4tlbDFPb8GB8','en',NULL,'0',NULL,2,2,'2019-03-29 18:02:54','2020-03-17 10:11:11',NULL),
(257,'RUSDI MUDA','rusdi@mpc.gov.my','650803035157','$2y$10$6ugiGTEKcdDEgs5oZFiEBOc2rn/66dOV1tZ1TY4/dyqR1JmnM5Gki','1','1','i0eGHyDmSJX1f7HeuF1Nsfj36gg0NAlFnWL1kFooMTgM1BetgbFQUksrx75p','en',NULL,'0',NULL,2,46,'2019-03-29 18:02:54','2019-11-21 11:44:14',NULL),
(258,'SABRI HASAN','sabri@mpc.gov.my','750708035595','$2y$10$9BmGReSggWWiRM9RRwur/e6xNnNnTigmb7gyP10H7QuMbSynNLWna','1','1','34nc0sGFieZEFk8EOC77ZgOwvVCCzdKfAWhUDBpfQ1Ad6VQtQKgeSyMDPlFy','en',NULL,'0',NULL,2,46,'2019-03-29 18:02:54','2019-07-16 15:48:37',NULL),
(259,'SAFARWAN BIN MOHD SUHAIMI','safarwan@mpc.gov.my','890306146107','$2y$10$7z7ugnM5413hSFKGwNn5IuwsMdZZl79/RHI5NMmsW3zuRLeiRedCe','1','1','NznT2roxGch8bXKFyCr6V0xUTzazORYqnqbrXCO1LbboQtFjddzuvaxteDgD','en',NULL,'0',NULL,2,259,'2019-03-29 18:02:54','2019-11-18 12:32:53',NULL),
(260,'Safiah Mitri ','safiah@mpc.gov.my','830413125884','$2y$10$wLiLd.SI1ME7z50XEPlHluZuJyIBco2mVTMXtxGCvQN4ABm1IE2sm','1','1','1DOuXWlbNT6EZhCGERwlst7xpBFrFO1SeLjMWVL6EWqvjTQauCbd1dihHc3S','en',NULL,'0',NULL,2,2,'2019-03-29 18:02:54','2019-12-18 07:25:14',NULL),
(261,'Safniwati Jasri','safniwati@mpc.gov.my','760217715026','$2y$10$I8Md6xKTZRlfw1rpgk.IBubI0RihAwAELoENN6337ZPhS8PzOsSKu','1','1','a4LdxLR0wm1Olxks4npdDS11UqoeFcSdAM6Z4EZv51nqmiHZBvMOySFC4soM','en',NULL,'0',NULL,2,2,'2019-03-29 18:02:54','2019-10-20 07:49:03',NULL),
(262,'SAFURA ABDUL MALEK','safura@mpc.gov.my','860904525900','$2y$10$zhwJazh9s17jvrMOMl7.O.xw45ovB9EDxWQmAtBixnkAMVGj2WwPy','1','1','fLrN6xWQ2YpFmCAwA5M4jWq4mB3hTEJqBTyKSdSL5DO7wjyMDzmncmt2S0va','en',NULL,'0',NULL,2,262,'2019-03-29 18:02:54','2020-03-09 16:32:31',NULL),
(263,'SALIZA SAARI','saliza@mpc.gov.my','770801066220','$2y$10$6Zacx6yLwqggFS9Q2yvcFuTWQpfLCfnboCdP9Nn.4VcuYJixslftm','1','1','E59Z2FCrTBN6UNOjbZNMmkhCP6ETsi7l6AMsYsHJF0Ka7NsotbdydGL9xkAE','en',NULL,'0',NULL,2,46,'2019-03-29 18:02:54','2020-02-21 18:51:51',NULL),
(264,'SARIMAH MISMAN','sarimah@mpc.gov.my','640414107066','$2y$10$lcocG3Vrva62i/CgOvABKe3hmrAlqanL4I3lc4reFnn8JRzogxUoK','1','1','EBxxRElEge6hWljxOuT9WA5Dn3whcB35xlwdqneGPqWHFry6OP4u4NggG6r7','en',NULL,'0',NULL,2,46,'2019-03-29 18:02:54','2020-03-17 14:24:50',NULL),
(265,'SAWIAH ABDUL SAMAD','sawiah@mpc.gov.my','680101045120','$2y$10$ft4.q3uIdKZLq40SpsdvU.tSHZwTOlBb95yX9z1c72blSxvW1jz4.','1','1','8Jm45qRvf4Mc1OLijH5LFkxhxcTcvqoGUSfNwIU1cW2tdHJ0UxnF875HirfX','en',NULL,'0',NULL,2,265,'2019-03-29 18:02:54','2019-11-25 15:20:12',NULL),
(266,'Semawi Zakaria','semawi@mpc.gov.my','630328085527','$2y$10$iya3wKKNaAHu38xvktStcOE3ALryDSj4D6JCRlCdhUWBL0iqm86hq','1','1',NULL,'en',NULL,'0',NULL,2,2,'2019-03-29 18:02:54','2019-03-30 01:48:56',NULL),
(267,'Shafirul Izwar Saad','shafirul@mpc.gov.my','810418025235','$2y$10$1Js6M4CbAvGhuJzMqMJEnORjfWo.nOVPDAS6LUfJunzEC/mv1CalO','1','1',NULL,'en',NULL,'0',NULL,2,2,'2019-03-29 18:02:54','2019-03-30 01:48:56',NULL),
(268,'Shahidah Samsudin ','shahidah@mpc.gov.my','820526145858','$2y$10$K3mMnR2JtnK2GKBQpOoiIuek5Q10.p8x2Yf3lp8.RCWyiRfLQG.Wy','1','1',NULL,'en',NULL,'0',NULL,2,2,'2019-03-29 18:02:54','2019-03-30 01:48:56',NULL),
(269,'Shahriza Bahari  ','shahriza@mpc.gov.my','751226145016','$2y$10$z/5oNMnpZO79Uq1Ywsv1/OeKDEblEuR6VDStvezfGrN3Y9K2bBz6G','1','1','vcL78ApLkNG2qPd5L4emp5j5j5m3s7tD13BJD7mW3HAGQxiCdqFeFUYtn7LP','en',NULL,'0',NULL,2,2,'2019-03-29 18:02:54','2019-06-25 10:12:55',NULL),
(270,'DR. SHAIK ROSLINAH BUX','roslinahbux@mpc.gov.my','630619106404','$2y$10$.aadGnfpKpkmddARvkjYfuVWN3OvslZE0Lbpn5tnCi4.H0UkJ5Rn6','1','1',NULL,'en',NULL,'0',NULL,2,46,'2019-03-29 18:02:54','2019-04-17 04:46:27',NULL),
(271,'Shanthini Tamadoram','shanthini@mpc.gov.my','800528145896','$2y$10$TzuqVf6dmDpYi0HOdwQpFuLENc0Qfsmn5Mhl9elDe54Jx3xT8vZJi','1','1',NULL,'en',NULL,'0',NULL,2,2,'2019-03-29 18:02:54','2019-03-30 01:48:56',NULL),
(272,'Sharipah Mazina Syed Mohammed','sharipah@mpc.gov.my','660228035028','$2y$10$biHM9Z3I5Fk4D7Qj0Y/DzuvG2HrjlWZaXM6KH3z1WuZ0PfMJ7fozm','1','1',NULL,'en',NULL,'0',NULL,2,2,'2019-03-29 18:02:54','2019-03-30 01:48:56',NULL),
(273,'Sharizal Samsudin','sharizal@mpc.gov.my','800809085025','$2y$10$cEvoHrdk27iGchHjtlHl0OVeVFNUc9P92DTX77tNaneWUTFQCnj86','1','1',NULL,'en',NULL,'0',NULL,2,2,'2019-03-29 18:02:54','2019-03-30 01:48:56',NULL),
(274,'SHEZLINA ZAKARIA','shez@mpc.gov.my','720408025822','$2y$10$HTkGDRnwhuZOuibMRXY6tOF5r7EFGPn.g2kSgcxqwoWcdB6M0J8Di','1','1',NULL,'en',NULL,'0',NULL,2,46,'2019-03-29 18:02:54','2019-04-17 04:46:57',NULL),
(275,'Siti Aslindah Ahmad  ','sitiaslindah@mpc.gov.my','830813125234','$2y$10$x0EyWE5H4wkdIBANXnjQnuExLShXqjdvMk1RGsqx1VgiwjptfZ3jC','1','1',NULL,'en',NULL,'0',NULL,2,2,'2019-03-29 18:02:54','2019-03-30 01:48:56',NULL),
(276,'Siti Rahayu Md. Desa','rahayu@mpc.gov.my','750514075062','$2y$10$Kn0WM/Blv87UArjHPmgUDuTEcBZ73pF5HiHG6X6tLW9RVg51iOliW','1','1',NULL,'en',NULL,'0',NULL,2,2,'2019-03-29 18:02:54','2019-03-30 01:48:56',NULL),
(277,'Siti Rawaida Shariff','rawaida@mpc.gov.my','840604075284','$2y$10$.9yOkxqWMmIxdgXCtztTjORZbKwqASibdsIn2i8OproqJzfF9gPIu','1','1',NULL,'en',NULL,'0',NULL,2,2,'2019-03-29 18:02:54','2019-03-30 01:48:56',NULL),
(278,'Siti Sakinah Mohd Zaki','sakinah@mpc.gov.my','890129035608','$2y$10$OpGdKxMe5itiZCrjnsumRO7oq0316Lg22w26Je.8bLCDVvn74ET4K','1','1',NULL,'en',NULL,'0',NULL,2,2,'2019-03-29 18:02:54','2019-03-30 01:48:57',NULL),
(279,'Siti Salia Azizan','salia@mpc.gov.my','770502025592','$2y$10$kb6.JILEjHybLMkNu4fiCuTyZi/RwDqtbKYMerb7Ro.68FeZ/iN9u','1','1','O1UdW5xWbZBGZD4G1J7vRxcbpyF1AWOds0VKkmtd1UjHEC5iJO8CEBedTlnJ','en',NULL,'0',NULL,2,2,'2019-03-29 18:02:54','2019-09-12 15:25:13',NULL),
(280,'Siti Salmiah Yahaya','siti@mpc.gov.my','641101065170','$2y$10$lSE6K67yZFr.7tq2Rsg5vegEtDSH4wIIEZkbgdQeYYvVE9FxCej1O','1','1',NULL,'en',NULL,'0',NULL,2,2,'2019-03-29 18:02:54','2019-03-30 01:48:57',NULL),
(281,'SITI SYAFIQAH AHMAD','syafiqah@mpc.gov.my','891122146000','$2y$10$pFh8p5L2atxBs0YjwIr6SerMmAkd7mRak8GZcsRc76ENIBumOPB8a','1','1',NULL,'en',NULL,'0',NULL,2,46,'2019-03-29 18:02:54','2019-11-12 09:05:27',NULL),
(282,'Siti Zaharah Mohamed','zaharah@mpc.gov.my','860913235390','$2y$10$jMD2IS/9/531VSS982bqZenx6GECQCcI/QEHLz7EXy/IyW.A576EK','1','1',NULL,'en',NULL,'0',NULL,2,2,'2019-03-29 18:02:54','2019-03-30 01:48:57',NULL),
(283,'Siti Zurianah Othman','zurianah@mpc.gov.my','780808045202','$2y$10$oEH//svcfJecad.4d2owTuGpfggdzf56gfBfRh0cs64TGa4rq7Z2q','1','1','ChRP7abylvrrrsPMBYjRyxOKFcSNCS2GoA2lre1AGfmdCjL9P42G8ucnnHXQ','en',NULL,'0',NULL,2,2,'2019-03-29 18:02:54','2019-10-25 16:35:58',NULL),
(284,'SUGUMAR A/L SAMINATHAN','sugumar@mpc.gov.my','650711025373','$2y$10$xilmTQOg2TY.r89GR74sEuPuTLpuMrhUpBKTgHu8MEmNzj9S26Eui','1','1','dMxozguI5d1I9djTxQS16IqKAZssJR9A9aDZIrkFpW5gkHdjiyJ4gJ8Omtkp','en',NULL,'0',NULL,2,46,'2019-03-29 18:02:54','2020-07-23 02:06:33',NULL),
(285,'SUHAIMI HAMAD','suhaimi@mpc.gov.my','610920035475','$2y$10$NVP0Qcy44g0Duq9WC6rCt.y0gA8hvVcUh.1DSjce6rLQKVAMqVVki','1','1','h8bbj0UpKGgiPbbUe8w8uCiThF7W1oaHrLn3OxcghSYedX7dsexSdHvJLMMF','en',NULL,'0',NULL,2,46,'2019-03-29 18:02:54','2020-02-20 10:42:17',NULL),
(286,'Suhaimi Robini','suhaimi_robini@mpc.gov.my','821006015819','$2y$10$8eno3lKksVsAQgc5/jERp.yI2IsMqYSowjwGyx3l.nLt5oB2e9yae','1','1',NULL,'en',NULL,'0',NULL,2,2,'2019-03-29 18:02:54','2019-03-30 01:48:57',NULL),
(287,'DR. SURIATI ZAINAL ABIDIN','ati@mpc.gov.my','720615045084','$2y$10$D3/cVgDZ5R2bCy3zs9pF/u1w2odAPANqqDHD0GUYz.em8eciASAdq','1','1',NULL,'en',NULL,'0',NULL,2,46,'2019-03-29 18:02:54','2020-02-03 22:55:21',NULL),
(288,'Suzana Ismail','suzana@mpc.gov.my','730505035706','$2y$10$96oJjuyAIwdKXS/pd7Z.QeOWX4jt0dlVZr88ZVElauF2mBE4VrmoO','1','1',NULL,'en',NULL,'0',NULL,2,2,'2019-03-29 18:02:54','2019-03-30 01:48:57',NULL),
(289,'SYAIRAH ZAIMAH SHAFIEE','syairah@mpc.gov.my','860504387326','$2y$10$fIB5mvMh8kHn6QZgygMEEOyfD1FigFnhi5nuu3SOuAeHcxtt/VI/i','1','1','POG6f4k4SSxkY9TQiy33DxiwX2MIpyoai5wV1XuZq7g2nYNxET0n5X1dAxiQ','en',NULL,'0',NULL,2,46,'2019-03-29 18:02:54','2019-11-25 14:49:00',NULL),
(290,'Syed Mohammad Fitri Syed Abdul Rahim ','smfitri@mpc.gov.my','780905065205','$2y$10$uH0hryR2LD113wp5SXC3EezJUqKdAlgbbSkhCl05Yhz89SXyN7bl2','1','1',NULL,'en',NULL,'0',NULL,2,2,'2019-03-29 18:02:54','2019-03-30 01:48:57',NULL),
(291,'SYED MOHD. AL-KHAFIEZ SHAH SYED MOHD. AZAM SHAH','syed@mpc.gov.my','800531145133','$2y$10$2GY4P4xumrg7kTNaV1qlluJobS7VNwWDSjwcsR0OXZZh2JMQ03qIK','1','1','7iYACM2839oaJX5hiyI16C8zTaSGyyWog8IYj86KpAPUECJLCVqxN7r1Xd4E','en',NULL,'0',NULL,2,46,'2019-03-29 18:02:54','2019-09-12 02:26:36',NULL),
(292,'THEA JUMINITA CHEONG KIAM','thea@mpc.gov.my','611123125392','$2y$10$lo8iNYZqHOc8RZ90znX3Z.DJXAx5H3UQoSF8o46j1MQxGfoZBmvmu','1','1','ac5NEctWumnj1pGgPjjZJediL02lZ5CoZZMUMeRw26bSWJWeb1TmeoQ1Corh','en',NULL,'0',NULL,2,46,'2019-03-29 18:02:54','2020-02-26 09:28:06',NULL),
(293,'Umi Kalsom Osman','umi@mpc.gov.my','610102045102','$2y$10$GZ6kZTHl.2a.BDwHM8twjex4OSYMybypZOBPP4t8nckYQPviFAYTK','1','1',NULL,'en',NULL,'0',NULL,2,2,'2019-03-29 18:02:54','2019-03-30 01:48:58',NULL),
(294,'VIMALA A/P R.MUNIANDY','vimala@mpc.gov.my','830708146260','$2y$10$zqY6nQzuyhf7SH.HY54qq.CkgLTlKHy9ffxOi60Dp6R6tkXAYd0ry','1','1','GiHtXV8zh4OBtYSfXupLEsTIEiwDtpHrvYYrCFhu7HbAj305wyNf8ht6mKWY','en',NULL,'0',NULL,2,294,'2019-03-29 18:02:54','2020-01-17 11:27:33',NULL),
(295,'WAILA MOHD. NASIR','waila@mpc.gov.my','730621106022','$2y$10$QxwKzXGEUHIn3PQYsjIT1e4he4Ee4YP/9S4yWamB0bL7GcNEkGOg2','1','1','CqL4CMNTiNa78sbdG0XJWRZC3XaNkyv3w0nl7xHpbDFDaNHDT8Z3KI2NQ6H4','en',NULL,'0',NULL,2,53,'2019-03-29 18:02:54','2019-11-26 09:22:21',NULL),
(296,'WAN FARID WAN HAMAD @ WAN AHMAD','wanfarid@mpc.gov.my','791024105661','$2y$10$Dbn2ucgWiVjNdTP9Iuj3K.S7u8Dv6hPHEqo2b.GQ9.LotRqowbXPC','1','1','Yb8p7GNngA4fSutnrbnoroROWQEyHRLQKZ8XKHtobhpxqaJkcXp57OrwpetM','en',NULL,'0',NULL,2,46,'2019-03-29 18:02:54','2020-02-10 14:56:54',NULL),
(297,'WAN FAZLIN NADIA WAN OSMAN','nadia@mpc.gov.my','791126015974','$2y$10$K/BTBiOMrQJwuok0Aa7RyOdGb40aobLoxLIE4NOj4zLvgp2Myf3au','1','1','FOGu1CRCl279EuuRtpCuhUIWHYjUlsa2vM4WfdAiVyhKpM4txEAJDRf9AQ8e','en',NULL,'0',NULL,2,46,'2019-03-29 18:02:54','2020-02-17 14:15:06',NULL),
(298,'Wan Khairunnisa Azmi','khairunnisa@mpc.gov.my','860225295576','$2y$10$zTfd5WnvMdmVOY1/8qhkQOGLyYeMHpM7YO8wjMXNQA.eLtGuFzCjy','1','1',NULL,'en',NULL,'0',NULL,2,2,'2019-03-29 18:02:54','2019-03-30 01:48:58',NULL),
(299,'WAN NORHANI WAN KHALID','wannorhani@mpc.gov.my','640706115164','$2y$10$TCNAlxNx57IR7gHrgxxXtO.1swp2OxWAqMbs2LR5eQVyEWorT.n9K','1','1','6dWoGzT8qhqQqGHFgZqKVa4dTuK7VVSxs5sPoNrLV8VvaDFLKkvntT7vtzNW','en',NULL,'0',NULL,2,299,'2019-03-29 18:02:54','2019-07-08 07:55:47',NULL),
(300,'WAN ROZITA HUSSAIN','wanrozita@mpc.gov.my','770518065820','$2y$10$Zl1pCsO0d.jCTv3ZJfvWuOZuvuAJWh9pG7Bna34z1tIo5v14SYtHe','1','1','t4Sa8RlC62naQFvCvJiOd1a6qGNTGOcHuWb3GRGubWwUBEahkAyn31VWpk2J','en',NULL,'0',NULL,2,46,'2019-03-29 18:02:54','2019-09-10 16:40:34',NULL),
(301,'Wan Yusnaini Wan Yaacob   ','yusnaini@mpc.gov.my','710502035534','$2y$10$Pd1kTOPRjapjqQzTfsN6cuW7YmHt72ZT9fvpxxhPhNm161qpVkTfi','1','1',NULL,'en',NULL,'0',NULL,2,2,'2019-03-29 18:02:54','2019-03-30 01:48:58',NULL),
(302,'Wan Zainulhaq Thaniah Che Haron','WanZainulhaq@mpc.gov.my','710129035076','$2y$10$H5IeaHcTNzyG2rk1PhdS2euaqZD98bsv3NgyL4z9lCprcs1EE1zuq','1','1',NULL,'en',NULL,'0',NULL,2,2,'2019-03-29 18:02:54','2019-03-30 01:48:58',NULL),
(303,'ZAFFRULLA BIN HUSSEIN','zaff@mpc.gov.my','691003035395','$2y$10$qQZrLrdAMdehB4gSK7Gnn.3qdrzLvSamchX/p0qaaAMdmuvkNptSe','1','1',NULL,'en',NULL,'0',NULL,2,303,'2019-03-29 18:02:54','2019-10-19 04:49:04',NULL),
(304,'ZAHID ISMAIL','zahid@mpc.gov.my','660320075225','$2y$10$ydWP8yv0D5DsqQYmIOykh.OYqgt4lvwMltN1zikqjIDHUpIZ3MtlG','1','1','tPQAApSbtxkk0cTW60ecKMmuAvgP8SeIvm9WR908YK8DzcTtzv4Q9BPsUH4c','en',NULL,'0',NULL,2,46,'2019-03-29 18:02:54','2020-03-12 07:58:41',NULL),
(305,'Zaidah Hassan','zaidah@mpc.gov.my','810614065568','$2y$10$bu0VtBc38HQ9yHIbz5GZaOd0XQU06F7L85qz0sI2sLfmz4QsqFGVK','1','1',NULL,'en',NULL,'0',NULL,2,2,'2019-03-29 18:02:54','2019-03-30 01:48:59',NULL),
(306,'Zaini Haron','zainiharon@mpc.gov.my','830119105073','$2y$10$fbF.g4Rj0xWY54nabo2t0.L3Qj26oNO0aebT0m7VogptI459ryT8.','1','1',NULL,'en',NULL,'0',NULL,2,2,'2019-03-29 18:02:54','2019-03-30 01:48:59',NULL),
(307,'DATIN ZAINON BAKAR','zaiba63@gmail.com','630524106620','$2y$10$BgFq18EKlgc1cuj4HyyW4.QK3yTclR3VSghIBq4FFwl6rEMmRc10O','1','1','qlfl2Pzs8DCyhXiGQ2fRCSAUXmCePkd3GaaFfsUIYG792lzxFS2mGnrNQBqA','en',NULL,'0',NULL,2,46,'2019-03-29 18:02:54','2020-02-13 13:05:30',NULL),
(308,'ZAINUDIN ELIAS','zainudine@mpc.gov.my','650322015235','$2y$10$4yga4aA7mHa3GFDZdQPG6.4qtLRh3JlyZOkyXLLn.Qb9D7yZ.1ijO','1','1',NULL,'en',NULL,'0',NULL,2,46,'2019-03-29 18:02:54','2019-04-17 04:55:12',NULL),
(309,'Zaiton Nordin','zainordin@mpc.gov.my','621101065316','$2y$10$v7IpQfJoO.953PC.20/TQO8dQ5.aHi.gk/frC/xm7p/VMpWhKWYam','1','1',NULL,'en',NULL,'0',NULL,2,2,'2019-03-29 18:02:54','2019-03-30 01:48:59',NULL),
(310,'ZAKI JAAFAR','zeck@mpc.gov.my','670719035611','$2y$10$hhaKi2pZxkcgRRk8bPJBGOAgBKSnygBmNTkG2eelsPHE65A0LWUv6','1','1','5XxmnZEjtN5wuqf6VS7kRs45r1hae6rzKa8d3CDRe1RQK6urh5S04sjMLJT6','en',NULL,'0',NULL,2,310,'2019-03-29 18:02:54','2020-01-29 01:33:40',NULL),
(311,'Zawiyah Abd Manaf','zawiyahmanaf@mpc.gov.my','871012235530','$2y$10$xl6a0AZ1pNbD6vIOwNWcFuJbDAd78VLUA1xq5c5T8GK57w2fMEuIS','1','1',NULL,'en',NULL,'0',NULL,2,2,'2019-03-29 18:02:54','2019-03-30 01:48:59',NULL),
(312,'Zubir Zainuddin','zack@mpc.gov.my','720327055077','$2y$10$1BCvvlCBAfaXQJtxmGkKXe0Pdutyiq3Y8LZB3neN/DZoOP8DM3j3K','1','1',NULL,'en',NULL,'0',NULL,2,2,'2019-03-29 18:02:54','2019-03-30 01:48:59',NULL),
(313,'Zul Ezwan Muhamad','zulezwan@mpc.gov.my','810122015257','$2y$10$H6cI5X3z6IPhZZ88w8CUB.aJuM/ltRPBNAmGUg7k3ImgPfXyBFNuu','1','1',NULL,'en',NULL,'0',NULL,2,2,'2019-03-29 18:02:54','2019-03-30 01:48:59',NULL),
(314,'ZULAIFAH OMAR','xue@mpc.gov.my','631016015006','$2y$10$XjmlPquEks25kegvHQZUte/CLmXgXgHvVZBvFPNhTd0bJY0iPwzv6','1','1','bW8SprQfmv5lhK5VvKrUKkcTbBKpNIb7CCqah9itf6Qf1UK8tAasHP2Cw4Nl','en',NULL,'0',NULL,2,46,'2019-03-29 18:02:54','2019-10-04 16:57:15',NULL),
(315,'Zunaidah Awang Nawi','zunaidah@mpc.gov.my','820911035882','$2y$10$C8Z1k.90Rx3VfVM1sZxEjOi5WRBUPJQIP2qhLa8Rw/7caEd91aAw.','1','1',NULL,'en',NULL,'0',NULL,2,2,'2019-03-29 18:02:54','2019-03-30 01:49:00',NULL),
(316,'Zuraidi Zainol   ','zuraidi@mpc.gov.my','830428095219','$2y$10$3K9czolfnxlDJHAMD5Rg.u7gVuERdkQB3BE7j/4HQ0YKO.5lpvJM2','1','1','OGLYMHWbRvHXEELQ5L1q5QhM9cwrc7MBsj4QUDS6TxTsb1Tweqt8xuusrZmU','en',NULL,'0',NULL,2,2,'2019-03-29 18:02:54','2019-06-11 15:49:05',NULL),
(317,'ZURAINI SUBKI','zuraini@mpc.gov.my','820829035744','$2y$10$Xx4sYatlAhQggM1Nu3eJK.2Aw6ELGLvbG.RyesPYWIakhD3N9RMkG','1','1','CtCdPD9bw94CcaCsFsPDsuWI60ZDVQNMrcBUV9Vd4K4bniCGRItRFgBKZAG9','en',NULL,'0',NULL,2,53,'2019-03-29 18:02:54','2019-12-16 15:05:20',NULL),
(318,'Zurianti Nor Azian Mohd. Nafi','zurianti@mpc.gov.my','880229065872','$2y$10$CjtIKYt0vppATqm2TcqzG.pprV.e0XHGIhLaiSygfrxifAXyGOcNu','1','1',NULL,'en',NULL,'0',NULL,2,2,'2019-03-29 18:02:54','2019-03-30 01:49:00',NULL),
(319,'ABDUL RAHMAN KAMIS','arahman@mpc.gov.my','911019085241','$2y$10$i1Qn8XWUPdVTc56MNxAZue14kg2CIzhFUYU02/GzwYqXI77byhbW6','1','1','xoIoUumzTCrICNndZbCCH6cJXIIEFsGlJa3JBHJQt4sV0dmgklfMerZBlR5i','en',NULL,'0',NULL,2,319,'2019-03-29 18:02:54','2019-10-21 14:01:00',NULL),
(320,'Aimi Zahira Azami','aimizahira@mpc.gov.my','891008026064','$2y$10$w39geegsrN99lf/BKGMNr.GWrv6HcId.kjIKKSpiNLET.kGBbDMfy','1','1',NULL,'en',NULL,'0',NULL,2,2,'2019-03-29 18:02:54','2019-03-30 01:49:00',NULL),
(321,'Anis Syafiqah Ayob','anissyafiqah@mpc.gov.my','910208095030','$2y$10$CzuPgv6Fga4fUb3n1uVkWu/DH0U4VPUGnKbUCHo/jN2U7FJzYUuXy','1','1',NULL,'en',NULL,'0',NULL,2,2,'2019-03-29 18:02:54','2019-03-30 01:49:00',NULL),
(322,'Jerrecy Elsie P. Tojipun','jerrecy@mpc.gov.my','841208125352','$2y$10$3uuY35K45pOCfI08uOAyxOF8HWzSYEnaOnhj7uaTmfCa8N/KmNMu2','1','1',NULL,'en',NULL,'0',NULL,2,2,'2019-03-29 18:02:54','2019-03-30 01:49:00',NULL),
(323,'Mohamad Amirul Arif Sahimi','mohamad@mpc.gov.my','910408036123','$2y$10$fL7nbP18iyKD2lgvOfxdPuoe6vClZybD5PqEE32uO1eNTd7XlrI7e','1','1',NULL,'en',NULL,'0',NULL,2,2,'2019-03-29 18:02:54','2019-03-30 01:49:00',NULL),
(324,'Mohammad Fadzrul Faridz Hazni','mfadzrul@mpc.gov.my','930527045223','$2y$10$D2Ve9VOkPSNlgE7bzqczZuSY5V/luDXXTuUH2r5Y6ST.MEKVrQHfK','1','1',NULL,'en',NULL,'0',NULL,2,2,'2019-03-29 18:02:54','2019-03-30 01:49:00',NULL),
(325,'Mohd Aizuddin Noor Azman','aizuddin@mpc.gov.my','890129085541','$2y$10$JtL2piGFTgbJiM0CeIT7jOpbPk2Pp/ahWHK3kAxFk9dHdHVfORA9e','1','1',NULL,'en',NULL,'0',NULL,2,2,'2019-03-29 18:02:54','2019-03-30 01:49:00',NULL),
(326,'MOHD MUJAHID MOHD YUSOFF','mujahid@mpc.gov.my','900521036193','$2y$10$qIJ/lSRfCcpjj/v6lOppguc29dqnLCAXvYoiTSaEshiQqhxbspLLq','1','1',NULL,'en',NULL,'0',NULL,2,46,'2019-03-29 18:02:54','2020-02-06 14:16:04',NULL),
(327,'Muhammad Adib Fitrie Mukhtar','adibfitrie@mpc.gov.my','910416036107','$2y$10$oIVvzSUS9xEJLEhLlNTaaOgRWi1rnZqYoiuck5zEb0dZ2/0yHaFHq','1','1',NULL,'en',NULL,'0',NULL,2,2,'2019-03-29 18:02:54','2019-03-30 01:49:00',NULL),
(328,'Muhammad Azrull Nazreen','azrullnazreen@mpc.gov.my','940822015325','$2y$10$Za7eRSw.phviIO6nIepjneefsEHmycKa8fcawsvV9GHQd706KqDV.','1','1',NULL,'en',NULL,'0',NULL,2,2,'2019-03-29 18:02:54','2019-03-30 01:49:00',NULL),
(329,'Muhammad Firdaus Yahya','firdaus@mpc.gov.my','940723015733','$2y$10$MRFXDLrAnnPagqoWo54s7.boH8tnUnkTmbtAUAjQkuOsuYnLUiMiS','1','1','iixPepPne4bkjkewCtQf7HRlguqm4YQLRYbBZTcjVK6kCnF7pFyGwYLX2Ivv','en',NULL,'0',NULL,2,2,'2019-03-29 18:02:54','2019-10-18 16:19:04',NULL),
(330,'MUHAMMAD HANIF CHE WAN NAMAN','hanif@mpc.gov.my','950913035929','$2y$10$mKUvJv0wtJh/IDVxsV3jhu5KOSDMgaUpFaUlv195LIHoJNidN21TC','1','1','m8PhVfodEmWUIelTSBtF0LkTueyezxRCd32NlX1m9vA9ZeLW3bTZ6VwvGUeI','en',NULL,'0',NULL,2,46,'2019-03-29 18:02:54','2019-07-29 14:30:01',NULL),
(331,'Muhammad Imazakwan Abdul Razak','imazakwan@mpc.gov.my','930213145205','$2y$10$vNUt153KdYLQ3jBcNOKYk.3csH.uW8EbU0qD39ukhLhYpg1bnvcNe','1','1',NULL,'en',NULL,'0',NULL,2,2,'2019-03-29 18:02:54','2019-03-30 01:49:01',NULL),
(332,'Muhammad Zarul Naim Zul Haddi','zarulnaim@mpc.gov.my','941218085225','$2y$10$74j33Pj//FXKwMaqZT/jn.PRXscAJD93Ig0f.OyvOMtE50/k2GQEy','1','1',NULL,'en',NULL,'0',NULL,2,2,'2019-03-29 18:02:54','2019-03-30 01:49:01',NULL),
(333,'Munira Abd Razak','muniraabd@mpc.gov.my','821219105244','$2y$10$8QgoZwIsw0Cpat9crcIDrusnPG5cXpVIMgHMMAgsXC5pFHjZooSTq','1','1',NULL,'en',NULL,'0',NULL,2,2,'2019-03-29 18:02:54','2019-03-30 01:49:01',NULL),
(334,'Nadiah Jamal','nadiah@mpc.gov.my','930416105414','$2y$10$/kd6KngvJy4dw2uCHFnm6uVUUor2I1MZXGolByPD.peB91Hd.oqBC','1','1',NULL,'en',NULL,'0',NULL,2,2,'2019-03-29 18:02:54','2019-03-30 01:49:01',NULL),
(335,'Naratul Nurhaniza Rusli','naratul@mpc.gov.my','940209146298','$2y$10$dm8i1LnxnJEH6Kw07jQ8n.U.5.NMpam8E5aJWtqjAhkY97GXD0Bde','1','1',NULL,'en',NULL,'0',NULL,2,2,'2019-03-29 18:02:54','2019-03-30 01:49:01',NULL),
(336,'Nasuha Misri','nasuha@mpc.gov.my','930827016256','$2y$10$D295bn8X.GiJLcvZJ41xZO0kqSFU0GvRZIh1BlyIfwbCpGads50xm','1','1',NULL,'en',NULL,'0',NULL,2,2,'2019-03-29 18:02:54','2019-03-30 01:49:01',NULL),
(337,'NIK HANEEZ AMIZAN NIK ROSDI','nikhaneez@mpc.gov.my','920718895010','$2y$10$KXaFRjZx.F9S6198yL5daOKsH/4KA78dcb3C.rqV1KM2tRoDq4LhS','1','1',NULL,'en',NULL,'0',NULL,2,337,'2019-03-29 18:02:54','2019-07-09 02:17:29',NULL),
(338,'Noorazlin Mohd Nasir','noorazlin@mpc.gov.my','930103085678','$2y$10$p5rOYgP4M/Yw9PyJc0aQ0OObBbDJPU1WOpny6DV7vRPqyuKfSraWi','1','1',NULL,'en',NULL,'0',NULL,2,2,'2019-03-29 18:02:54','2019-03-30 01:49:01',NULL),
(339,'Nur Asyikin Setapa','nurasyikin@mpc.gov.my','920609035740','$2y$10$lHM2SCpEUXGMvnbutqbek.uW9HIUoPGc7Ev05T5.AKEGrQMRh.RBy','1','1',NULL,'en',NULL,'0',NULL,2,2,'2019-03-29 18:02:54','2019-03-30 01:49:01',NULL),
(340,'Nur Farhana Zaibidi','nurfarhana@mpc.gov.my','871216015126','$2y$10$d7LKg/9Ul6MGX8Ky8DYhd.hTI22r.QiIU1kaJ/os5aO1kgvFyQrV6','1','1',NULL,'en',NULL,'0',NULL,2,2,'2019-03-29 18:02:54','2019-03-30 01:49:01',NULL),
(341,'Nurain Syafiqah Norazman','nurainsyafiqah@mpc.gov.my','930624016096','$2y$10$DnRrrqXCFcoef4geGwoQi.vBEbQxN3AIFmzO26VWV.ANvm1OM9YWS','1','1',NULL,'en',NULL,'0',NULL,2,2,'2019-03-29 18:02:54','2019-03-30 01:49:01',NULL),
(342,'Nurezyan Sofea Zairul Mujahidin','nurezyansofea@mpc.gov.my','940312015130','$2y$10$N2IcC3KNzW.STjl.WJqEdepI9cxh/gnnejg53GiVIe9pabSO4Wr5i','1','1',NULL,'en',NULL,'0',NULL,2,2,'2019-03-29 18:02:54','2019-03-30 01:49:01',NULL),
(343,'NURFARIHA AHMAD','nurfariha@mpc.gov.my','951130136162','$2y$10$IzWZOhQ5L.GbwpOjDxNVDu9v9Sv9LaKLZ81SElLbES57G0TX.eMTC','1','1','rxYbTmp4nFzDpX8lKNxUcIwAjwFaE10tbRJnVyXQxa7MEnQDDnVwVuF1QV2N','en',NULL,'0',NULL,2,46,'2019-03-29 18:02:54','2020-02-28 09:52:32',NULL),
(344,'Nurul Husna Abdul Rashid','nurulhusna@mpc.gov.my','920422086556','$2y$10$O3UWe8PbYmtkfwGete2mWOeWFBQ881aY49uHjJNiNyOrMwfd6D/Mu','1','1',NULL,'en',NULL,'0',NULL,2,2,'2019-03-29 18:02:54','2019-03-30 01:49:02',NULL),
(345,'Rabiatul Adawiyah Arzahar','rabiatuladawiyah@mpc.gov.my','970504145308','$2y$10$u1UHF08o6M5ctx5p530KgO5uscoZyBnBuzMHqR0YMmkyPpAhBpGnW','1','1',NULL,'en',NULL,'0',NULL,2,2,'2019-03-29 18:02:54','2019-03-30 01:49:02',NULL),
(346,'Rozainy Elyza Rosli','rozainy@mpc.gov.my','940817146750','$2y$10$edTRhvyY/FHNb5d2NcKEpurNItyChSfEXiMrT7P9Nc7ivwmemkWRu','1','1',NULL,'en',NULL,'0',NULL,2,2,'2019-03-29 18:02:54','2019-03-30 01:49:02',NULL),
(347,'SHAZYMIN MAZLAN','shazymin@mpc.gov.my','930205075796','$2y$10$K8j2TM0jIsdX9qBlURk.Cum1TVTgtRPWdg4lO4oxvfYmWO/Wr52ve','1','1','of5CYYTh8ATDr6ilvEM132MMgwtW1pU8mETAUVyBCh73JjDSDjFNdQiHgrar','en',NULL,'0',NULL,2,46,'2019-03-29 18:02:54','2020-03-05 09:57:44',NULL),
(348,'Siti Hajar Ismail','sitihajar@mpc.gov.my','930122085702','$2y$10$Rn1ZGqZPBnrPbm3xECbeveGH6gI9PqcM1eLrWaMo8lS9QAs/sBVTC','1','1',NULL,'en',NULL,'0',NULL,2,2,'2019-03-29 18:02:54','2019-03-30 01:49:02',NULL),
(349,'SITI NUR SYUHAIDA MOHD SALLEH','syuhaidasalleh96@gmail.com','960416115070','$2y$10$cmStJxMqvVyktWESDbF8gOwrZ/fS2uqDY7Tcov0K8vh2lxWOMFRoy','1','1','hNo1tlGFDJ5hwMyUkrGLuLnSLg5SloaokmV3jPYza3p56CLScSQl2D0WhD2w','en',NULL,'0',NULL,2,349,'2019-03-29 18:02:54','2019-10-25 16:33:21',NULL),
(350,'Siti Nuraini Ab Halim','sitinuraini@mpc.gov.my','921013065046','$2y$10$cjT7VeTex79cY5uqE1f9zuKnIP0oNW06G9vM3OzSMtJEleG8JlZtm','1','1',NULL,'en',NULL,'0',NULL,2,2,'2019-03-29 18:02:54','2019-03-30 01:49:02',NULL),
(351,'SITI ROHANA RUBAIDI','rohana@mpc.gov.my','910516106408','$2y$10$3mUMV5ZmxAAPx2j6B6SnnuHMgZZ9dTRKVkFEN463g5s/ZmGq6Bun.','1','1','hHFYCX7NiK3lc6LwpNaUvrsa9ggIkN5wR0ap1JgPvDBokgnPgNJKBxOZ2xXh','en',NULL,'0',NULL,2,46,'2019-03-29 18:02:54','2020-01-21 12:45:11',NULL),
(352,'SITI ZAHARAH IBRAHIM','szaharah@mpc.gov.my','830226045192','$2y$10$UpmiOoje4c2ZSUXKAbqo1.VrFZTrBULaJn.xiIRtbyqo5OXvmu6fO','1','1','rB2gO0W2AmbNPdPD3vV8WJKBL1QFm0bzjsQmhcE85eqsCEko1Z3yXeLK0Iwq','en',NULL,'0',NULL,2,352,'2019-03-29 18:02:54','2020-01-21 10:19:33',NULL),
(353,'Syed Izzat Emir Syed Ahmad Razali','syedizzat@mpc.gov.my','940405105629','$2y$10$INdnHuM8coOPYT9SRvAO5OQb4SK3490ha5t6yFtGN7NTR0RNm0Lzm','1','1','48iFMN4cZkp1EgzjvbNMO29SnKHwZ65Nz5SYww6JhdvH98zriXwXZ8fIbVZg','en',NULL,'0',NULL,2,2,'2019-03-29 18:02:54','2020-01-24 16:06:27',NULL),
(354,'UMMU ‘AMMARAH BASYIRAH HASHIM','ummu@mpc.gov.my','940826017328','$2y$10$CJz9EMsPZc9jxpH5xxExKOUTB7.WKstOrTRrK1K5t.anp4kIWr9nS','1','1','eCFVKzMgx7RBXgkKuBdV1niyTcpiHhMaUYsDtRNLxPxdC9J6R07B1fBlCCWt','en',NULL,'0',NULL,2,46,'2019-03-29 18:02:54','2019-04-15 12:05:01',NULL),
(355,'AHMAD SYAFIE BIN IDRIS','syafiqidrus@gmail.com','860716335317','$2y$10$gw0izPMU3RRuC4YfPSl4m.kGzqtxT9mby73D.yAouGl/p8agf1LQa','1','1','tM5NaQcfLrToFnSewme5WvPj1ePmMpS7auP1vo2AvmisXI96bEXyGXy0IF4F',NULL,NULL,'0',NULL,2,355,'2019-03-31 20:57:41','2020-07-23 00:28:57',NULL),
(356,'NORAIZAM BIN BADRON','mpcflightsystem@gmail.com','740102015937','$2y$10$ZIV94i/dFpR1/fZl5xDkw.RqmJ1GbJkofRCDij5MywYhNe0VMZhHu','1','1','QVBeuRqwXuXsGDpMOrERAO524C8ZcxceTpyjeX0nsz9JBsjX1l45Stp6PakL',NULL,NULL,'0',NULL,2,356,'2019-03-31 21:04:28','2019-04-05 17:34:02',NULL),
(357,'MUHAMMAD FATHI BIN MD TAIB','fathi@mpc.gov.my','9106070950','$2y$10$PBdt0oCEPBMDBe5WUXPIbefA6np.hYx5rPHbugWRJFmBl5wv.zTLi','1','1','WORFA30e1sHFLRFc90IoNWflAgGCcp6uFHjcdbaHDyfqLnhTEl5M0oGMwsn0',NULL,NULL,'0',NULL,46,46,'2019-04-18 04:38:59','2019-11-19 16:07:00',NULL),
(358,'MOHAMED AMIRUL ZAFAREN MOHAMED ZAKIR','zafaren@mpc.gov.my','9409041463','$2y$10$BBtwc0fbN5pP/dqywNOa4ueJI4flD2lQ3lk3PrHcszEZ7C4BIBuOK','1','1','Hj1E8nocVkOKznCoKrWXZb4soQ4uU1lbaoIQcGgo9kMviWbnrZ6sL6zVqIaC',NULL,NULL,'0',NULL,46,46,'2019-04-18 04:47:42','2019-07-05 11:25:47',NULL),
(359,'MOHD NOOR AZRIN BIN ADNAN','azrin@mpc.gov.my','871129035559','$2y$10$OFmWhh6KGL0twMeMKTMztusXKyO3uMUcOTy5s2lBlAVfrBaLbXwhi','1','1','46UQIDnOy9jn4VBNfAjTP9WvEOiTxUFjTU1ku3cKkqJ2D8cMkWMA0RPnBONw',NULL,NULL,'0',NULL,46,46,'2019-04-21 05:00:49','2020-01-08 13:47:33',NULL),
(360,'AZIRAH BT MOHD','azirah@mpc.gov.my','940610115324','$2y$10$u4llW0RiPibhGyCiQe.FjOz71605GeI0FIWOACHg5L7FA9Ujw3ncq','1','1','Ngq91mMwoz43L7vKHC2oPmBnt7PQjRUD8V5J72IitNfBPja1ZNJsnPQ4GUEu',NULL,NULL,'0',NULL,46,46,'2019-04-22 20:16:25','2020-02-07 16:46:40',NULL),
(361,'NUR ILINA BINTI ROSLI','nurilina@mpc.gov.my','940603146456','$2y$10$HniiN8uVPA6gyYLPZ9rdruncBGEty/0VmFM1SZJIS.1CRFZXt1982','1','1','whyovYQMRVfjBxOUXcbWb0lF51gyPOq2zwPG7f0GQbTiO5XJ1XfLgaA2fRc5',NULL,NULL,'0',NULL,46,46,'2019-04-25 01:56:56','2019-04-25 15:58:55',NULL),
(362,'NOOR IDDEANNA BINTI IDRIS','iddeanna@mpc.gov.my','950806146236','$2y$10$er7A1b6zxNaKA.nMghdSGeZZ2G5A.AW8JqAUVx60hGhH6HPNwZPKG','1','1','wk6dFUCQU9pghfZ4cZXGsOUX6eIDRWHWv4seTKVlxhXfPXGXqaVnJZO4kQum',NULL,NULL,'0',NULL,71,71,'2019-05-03 03:35:10','2020-01-19 09:29:21',NULL),
(363,'AMIRUL HAIZAD BIN REDZWAN','haizad@mpc.gov.my','940109015151','$2y$10$UhfuWkKlFEPXrR1q0NyfquQ63FDudkNJDvONWJ0PU.WCFG6Bh3RNq','1','1','yKNzuoiWiTHHKyDxp3BcqUIJNVAl2itN7kJDJ3mhBO1rvaUNgtOChxYUBA7K',NULL,NULL,'0',NULL,46,46,'2019-05-21 20:43:57','2019-10-30 11:26:59',NULL),
(364,'NOR AZZATUL AKMARISHA BINTI SERJALI','azzatul@mpc.gov.my','940801086140','$2y$10$1zCA8PUnZdQNqucR..lp9.Mmc1dwSHf2mlXRSrMveOcmJyYFf7lg.','1','1',NULL,NULL,NULL,'0',NULL,46,46,'2019-05-27 23:13:16','2019-05-27 11:13:29',NULL),
(365,'NURUL NADIA BINTI ABDUL PATAH','nuruln@mpc.gov.my','950526145298','$2y$10$cTfHHgcjCkySCxqBosbfUue.Fm9JQJ8FrXzmQPh2wzB08DzTZ75fC','1','1','yhAaWocpvVMVWGLKQvyIIQKt1bKHdOz481B4F55KTZkDLzwZIRSvN9Kf9bgk',NULL,NULL,'0',NULL,46,46,'2019-06-12 21:38:57','2019-10-04 17:58:34',NULL),
(366,'MAHZAR REZZA BIN ITHNIN','mahzar@mpc.gov.my','860306335779','$2y$10$aOA32i7OyFfDHSqOvMK9ZOL8iBaaLuAlrK.SQv7Y.kW6.itmzE05K','1','1','h3QmRRJNkpVzobaKNjvNvD3yzkYVoFSOTIGFMTsNJNAI7xnIcPRzRfiLV2Gw',NULL,NULL,'0',NULL,46,366,'2019-06-20 00:52:18','2020-02-20 23:38:41',NULL),
(367,'NURRUL NUR AISYAH HAMRAN','nurrul@mpc.gov.my','950829135206','$2y$10$m5uTFUGL4Q0mWcqYKohg0Ox4XuwluClxL7xYqsaVTSFe3rnRGuc5e','1','1','RfJnH0RxZZAJPfVqqZYBTyDBs0q9NvbdtD6FcYiOQu3HskxgSHkHYQJJOC7B',NULL,NULL,'0',NULL,46,46,'2019-06-25 23:02:35','2020-01-29 06:05:00',NULL),
(368,'NORLIYANA BINTI MOHD SHAMSUDDIN','norliyanas@mpc.gov.my','920812105660','$2y$10$7PNQImuZK5LiW4M5htQ/mOeIn0zO4igECDj1y1e5/Ae3KW0tTWuaa','1','1','GvJttw3VfnUnvZP4RuLFfUhZZF0KoI6kIO6WQ5RFExNcQEhYyrVsS05xO6qT',NULL,NULL,'0',NULL,46,46,'2019-07-02 21:19:42','2019-07-02 09:56:25',NULL),
(369,'NIK NUR ATIQAH BINTI SAIDI','niknuratiqah@mpc.gov.my','920916035644','$2y$10$YDe1NMI4UKGE1t3EeTrRQu9BeIO25dgVFo9WoAiUPW4h0X752zQ/2','1','1','hqcC7B4WsJHt4SFaPvNJ7pkhXlmN1WiRKmaCoBbu8nmdw4njkjozCbYw13rt',NULL,NULL,'0',NULL,46,369,'2019-07-06 02:44:38','2019-11-15 00:08:33',NULL),
(370,'SARAH AFIQAH BINTI KAMARUZAMAN','sarah@mpc.gov.my','970218145040','$2y$10$sQ8.z/hr/1KjjguMeGiv6esABzeyuFs7Rl5j0B7jtVkekWYY00duK','1','1','XskE5aNF7oF9BdQw7ex4xQp0IBIbIFcK1IkHwJyPzLcCdDOko7pABtSfrYSU',NULL,NULL,'0',NULL,46,370,'2019-07-22 23:30:15','2019-11-21 09:44:13',NULL),
(371,'NURUL AZNEE BT ABDUL AZIZ','aznee@mpc.gov.my','930505106566','$2y$10$6G8OMvFSdCDkIAHsF05GPugW4pNqjnpyekl24H2.3wrup2wZmqb72','1','1','1a02dGkB57BO9z4WhU0gB2stkSwY0U9fjpR2d3NDS9BFey6U3cjBTWha5srg',NULL,NULL,'0',NULL,46,46,'2019-07-22 23:32:38','2019-07-25 14:39:00',NULL),
(372,'NUR AISYA AIDA BINTI KHAIRUL SALLEH','nuraisya@mpc.gov.my','960623105318','$2y$10$gbYUlLGLSYS6G2375rlggOVV6zmTWZA6lBGjlisWvp.g55Z5EFp.S','1','1','NqZJGtgTgy0gL58ivxsJ1siyPgJsqQiUUITtMN3SeWporfXiBoXCL7jkqUFz',NULL,NULL,'0',NULL,46,46,'2019-07-26 03:31:17','2019-09-26 16:16:39',NULL),
(373,'ANIS UMAIRAH BINTI JASNI','anisumairah@mpc.gov.my','941212065370','$2y$10$Agh/pjAhyI1K.4ThwHzN3OCbGQ3dorODj/AHv9PlkvxJTfQGYyuUC','1','1','wY8aTL3aoZhtohODtg8jjSop7Ay7BBghpLm8NmcAsr5yp3VyBU0M7UvwTlQV',NULL,NULL,'0',NULL,46,46,'2019-07-30 03:02:30','2020-01-22 10:38:11',NULL),
(374,'NORNADIA BINTI OMAR','nornadia@mpc.gov.my','910330036544','$2y$10$OE4tRMWlM6cd7rhB.dPrP.SCJXAyWuDazLkKjDku2j2gnmm1vipEq','1','1','37tYPp8zJvFaVKQWuT50iQf6CyaSVMvxqKCKhR4PIg8cNaDQf0NvDjiMDzs7',NULL,NULL,'0',NULL,46,46,'2019-08-26 20:30:02','2019-08-26 15:22:55',NULL),
(375,'MOHD AFIQ BIN MOHD ADNAN','mohdafiqn@mpc.gov.my','890219136111','$2y$10$Syg7mFJBQqL5KUk/VQtJ/.U41r1oqFdxx0I2qWRjsay75Xd76CCBu','1','1',NULL,NULL,NULL,'0',NULL,46,46,'2019-08-29 03:37:45','2019-08-28 15:37:49',NULL),
(376,'NANCY ANAK JOAN','nancy@mpc.gov.my','950124136348','$2y$10$eutpKwX.tR1TNOVf.oHQCuFPUi93r4xQBz0EVnmMbAURV4Zl4Dwz2','1','1','eD3vyioQk23ew5OBrgqqfTtLoBl695x2dE7Ete2YlpPamWnT4Xz4FfaZxhx4',NULL,NULL,'0',NULL,46,46,'2019-09-23 23:40:03','2019-12-08 11:04:26',NULL),
(377,'YOGESVARI A/P SAMBASEVAM','yogesvari@mpc.gov.my','910210025912','$2y$10$T0gV7gM1z4aLvPtar2JewepUFe6n6HgZi3d4gyxx5M2x5CW0rcVPm','1','1','Yi1uGpvuBL8kJpRdQAnhRb6SP18VXfK4QDujKQlKN4HuvHtiTO8vYRnbhgr4',NULL,NULL,'0',NULL,46,46,'2019-10-07 22:51:06','2020-02-24 09:58:49',NULL),
(378,'NIK NUR MAISARAH NIK SOH','niknur@mpc.gov.my','951224035354','$2y$10$L8oQgbqzhRaWL1MqzfdKQ.PI6ArCV9Nhdsh0PDDGszaNVlQDNdBXG','1','1',NULL,NULL,NULL,'0',NULL,46,46,'2019-10-07 23:06:12','2019-10-07 11:06:18',NULL),
(379,'NIK ZARITH ELIDA BINTI NIK RAMLI','nikzarith@mpc.gov.my','950406035924','$2y$10$sykMm9Vp8eSgqaAk4zpFjOmBQyvoYUQwu70mDXyUVTU1Kww7r/drK','1','1','Kbejb7Auni9kIWwac0wXakcpAPXxUOTjFM5FXjaA4BUAkR4pQxNSIRKXYDVY',NULL,NULL,'0',NULL,46,46,'2019-10-15 20:46:24','2020-01-19 09:34:49',NULL),
(380,'MOHD SYAMAEL BIN MOHD NASIR','syamaelr@mpc.gov.my','931007015295','$2y$10$ECLjRl6FGKg.4JlCBMI4he6O2GTKWzi5lRjvpt2bRwBhFjXFl63ya','1','1',NULL,NULL,NULL,'0',NULL,46,46,'2019-11-19 02:18:05','2019-11-18 13:18:25',NULL),
(381,'AISYAH BINTI ISMAIL','aisyah@mpc.gov.my','940502115546','$2y$10$ByXJ4Fx3aoR5g5DGQOiVrOhJ6o3VNbCrp1MG3kgoYYn2cp8q6Kz3W','1','1',NULL,NULL,NULL,'0',NULL,46,46,'2020-01-28 21:35:34','2020-01-28 08:35:57',NULL);

/*Table structure for table `users_detail` */


CREATE TABLE `users_detail` (
  `users_detail_id` int(11) NOT NULL AUTO_INCREMENT,
  `user_id` int(11) NOT NULL,
  `salutation_id` int(11) DEFAULT '1',
  `gender_id` int(11) DEFAULT '1',
  `users_detail_name` varchar(100) NOT NULL,
  `users_detail_staffno` varchar(20) NOT NULL,
  `users_detail_fileno` varchar(20) DEFAULT NULL COMMENT 'enrich no',
  `users_detail_idno` varchar(16) NOT NULL,
  `users_detail_passport` varchar(20) DEFAULT NULL,
  `users_detail_address1` varchar(100) DEFAULT NULL,
  `users_detail_address2` varchar(100) DEFAULT NULL,
  `users_detail_address3` varchar(100) DEFAULT NULL,
  `users_detail_postcode` char(5) DEFAULT NULL,
  `district_id` int(11) DEFAULT NULL,
  `state_id` int(11) DEFAULT NULL,
  `users_detail_mobileno` varchar(12) DEFAULT NULL,
  `users_detail_homeno` varchar(12) DEFAULT NULL,
  `users_detail_workno` varchar(12) DEFAULT NULL,
  `users_detail_email` varchar(100) DEFAULT NULL,
  `users_detail_isinternal` char(1) NOT NULL DEFAULT '0',
  `cawangan_id` int(11) DEFAULT NULL,
  `unit_bahagian_id` int(11) DEFAULT NULL,
  `jawatan_id` int(11) DEFAULT NULL,
  `gred_id` int(11) DEFAULT NULL,
  `manager_id` int(11) DEFAULT NULL COMMENT 'user_id',
  `race_id` int(11) DEFAULT '1',
  `religion_id` int(11) DEFAULT '1',
  `created_at` timestamp NULL DEFAULT NULL,
  `updated_at` timestamp NOT NULL DEFAULT CURRENT_TIMESTAMP,
  `deleted_at` timestamp NULL DEFAULT NULL,
  PRIMARY KEY (`users_detail_id`),
  KEY `idx_userdetail_user_id` (`user_id`),
  KEY `idx_userdetail_unit_bahagian_id` (`unit_bahagian_id`),
  KEY `idx_userdetail_jawatan_id` (`jawatan_id`),
  KEY `idx_userdetail_gred_id` (`gred_id`),
  KEY `idx_userdetail_manager_id` (`manager_id`)
) ENGINE=InnoDB AUTO_INCREMENT=543 DEFAULT CHARSET=latin1;

/*Data for the table `users_detail` */

insert  into `users_detail`(`users_detail_id`,`user_id`,`salutation_id`,`gender_id`,`users_detail_name`,`users_detail_staffno`,`users_detail_fileno`,`users_detail_idno`,`users_detail_passport`,`users_detail_address1`,`users_detail_address2`,`users_detail_address3`,`users_detail_postcode`,`district_id`,`state_id`,`users_detail_mobileno`,`users_detail_homeno`,`users_detail_workno`,`users_detail_email`,`users_detail_isinternal`,`cawangan_id`,`unit_bahagian_id`,`jawatan_id`,`gred_id`,`manager_id`,`race_id`,`religion_id`,`created_at`,`updated_at`,`deleted_at`) values 
(3,3,1,1,'Ab. Razak Salleh ','2112',NULL,'620310035231',NULL,NULL,NULL,NULL,NULL,NULL,NULL,NULL,NULL,NULL,'razaksalleh@mpc.gov.my','0',NULL,5,23,12,36,1,1,'2019-03-29 18:11:45','2019-03-29 18:11:45',NULL),
(4,4,1,1,'ABANG NURFADLI ABANG YUSUF','1602','','881113136047','','','','',NULL,NULL,NULL,NULL,NULL,NULL,'nurfadli@mpc.gov.my','0',NULL,11,27,3,264,1,1,'2019-08-19 20:57:24','2019-08-19 20:57:24',NULL),
(5,5,1,1,'ABDOLLAH TALIB','2113','','641129055193','','','','',NULL,NULL,NULL,NULL,NULL,NULL,'dollah@mpc.gov.my','0',NULL,3,14,21,39,1,1,'2020-07-23 00:55:54','2020-07-23 00:55:54',NULL),
(6,6,1,1,'Abdul Hadi Ishak','2971',NULL,'810825045057',NULL,NULL,NULL,NULL,NULL,NULL,NULL,NULL,NULL,NULL,'hadi@mpc.gov.my','0',NULL,5,15,19,36,1,1,'2019-03-29 18:11:45','2019-03-29 18:11:45',NULL),
(7,7,1,1,'Abdul Hakim bin Mohamad Sharif','3043',NULL,'840515145893',NULL,NULL,NULL,NULL,NULL,NULL,NULL,NULL,NULL,NULL,'hakim@mpc.gov.my','0',NULL,5,8,9,36,1,1,'2019-03-29 18:11:45','2019-03-29 18:11:45',NULL),
(8,8,1,1,'Abdul Karim Abdul Halim','2970',NULL,'810328145225',NULL,NULL,NULL,NULL,NULL,NULL,NULL,NULL,NULL,NULL,'karim@mpc.gov.my','0',NULL,5,10,16,36,1,1,'2019-03-29 18:11:45','2019-03-29 18:11:45',NULL),
(9,9,1,1,'DATO\' ABDUL LATIF BIN HAJI ABU SEMAN','1179','069136863','610529065073','A38040968','','','',NULL,NULL,NULL,'0192817473',NULL,NULL,'abdullatif@mpc.gov.my','0',NULL,6,32,14,131,1,1,'2020-02-03 22:31:27','2020-02-03 22:31:27',NULL),
(10,10,1,1,'ABDUL LATIF HUSSEIN','2061','','600723135435','','','','',NULL,NULL,NULL,NULL,NULL,NULL,'abdullatifh@mpc.gov.my','0',NULL,11,23,12,36,1,1,'2019-09-10 21:19:34','2019-09-10 21:19:34',NULL),
(11,11,1,1,'Abdul Malek Mohamad Aripin','1407',NULL,'690206045185',NULL,NULL,NULL,NULL,NULL,NULL,NULL,NULL,NULL,NULL,'malek@mpc.gov.my','0',NULL,2,18,4,242,1,1,'2019-03-29 18:11:45','2019-03-29 18:11:45',NULL),
(12,12,1,1,'Abdul Quyun Mansor','3114',NULL,'850207065305',NULL,NULL,NULL,NULL,NULL,NULL,NULL,NULL,NULL,NULL,'quyun@mpc.gov.my','0',NULL,5,10,16,36,1,1,'2019-03-29 18:11:45','2019-03-29 18:11:45',NULL),
(13,13,1,1,'ABIGAIL SUBATRA A/P ANBALAKAN','1589','325625075','850106055140','A37752301','Mpc','','',NULL,NULL,NULL,'0125396594',NULL,NULL,'abigail@mpc.gov.my','0',NULL,1,27,3,79,1,1,'2019-10-01 23:05:45','2019-10-01 23:05:45',NULL),
(14,14,1,1,'Adlina Snawi','1434',NULL,'781031075342',NULL,NULL,NULL,NULL,NULL,NULL,NULL,NULL,NULL,NULL,'adlina@mpc.gov.my','0',NULL,9,27,3,99,1,1,'2019-03-29 18:11:45','2019-03-29 18:11:45',NULL),
(15,15,1,1,'Ahmad Fathan Abdul Rahim','1652',NULL,'860818355343',NULL,NULL,NULL,NULL,NULL,NULL,NULL,NULL,NULL,NULL,'fathan@mpc.gov.my','0',NULL,9,27,3,99,1,1,'2019-03-29 18:11:45','2019-03-29 18:11:45',NULL),
(16,16,1,1,'AHMAD HARRIS ABDULLAH','1495','307206491','790805115235','','','','',NULL,NULL,NULL,'0123155978',NULL,NULL,'harris@mpc.gov.my','0',NULL,6,18,4,39,1,1,'2019-11-29 06:44:06','2019-11-29 06:44:06',NULL),
(17,17,1,1,'Aiman Zakwan Zahari','1594',NULL,'891020015691',NULL,NULL,NULL,NULL,NULL,NULL,NULL,NULL,NULL,NULL,'aiman@mpc.gov.my','0',NULL,6,27,3,307,1,1,'2019-03-29 18:11:45','2019-03-29 18:11:45',NULL),
(18,18,1,1,'Aizulhisham Mat Menan','3013',NULL,'801211105313',NULL,NULL,NULL,NULL,NULL,NULL,NULL,NULL,NULL,NULL,'aizul@mpc.gov.my','0',NULL,5,25,22,36,1,1,'2019-03-29 18:11:45','2019-03-29 18:11:45',NULL),
(19,19,1,1,'AKMAR ASHAARI','2990','','790723075671','','','','',NULL,NULL,NULL,NULL,NULL,NULL,'akmar@mpc.gov.my','0',NULL,5,14,20,36,1,1,'2019-04-24 02:06:27','2019-04-24 02:06:27',NULL),
(20,20,1,1,'Al Hisyam Abdul Halim','1565',NULL,'780407145421',NULL,NULL,NULL,NULL,NULL,NULL,NULL,NULL,NULL,NULL,'alhisyam@mpc.gov.my','0',NULL,1,27,3,79,1,1,'2019-03-29 18:11:45','2019-03-29 18:11:45',NULL),
(21,21,1,1,'ALUYAH SUHAILI','2123','','630805135268','','','','',NULL,NULL,NULL,NULL,NULL,NULL,'alluyah@mpc.gov.my','0',NULL,11,16,20,264,1,1,'2019-08-19 21:29:39','2019-08-19 21:29:39',NULL),
(22,22,1,1,'Amirul Qamar Zakaria','3113',NULL,'870118086399',NULL,NULL,NULL,NULL,NULL,NULL,NULL,NULL,NULL,NULL,'amirulqamar@mpc.gov.my','0',NULL,5,22,12,36,1,1,'2019-03-29 18:11:45','2019-03-29 18:11:45',NULL),
(23,23,1,1,'Anis Marina Abd. Wahab','1591',NULL,'850708145936',NULL,NULL,NULL,NULL,NULL,NULL,NULL,NULL,NULL,NULL,'anis@mpc.gov.my','0',NULL,6,27,3,307,1,1,'2019-03-29 18:11:45','2019-03-29 18:11:45',NULL),
(24,24,1,1,'ASMAHAN OTHMAN','1429','','730601715226','','','','',NULL,NULL,NULL,'0133633353',NULL,NULL,'asmahan@mpc.gov.my','0',NULL,7,18,4,141,1,1,'2019-07-03 03:53:47','2019-07-03 03:53:47',NULL),
(25,25,1,1,'ASMAWADI MOHAMED','1501','329308125','800318035293','','','','',NULL,NULL,NULL,'0192726733',NULL,NULL,'asmawadi@mpc.gov.my','0',NULL,2,19,5,242,1,1,'2019-10-10 20:46:56','2019-10-10 20:46:56',NULL),
(26,26,1,1,'ATHIRAH ISHAK','1657','MH32599788','890925035094','','No 22, Jalan Pjs 1/2b,','Taman Perangsang','','46000',1235,14,'0193331371',NULL,NULL,'athirah@mpc.gov.my','0',NULL,6,27,3,39,1,1,'2019-04-11 21:53:58','2019-04-11 21:53:58',NULL),
(27,27,1,1,'Ati Djam Seri Montoi','1433',NULL,'721110125470',NULL,NULL,NULL,NULL,NULL,NULL,NULL,NULL,NULL,NULL,'atidjam@mpc.gov.my','0',NULL,7,18,4,141,1,1,'2019-03-29 18:11:45','2019-03-29 18:11:45',NULL),
(28,28,1,1,'Awang Udin Kanda ','2124',NULL,'620807125523',NULL,NULL,NULL,NULL,NULL,NULL,NULL,NULL,NULL,NULL,'awangudin@mpc.gov.my','0',NULL,10,10,16,72,1,1,'2019-03-29 18:11:45','2019-03-29 18:11:45',NULL),
(29,29,1,1,'AZHANI ISMAIL','1424','MH01467911','740621715142','A40088429','','','',NULL,NULL,NULL,'0163549115',NULL,NULL,'azhani@mpc.gov.my','0',NULL,4,18,4,304,1,1,'2019-10-23 03:54:11','2019-10-23 03:54:11',NULL),
(30,30,1,1,'Azimah Adnan','1531',NULL,'820910105084',NULL,NULL,NULL,NULL,NULL,NULL,NULL,NULL,NULL,NULL,'azimah@mpc.gov.my','0',NULL,4,18,4,304,1,1,'2019-03-29 18:11:45','2019-03-29 18:11:45',NULL),
(31,31,1,1,'AZIRA MOHAMED HODZAI','1580','','871121295452','','','','',NULL,NULL,NULL,'0179841606',NULL,NULL,'azira@mpc.gov.my','0',NULL,5,27,3,36,1,1,'2019-07-19 04:14:15','2019-07-19 04:14:15',NULL),
(32,32,1,1,'Azizan Omar ','2069',NULL,'590613055315',NULL,NULL,NULL,NULL,NULL,NULL,NULL,NULL,NULL,NULL,'azizan@mpc.gov.my','0',NULL,5,10,17,36,1,1,'2019-03-29 18:11:45','2019-03-29 18:11:45',NULL),
(33,33,1,1,'AZLAN KASSIM','1197','','600518106299','','','','',NULL,NULL,NULL,NULL,NULL,NULL,'azk@mpc.gov.my','0',NULL,8,33,6,304,1,1,'2020-01-06 23:58:08','2020-01-06 23:58:08',NULL),
(34,34,1,1,'Azlin Mohd Alias    ','1462',NULL,'771102145856',NULL,NULL,NULL,NULL,NULL,NULL,NULL,NULL,NULL,NULL,'azlin@mpc.gov.my','0',NULL,4,18,4,304,1,1,'2019-03-29 18:11:45','2019-03-29 18:11:45',NULL),
(35,35,1,1,'Bahar Musa ','2051',NULL,'591116055239',NULL,NULL,NULL,NULL,NULL,NULL,NULL,NULL,NULL,NULL,'bahar@mpc.gov.my','0',NULL,2,10,16,242,1,1,'2019-03-29 18:11:45','2019-03-29 18:11:45',NULL),
(36,36,1,1,'BURHANUDDIN SAIDIN','1199','016599273','601103085419','A51979098','No. 8, Jln Pjs 1/2b','Tmn Perangsang','','46000',1235,14,'0192381199','0192381199',NULL,'bob@mpc.gov.my','0',NULL,6,17,7,304,1,1,'2020-02-21 16:18:20','2020-02-21 16:18:20',NULL),
(37,37,1,1,'CHAM YIN HWA','1572','305455813','850809045416','A51536464','','','','47800',1328,14,'0176813528',NULL,NULL,'cham@mpc.gov.my','0',NULL,6,27,3,39,1,1,'2019-05-21 22:29:32','2019-05-21 22:29:32',NULL),
(38,38,1,1,'DARUL ADIZUL ISHAK','1556','','821110105937','','','','',NULL,NULL,NULL,NULL,NULL,NULL,'daruladizul@mpc.gov.my','0',NULL,10,27,3,41,1,1,'2020-01-24 03:29:47','2020-01-24 03:29:47',NULL),
(39,39,1,1,'DR. DAUD TALIB','1277','251150664','650523015733','','Lot 36203, Jalan Angsana, Kampung Sg. Ramal Dalam 43000 Kajang Selangor Darul Ehsan','','','43000',1197,14,'0196583266','0196583266',NULL,'daud@mpc.gov.my','0',NULL,6,17,7,9,1,1,'2019-04-18 21:19:15','2019-04-18 21:19:15',NULL),
(40,40,1,1,'EAMIZAN HASIM','1340','','671215106089','','','','',NULL,NULL,NULL,NULL,NULL,NULL,'eamizan@mpc.gov.my','0',NULL,3,19,5,9,1,1,'2019-09-29 01:25:09','2019-09-29 01:25:09',NULL),
(41,41,1,1,'EDWARD BINTY','1435','MH06400394','750707125521','','','','',NULL,NULL,NULL,'0138793417',NULL,NULL,'edward@mpc.gov.my','0',NULL,10,18,4,66,1,1,'2020-02-03 22:40:10','2020-02-03 22:40:10',NULL),
(42,42,1,1,'Ellma Eddiahwati Musa','3067',NULL,'760622145362',NULL,NULL,NULL,NULL,NULL,NULL,NULL,NULL,NULL,NULL,'ellma@mpc.gov.my','0',NULL,6,30,22,9,1,1,'2019-03-29 18:11:45','2019-03-29 18:11:45',NULL),
(43,43,1,1,'Faizul Mohamed','2995',NULL,'730506015053',NULL,NULL,NULL,NULL,NULL,NULL,NULL,NULL,NULL,NULL,'faizul@mpc.gov.my','0',NULL,12,7,9,255,1,1,'2019-03-29 18:11:45','2019-03-29 18:11:45',NULL),
(44,44,1,1,'Fara Salinda Ayu Halim ','3072',NULL,'790904085772',NULL,NULL,NULL,NULL,NULL,NULL,NULL,NULL,NULL,NULL,'farasalinda@mpc.gov.my','0',NULL,3,15,18,129,1,1,'2019-03-29 18:11:45','2019-03-29 18:11:45',NULL),
(45,45,1,1,'FARA SURAYA HANI BINTI HALIM','3014','','780714085668','','Perbadanan Produktiviti Malaysia (mpc)','Lorong Produktiviti, Off Jalan Sultan','','46200',1239,14,'+60196790070',NULL,NULL,'fara@mpc.gov.my','0',NULL,4,13,19,304,1,1,'2019-04-25 00:33:23','2019-04-25 00:33:23',NULL),
(46,46,1,1,'FARAH DIYANA DERMA DEWA','3115','','820812105056','','','','',NULL,NULL,NULL,'0173969800',NULL,NULL,'diyana@mpc.gov.my','0',NULL,5,14,18,36,1,1,'2019-04-08 21:40:56','2019-04-08 21:40:56',NULL),
(47,47,1,1,'Farah Sazarina Othman','2964',NULL,'811203015456',NULL,NULL,NULL,NULL,NULL,NULL,NULL,NULL,NULL,NULL,'farah@mpc.gov.my','0',NULL,5,15,19,36,1,1,'2019-03-29 18:11:45','2019-03-29 18:11:45',NULL),
(48,48,1,1,'Farhan Abdullah','3044',NULL,'730617105449',NULL,NULL,NULL,NULL,NULL,NULL,NULL,NULL,NULL,NULL,'farhan@mpc.gov.my','0',NULL,3,7,9,129,1,1,'2019-03-29 18:11:45','2019-03-29 18:11:45',NULL),
(49,49,1,1,'FARIDAH TAJU RAHIM','1451','','760308065380','','','','',NULL,NULL,NULL,NULL,NULL,NULL,'faridah_tr@mpc.gov.my','0',NULL,8,18,4,66,1,1,'2020-01-14 00:04:14','2020-01-14 00:04:14',NULL),
(50,50,1,1,'Fauziah Ahmad Nawawi','2973',NULL,'790625105398',NULL,NULL,NULL,NULL,NULL,NULL,NULL,NULL,NULL,NULL,'fauziahnawawi@mpc.gov.my','0',NULL,5,14,18,36,1,1,'2019-03-29 18:11:45','2019-03-29 18:11:45',NULL),
(51,51,1,1,'FAUZIAH MANAF','2563','','660107065028','','','','',NULL,NULL,NULL,'0132258779','0132258779',NULL,'fauziah@mpc.gov.my','0',NULL,6,12,19,39,1,1,'2019-09-20 00:03:40','2019-09-20 00:03:40',NULL),
(52,52,1,1,'FAUZIAH SAKIMAN','2659','','720323015326','','','','',NULL,NULL,NULL,NULL,NULL,NULL,'fauziahsakiman@mpc.gov.my','0',NULL,12,14,19,255,1,1,'2019-04-16 20:31:14','2019-04-16 20:31:14',NULL),
(53,53,1,1,'FIZALAWATI AMIN','3078','310841860','810813135258','K53743648','Lot 894, Lorong Demak Laut 3a,','Jalan Bako, Taman Perindustrian Demak Laut','','93050',2538,15,'012-8722756',NULL,NULL,'fizalawati@mpc.gov.my','0',NULL,11,12,18,264,1,1,'2019-10-01 23:03:59','2019-10-01 23:03:59',NULL),
(54,54,1,1,'HAFIZA ATHA AHMAD','1496','','811010105092','','','','',NULL,NULL,NULL,'0189544092',NULL,NULL,'hafiza@mpc.gov.my','0',NULL,11,18,4,264,1,1,'2020-01-09 01:12:56','2020-01-09 01:12:56',NULL),
(55,55,1,1,'HAFIZAH SITH','1418','','790329016120','','','','',NULL,NULL,NULL,NULL,NULL,NULL,'hafizahsith@mpc.gov.my','0',NULL,4,18,4,307,1,1,'2019-04-18 21:40:40','2019-04-18 21:40:40',NULL),
(56,56,1,1,'Hafizoh Md. Aris','1497',NULL,'780402025746',NULL,NULL,NULL,NULL,NULL,NULL,NULL,NULL,NULL,NULL,'hafizoh@mpc.gov.my','0',NULL,6,27,3,9,1,1,'2019-03-29 18:11:45','2019-03-29 18:11:45',NULL),
(57,57,1,1,'Hairul Mizan Hamdan ','2997',NULL,'770222015947',NULL,NULL,NULL,NULL,NULL,NULL,NULL,NULL,NULL,NULL,'hairul@mpc.gov.my','0',NULL,12,20,11,255,1,1,'2019-03-29 18:11:45','2019-03-29 18:11:45',NULL),
(58,58,1,1,'HALIMAHTON SAADIAH LET','1409','','730930085368','','','','',NULL,NULL,NULL,NULL,NULL,NULL,'halimahton@mpc.gov.my','0',NULL,4,18,4,304,1,1,'2019-06-26 23:23:08','2019-06-26 23:23:08',NULL),
(59,59,1,1,'Hamzaly Zakaria','2998',NULL,'680617105825',NULL,NULL,NULL,NULL,NULL,NULL,NULL,NULL,NULL,NULL,'hamzaly@mpc.gov.my','0',NULL,5,8,9,36,1,1,'2019-03-29 18:11:45','2019-03-29 18:11:45',NULL),
(60,60,1,1,'HANISAH RAMLI','1529','316250896','840523105736','A34970132','No 5, Jalan Tanjung Agas 30/189','Taman Sri Murni, Jalan Kebun','','40460',1084,14,'0126554909',NULL,NULL,'hanisah@mpc.gov.my','0',NULL,4,27,3,285,1,1,'2019-11-19 01:07:05','2019-11-19 01:07:05',NULL),
(61,61,1,1,'Hasbullah Abdul Hamid ','3083',NULL,'800114025253',NULL,NULL,NULL,NULL,NULL,NULL,NULL,NULL,NULL,NULL,'hasbullah@mpc.gov.my','0',NULL,5,23,12,36,1,1,'2019-03-29 18:11:45','2019-03-29 18:11:45',NULL),
(62,62,1,1,'Haslizayanti Othman','1526',NULL,'810117065348',NULL,NULL,NULL,NULL,NULL,NULL,NULL,NULL,NULL,NULL,'haslizayanti@mpc.gov.my','0',NULL,6,27,3,307,1,1,'2019-03-29 18:11:45','2019-03-29 18:11:45',NULL),
(63,63,1,1,'Hazwani Nadiah Ismail','1525',NULL,'820913035624',NULL,NULL,NULL,NULL,NULL,NULL,NULL,NULL,NULL,NULL,'hazwani@mpc.gov.my','0',NULL,8,27,3,33,1,1,'2019-03-29 18:11:45','2019-03-29 18:11:45',NULL),
(64,64,1,1,'Hillina Abdul Karim','1457',NULL,'760325105284',NULL,NULL,NULL,NULL,NULL,NULL,NULL,NULL,NULL,NULL,'hillina@mpc.gov.my','0',NULL,5,3,29,36,1,1,'2019-03-29 18:11:45','2019-03-29 18:11:45',NULL),
(65,65,1,1,'Hishamuddin Hassan','3037',NULL,'811203025531',NULL,NULL,NULL,NULL,NULL,NULL,NULL,NULL,NULL,NULL,'hishammudin@mpc.gov.my','0',NULL,9,10,16,99,1,1,'2019-03-29 18:11:45','2019-03-29 18:11:45',NULL),
(66,66,1,1,'AB. RAHIM YUSOFF','1192','','601217035145','','','','',NULL,NULL,NULL,'0192342212',NULL,NULL,'abrahim@mpc.gov.my','0',NULL,7,32,15,9,1,1,'2019-12-04 00:57:36','2019-12-04 00:57:36',NULL),
(67,67,1,1,'Ab. Rashid Omar','1331',NULL,'660801045393',NULL,NULL,NULL,NULL,NULL,NULL,NULL,NULL,NULL,NULL,'abrash@mpc.gov.my','0',NULL,6,19,5,9,1,1,'2019-03-29 18:11:45','2019-03-29 18:11:45',NULL),
(68,68,1,1,'HUDA ATIQAH SAMSIR','1644','MH31346842','881028015128','','','','',NULL,NULL,NULL,'0137261950',NULL,NULL,'atiqah@mpc.gov.my','0',NULL,1,27,3,79,1,1,'2019-04-29 23:11:08','2019-04-29 23:11:08',NULL),
(69,69,1,1,'Ilyana Norsaidah Ab Rahman','1638',NULL,'910911035478',NULL,NULL,NULL,NULL,NULL,NULL,NULL,NULL,NULL,NULL,'ilyana@mpc.gov.my','0',NULL,6,27,3,39,1,1,'2019-03-29 18:11:45','2019-03-29 18:11:45',NULL),
(70,70,1,1,'Ingrid Ng Edy','1609',NULL,'871121495040',NULL,NULL,NULL,NULL,NULL,NULL,NULL,NULL,NULL,NULL,'ingrid@mpc.gov.my','0',NULL,10,27,3,72,1,1,'2019-03-29 18:11:45','2019-03-29 18:11:45',NULL),
(71,71,1,1,'ISRAM AZHAR','3047','','820324105479','','Lot 325a Jalan Simpang Balak, Kg. Simpang Balak,','','','43000',1197,14,'0163900444',NULL,NULL,'isram@mpc.gov.my','0',NULL,5,25,24,36,1,1,'2019-08-09 00:26:13','2019-08-09 00:26:13',NULL),
(72,72,1,1,'IZANI ISHAK','1275','','630610035689','','','','',NULL,NULL,NULL,NULL,NULL,NULL,'izani@mpc.gov.my','0',NULL,7,33,6,216,1,1,'2020-02-10 14:28:06','2020-02-10 14:28:06',NULL),
(73,73,1,1,'Izzul Ikhwan Ishak','1659',NULL,'910610105989',NULL,NULL,NULL,NULL,NULL,NULL,NULL,NULL,NULL,NULL,'izzul@mpc.gov.my','0',NULL,6,27,3,307,1,1,'2019-03-29 18:11:45','2019-03-29 18:11:45',NULL),
(74,74,1,1,'Jauza Juhairah Jimmy Abdullah','3141',NULL,'920127126324',NULL,NULL,NULL,NULL,NULL,NULL,NULL,NULL,NULL,NULL,'jacqueline@mpc.gov.my','0',NULL,6,14,18,307,1,1,'2019-03-29 18:11:45','2019-03-29 18:11:45',NULL),
(75,75,1,1,'JAYALETCHUMI KRISHNAN','1488','','780507025152','','','','',NULL,NULL,NULL,NULL,NULL,NULL,'jaya@mpc.gov.my','0',NULL,7,27,3,141,1,1,'2020-01-03 04:32:30','2020-01-03 04:32:30',NULL),
(76,76,1,1,'JERRY SHAHNIZAL AB AZIZ','1503','276928083','830808146065','','','','',NULL,NULL,NULL,NULL,NULL,NULL,'jerry@mpc.gov.my','0',NULL,6,18,4,78,1,1,'2019-09-14 02:36:38','2019-09-14 02:36:38',NULL),
(77,77,1,1,'Josffa Ismail','1408',NULL,'780215075975',NULL,NULL,NULL,NULL,NULL,NULL,NULL,NULL,NULL,NULL,'josffa@mpc.gov.my','0',NULL,4,18,4,304,1,1,'2019-03-29 18:11:45','2019-03-29 18:11:45',NULL),
(78,78,1,1,'KABIR AHMAD MOHD JAMIL','1170','','600101025303','','','','',NULL,NULL,NULL,NULL,NULL,NULL,'kabir@mpc.gov.my','0',NULL,6,17,7,356,1,1,'2020-01-06 22:48:26','2020-01-06 22:48:26',NULL),
(79,79,1,1,'KAMARUDDIN MOHAMAD','1183','','610718115105','','','','',NULL,NULL,NULL,NULL,NULL,NULL,'dinmohd@mpc.gov.my','0',NULL,1,17,7,129,1,1,'2019-04-18 21:29:00','2019-04-18 21:29:00',NULL),
(80,80,1,1,'Kamaruzaman Ramli ','3103',NULL,'830308115035',NULL,NULL,NULL,NULL,NULL,NULL,NULL,NULL,NULL,NULL,'kamaruzamanr@mpc.gov.my','0',NULL,8,23,12,33,1,1,'2019-03-29 18:11:45','2019-03-29 18:11:45',NULL),
(81,81,1,1,'KARTIN HASLINDA CHE MAT','1450','MH31599211','760304035264','','','','','15538',392,3,'0126621555','097416261',NULL,'haslinda@mpc.gov.my','0',NULL,8,27,3,33,1,1,'2019-09-25 04:34:11','2019-09-25 04:34:11',NULL),
(82,82,1,1,'Kasturi Devi a/p Appanna','1546',NULL,'810525085890',NULL,NULL,NULL,NULL,NULL,NULL,NULL,NULL,NULL,NULL,'kasturi@mpc.gov.my','0',NULL,9,27,3,99,1,1,'2019-03-29 18:11:45','2019-03-29 18:11:45',NULL),
(83,83,1,1,'Khairil Afi Adnan','3156',NULL,'871003065189',NULL,NULL,NULL,NULL,NULL,NULL,NULL,NULL,NULL,NULL,'KhairilAfi@mpc.gov.my','0',NULL,3,14,18,129,1,1,'2019-03-29 18:11:45','2019-03-29 18:11:45',NULL),
(84,84,1,1,'Khalidatul Asrin Abd. Aziz','1483',NULL,'800112025794',NULL,NULL,NULL,NULL,NULL,NULL,NULL,NULL,NULL,NULL,'asrin@mpc.gov.my','0',NULL,6,18,4,39,1,1,'2019-03-29 18:11:45','2019-03-29 18:11:45',NULL),
(85,85,1,1,'KHATIJAH RAHMAT','1606','311739713','840710135404','','','','',NULL,NULL,NULL,NULL,NULL,NULL,'khatijah@mpc.gov.my','0',NULL,11,27,3,264,1,1,'2019-10-01 23:02:45','2019-10-01 23:02:45',NULL),
(86,86,1,1,'KHIDZIR BIN AHMAD','1534','308311662','780830105611','A51848727','No. 30 Jalan Ss5d/3','Kelana Jaya','','47301',1315,14,'0126641144',NULL,NULL,'khidzir@mpc.gov.my','0',NULL,6,18,4,78,1,1,'2019-10-17 08:23:53','2019-10-17 08:23:53',NULL),
(87,87,1,1,'Datin Latchumy Prabha','1316',NULL,'620517015246',NULL,NULL,NULL,NULL,NULL,NULL,NULL,NULL,NULL,NULL,'prabha@mpc.gov.my','0',NULL,1,19,5,79,1,1,'2019-03-29 18:11:45','2019-03-29 18:11:45',NULL),
(88,88,1,1,'LEE WAN SWANEE','1573','310671955','850915035756','','','','',NULL,NULL,NULL,'0129630567',NULL,NULL,'swanee@mpc.gov.my','0',NULL,6,27,3,78,1,1,'2019-09-20 06:27:50','2019-09-20 06:27:50',NULL),
(89,89,1,1,'LEE WAN WEI','1585','MH30971191','860814595008','A52758340','','','',NULL,NULL,NULL,NULL,NULL,NULL,'wanwei@mpc.gov.my','0',NULL,4,27,3,304,1,1,'2019-10-03 23:46:47','2019-10-03 23:46:47',NULL),
(90,90,1,1,'LIYANA OTHMAN','1656','300167162','900703137438','','','','',NULL,NULL,NULL,'0109668895',NULL,NULL,'liyana@mpc.gov.my','0',NULL,11,27,3,264,1,1,'2019-10-01 23:16:52','2019-10-01 23:16:52',NULL),
(91,91,1,1,'Mahadi Hasbullah','1486',NULL,'760815035303',NULL,NULL,NULL,NULL,NULL,NULL,NULL,NULL,NULL,NULL,'mahadi@mpc.gov.my','0',NULL,8,18,4,33,1,1,'2019-03-29 18:11:45','2019-03-29 18:11:45',NULL),
(92,92,1,1,'MARIATUL AF-IDA BT MOHD TAJUL ARIFFIN','1390','0153985','750712085034','','B10-01, Apartment Kinrara Mas,','Jalan Mas 1','Bukit Jalil','58200',1607,4,'0169975254',NULL,NULL,'mariatul@mpc.gov.my','0',NULL,4,18,4,285,1,1,'2019-11-26 23:06:21','2019-11-26 23:06:21',NULL),
(93,93,1,1,'Marina Maulad Ismail','3074',NULL,'860329145038',NULL,NULL,NULL,NULL,NULL,NULL,NULL,NULL,NULL,NULL,'marina@mpc.gov.my','0',NULL,2,15,18,242,1,1,'2019-03-29 18:11:45','2019-03-29 18:11:45',NULL),
(94,94,1,1,'Marziah Ahmad','1349',NULL,'650411065218',NULL,NULL,NULL,NULL,NULL,NULL,NULL,NULL,NULL,NULL,'marziahahmad@mpc.gov.my','0',NULL,7,27,3,141,1,1,'2019-03-29 18:11:45','2019-03-29 18:11:45',NULL),
(95,95,1,1,'Mashitanor Zainudin','3087',NULL,'761019055308',NULL,NULL,NULL,NULL,NULL,NULL,NULL,NULL,NULL,NULL,'mashitanor@mpc.gov.my','0',NULL,5,6,18,36,1,1,'2019-03-29 18:11:45','2019-03-29 18:11:45',NULL),
(96,96,1,1,'MASWANI ISMAIL','3095','','810316035600','','','','',NULL,NULL,NULL,NULL,NULL,NULL,'maswani@mpc.gov.my','0',NULL,8,15,18,49,1,1,'2020-01-14 00:04:42','2020-01-14 00:04:42',NULL),
(97,97,1,1,'Dr. Mazlina Shafii','1373',NULL,'720731086000',NULL,NULL,NULL,NULL,NULL,NULL,NULL,NULL,NULL,NULL,'eyna@mpc.gov.my','0',NULL,4,19,5,304,1,1,'2019-03-29 18:11:45','2019-03-29 18:11:45',NULL),
(98,98,1,1,'Maznee Abd. Halim','1318',NULL,'661204115036',NULL,NULL,NULL,NULL,NULL,NULL,NULL,NULL,NULL,NULL,'maznee@mpc.gov.my','0',NULL,7,19,5,216,1,1,'2019-03-29 18:11:45','2019-03-29 18:11:45',NULL),
(99,99,1,1,'DR. MAZRINA MOHD. IBRAMSAH','1393','','741207075594','','','','',NULL,NULL,NULL,NULL,NULL,NULL,'mazrina@mpc.gov.my','0',NULL,9,33,6,66,1,1,'2019-04-18 21:26:12','2019-04-18 21:26:12',NULL),
(100,100,1,1,'Mazuan Salleh','1512',NULL,'810105125067',NULL,NULL,NULL,NULL,NULL,NULL,NULL,NULL,NULL,NULL,'mazuan@mpc.gov.my','0',NULL,12,27,3,255,1,1,'2019-03-29 18:11:45','2019-03-29 18:11:45',NULL),
(101,101,1,1,'Mazuin Dahlan       ','1445',NULL,'790417145328',NULL,NULL,NULL,NULL,NULL,NULL,NULL,NULL,NULL,NULL,'mazuin@mpc.gov.my','0',NULL,6,18,4,307,1,1,'2019-03-29 18:11:45','2019-03-29 18:11:45',NULL),
(102,102,1,1,'MD SHUBRI ISMAIL','1175','','591223075331','','','','',NULL,NULL,NULL,NULL,NULL,NULL,'shubri@mpc.gov.my','0',NULL,2,33,6,242,1,1,'2019-04-23 04:03:36','2019-04-23 04:03:36',NULL),
(103,103,1,1,'Md Zainuri Juri','1404',NULL,'741122017053',NULL,NULL,NULL,NULL,NULL,NULL,NULL,NULL,NULL,NULL,'zainuri@mpc.gov.my','0',NULL,7,18,4,141,1,1,'2019-03-29 18:11:45','2019-03-29 18:11:45',NULL),
(104,104,1,1,'Megat Amirul Saifulnizam Megat Kamarul Bahrin ','1504',NULL,'820702115739',NULL,NULL,NULL,NULL,NULL,NULL,NULL,NULL,NULL,NULL,'megatamirul@mpc.gov.my','0',NULL,12,18,4,255,1,1,'2019-03-29 18:11:45','2019-03-29 18:11:45',NULL),
(105,105,1,1,'Melissa Ahmad Arshad','1411',NULL,'761210105270',NULL,NULL,NULL,NULL,NULL,NULL,NULL,NULL,NULL,NULL,'melissa@mpc.gov.my','0',NULL,6,27,3,39,1,1,'2019-03-29 18:11:45','2019-03-29 18:11:45',NULL),
(106,106,1,1,'Mimi Hasnita Ahmad','2994',NULL,'761108065348',NULL,NULL,NULL,NULL,NULL,NULL,NULL,NULL,NULL,NULL,'mimi@mpc.gov.my','0',NULL,8,30,22,33,1,1,'2019-03-29 18:11:45','2019-03-29 18:11:45',NULL),
(107,107,1,1,'Minhana Yahaya','3016',NULL,'790514145178',NULL,NULL,NULL,NULL,NULL,NULL,NULL,NULL,NULL,NULL,'minhana@mpc.gov.my','0',NULL,5,30,22,36,1,1,'2019-03-29 18:11:45','2019-03-29 18:11:45',NULL),
(108,108,1,1,'MOHAMAD AZROL MOHAMAD DALI','1423','251086850','750930015683','','No.41, Jalan Bidara 7,','Saujana Utama 3,','','47000',1302,14,'+60197712132',NULL,NULL,'mdazrol@mpc.gov.my','0',NULL,6,19,5,9,1,1,'2019-06-26 04:15:13','2019-06-26 04:15:13',NULL),
(109,109,1,1,'Mohamad Hafizi Abd Rashid','3093',NULL,'880905025009',NULL,NULL,NULL,NULL,NULL,NULL,NULL,NULL,NULL,NULL,'hafizi@mpc.gov.my','0',NULL,5,26,8,36,1,1,'2019-03-29 18:11:45','2019-03-29 18:11:45',NULL),
(110,110,1,1,'MOHAMAD MUZAFFAR ABDUL HAMID','1391','','740919017603','','','','',NULL,NULL,NULL,'0165410641',NULL,NULL,'muzaffar@mpc.gov.my','0',NULL,6,19,5,39,1,1,'2019-04-22 22:31:44','2019-04-22 22:31:44',NULL),
(111,111,1,1,'Mohamad Nor Bolhi','1507',NULL,'790607135681',NULL,NULL,NULL,NULL,NULL,NULL,NULL,NULL,NULL,NULL,'mohamadnor@mpc.gov.my','0',NULL,7,27,3,216,1,1,'2019-03-29 18:11:45','2019-03-29 18:11:45',NULL),
(112,112,1,1,'MOHAMAD NORJAYADI TAMAM','1421','067073112','741205135725','','No.6, Lorong Semariang 7a, Taman Seri Sena','','','93050',2538,15,'0168602156',NULL,NULL,'norjayadi@mpc.gov.my','0',NULL,4,19,5,304,1,1,'2019-10-23 04:38:26','2019-10-23 04:38:26',NULL),
(113,113,1,1,'MOHAMAD SAHRIL AHMAD PUZI','1505','','821115085445','','','','',NULL,NULL,NULL,'0193007289',NULL,NULL,'sahril@mpc.gov.my','0',NULL,9,18,4,99,1,1,'2019-05-18 00:23:49','2019-05-18 00:23:49',NULL),
(114,114,1,1,'Mohammad Afdhan Fauzi  ','3118',NULL,'860427565669',NULL,NULL,NULL,NULL,NULL,NULL,NULL,NULL,NULL,NULL,'afdhan@mpc.gov.my','0',NULL,5,22,12,36,1,1,'2019-03-29 18:11:45','2019-03-29 18:11:45',NULL),
(115,115,1,1,'Mohammad Khairul Hakimin Zainoor','1516',NULL,'830111015487',NULL,NULL,NULL,NULL,NULL,NULL,NULL,NULL,NULL,NULL,'mkhairul@mpc.gov.my','0',NULL,6,18,4,307,1,1,'2019-03-29 18:11:45','2019-03-29 18:11:45',NULL),
(116,116,1,1,'Mohammed Alamin Rehan','1454',NULL,'790113065169',NULL,NULL,NULL,NULL,NULL,NULL,NULL,NULL,NULL,NULL,'alamin@mpc.gov.my','0',NULL,6,19,5,39,1,1,'2019-03-29 18:11:45','2019-03-29 18:11:45',NULL),
(117,117,1,1,'Mohd Amirol Md. Khair','1648',NULL,'900309026107',NULL,NULL,NULL,NULL,NULL,NULL,NULL,NULL,NULL,NULL,'amirol@mpc.gov.my','0',NULL,3,27,3,129,1,1,'2019-03-29 18:11:45','2019-03-29 18:11:45',NULL),
(118,118,1,1,'Mohd Azhar Zainuddin','1542',NULL,'810110105773',NULL,NULL,NULL,NULL,NULL,NULL,NULL,NULL,NULL,NULL,'mohdazhar@mpc.gov.my','0',NULL,8,27,3,33,1,1,'2019-03-29 18:11:45','2019-03-29 18:11:45',NULL),
(119,119,1,1,'Mohd. Azrul Kamis ','2782',NULL,'770526025423',NULL,NULL,NULL,NULL,NULL,NULL,NULL,NULL,NULL,NULL,'mohdazrul@mpc.gov.my','0',NULL,5,10,16,36,1,1,'2019-03-29 18:11:45','2019-03-29 18:11:45',NULL),
(120,120,1,1,'Mohd. Azwan Mohd. Salleh','1453',NULL,'730926075271',NULL,NULL,NULL,NULL,NULL,NULL,NULL,NULL,NULL,NULL,'azwan@mpc.gov.my','0',NULL,5,19,5,36,1,1,'2019-03-29 18:11:45','2019-03-29 18:11:45',NULL),
(121,121,1,1,'MOHD FAIZOL ABD. RAHMAN','1593','312942954','841110115033','','','','',NULL,NULL,NULL,NULL,NULL,NULL,'mohdfaizol@mpc.gov.my','0',NULL,2,27,3,252,1,1,'2020-03-11 08:44:01','2020-03-11 08:44:01',NULL),
(122,122,1,1,'Mohd Faizzul Shahir','3110',NULL,'860917436181',NULL,NULL,NULL,NULL,NULL,NULL,NULL,NULL,NULL,NULL,'faizzul@mpc.gov.my','0',NULL,5,23,12,36,1,1,'2019-03-29 18:11:45','2019-03-29 18:11:45',NULL),
(123,123,1,1,'MOHD HILMI BIN MOHD IDRIS','1489','','790308105095','','C-6-12, Pangsapuri Anggun','Jalan 4/1','Seksyen 4','43650',1208,14,'0192882539',NULL,NULL,'hilmi@mpc.gov.my','0',NULL,5,18,4,36,1,1,'2019-10-10 22:31:07','2019-10-10 22:31:07',NULL),
(124,124,1,1,'MOHD HISYAM HATIMTAI','1406','MH32392020','780321105277','A38670517','Perbadanan Produktiviti Malaysia','Pejabat Wilayah Selatan','','46200',1239,14,'+60164454097',NULL,NULL,'mohdhisyam.hatimtai@gmail.com','0',NULL,6,18,4,255,1,1,'2020-03-02 14:07:24','2020-03-02 14:07:24',NULL),
(125,125,1,1,'Mohd. Khairil Anuar Amir Hamzah ','1513',NULL,'840225025017',NULL,NULL,NULL,NULL,NULL,NULL,NULL,NULL,NULL,NULL,'khairil@mpc.gov.my','0',NULL,9,18,4,99,1,1,'2019-03-29 18:11:45','2019-03-29 18:11:45',NULL),
(126,126,1,1,'MOHD. KHAIRIZAL KHAHIDIR','1508','','830405055353','','','','',NULL,NULL,NULL,NULL,NULL,NULL,'khairizal@mpc.gov.my','0',NULL,2,18,4,242,1,1,'2019-07-11 00:10:34','2019-07-11 00:10:34',NULL),
(127,127,1,1,'Mohd. Khairul Nazir Nawi','1456',NULL,'770220025957',NULL,NULL,NULL,NULL,NULL,NULL,NULL,NULL,NULL,NULL,'khairul@mpc.gov.my','0',NULL,2,18,4,242,1,1,'2019-03-29 18:11:45','2019-03-29 18:11:45',NULL),
(128,128,1,1,'Mohd Nizam Ali','3056',NULL,'791128145297',NULL,NULL,NULL,NULL,NULL,NULL,NULL,NULL,NULL,NULL,'nizam@mpc.gov.my','0',NULL,5,14,18,36,1,1,'2019-03-29 18:11:45','2019-03-29 18:11:45',NULL),
(129,129,1,1,'Dato\' Mohd Razali Hussain','1176',NULL,'590826115385',NULL,NULL,NULL,NULL,NULL,NULL,NULL,NULL,NULL,NULL,'mrazali@mpc.gov.my','0',NULL,3,5,13,36,1,1,'2019-04-01 02:45:27','2019-03-29 18:11:45',NULL),
(130,130,1,1,'Mohd. Wafi Arip','1473',NULL,'770212105551',NULL,NULL,NULL,NULL,NULL,NULL,NULL,NULL,NULL,NULL,'wafi@mpc.gov.my','0',NULL,7,27,3,141,1,1,'2019-03-29 18:11:45','2019-03-29 18:11:45',NULL),
(131,131,1,1,'MOHD YAZID ABDUL MAJID','1455','307097276','790310105537','','28, Jalan Alam Suria 16/23','','','42300',1185,14,'0123041478',NULL,NULL,'yazidmajid@mpc.gov.my','0',NULL,5,17,7,9,1,1,'2020-02-03 22:44:36','2020-02-03 22:44:36',NULL),
(132,132,1,1,'MOHD ZULKIFLY CHE MOHD RAWAWI','1613','313666931','830910035265','A40874881','No 114 Jalan Dm 3/3,','Taman Desa Mas,','Bandar Country Homes','48000',1332,14,'+60199876723','+60199876723',NULL,'mohdzulkifly@mpc.gov.my','0',NULL,6,27,3,78,1,1,'2019-05-24 00:19:49','2019-05-24 00:19:49',NULL),
(133,133,1,1,'Mohd. Azuar Md. Sidek','2989',NULL,'750514105065',NULL,NULL,NULL,NULL,NULL,NULL,NULL,NULL,NULL,NULL,'azuar@mpc.gov.my','0',NULL,5,7,9,36,1,1,'2019-03-29 18:11:45','2019-03-29 18:11:45',NULL),
(134,134,1,1,'Mohd. Hosni Mamat @ Ariffin','1577',NULL,'840528115511',NULL,NULL,NULL,NULL,NULL,NULL,NULL,NULL,NULL,NULL,'hosni@mpc.gov.my','0',NULL,8,27,3,33,1,1,'2019-03-29 18:11:45','2019-03-29 18:11:45',NULL),
(135,135,1,1,'Mohd. Hykal Mohd. Halim','3071',NULL,'840415015223',NULL,NULL,NULL,NULL,NULL,NULL,NULL,NULL,NULL,NULL,'hykal@mpc.gov.my','0',NULL,5,25,22,36,1,1,'2019-03-29 18:11:45','2019-03-29 18:11:45',NULL),
(136,136,1,1,'Mohd. Riduan Daud','3007',NULL,'830906045057',NULL,NULL,NULL,NULL,NULL,NULL,NULL,NULL,NULL,NULL,'riduan@mpc.gov.my','0',NULL,5,10,16,36,1,1,'2019-03-29 18:11:45','2019-03-29 18:11:45',NULL),
(137,137,1,1,'Mohd. Rosdi Mohd Kauzi','3046',NULL,'750423035989',NULL,NULL,NULL,NULL,NULL,NULL,NULL,NULL,NULL,NULL,'rosdi@mpc.gov.my','0',NULL,5,7,9,36,1,1,'2019-03-29 18:11:45','2019-03-29 18:11:45',NULL),
(138,138,1,1,'Mohd. Shapri Ismail ','2054',NULL,'600813085945',NULL,NULL,NULL,NULL,NULL,NULL,NULL,NULL,NULL,NULL,'shapri@mpc.gov.my','0',NULL,5,11,19,36,1,1,'2019-03-29 18:11:45','2019-03-29 18:11:45',NULL),
(139,139,1,1,'MOHD SUZLEZAN SUPU','1443','MH60214548','781219125145','','C8-03,blok C, Appt Bayu Suria, Off Jalan Meranti, Taman Impian Ehsan,','','','43300',1203,14,'+60193168136',NULL,NULL,'suzlezan@mpc.gov.my','0',NULL,5,19,5,36,1,1,'2019-10-10 22:27:42','2019-10-10 22:27:42',NULL),
(140,140,1,1,'Mohd. Syarif Samsudin','2967',NULL,'800305075173',NULL,NULL,NULL,NULL,NULL,NULL,NULL,NULL,NULL,NULL,'syarif@mpc.gov.my','0',NULL,9,7,9,99,1,1,'2019-03-29 18:11:45','2019-03-29 18:11:45',NULL),
(141,141,1,1,'MOHD. ZAKI BIN IBRAHIM','1319','','610119035197','','','','',NULL,NULL,NULL,'0192200822',NULL,NULL,'zaki@mpc.gov.my','0',NULL,7,17,7,66,1,1,'2020-01-08 07:13:26','2020-01-08 07:13:26',NULL),
(142,142,1,1,'MOHD. ZAMROS YUSOF','2132','','670705055347','','','','',NULL,NULL,NULL,NULL,NULL,NULL,'zamros@mpc.gov.my','0',NULL,11,10,16,264,1,1,'2019-08-19 21:31:01','2019-08-19 21:31:01',NULL),
(143,143,1,1,'MOKHZANI ARIS MOHD. YUSOFF','1397','','730308105015','','','','',NULL,NULL,NULL,NULL,NULL,NULL,'mokhzani@mpc.gov.my','0',NULL,10,33,6,66,1,1,'2020-02-28 10:21:13','2020-02-28 10:21:13',NULL),
(144,144,1,1,'Muhamad Afiq Piramli','1653',NULL,'901211036379',NULL,NULL,NULL,NULL,NULL,NULL,NULL,NULL,NULL,NULL,'afiq@mpc.gov.my','0',NULL,7,27,3,216,1,1,'2019-03-29 18:11:45','2019-03-29 18:11:45',NULL),
(145,145,1,1,'MUHAMAD RIZUWAN ABU BAKAR','3132','','860512465355','','','','',NULL,NULL,NULL,'0199296015',NULL,NULL,'muhamadrizuwan@mpc.gov.my','0',NULL,1,14,18,79,1,1,'2019-10-09 21:18:43','2019-10-09 21:18:43',NULL),
(146,146,1,1,'Mohammad Shahaizal Abu Talib','3004',NULL,'780218025869',NULL,NULL,NULL,NULL,NULL,NULL,NULL,NULL,NULL,NULL,'shahaizal@mpc.gov.my','0',NULL,5,10,16,36,1,1,'2019-03-29 18:11:45','2019-03-29 18:11:45',NULL),
(147,147,1,1,'Muhamad Zain Musa ','2068',NULL,'611224055477',NULL,NULL,NULL,NULL,NULL,NULL,NULL,NULL,NULL,NULL,'zain@mpc.gov.my','0',NULL,1,1,1,79,1,1,'2019-03-29 18:11:45','2019-03-29 18:11:45',NULL),
(148,148,1,1,'Muhamad Zamri Zainol ','2991',NULL,'690427075433',NULL,NULL,NULL,NULL,NULL,NULL,NULL,NULL,NULL,NULL,'zamri@mpc.gov.my','0',NULL,9,9,10,99,1,1,'2019-03-29 18:11:45','2019-03-29 18:11:45',NULL),
(149,149,1,1,'Muhammad Afzani Ahmad ','3003',NULL,'811125145705',NULL,NULL,NULL,NULL,NULL,NULL,NULL,NULL,NULL,NULL,'afzani@mpc.gov.my','0',NULL,5,23,12,36,1,1,'2019-03-29 18:11:45','2019-03-29 18:11:45',NULL),
(150,150,1,1,'Muhammaad Aidil Razak','3159',NULL,'910418035597',NULL,NULL,NULL,NULL,NULL,NULL,NULL,NULL,NULL,NULL,'aidil@mpc.gov.my','0',NULL,5,10,16,36,1,1,'2019-03-29 18:11:45','2019-03-29 18:11:45',NULL),
(151,151,1,1,'Muhammad Fazre Zulhelmi Fizwan','1595',NULL,'881014566439',NULL,NULL,NULL,NULL,NULL,NULL,NULL,NULL,NULL,NULL,'fazre@mpc.gov.my','0',NULL,4,27,3,304,1,1,'2019-03-29 18:11:45','2019-03-29 18:11:45',NULL),
(152,152,1,1,'Mohammad Hafiz Sabaruddin','1517',NULL,'830408065477',NULL,NULL,NULL,NULL,NULL,NULL,NULL,NULL,NULL,NULL,'hafiz@mpc.gov.my','0',NULL,12,27,3,255,1,1,'2019-03-29 18:11:45','2019-03-29 18:11:45',NULL),
(153,153,1,1,'MUHAMMAD HISHAM NORDIN','1598','317000202','881113565247','','Malaysia Productivity Corporation','Lorong Produktiviti','Jalan Sultan','46200',NULL,NULL,'0133943802',NULL,NULL,'mhisham@mpc.gov.my','0',NULL,4,27,3,304,1,1,'2019-11-22 22:16:44','2019-11-22 22:16:44',NULL),
(154,154,1,1,'Muhammad Idham Mohd Zain','1405',NULL,'731006035511',NULL,NULL,NULL,NULL,NULL,NULL,NULL,NULL,NULL,NULL,'idham@mpc.gov.my','0',NULL,2,27,3,242,1,1,'2019-03-29 18:11:45','2019-03-29 18:11:45',NULL),
(155,155,1,1,'Muhammad Muizzuddin Muhamad','3157',NULL,'910330036237',NULL,NULL,NULL,NULL,NULL,NULL,NULL,NULL,NULL,NULL,'muiz@mpc.gov.my','0',NULL,5,9,10,36,1,1,'2019-03-29 18:11:45','2019-03-29 18:11:45',NULL),
(156,156,1,1,'MUHAMMAD SUFFIAN AHMAD','1447','311148596','790617145859','','','','',NULL,NULL,NULL,'0173617611',NULL,NULL,'suffian@mpc.gov.my','0',NULL,7,18,4,216,1,1,'2019-07-23 21:48:52','2019-07-23 21:48:52',NULL),
(157,157,1,1,'MUHASLIZAWATI MOHD BAKRI','1547','','820619035746','','','','',NULL,NULL,NULL,NULL,NULL,NULL,'muhaslizawati@mpc.gov.my','0',NULL,8,27,3,33,1,1,'2019-09-18 01:41:25','2019-09-18 01:41:25',NULL),
(158,158,1,1,'Muhd. Adha Abd. Hamid','1523',NULL,'830918105555',NULL,NULL,NULL,NULL,NULL,NULL,NULL,NULL,NULL,NULL,'adha@mpc.gov.my','0',NULL,6,18,4,39,1,1,'2019-03-29 18:11:45','2019-03-29 18:11:45',NULL),
(159,159,1,1,'Nahdatul Faeizin Norman','1631',NULL,'901028015094',NULL,NULL,NULL,NULL,NULL,NULL,NULL,NULL,NULL,NULL,'nahdatul@mpc.gov.my','0',NULL,12,27,3,255,1,1,'2019-03-29 18:11:45','2019-03-29 18:11:45',NULL),
(160,160,1,1,'Nazahiah Mohamad','1475',NULL,'790525075056',NULL,NULL,NULL,NULL,NULL,NULL,NULL,NULL,NULL,NULL,'nazahiah@mpc.gov.my','0',NULL,6,27,3,39,1,1,'2019-03-29 18:11:45','2019-03-29 18:11:45',NULL),
(161,161,1,1,'Nazeri Ariffin Madon','1633',NULL,'860804235965',NULL,NULL,NULL,NULL,NULL,NULL,NULL,NULL,NULL,NULL,'nazeri@mpc.gov.my','0',NULL,8,27,3,33,1,1,'2019-03-29 18:11:45','2019-03-29 18:11:45',NULL),
(162,162,1,1,'Nazilah Ahmad','1530',NULL,'830710016190',NULL,NULL,NULL,NULL,NULL,NULL,NULL,NULL,NULL,NULL,'nazilah@mpc.gov.my','0',NULL,12,27,3,255,1,1,'2019-03-29 18:11:45','2019-03-29 18:11:45',NULL),
(163,163,1,1,'NIK FAIZAL NIK AHMAD','1414','','690320035423','','','','',NULL,NULL,NULL,NULL,NULL,NULL,'nikfaizal@mpc.gov.my','0',NULL,3,19,5,9,1,1,'2019-09-29 01:26:12','2019-09-29 01:26:12',NULL),
(164,164,1,1,'Nik Nazarina Nek Mohamed','1651',NULL,'891121146332',NULL,NULL,NULL,NULL,NULL,NULL,NULL,NULL,NULL,NULL,'nazarina@mpc.gov.my','0',NULL,4,27,3,304,1,1,'2019-03-29 18:11:45','2019-03-29 18:11:45',NULL),
(165,165,1,1,'NIK ROSDI NIK YUSOFF','1165','062960914','591022035333','','B-4-1 Apartment Fairville','Usj 21 Subang Jaya','','47200',1313,14,'0139278088','097441001',NULL,'nikrosdi@mpc.gov.my','0',NULL,7,33,6,216,1,1,'2019-05-02 09:28:10','2019-05-02 09:28:10',NULL),
(166,166,1,1,'Noor Aishah Hassan','1461',NULL,'781121145260',NULL,NULL,NULL,NULL,NULL,NULL,NULL,NULL,NULL,NULL,'noor_aishah@mpc.gov.my','0',NULL,6,18,4,39,1,1,'2019-03-29 18:11:45','2019-03-29 18:11:45',NULL),
(167,167,1,1,'Noor Anariza Hassan ','2968',NULL,'760121075060',NULL,NULL,NULL,NULL,NULL,NULL,NULL,NULL,NULL,NULL,'anariza@mpc.gov.my','0',NULL,5,28,25,36,1,1,'2019-03-29 18:11:45','2019-03-29 18:11:45',NULL),
(168,168,1,1,'Noor Asmawati Hussin ','3041',NULL,'820725085480',NULL,NULL,NULL,NULL,NULL,NULL,NULL,NULL,NULL,NULL,'asmawati@mpc.gov.my','0',NULL,6,12,18,9,1,1,'2019-03-29 18:11:45','2019-03-29 18:11:45',NULL),
(169,169,1,1,'Noor Aziah Othman','2945',NULL,'790928075448',NULL,NULL,NULL,NULL,NULL,NULL,NULL,NULL,NULL,NULL,'noraziah@mpc.gov.my','0',NULL,2,15,19,242,1,1,'2019-03-29 18:11:45','2019-03-29 18:11:45',NULL),
(170,170,1,1,'NOOR AZMAN HASSAN','2957','','770211036515','','','','',NULL,NULL,NULL,'0132689899',NULL,NULL,'azman@mpc.gov.my','0',NULL,5,26,8,36,1,1,'2019-06-24 21:45:31','2019-06-24 21:45:31',NULL),
(171,171,1,1,'Noor Hazilah Abdullah','3069',NULL,'820318035814',NULL,NULL,NULL,NULL,NULL,NULL,NULL,NULL,NULL,NULL,'hazilah@mpc.gov.my','0',NULL,8,14,19,33,1,1,'2019-03-29 18:11:45','2019-03-29 18:11:45',NULL),
(172,172,1,1,'NOOR IZZATI KAMIS','1620','','900629145658','','','','',NULL,NULL,NULL,'0122867346',NULL,NULL,'noorizzati@mpc.gov.my','0',NULL,1,27,3,79,1,1,'2019-11-15 23:32:21','2019-11-15 23:32:21',NULL),
(173,173,1,1,'Noor Mohammad Farhan Nor Azman','3124',NULL,'881216566111',NULL,NULL,NULL,NULL,NULL,NULL,NULL,NULL,NULL,NULL,'mfarhan@mpc.gov.my','0',NULL,5,27,3,36,1,1,'2019-03-29 18:11:45','2019-03-29 18:11:45',NULL),
(174,174,1,1,'NOOR RAHIDAH ABDUL RAZAK','3057','','830505045048','','','','',NULL,NULL,NULL,NULL,NULL,NULL,'rahidah@mpc.gov.my','0',NULL,3,15,18,9,1,1,'2019-09-11 02:07:04','2019-09-11 02:07:04',NULL),
(175,175,1,1,'Noor Salfarina Jamaludin','1532',NULL,'830202045278',NULL,NULL,NULL,NULL,NULL,NULL,NULL,NULL,NULL,NULL,'salfarina@mpc.gov.my','0',NULL,6,27,3,307,1,1,'2019-03-29 18:11:45','2019-03-29 18:11:45',NULL),
(176,176,1,1,'Noorsamsinar Sum Abdullah','2075',NULL,'610608105088',NULL,NULL,NULL,NULL,NULL,NULL,NULL,NULL,NULL,NULL,'noorsamsi@mpc.gov.my','0',NULL,2,25,24,242,1,1,'2019-03-29 18:11:45','2019-03-29 18:11:45',NULL),
(177,177,1,1,'NOR ADIRA ADNAN','1627','MH31570559','870504295260','','','','',NULL,NULL,NULL,'0179860758',NULL,NULL,'noradira@mpc.gov.my','0',NULL,4,27,3,285,1,1,'2020-02-12 10:25:24','2020-02-12 10:25:24',NULL),
(178,178,1,1,'Nor Aishah Hassan','1399',NULL,'740928085894',NULL,NULL,NULL,NULL,NULL,NULL,NULL,NULL,NULL,NULL,'shah@mpc.gov.my','0',NULL,6,19,5,9,1,1,'2019-03-29 18:11:45','2019-03-29 18:11:45',NULL),
(179,179,1,1,'Nor Akma Che Wan Naman','1645',NULL,'890101035104',NULL,NULL,NULL,NULL,NULL,NULL,NULL,NULL,NULL,NULL,'norakma@mpc.gov.my','0',NULL,6,27,3,307,1,1,'2019-03-29 18:11:45','2019-03-29 18:11:45',NULL),
(180,180,1,1,'Nor Azmi Yahaya','2139',NULL,'600102065139',NULL,NULL,NULL,NULL,NULL,NULL,NULL,NULL,NULL,NULL,'norazmi@mpc.gov.my','0',NULL,5,14,20,36,1,1,'2019-03-29 18:11:45','2019-03-29 18:11:45',NULL),
(181,181,1,1,'Nor Eshah Abd. Raman ','2134',NULL,'620113065052',NULL,NULL,NULL,NULL,NULL,NULL,NULL,NULL,NULL,NULL,'noreshah@mpc.gov.my','0',NULL,3,15,18,129,1,1,'2019-03-29 18:11:45','2019-03-29 18:11:45',NULL),
(182,182,1,1,'Nor Fadilah Zulkifli Muhamad','3158',NULL,'941219036070',NULL,NULL,NULL,NULL,NULL,NULL,NULL,NULL,NULL,NULL,'NorFadilah@mpc.gov.my','0',NULL,5,14,18,36,1,1,'2019-03-29 18:11:45','2019-03-29 18:11:45',NULL),
(183,183,1,1,'NOR FAZILA HASHIM','1351','','660129086196','','','','',NULL,NULL,NULL,NULL,NULL,NULL,'ila@mpc.gov.my','0',NULL,4,33,6,304,1,1,'2020-02-12 18:21:10','2020-02-12 18:21:10',NULL),
(184,184,1,1,'Nor Hafizah Mohd Arop','1329',NULL,'681203105352',NULL,NULL,NULL,NULL,NULL,NULL,NULL,NULL,NULL,NULL,'hafizah@mpc.gov.my','0',NULL,4,19,5,304,1,1,'2019-03-29 18:11:45','2019-03-29 18:11:45',NULL),
(185,185,1,1,'Nor Halisa Mohamad Halil ','1386',NULL,'730228125374',NULL,NULL,NULL,NULL,NULL,NULL,NULL,NULL,NULL,NULL,'halisa@mpc.gov.my','0',NULL,4,18,4,304,1,1,'2019-03-29 18:11:45','2019-03-29 18:11:45',NULL),
(186,186,1,1,'Nor Hasimah Ab. Rahman','2074',NULL,'610823105654',NULL,NULL,NULL,NULL,NULL,NULL,NULL,NULL,NULL,NULL,'hasimah@mpc.gov.my','0',NULL,2,14,19,242,1,1,'2019-03-29 18:11:45','2019-03-29 18:11:45',NULL),
(187,187,1,1,'Nor Idayuniza Rahmat','1419',NULL,'781012145720',NULL,NULL,NULL,NULL,NULL,NULL,NULL,NULL,NULL,NULL,'ayu@mpc.gov.my','0',NULL,2,18,4,242,1,1,'2019-03-29 18:11:45','2019-03-29 18:11:45',NULL),
(188,188,1,1,'NOR IZZATI NORHISAM','1538','MH30846478','850514105100','','Taman Wira Permai','','','40460',1084,14,'0126688724','0351665496',NULL,'izzati@mpc.gov.my','0',NULL,4,18,4,304,1,1,'2019-07-29 23:48:12','2019-07-29 23:48:12',NULL),
(189,189,1,1,'NOR ROBAAYAH MOHD. NOOR','1290','','660915085430','','','','',NULL,NULL,NULL,NULL,NULL,NULL,'nrmn@mpc.gov.my','0',NULL,4,33,6,304,1,1,'2019-04-17 04:44:02','2019-04-17 04:44:02',NULL),
(190,190,1,1,'Nor Surayya Abd. Samad','1385',NULL,'751119145758',NULL,NULL,NULL,NULL,NULL,NULL,NULL,NULL,NULL,NULL,'surayya@mpc.gov.my','0',NULL,6,18,4,39,1,1,'2019-03-29 18:11:45','2019-03-29 18:11:45',NULL),
(191,191,1,1,'NOR ZAIRISHAM ZAKARIA','2668','','681118015811','','','','',NULL,NULL,NULL,NULL,NULL,NULL,'norzairisham@mpc.gov.my','0',NULL,5,10,17,36,1,1,'2019-10-10 21:28:49','2019-10-10 21:28:49',NULL),
(192,192,1,1,'NORA\'IN AHMAD KAMIL','1367','','690916016290','','','','',NULL,NULL,NULL,'0196328140','0333242248',NULL,'norain@mpc.gov.my','0',NULL,6,18,4,307,1,1,'2019-11-23 05:03:10','2019-11-23 05:03:10',NULL),
(193,193,1,1,'Norafidah Ramli                                                                              ','2951',NULL,'770815016494',NULL,NULL,NULL,NULL,NULL,NULL,NULL,NULL,NULL,NULL,'norafidah@mpc.gov.my','0',NULL,2,14,18,242,1,1,'2019-03-29 18:11:45','2019-03-29 18:11:45',NULL),
(194,194,1,1,'Noraniza Daud','2987',NULL,'821008065262',NULL,NULL,NULL,NULL,NULL,NULL,NULL,NULL,NULL,NULL,'noraniza@mpc.gov.my','0',NULL,1,15,19,79,1,1,'2019-03-29 18:11:45','2019-03-29 18:11:45',NULL),
(195,195,1,1,'NORASHIKIN ABDUL SHUKOR','3051','','820722086154','','Perbadanan Produktiviti Malaysia (mpc)','Tingkat 2, Menara Maa','No. 6, Lorong Api-api 1','88000',2139,13,'+60125843044',NULL,NULL,'shikin@mpc.gov.my','0',NULL,6,12,18,307,1,1,'2020-01-24 03:28:27','2020-01-24 03:28:27',NULL),
(196,196,1,1,'NORASHIMA HAMZAH','1533','','771210115582','','','','',NULL,NULL,NULL,'0192679988',NULL,NULL,'norashima@mpc.gov.my','0',NULL,5,27,3,36,1,1,'2019-10-22 02:40:13','2019-10-22 02:40:13',NULL),
(197,197,1,1,'Norazlina Tun Ibrahim','1518',NULL,'800222145850',NULL,NULL,NULL,NULL,NULL,NULL,NULL,NULL,NULL,NULL,'norazlina@mpc.gov.my','0',NULL,5,18,4,36,1,1,'2019-03-29 18:11:45','2019-03-29 18:11:45',NULL),
(198,198,1,1,'Nordieana Nordin','2955',NULL,'790206105078',NULL,NULL,NULL,NULL,NULL,NULL,NULL,NULL,NULL,NULL,'deana@mpc.gov.my','0',NULL,7,12,18,36,1,1,'2019-03-29 18:11:45','2019-03-29 18:11:45',NULL),
(199,199,1,1,'Norfaizah Abdul Rahman','1358',NULL,'720531065416',NULL,NULL,NULL,NULL,NULL,NULL,NULL,NULL,NULL,NULL,'faizah@mpc.gov.my','0',NULL,7,27,3,141,1,1,'2019-03-29 18:11:45','2019-03-29 18:11:45',NULL),
(200,200,1,1,'Norhaida Roslan ','3094',NULL,'830513035616',NULL,NULL,NULL,NULL,NULL,NULL,NULL,NULL,NULL,NULL,'norhaida@mpc.gov.my','0',NULL,8,15,18,33,1,1,'2019-03-29 18:11:45','2019-03-29 18:11:45',NULL),
(201,201,1,1,'Norhanida Ahmad Puad ','2954',NULL,'800929085038',NULL,NULL,NULL,NULL,NULL,NULL,NULL,NULL,NULL,NULL,'norhanida@mpc.gov.my','0',NULL,5,15,18,36,1,1,'2019-03-29 18:11:45','2019-03-29 18:11:45',NULL),
(202,202,1,1,'Norhaniza Hamir','1436',NULL,'790131086326',NULL,NULL,NULL,NULL,NULL,NULL,NULL,NULL,NULL,NULL,'norhaniza@mpc.gov.my','0',NULL,1,18,4,79,1,1,'2019-03-29 18:11:45','2019-03-29 18:11:45',NULL),
(203,203,1,1,'NORHASIMAH IBRAHIM','1422','MH01484100','750420105494','A 38583195','Lot 11 Jalan 7','Kampung Melayu','','68100',1688,14,'0173910849','0361884793',NULL,'norhasimah@mpc.gov.my','0',NULL,1,19,5,79,1,1,'2019-07-23 23:51:58','2019-07-23 23:51:58',NULL),
(204,204,1,1,'Norhayati Harun ','2823',NULL,'741211025426',NULL,NULL,NULL,NULL,NULL,NULL,NULL,NULL,NULL,NULL,'norhayatiharun@mpc.gov.my','0',NULL,9,23,12,99,1,1,'2019-03-29 18:11:45','2019-03-29 18:11:45',NULL),
(205,205,1,1,'Norhisam Ahmad ','2066',NULL,'590121085147',NULL,NULL,NULL,NULL,NULL,NULL,NULL,NULL,NULL,NULL,'norhisam@mpc.gov.my','0',NULL,5,23,12,36,1,1,'2019-03-29 18:11:45','2019-03-29 18:11:45',NULL),
(206,206,1,1,'Norhuda Abdullah','3000',NULL,'810924075016',NULL,NULL,NULL,NULL,NULL,NULL,NULL,NULL,NULL,NULL,'norhuda@mpc.gov.my','0',NULL,9,14,19,99,1,1,'2019-03-29 18:11:45','2019-03-29 18:11:45',NULL),
(207,207,1,1,'NORIJAH JUEN','3009','MH20372678','760715135972','','Blok 3, C3-3-6','Hartana Apartment,','Jalan Demak Laut','93050',2538,15,'0138140335',NULL,NULL,'norijah@mpc.gov.my','0',NULL,11,6,19,264,1,1,'2019-08-19 21:31:47','2019-08-19 21:31:47',NULL),
(208,208,1,1,'Norkamila Shahrudin ','3018',NULL,'810301106066',NULL,NULL,NULL,NULL,NULL,NULL,NULL,NULL,NULL,NULL,'norkamila@mpc.gov.my','0',NULL,12,6,18,255,1,1,'2019-03-29 18:11:45','2019-03-29 18:11:45',NULL),
(209,209,1,1,'Norliana Mahmud        ','1466',NULL,'770521075034',NULL,NULL,NULL,NULL,NULL,NULL,NULL,NULL,NULL,NULL,'norliana@mpc.gov.my','0',NULL,2,27,3,242,1,1,'2019-03-29 18:11:45','2019-03-29 18:11:45',NULL),
(210,210,1,1,'Norliza Ahmad  ','1460',NULL,'761213035482',NULL,NULL,NULL,NULL,NULL,NULL,NULL,NULL,NULL,NULL,'norlizaahmad@mpc.gov.my','0',NULL,6,18,4,39,1,1,'2019-03-29 18:11:45','2019-03-29 18:11:45',NULL),
(211,211,1,1,'Norliza Rosli ','3075',NULL,'850306055196',NULL,NULL,NULL,NULL,NULL,NULL,NULL,NULL,NULL,NULL,'norlizarosli@mpc.gov.my','0',NULL,5,15,18,36,1,1,'2019-03-29 18:11:45','2019-03-29 18:11:45',NULL),
(212,212,1,1,'Norul Hasila Abdullah','1548',NULL,'830714065344',NULL,NULL,NULL,NULL,NULL,NULL,NULL,NULL,NULL,NULL,'norulhasila@mpc.gov.my','0',NULL,1,27,3,79,1,1,'2019-03-29 18:11:45','2019-03-29 18:11:45',NULL),
(213,213,1,1,'Norwahidah Abdullah ','3006',NULL,'800603035364',NULL,NULL,NULL,NULL,NULL,NULL,NULL,NULL,NULL,NULL,'norwahidah@mpc.gov.my','0',NULL,12,12,18,255,1,1,'2019-03-29 18:11:45','2019-03-29 18:11:45',NULL),
(214,214,1,1,'Norwahizan bt Mohamed','3008',NULL,'781117035608',NULL,NULL,NULL,NULL,NULL,NULL,NULL,NULL,NULL,NULL,'norwahizan@mpc.gov.my','0',NULL,5,8,9,36,1,1,'2019-03-29 18:11:45','2019-03-29 18:11:45',NULL),
(215,215,1,1,'NORZIAH KABIL','3022','203715223','741111135206','K50871162','Lot 894, Lorong Demak Laut 3a','Taman Perindustrian Demak Laut','Jalan Bako, Petra Jaya','93050',2538,15,'0198442393',NULL,NULL,'norziah@mpc.gov.my','0',NULL,11,14,18,264,1,1,'2019-08-19 21:32:44','2019-08-19 21:32:44',NULL),
(216,216,1,1,'NORZIRIN ARIFFIN','1291','','640927075362','','','','',NULL,NULL,NULL,NULL,NULL,NULL,'zirin@mpc.gov.my','0',NULL,7,17,7,129,1,1,'2019-04-17 05:05:53','2019-04-17 05:05:53',NULL),
(217,217,1,1,'Nur Jihan Ramli ','3024',NULL,'820215065332',NULL,NULL,NULL,NULL,NULL,NULL,NULL,NULL,NULL,NULL,'nurjihan@mpc.gov.my','0',NULL,8,6,18,33,1,1,'2019-03-29 18:11:45','2019-03-29 18:11:45',NULL),
(218,218,1,1,'Nur \'Amirah Shaaban','3146',NULL,'911229075316',NULL,NULL,NULL,NULL,NULL,NULL,NULL,NULL,NULL,NULL,'nuramirah@mpc.gov.my','0',NULL,3,14,18,129,1,1,'2019-03-29 18:11:45','2019-03-29 18:11:45',NULL),
(219,219,1,1,'NUR FAIZAH TASMAN','1554','','820719015320','','','','',NULL,NULL,NULL,'0133759729',NULL,NULL,'nurfaizah@mpc.gov.my','0',NULL,3,27,3,129,1,1,'2019-07-16 00:18:13','2019-07-16 00:18:13',NULL),
(220,220,1,1,'Nur Fatimah Mohd Zaki','1588',NULL,'890703085766',NULL,NULL,NULL,NULL,NULL,NULL,NULL,NULL,NULL,NULL,'nurfatimah@mpc.gov.my','0',NULL,4,27,3,304,1,1,'2019-03-29 18:11:45','2019-03-29 18:11:45',NULL),
(221,221,1,1,'NUR HAFIZAH HALIMUDDIN','3038','','830829145870','','','','',NULL,NULL,NULL,NULL,NULL,NULL,'nurhafizah@mpc.gov.my','0',NULL,12,12,18,255,1,1,'2019-04-16 20:29:32','2019-04-16 20:29:32',NULL),
(222,222,1,1,'Nur Hanim Abd Ghani','1463',NULL,'760301145732',NULL,NULL,NULL,NULL,NULL,NULL,NULL,NULL,NULL,NULL,'hanim@mpc.gov.my','0',NULL,5,19,5,36,1,1,'2019-03-29 18:11:45','2019-03-29 18:11:45',NULL),
(223,223,1,1,'Nur Rafidah Zulkifl','1615',NULL,'880707086492',NULL,NULL,NULL,NULL,NULL,NULL,NULL,NULL,NULL,NULL,'nurrafidah@mpc.gov.my','0',NULL,7,27,3,216,1,1,'2019-03-29 18:11:45','2019-03-29 18:11:45',NULL),
(224,224,1,1,'Nur Sulia Saari ','1502',NULL,'830512145776',NULL,NULL,NULL,NULL,NULL,NULL,NULL,NULL,NULL,NULL,'sulia@mpc.gov.my','0',NULL,3,18,4,129,1,1,'2019-03-29 18:11:45','2019-03-29 18:11:45',NULL),
(225,225,1,1,'Nur Syafina Anuar','1522',NULL,'830628105688',NULL,NULL,NULL,NULL,NULL,NULL,NULL,NULL,NULL,NULL,'syafina@mpc.gov.my','0',NULL,4,27,3,304,1,1,'2019-03-29 18:11:45','2019-03-29 18:11:45',NULL),
(226,226,1,1,'Nur Syahrina Muhamad Nor','1557',NULL,'830726146360',NULL,NULL,NULL,NULL,NULL,NULL,NULL,NULL,NULL,NULL,'syahrina@mpc.gov.my','0',NULL,7,27,3,216,1,1,'2019-03-29 18:11:45','2019-03-29 18:11:45',NULL),
(227,227,1,1,'NURAIZAH HARUN @ HARRON','1578','MH32119482','831217015586','','','','',NULL,NULL,NULL,'0173872284',NULL,NULL,'nuraizah@mpc.gov.my','0',NULL,6,27,3,307,1,1,'2019-11-22 22:53:53','2019-11-22 22:53:53',NULL),
(228,228,1,1,'Nurfayunie Pakhrururzi','1647',NULL,'880219145668',NULL,NULL,NULL,NULL,NULL,NULL,NULL,NULL,NULL,NULL,'nurfayunie@mpc.gov.my','0',NULL,3,27,3,129,1,1,'2019-03-29 18:11:45','2019-03-29 18:11:45',NULL),
(229,229,1,1,'NURFAZILA HAJI ZULAIHI','1605','','900802136836','','','','',NULL,NULL,NULL,NULL,NULL,NULL,'nurfazila@mpc.gov.my','0',NULL,11,27,3,264,1,1,'2019-08-19 20:55:23','2019-08-19 20:55:23',NULL),
(230,230,1,1,'Nursyahida Muhamad Aszahari','3121',NULL,'890921146168',NULL,NULL,NULL,NULL,NULL,NULL,NULL,NULL,NULL,NULL,'nursyahida@mpc.gov.my','0',NULL,9,27,3,99,1,1,'2019-03-29 18:11:45','2019-03-29 18:11:45',NULL),
(231,231,1,1,'Nurul Ain Alia  Abdullah Zawawi','1583',NULL,'860805435694',NULL,NULL,NULL,NULL,NULL,NULL,NULL,NULL,NULL,NULL,'alia@mpc.gov.my','0',NULL,6,27,3,307,1,1,'2019-03-29 18:11:45','2019-03-29 18:11:45',NULL),
(232,232,1,1,'Nurul Farahaton Najihan Jusoh','1634',NULL,'900430115822',NULL,NULL,NULL,NULL,NULL,NULL,NULL,NULL,NULL,NULL,'farahaton@mpc.gov.my','0',NULL,6,27,3,39,1,1,'2019-03-29 18:11:45','2019-03-29 18:11:45',NULL),
(233,233,1,1,'NURUL FATIHAH MOHD AZLAN','1576','','860509295922','','','','',NULL,NULL,NULL,NULL,NULL,NULL,'nurulfatihah@mpc.gov.my','0',NULL,5,27,3,36,1,1,'2019-04-16 20:41:17','2019-04-16 20:41:17',NULL),
(234,234,1,1,'Nurul Nadia Zainal Adnan','3133',NULL,'870825565508',NULL,NULL,NULL,NULL,NULL,NULL,NULL,NULL,NULL,NULL,'nurulnadia@mpc.gov.my','0',NULL,1,12,18,79,1,1,'2019-03-29 18:11:45','2019-03-29 18:11:45',NULL),
(235,235,1,1,'Nurul Sazrina Mohd Shukor','1520',NULL,'830322105028',NULL,NULL,NULL,NULL,NULL,NULL,NULL,NULL,NULL,NULL,'sazrina@mpc.gov.my','0',NULL,5,29,26,36,1,1,'2019-03-29 18:11:45','2019-03-29 18:11:45',NULL),
(236,236,1,1,'NURUL SYAMIMI ISMAIL','1574','','850926035516','','','','',NULL,NULL,NULL,NULL,NULL,NULL,'syamimi@mpc.gov.my','0',NULL,6,27,3,284,1,1,'2020-02-03 22:55:48','2020-02-03 22:55:48',NULL),
(237,237,1,1,'NURZARINA JAAFAR','2992','','800509075538','','','','',NULL,NULL,NULL,NULL,NULL,NULL,'nurzarina@mpc.gov.my','0',NULL,9,30,22,99,1,1,'2019-04-16 20:20:43','2019-04-16 20:20:43',NULL),
(238,238,1,1,'Omi Kalsom Osman','2060',NULL,'590905085292',NULL,NULL,NULL,NULL,NULL,NULL,NULL,NULL,NULL,NULL,'omi@mpc.gov.my','0',NULL,5,14,20,36,1,1,'2019-03-29 18:11:45','2019-03-29 18:11:45',NULL),
(239,239,1,1,'OSMAN ZAIDAN','2996','','680925135225','','','','',NULL,NULL,NULL,NULL,NULL,NULL,'osmanzaidan@mpc.gov.my','0',NULL,11,7,9,264,1,1,'2019-08-19 21:35:16','2019-08-19 21:35:16',NULL),
(240,240,1,1,'RABIATUL HANA ISHAK','1610','310360562','901211146770','','','','',NULL,NULL,NULL,'0147169285',NULL,NULL,'rabiatulhana@mpc.gov.my','0',NULL,4,27,3,304,1,1,'2019-09-26 22:23:28','2019-09-26 22:23:28',NULL),
(241,241,1,1,'Rahayu Abd. Rahman','3085',NULL,'821114115518',NULL,NULL,NULL,NULL,NULL,NULL,NULL,NULL,NULL,NULL,'RahayuR@mpc.gov.my','0',NULL,8,14,18,33,1,1,'2019-03-29 18:11:45','2019-03-29 18:11:45',NULL),
(242,242,1,1,'DR. RAHMAT MD. SMAIL','1186','','600302045271','','','','',NULL,NULL,NULL,NULL,NULL,NULL,'rahmat@mpc.gov.my','0',NULL,2,17,7,129,1,1,'2019-04-17 05:07:48','2019-04-17 05:07:48',NULL),
(243,243,1,1,'RAINAH OSMAN','3020','','731111125252','','','','',NULL,NULL,NULL,NULL,NULL,NULL,'rainah@mpc.gov.my','0',NULL,10,6,18,41,1,1,'2020-01-24 03:29:15','2020-01-24 03:29:15',NULL),
(244,244,1,1,'Raja Ainul Bismi Raja Abd. Hadi','1509',NULL,'831026086234',NULL,NULL,NULL,NULL,NULL,NULL,NULL,NULL,NULL,NULL,'rajaainul@mpc.gov.my','0',NULL,1,18,4,79,1,1,'2019-03-29 18:11:45','2019-03-29 18:11:45',NULL),
(245,245,1,1,'Ramale Yusoff','2146',NULL,'640510035445',NULL,NULL,NULL,NULL,NULL,NULL,NULL,NULL,NULL,NULL,'ramale@mpc.gov.my','0',NULL,5,10,16,36,1,1,'2019-03-29 18:11:45','2019-03-29 18:11:45',NULL),
(246,246,1,1,'Ramlan Sainan','2067',NULL,'610228105027',NULL,NULL,NULL,NULL,NULL,NULL,NULL,NULL,NULL,NULL,'ramlan@mpc.gov.my','0',NULL,2,10,17,242,1,1,'2019-03-29 18:11:45','2019-03-29 18:11:45',NULL),
(247,247,1,1,'ROSELEENA HASHIM','1306','069415032','650318035284','A40195054','No 38 Jalan Pjs 10/3','Taman Subang Indah','Petaling Jaya','46100',1237,14,'0192648143',NULL,NULL,'leena@mpc.gov.my','0',NULL,3,33,6,9,1,1,'2019-09-10 23:27:34','2019-09-10 23:27:34',NULL),
(248,248,1,1,'Roslah Md Yusof','2105',NULL,'610210105328',NULL,NULL,NULL,NULL,NULL,NULL,NULL,NULL,NULL,NULL,'roslah@mpc.gov.my','0',NULL,6,31,23,78,1,1,'2019-03-29 18:11:45','2019-03-29 18:11:45',NULL),
(249,249,1,1,'ROSLI MAT DOM','2098','','610314055177','','','','',NULL,NULL,NULL,NULL,NULL,NULL,'rosli@mpc.gov.my','0',NULL,1,14,20,297,1,1,'2020-02-14 09:58:34','2020-02-14 09:58:34',NULL),
(250,250,1,1,'Roslinda Abdul Hamid','1493',NULL,'770706065860',NULL,NULL,NULL,NULL,NULL,NULL,NULL,NULL,NULL,NULL,'lynda@mpc.gov.my','0',NULL,7,27,3,141,1,1,'2019-03-29 18:11:45','2019-03-29 18:11:45',NULL),
(251,251,1,1,'Roslinda Ahmad','2977',NULL,'780922105002',NULL,NULL,NULL,NULL,NULL,NULL,NULL,NULL,NULL,NULL,'roslinda@mpc.gov.my','0',NULL,7,30,22,264,1,1,'2019-03-29 18:11:45','2019-03-29 18:11:45',NULL),
(252,252,1,1,'ROSMI  ABDULLAH','1274','301713860','630525035473','A51286075','','','',NULL,NULL,NULL,NULL,NULL,NULL,'rosmi@mpc.gov.my','0',NULL,7,17,7,66,1,1,'2020-01-25 04:56:20','2020-01-25 04:56:20',NULL),
(253,253,1,1,'Rosmiza Rosly','1374',NULL,'721031065086',NULL,NULL,NULL,NULL,NULL,NULL,NULL,NULL,NULL,NULL,'iza@mpc.gov.my','0',NULL,6,19,5,9,1,1,'2019-03-29 18:11:45','2019-03-29 18:11:45',NULL),
(254,254,1,1,'Rosniwati Abdullah','2783',NULL,'760405075492',NULL,NULL,NULL,NULL,NULL,NULL,NULL,NULL,NULL,NULL,'rosniwati@mpc.gov.my','0',NULL,1,6,18,79,1,1,'2019-03-29 18:11:45','2019-03-29 18:11:45',NULL),
(255,255,1,1,'ROZIANA OTHMAN','1289','','660928015060','','','','',NULL,NULL,NULL,NULL,NULL,NULL,'ogie@mpc.gov.my','0',NULL,12,33,6,66,1,1,'2019-04-18 21:28:01','2019-04-18 21:28:01',NULL),
(256,256,1,1,'Rozitah Ma\'al         ','1400',NULL,'730323145672',NULL,NULL,NULL,NULL,NULL,NULL,NULL,NULL,NULL,NULL,'rozitah@mpc.gov.my','0',NULL,7,18,4,141,1,1,'2019-03-29 18:11:45','2019-03-29 18:11:45',NULL),
(257,257,1,1,'RUSDI MUDA','1312','','650803035157','','','','',NULL,NULL,NULL,NULL,NULL,NULL,'rusdi@mpc.gov.my','0',NULL,8,19,5,33,1,1,'2019-07-03 21:04:02','2019-07-03 21:04:02',NULL),
(258,258,1,1,'SABRI HASAN','1458','','750708035595','','','','',NULL,NULL,NULL,NULL,NULL,NULL,'sabri@mpc.gov.my','0',NULL,2,18,4,252,1,1,'2019-04-17 04:45:20','2019-04-17 04:45:20',NULL),
(259,259,1,1,'SAFARWAN BIN MOHD SUHAIMI','1596','310673215','890306146107','','','','',NULL,NULL,NULL,'0194434801',NULL,NULL,'safarwan@mpc.gov.my','0',NULL,11,27,3,264,1,1,'2019-10-10 00:32:07','2019-10-10 00:32:07',NULL),
(260,260,1,1,'Safiah Mitri ','3080',NULL,'830413125884',NULL,NULL,NULL,NULL,NULL,NULL,NULL,NULL,NULL,NULL,'safiah@mpc.gov.my','0',NULL,3,15,18,129,1,1,'2019-03-29 18:11:45','2019-03-29 18:11:45',NULL),
(261,261,1,1,'Safniwati Jasri','1392',NULL,'760217715026',NULL,NULL,NULL,NULL,NULL,NULL,NULL,NULL,NULL,NULL,'safniwati@mpc.gov.my','0',NULL,7,18,4,216,1,1,'2019-03-29 18:11:45','2019-03-29 18:11:45',NULL),
(262,262,1,1,'SAFURA ABDUL MALEK','1579','MH08064589','860904525900','','','','',NULL,NULL,NULL,'0128920999',NULL,NULL,'safura@mpc.gov.my','0',NULL,4,18,4,285,1,1,'2020-02-13 12:12:32','2020-02-13 12:12:32',NULL),
(263,263,1,1,'SALIZA SAARI','1415','','770801066220','','','','',NULL,NULL,NULL,NULL,NULL,NULL,'saliza@mpc.gov.my','0',NULL,2,33,6,242,1,1,'2019-04-17 04:44:35','2019-04-17 04:44:35',NULL),
(264,264,1,1,'SARIMAH MISMAN','1311','','640414107066','','61,jalan Kp 2/15 Seksyen 2','Taman Kota Perdana','Bandar Putra Permai',NULL,NULL,NULL,'0196291662',NULL,NULL,'sarimah@mpc.gov.my','0',NULL,11,17,7,9,1,1,'2020-01-08 07:14:57','2020-01-08 07:14:57',NULL),
(265,265,1,1,'SAWIAH ABDUL SAMAD','1339','303487660','680101045120','','','','',NULL,NULL,NULL,'0183814621',NULL,NULL,'sawiah@mpc.gov.my','0',NULL,6,33,6,307,1,1,'2019-11-26 03:31:56','2019-11-26 03:31:56',NULL),
(266,266,1,1,'Semawi Zakaria','1370',NULL,'630328085527',NULL,NULL,NULL,NULL,NULL,NULL,NULL,NULL,NULL,NULL,'semawi@mpc.gov.my','0',NULL,2,18,4,242,1,1,'2019-03-29 18:11:45','2019-03-29 18:11:45',NULL),
(267,267,1,1,'Shafirul Izwar Saad','2999',NULL,'810418025235',NULL,NULL,NULL,NULL,NULL,NULL,NULL,NULL,NULL,NULL,'shafirul@mpc.gov.my','0',NULL,9,14,18,99,1,1,'2019-03-29 18:11:45','2019-03-29 18:11:45',NULL),
(268,268,1,1,'Shahidah Samsudin ','1558',NULL,'820526145858',NULL,NULL,NULL,NULL,NULL,NULL,NULL,NULL,NULL,NULL,'shahidah@mpc.gov.my','0',NULL,4,27,3,304,1,1,'2019-03-29 18:11:45','2019-03-29 18:11:45',NULL),
(269,269,1,1,'Shahriza Bahari  ','1428',NULL,'751226145016',NULL,NULL,NULL,NULL,NULL,NULL,NULL,NULL,NULL,NULL,'shahriza@mpc.gov.my','0',NULL,6,18,4,39,1,1,'2019-03-29 18:11:45','2019-03-29 18:11:45',NULL),
(270,270,1,1,'DR. SHAIK ROSLINAH BUX','1320','','630619106404','','','','',NULL,NULL,NULL,NULL,NULL,NULL,'roslinahbux@mpc.gov.my','0',NULL,4,33,6,304,1,1,'2019-04-17 04:46:27','2019-04-17 04:46:27',NULL),
(271,271,1,1,'Shanthini Tamadoram','1592',NULL,'800528145896',NULL,NULL,NULL,NULL,NULL,NULL,NULL,NULL,NULL,NULL,'shanthini@mpc.gov.my','0',NULL,6,27,3,307,1,1,'2019-03-29 18:11:45','2019-03-29 18:11:45',NULL),
(272,272,1,1,'Sharipah Mazina Syed Mohammed','1322',NULL,'660228035028',NULL,NULL,NULL,NULL,NULL,NULL,NULL,NULL,NULL,NULL,'sharipah@mpc.gov.my','0',NULL,1,19,5,79,1,1,'2019-03-29 18:11:45','2019-03-29 18:11:45',NULL),
(273,273,1,1,'Sharizal Samsudin','2978',NULL,'800809085025',NULL,NULL,NULL,NULL,NULL,NULL,NULL,NULL,NULL,NULL,'sharizal@mpc.gov.my','0',NULL,5,10,16,36,1,1,'2019-03-29 18:11:45','2019-03-29 18:11:45',NULL),
(274,274,1,1,'SHEZLINA ZAKARIA','1377','','720408025822','','','','',NULL,NULL,NULL,NULL,NULL,NULL,'shez@mpc.gov.my','0',NULL,1,33,6,79,1,1,'2019-04-17 04:46:57','2019-04-17 04:46:57',NULL),
(275,275,1,1,'Siti Aslindah Ahmad  ','3054',NULL,'830813125234',NULL,NULL,NULL,NULL,NULL,NULL,NULL,NULL,NULL,NULL,'sitiaslindah@mpc.gov.my','0',NULL,1,15,18,79,1,1,'2019-03-29 18:11:45','2019-03-29 18:11:45',NULL),
(276,276,1,1,'Siti Rahayu Md. Desa','3052',NULL,'750514075062',NULL,NULL,NULL,NULL,NULL,NULL,NULL,NULL,NULL,NULL,'rahayu@mpc.gov.my','0',NULL,5,14,19,36,1,1,'2019-03-29 18:11:45','2019-03-29 18:11:45',NULL),
(277,277,1,1,'Siti Rawaida Shariff','3076',NULL,'840604075284',NULL,NULL,NULL,NULL,NULL,NULL,NULL,NULL,NULL,NULL,'rawaida@mpc.gov.my','0',NULL,5,21,27,36,1,1,'2019-03-29 18:11:45','2019-03-29 18:11:45',NULL),
(278,278,1,1,'Siti Sakinah Mohd Zaki','1654',NULL,'890129035608',NULL,NULL,NULL,NULL,NULL,NULL,NULL,NULL,NULL,NULL,'sakinah@mpc.gov.my','0',NULL,12,27,3,255,1,1,'2019-03-29 18:11:45','2019-03-29 18:11:45',NULL),
(279,279,1,1,'Siti Salia Azizan','1562',NULL,'770502025592',NULL,NULL,NULL,NULL,NULL,NULL,NULL,NULL,NULL,NULL,'salia@mpc.gov.my','0',NULL,5,2,28,36,1,1,'2019-03-29 18:11:45','2019-03-29 18:11:45',NULL),
(280,280,1,1,'Siti Salmiah Yahaya','2135',NULL,'641101065170',NULL,NULL,NULL,NULL,NULL,NULL,NULL,NULL,NULL,NULL,'siti@mpc.gov.my','0',NULL,5,14,19,36,1,1,'2019-03-29 18:11:45','2019-03-29 18:11:45',NULL),
(281,281,1,1,'SITI SYAFIQAH AHMAD','1586','MH31045616','891122146000','A50377080','','','',NULL,NULL,NULL,'0184066193',NULL,NULL,'syafiqah@mpc.gov.my','0',NULL,3,27,3,79,1,1,'2019-06-25 21:52:33','2019-06-25 21:52:33',NULL),
(282,282,1,1,'Siti Zaharah Mohamed','3039',NULL,'860913235390',NULL,NULL,NULL,NULL,NULL,NULL,NULL,NULL,NULL,NULL,'zaharah@mpc.gov.my','0',NULL,5,6,18,36,1,1,'2019-03-29 18:11:45','2019-03-29 18:11:45',NULL),
(283,283,1,1,'Siti Zurianah Othman','1528',NULL,'780808045202',NULL,NULL,NULL,NULL,NULL,NULL,NULL,NULL,NULL,NULL,'zurianah@mpc.gov.my','0',NULL,6,27,3,39,1,1,'2019-03-29 18:11:45','2019-03-29 18:11:45',NULL),
(284,284,1,1,'SUGUMAR A/L SAMINATHAN','1353','','650711025373','','','','',NULL,NULL,NULL,NULL,NULL,NULL,'sugumar@mpc.gov.my','0',NULL,6,33,7,9,1,1,'2020-02-03 22:46:27','2020-02-03 22:46:27',NULL),
(285,285,1,1,'SUHAIMI HAMAD','1209','','610920035475','','','','',NULL,NULL,NULL,NULL,NULL,NULL,'suhaimi@mpc.gov.my','0',NULL,4,17,7,304,1,1,'2020-01-08 07:15:19','2020-01-08 07:15:19',NULL),
(286,286,1,1,'Suhaimi Robini','2988',NULL,'821006015819',NULL,NULL,NULL,NULL,NULL,NULL,NULL,NULL,NULL,NULL,'suhaimi_robini@mpc.gov.my','0',NULL,5,14,18,36,1,1,'2019-03-29 18:11:45','2019-03-29 18:11:45',NULL),
(287,287,1,1,'DR. SURIATI ZAINAL ABIDIN','1378','','720615045084','','','','',NULL,NULL,NULL,NULL,NULL,NULL,'ati@mpc.gov.my','0',NULL,6,19,5,284,1,1,'2020-02-03 22:55:21','2020-02-03 22:55:21',NULL),
(288,288,1,1,'Suzana Ismail','2941',NULL,'730505035706',NULL,NULL,NULL,NULL,NULL,NULL,NULL,NULL,NULL,NULL,'suzana@mpc.gov.my','0',NULL,2,18,4,242,1,1,'2019-03-29 18:11:45','2019-03-29 18:11:45',NULL),
(289,289,1,1,'SYAIRAH ZAIMAH SHAFIEE','3143','','860504387326','','','','',NULL,NULL,NULL,NULL,NULL,NULL,'syairah@mpc.gov.my','0',NULL,9,14,18,99,1,1,'2019-11-26 03:45:40','2019-11-26 03:45:40',NULL),
(290,290,1,1,'Syed Mohammad Fitri Syed Abdul Rahim ','2979',NULL,'780905065205',NULL,NULL,NULL,NULL,NULL,NULL,NULL,NULL,NULL,NULL,'smfitri@mpc.gov.my','0',NULL,5,24,2,36,1,1,'2019-03-29 18:11:45','2019-03-29 18:11:45',NULL),
(291,291,1,1,'SYED MOHD. AL-KHAFIEZ SHAH SYED MOHD. AZAM SHAH','2966','','800531145133','','','','',NULL,NULL,NULL,NULL,NULL,NULL,'syed@mpc.gov.my','0',NULL,5,27,3,36,1,1,'2019-09-12 02:26:36','2019-09-12 02:26:36',NULL),
(292,292,1,1,'THEA JUMINITA CHEONG KIAM','2119','','611123125392','','','','',NULL,NULL,NULL,NULL,NULL,NULL,'thea@mpc.gov.my','0',NULL,10,14,19,41,1,1,'2020-01-24 03:28:51','2020-01-24 03:28:51',NULL),
(293,293,1,1,'Umi Kalsom Osman','2082',NULL,'610102045102',NULL,NULL,NULL,NULL,NULL,NULL,NULL,NULL,NULL,NULL,'umi@mpc.gov.my','0',NULL,7,31,23,66,1,1,'2019-03-29 18:11:45','2019-03-29 18:11:45',NULL),
(294,294,1,1,'VIMALA A/P R.MUNIANDY','1567','','830708146260','','','','',NULL,NULL,NULL,'0122435208','0122435208',NULL,'vimala@mpc.gov.my','0',NULL,1,27,3,78,1,1,'2019-10-23 21:55:18','2019-10-23 21:55:18',NULL),
(295,295,1,1,'WAILA MOHD. NASIR','1381','','730621106022','','','','',NULL,NULL,NULL,NULL,NULL,NULL,'waila@mpc.gov.my','0',NULL,11,19,5,264,1,1,'2019-08-19 22:01:04','2019-08-19 22:01:04',NULL),
(296,296,1,1,'WAN FARID WAN HAMAD @ WAN AHMAD','1587','','791024105661','','C-6-20, Level 6, Block C, Masreca19','','','63200',1684,14,'+60163841467',NULL,NULL,'wanfarid@mpc.gov.my','0',NULL,3,27,3,9,1,1,'2019-09-29 01:25:44','2019-09-29 01:25:44',NULL),
(297,297,1,1,'WAN FAZLIN NADIA WAN OSMAN','1417','309836715','791126015974','','','','',NULL,NULL,NULL,'0123884464',NULL,NULL,'nadia@mpc.gov.my','0',NULL,6,17,7,9,1,1,'2020-02-03 22:46:02','2020-02-03 22:46:02',NULL),
(298,298,1,1,'Wan Khairunnisa Azmi','1569',NULL,'860225295576',NULL,NULL,NULL,NULL,NULL,NULL,NULL,NULL,NULL,NULL,'khairunnisa@mpc.gov.my','0',NULL,5,27,3,36,1,1,'2019-03-29 18:11:45','2019-03-29 18:11:45',NULL),
(299,299,1,1,'WAN NORHANI WAN KHALID','1536','','640706115164','','','','',NULL,NULL,NULL,'0196664016',NULL,NULL,'wannorhani@mpc.gov.my','0',NULL,5,4,30,36,1,1,'2019-07-08 19:49:28','2019-07-08 19:49:28',NULL),
(300,300,1,1,'WAN ROZITA HUSSAIN','2959','','770518065820','','','','',NULL,NULL,NULL,NULL,NULL,NULL,'wanrozita@mpc.gov.my','0',NULL,3,30,23,129,1,1,'2019-07-02 00:07:04','2019-07-02 00:07:04',NULL),
(301,301,1,1,'Wan Yusnaini Wan Yaacob   ','1403',NULL,'710502035534',NULL,NULL,NULL,NULL,NULL,NULL,NULL,NULL,NULL,NULL,'yusnaini@mpc.gov.my','0',NULL,7,18,4,216,1,1,'2019-03-29 18:11:45','2019-03-29 18:11:45',NULL),
(302,302,1,1,'Wan Zainulhaq Thaniah Che Haron','3091',NULL,'710129035076',NULL,NULL,NULL,NULL,NULL,NULL,NULL,NULL,NULL,NULL,'WanZainulhaq@mpc.gov.my','0',NULL,5,6,18,36,1,1,'2019-03-29 18:11:45','2019-03-29 18:11:45',NULL),
(303,303,1,1,'ZAFFRULLA BIN HUSSEIN','1379','MH31484961','691003035395','A51979816','No 17','Jalan Spektrum U16/13b','','40160',1078,14,'+60133413195','0133413195',NULL,'zaff@mpc.gov.my','0',NULL,6,19,5,307,1,1,'2019-10-19 04:49:04','2019-10-19 04:49:04',NULL),
(304,304,1,1,'ZAHID ISMAIL','1315','081875426','660320075225','','No. 35, Jalan Suadamai 11/5','Bandar Tun Hussein Onn','','43200',1201,14,'0192796198',NULL,NULL,'zahid@mpc.gov.my','0',NULL,4,17,7,9,1,1,'2019-10-09 00:40:12','2019-10-09 00:40:12',NULL),
(305,305,1,1,'Zaidah Hassan','3017',NULL,'810614065568',NULL,NULL,NULL,NULL,NULL,NULL,NULL,NULL,NULL,NULL,'zaidah@mpc.gov.my','0',NULL,6,30,22,9,1,1,'2019-03-29 18:11:45','2019-03-29 18:11:45',NULL),
(306,306,1,1,'Zaini Haron','2993',NULL,'830119105073',NULL,NULL,NULL,NULL,NULL,NULL,NULL,NULL,NULL,NULL,'zainiharon@mpc.gov.my','0',NULL,8,10,16,33,1,1,'2019-03-29 18:11:45','2019-03-29 18:11:45',NULL),
(307,307,1,1,'DATIN ZAINON BAKAR','1280','601462396','630524106620','A36811501','No 30 Jalan Tun Teja 35/2a','Alam Impian Seksyen 35','','40470',1085,14,NULL,'0351670707',NULL,'zaiba63@gmail.com','0',NULL,6,17,7,9,1,1,'2020-01-08 07:13:51','2020-01-08 07:13:51',NULL),
(308,308,1,1,'ZAINUDIN ELIAS','1296','','650322015235','','','','',NULL,NULL,NULL,NULL,NULL,NULL,'zainudine@mpc.gov.my','0',NULL,2,33,6,66,1,1,'2019-04-17 04:55:12','2019-04-17 04:55:12',NULL),
(309,309,1,1,'Zaiton Nordin','2136',NULL,'621101065316',NULL,NULL,NULL,NULL,NULL,NULL,NULL,NULL,NULL,NULL,'zainordin@mpc.gov.my','0',NULL,3,14,19,129,1,1,'2019-03-29 18:11:45','2019-03-29 18:11:45',NULL),
(310,310,1,1,'ZAKI JAAFAR','1341','314867210','670719035611','A39749933','45, Jln Bj14','Taman Balakong Jaya','','43300',1203,14,'0122694835','0389594835',NULL,'zeck@mpc.gov.my','0',NULL,6,19,5,304,1,1,'2020-01-29 01:33:40','2020-01-29 01:33:40',NULL),
(311,311,1,1,'Zawiyah Abd Manaf','3111',NULL,'871012235530',NULL,NULL,NULL,NULL,NULL,NULL,NULL,NULL,NULL,NULL,'zawiyahmanaf@mpc.gov.my','0',NULL,5,14,18,36,1,1,'2019-03-29 18:11:45','2019-03-29 18:11:45',NULL),
(312,312,1,1,'Zubir Zainuddin','2283',NULL,'720327055077',NULL,NULL,NULL,NULL,NULL,NULL,NULL,NULL,NULL,NULL,'zack@mpc.gov.my','0',NULL,5,10,16,36,1,1,'2019-03-29 18:11:45','2019-03-29 18:11:45',NULL),
(313,313,1,1,'Zul Ezwan Muhamad','1511',NULL,'810122015257',NULL,NULL,NULL,NULL,NULL,NULL,NULL,NULL,NULL,NULL,'zulezwan@mpc.gov.my','0',NULL,12,27,3,255,1,1,'2019-03-29 18:11:45','2019-03-29 18:11:45',NULL),
(314,314,1,1,'ZULAIFAH OMAR','1307','','631016015006','','','','',NULL,NULL,NULL,NULL,NULL,NULL,'xue@mpc.gov.my','0',NULL,4,33,6,304,1,1,'2019-04-17 04:48:34','2019-04-17 04:48:34',NULL),
(315,315,1,1,'Zunaidah Awang Nawi','2972',NULL,'820911035882',NULL,NULL,NULL,NULL,NULL,NULL,NULL,NULL,NULL,NULL,'zunaidah@mpc.gov.my','0',NULL,5,14,19,36,1,1,'2019-03-29 18:11:45','2019-03-29 18:11:45',NULL),
(316,316,1,1,'Zuraidi Zainol   ','1500',NULL,'830428095219',NULL,NULL,NULL,NULL,NULL,NULL,NULL,NULL,NULL,NULL,'zuraidi@mpc.gov.my','0',NULL,5,18,4,36,1,1,'2019-03-29 18:11:45','2019-03-29 18:11:45',NULL),
(317,317,1,1,'ZURAINI SUBKI','1658','','820829035744','','','','',NULL,NULL,NULL,NULL,NULL,NULL,'zuraini@mpc.gov.my','0',NULL,11,27,3,264,1,1,'2019-08-19 20:58:49','2019-08-19 20:58:49',NULL),
(318,318,1,1,'Zurianti Nor Azian Mohd. Nafi','3148',NULL,'880229065872',NULL,NULL,NULL,NULL,NULL,NULL,NULL,NULL,NULL,NULL,'zurianti@mpc.gov.my','0',NULL,5,14,18,36,1,1,'2019-03-29 18:11:45','2019-03-29 18:11:45',NULL),
(319,319,1,1,'ABDUL RAHMAN KAMIS','1699','','911019085241','','','','',NULL,NULL,NULL,'0133693243',NULL,NULL,'arahman@mpc.gov.my','0',NULL,4,27,3,304,1,1,'2019-04-18 03:41:51','2019-04-18 03:41:51',NULL),
(320,320,1,1,'Aimi Zahira Azami','3154',NULL,'891008026064',NULL,NULL,NULL,NULL,NULL,NULL,NULL,NULL,NULL,NULL,'aimizahira@mpc.gov.my','0',NULL,8,14,18,33,1,1,'2019-03-29 18:11:45','2019-03-29 18:11:45',NULL),
(321,321,1,1,'Anis Syafiqah Ayob','3161',NULL,'910208095030',NULL,NULL,NULL,NULL,NULL,NULL,NULL,NULL,NULL,NULL,'anissyafiqah@mpc.gov.my','0',NULL,7,27,3,66,1,1,'2019-03-29 18:11:45','2019-03-29 18:11:45',NULL),
(322,322,1,1,'Jerrecy Elsie P. Tojipun','3099',NULL,'841208125352',NULL,NULL,NULL,NULL,NULL,NULL,NULL,NULL,NULL,NULL,'jerrecy@mpc.gov.my','0',NULL,10,14,18,72,1,1,'2019-03-29 18:11:45','2019-03-29 18:11:45',NULL),
(323,323,1,1,'Mohamad Amirul Arif Sahimi','3128',NULL,'910408036123',NULL,NULL,NULL,NULL,NULL,NULL,NULL,NULL,NULL,NULL,'mohamad@mpc.gov.my','0',NULL,8,14,18,33,1,1,'2019-03-29 18:11:45','2019-03-29 18:11:45',NULL),
(324,324,1,1,'Mohammad Fadzrul Faridz Hazni','1678',NULL,'930527045223',NULL,NULL,NULL,NULL,NULL,NULL,NULL,NULL,NULL,NULL,'mfadzrul@mpc.gov.my','0',NULL,5,27,3,36,1,1,'2019-03-29 18:11:45','2019-03-29 18:11:45',NULL),
(325,325,1,1,'Mohd Aizuddin Noor Azman','1674',NULL,'890129085541',NULL,NULL,NULL,NULL,NULL,NULL,NULL,NULL,NULL,NULL,'aizuddin@mpc.gov.my','0',NULL,6,27,3,9,1,1,'2019-03-29 18:11:45','2019-03-29 18:11:45',NULL),
(326,326,1,1,'MOHD MUJAHID MOHD YUSOFF','1662','','900521036193','','','','',NULL,NULL,NULL,'0194490379',NULL,NULL,'mujahid@mpc.gov.my','0',NULL,7,27,3,216,1,1,'2020-02-06 14:16:04','2020-02-06 14:16:04',NULL),
(327,327,1,1,'Muhammad Adib Fitrie Mukhtar','1676',NULL,'910416036107',NULL,NULL,NULL,NULL,NULL,NULL,NULL,NULL,NULL,NULL,'adibfitrie@mpc.gov.my','0',NULL,4,27,3,285,1,1,'2019-03-29 18:11:45','2019-03-29 18:11:45',NULL),
(328,328,1,1,'Muhammad Azrull Nazreen','1683',NULL,'940822015325',NULL,NULL,NULL,NULL,NULL,NULL,NULL,NULL,NULL,NULL,'azrullnazreen@mpc.gov.my','0',NULL,4,27,3,304,1,1,'2019-03-29 18:11:45','2019-03-29 18:11:45',NULL),
(329,329,1,1,'Muhammad Firdaus Yahya','1693',NULL,'940723015733',NULL,NULL,NULL,NULL,NULL,NULL,NULL,NULL,NULL,NULL,'firdaus@mpc.gov.my','0',NULL,4,27,3,304,1,1,'2019-03-29 18:11:45','2019-03-29 18:11:45',NULL),
(330,330,1,1,'MUHAMMAD HANIF CHE WAN NAMAN','1685','323906332','950913035929','','','','',NULL,NULL,NULL,'0194707856',NULL,NULL,'hanif@mpc.gov.my','0',NULL,6,27,3,39,1,1,'2019-04-18 04:29:31','2019-04-18 04:29:31',NULL),
(331,331,1,1,'Muhammad Imazakwan Abdul Razak','1696',NULL,'930213145205',NULL,NULL,NULL,NULL,NULL,NULL,NULL,NULL,NULL,NULL,'imazakwan@mpc.gov.my','0',NULL,2,27,3,242,1,1,'2019-03-29 18:11:45','2019-03-29 18:11:45',NULL),
(332,332,1,1,'Muhammad Zarul Naim Zul Haddi','1677',NULL,'941218085225',NULL,NULL,NULL,NULL,NULL,NULL,NULL,NULL,NULL,NULL,'zarulnaim@mpc.gov.my','0',NULL,6,27,3,9,1,1,'2019-03-29 18:11:45','2019-03-29 18:11:45',NULL),
(333,333,1,1,'Munira Abd Razak','3150',NULL,'821219105244',NULL,NULL,NULL,NULL,NULL,NULL,NULL,NULL,NULL,NULL,'muniraabd@mpc.gov.my','0',NULL,12,14,18,255,1,1,'2019-03-29 18:11:45','2019-03-29 18:11:45',NULL),
(334,334,1,1,'Nadiah Jamal','1668',NULL,'930416105414',NULL,NULL,NULL,NULL,NULL,NULL,NULL,NULL,NULL,NULL,'nadiah@mpc.gov.my','0',NULL,6,27,3,9,1,1,'2019-03-29 18:11:45','2019-03-29 18:11:45',NULL),
(335,335,1,1,'Naratul Nurhaniza Rusli','3169',NULL,'940209146298',NULL,NULL,NULL,NULL,NULL,NULL,NULL,NULL,NULL,NULL,'naratul@mpc.gov.my','0',NULL,5,14,18,36,1,1,'2019-03-29 18:11:45','2019-03-29 18:11:45',NULL),
(336,336,1,1,'Nasuha Misri','1671',NULL,'930827016256',NULL,NULL,NULL,NULL,NULL,NULL,NULL,NULL,NULL,NULL,'nasuha@mpc.gov.my','0',NULL,6,27,3,9,1,1,'2019-03-29 18:11:45','2019-03-29 18:11:45',NULL),
(337,337,1,1,'NIK HANEEZ AMIZAN NIK ROSDI','1661','328214633','920718895010','A51451598','B-4-1, Fairville Apartment,','Jalan Usj 22/1, Usj 21,','','47630',1325,14,'+60197181804',NULL,NULL,'nikhaneez@mpc.gov.my','0',NULL,1,27,3,79,1,1,'2019-07-09 02:17:29','2019-07-09 02:17:29',NULL),
(338,338,1,1,'Noorazlin Mohd Nasir','1695',NULL,'930103085678',NULL,NULL,NULL,NULL,NULL,NULL,NULL,NULL,NULL,NULL,'noorazlin@mpc.gov.my','0',NULL,6,27,3,9,1,1,'2019-03-29 18:11:45','2019-03-29 18:11:45',NULL),
(339,339,1,1,'Nur Asyikin Setapa','1670',NULL,'920609035740',NULL,NULL,NULL,NULL,NULL,NULL,NULL,NULL,NULL,NULL,'nurasyikin@mpc.gov.my','0',NULL,6,27,3,9,1,1,'2019-03-29 18:11:45','2019-03-29 18:11:45',NULL),
(340,340,1,1,'Nur Farhana Zaibidi','3168',NULL,'871216015126',NULL,NULL,NULL,NULL,NULL,NULL,NULL,NULL,NULL,NULL,'nurfarhana@mpc.gov.my','0',NULL,5,14,18,36,1,1,'2019-03-29 18:11:45','2019-03-29 18:11:45',NULL),
(341,341,1,1,'Nurain Syafiqah Norazman','1692',NULL,'930624016096',NULL,NULL,NULL,NULL,NULL,NULL,NULL,NULL,NULL,NULL,'nurainsyafiqah@mpc.gov.my','0',NULL,5,27,3,36,1,1,'2019-03-29 18:11:45','2019-03-29 18:11:45',NULL),
(342,342,1,1,'Nurezyan Sofea Zairul Mujahidin','1700',NULL,'940312015130',NULL,NULL,NULL,NULL,NULL,NULL,NULL,NULL,NULL,NULL,'nurezyansofea@mpc.gov.my','0',NULL,4,27,3,304,1,1,'2019-03-29 18:11:45','2019-03-29 18:11:45',NULL),
(343,343,1,1,'NURFARIHA AHMAD','1698','','951130136162','','','','',NULL,NULL,NULL,NULL,NULL,NULL,'nurfariha@mpc.gov.my','0',NULL,10,27,3,41,1,1,'2020-01-11 04:24:37','2020-01-11 04:24:37',NULL),
(344,344,1,1,'Nurul Husna Abdul Rashid','1690',NULL,'920422086556',NULL,NULL,NULL,NULL,NULL,NULL,NULL,NULL,NULL,NULL,'nurulhusna@mpc.gov.my','0',NULL,7,27,3,242,1,1,'2019-03-29 18:11:45','2019-03-29 18:11:45',NULL),
(345,345,1,1,'Rabiatul Adawiyah Arzahar','3164',NULL,'970504145308',NULL,NULL,NULL,NULL,NULL,NULL,NULL,NULL,NULL,NULL,'rabiatuladawiyah@mpc.gov.my','0',NULL,2,14,18,242,1,1,'2019-03-29 18:11:45','2019-03-29 18:11:45',NULL),
(346,346,1,1,'Rozainy Elyza Rosli','1667',NULL,'940817146750',NULL,NULL,NULL,NULL,NULL,NULL,NULL,NULL,NULL,NULL,'rozainy@mpc.gov.my','0',NULL,3,27,3,129,1,1,'2019-03-29 18:11:45','2019-03-29 18:11:45',NULL),
(347,347,1,1,'SHAZYMIN MAZLAN','3163','','930205075796','','','','',NULL,NULL,NULL,NULL,NULL,NULL,'shazymin@mpc.gov.my','0',NULL,9,14,18,99,1,1,'2019-04-16 20:19:18','2019-04-16 20:19:18',NULL),
(348,348,1,1,'Siti Hajar Ismail','1686',NULL,'930122085702',NULL,NULL,NULL,NULL,NULL,NULL,NULL,NULL,NULL,NULL,'sitihajar@mpc.gov.my','0',NULL,4,27,3,304,1,1,'2019-03-29 18:11:45','2019-03-29 18:11:45',NULL),
(349,349,1,1,'SITI NUR SYUHAIDA MOHD SALLEH','1705','329581873','960416115070','','Jalan Loji Air','Kampung Bukit Bunga','','22010',621,16,'01119773745',NULL,NULL,'syuhaidasalleh96@gmail.com','0',NULL,6,27,3,9,1,1,'2019-10-26 01:16:57','2019-10-26 01:16:57',NULL),
(350,350,1,1,'Siti Nuraini Ab Halim','3167',NULL,'921013065046',NULL,NULL,NULL,NULL,NULL,NULL,NULL,NULL,NULL,NULL,'sitinuraini@mpc.gov.my','0',NULL,5,21,27,36,1,1,'2019-03-29 18:11:45','2019-03-29 18:11:45',NULL),
(351,351,1,1,'SITI ROHANA RUBAIDI','1666','','910516106408','','','','',NULL,NULL,NULL,'0192313877',NULL,NULL,'rohana@mpc.gov.my','0',NULL,6,27,3,307,1,1,'2019-08-05 22:39:15','2019-08-05 22:39:15',NULL),
(352,352,1,1,'SITI ZAHARAH IBRAHIM','1702','','830226045192','','','','',NULL,NULL,NULL,'0129710691','0129710691',NULL,'szaharah@mpc.gov.my','0',NULL,6,27,3,78,1,1,'2019-12-04 00:38:42','2019-12-04 00:38:42',NULL),
(353,353,1,1,'Syed Izzat Emir Syed Ahmad Razali','1691',NULL,'940405105629',NULL,NULL,NULL,NULL,NULL,NULL,NULL,NULL,NULL,NULL,'syedizzat@mpc.gov.my','0',NULL,6,27,3,9,1,1,'2019-03-29 18:11:45','2019-03-29 18:11:45',NULL),
(354,354,1,1,'UMMU ‘AMMARAH BASYIRAH HASHIM','1687','','940826017328','','','','',NULL,NULL,NULL,'01139237530',NULL,NULL,'ummu@mpc.gov.my','0',NULL,5,27,3,36,1,1,'2019-04-15 23:29:20','2019-04-15 23:29:20',NULL),
(516,355,1,1,'AHMAD SYAFIE BIN IDRIS','4545','5317','860716335317','','','','','43100',1200,14,'0176223554',NULL,NULL,'syafiqidrus@gmail.com','0',NULL,6,34,31,356,1,1,'2019-04-01 00:51:28','2019-04-01 00:51:28',NULL),
(517,356,1,1,'NORAIZAM BIN BADRON','5937','5937','740102015937','','Test','','',NULL,NULL,NULL,'01766727272','01887777777',NULL,'mpcflightsystem@gmail.com','0',NULL,6,33,5,39,1,1,'2019-04-01 01:08:26','2019-03-31 21:10:29',NULL),
(518,357,1,1,'MUHAMMAD FATHI BIN MD TAIB','01713','','9106070950','','','','',NULL,NULL,NULL,'0194230231',NULL,NULL,'fathi@mpc.gov.my','0',NULL,6,27,3,39,1,1,'2019-04-18 04:39:26','2019-04-18 04:39:26',NULL),
(519,358,1,1,'MOHAMED AMIRUL ZAFAREN MOHAMED ZAKIR','01717','','9409041463','','','','',NULL,NULL,NULL,'0132343906',NULL,NULL,'zafaren@mpc.gov.my','0',NULL,6,27,3,39,1,1,'2019-04-18 04:47:51','2019-04-18 04:47:51',NULL),
(520,359,1,1,'MOHD NOOR AZRIN BIN ADNAN','1723','327160164','871129035559','','','','',NULL,NULL,NULL,'0172728290',NULL,NULL,'azrin@mpc.gov.my','0',NULL,6,27,3,39,1,1,'2020-01-08 13:47:33','2020-01-08 13:47:33',NULL),
(521,360,1,1,'AZIRAH BT MOHD','01719','','940610115324','','','','',NULL,NULL,NULL,'01161036364',NULL,NULL,'azirah@mpc.gov.my','0',NULL,4,27,3,304,1,1,'2019-04-22 20:16:25','2019-04-22 20:16:25',NULL),
(522,361,1,1,'NUR ILINA BINTI ROSLI','01729','','940603146456','','','','',NULL,NULL,NULL,'0133101770',NULL,NULL,'nurilina@mpc.gov.my','0',NULL,4,27,3,304,1,1,'2019-04-25 01:56:56','2019-04-25 01:56:56',NULL),
(523,362,1,1,'NOOR IDDEANNA BINTI IDRIS','1718','','950806146236','','No.2 Jalan Sp2/15','Taman Subang Perdana','','40150',1077,14,'0132232452',NULL,NULL,'iddeanna@mpc.gov.my','0',NULL,6,27,3,39,1,1,'2019-05-03 03:35:10','2019-05-03 03:35:10',NULL),
(524,363,1,1,'AMIRUL HAIZAD BIN REDZWAN','01716','','940109015151','','','','',NULL,NULL,NULL,'0196963517',NULL,NULL,'haizad@mpc.gov.my','0',NULL,4,27,3,304,1,1,'2019-05-21 20:43:57','2019-05-21 20:43:57',NULL),
(525,364,1,1,'NOR AZZATUL AKMARISHA BINTI SERJALI','01724','','940801086140','','','','',NULL,NULL,NULL,NULL,NULL,NULL,'azzatul@mpc.gov.my','0',NULL,3,27,3,129,1,1,'2019-05-27 23:13:16','2019-05-27 23:13:16',NULL),
(526,365,1,1,'NURUL NADIA BINTI ABDUL PATAH','01730','','950526145298','','','','',NULL,NULL,NULL,NULL,NULL,NULL,'nuruln@mpc.gov.my','0',NULL,4,27,3,304,1,1,'2019-06-12 21:38:57','2019-06-12 21:38:57',NULL),
(527,366,1,1,'MAHZAR REZZA BIN ITHNIN','01733','308201633','860306335779','','','','',NULL,NULL,NULL,'0122447148',NULL,NULL,'mahzar@mpc.gov.my','0',NULL,6,27,3,78,1,1,'2019-11-15 21:59:46','2019-11-15 21:59:46',NULL),
(528,367,1,1,'NURRUL NUR AISYAH HAMRAN','01734','309714963','950829135206','','','','',NULL,NULL,NULL,'0109609108',NULL,NULL,'nurrul@mpc.gov.my','0',NULL,6,27,3,39,1,1,'2020-01-29 06:05:00','2020-01-29 06:05:00',NULL),
(529,368,1,1,'NORLIYANA BINTI MOHD SHAMSUDDIN','01731','','920812105660','','','','',NULL,NULL,NULL,'0132240240',NULL,NULL,'norliyanas@mpc.gov.my','0',NULL,6,27,3,307,1,1,'2019-07-02 21:19:42','2019-07-02 21:19:42',NULL),
(530,369,1,1,'NIK NUR ATIQAH BINTI SAIDI','01710','328242110','920916035644','','','','',NULL,NULL,NULL,'0192413700',NULL,NULL,'niknuratiqah@mpc.gov.my','0',NULL,6,27,3,39,1,1,'2019-11-15 00:08:33','2019-11-15 00:08:33',NULL),
(531,370,1,1,'SARAH AFIQAH BINTI KAMARUZAMAN','01737','328313215','970218145040','','','','',NULL,NULL,NULL,'0174746234',NULL,NULL,'sarah@mpc.gov.my','0',NULL,6,27,3,78,1,1,'2019-07-25 22:56:45','2019-07-25 22:56:45',NULL),
(532,371,1,1,'NURUL AZNEE BT ABDUL AZIZ','01736','','930505106566','','','','',NULL,NULL,NULL,'0182354569',NULL,NULL,'aznee@mpc.gov.my','0',NULL,6,27,3,78,1,1,'2019-07-22 23:40:43','2019-07-22 23:40:43',NULL),
(533,372,1,1,'NUR AISYA AIDA BINTI KHAIRUL SALLEH','01742','','960623105318','','','','',NULL,NULL,NULL,'0127889096',NULL,NULL,'nuraisya@mpc.gov.my','0',NULL,6,27,3,78,1,1,'2019-07-26 03:31:17','2019-07-26 03:31:17',NULL),
(534,373,1,1,'ANIS UMAIRAH BINTI JASNI','01732','','941212065370','','','','',NULL,NULL,NULL,'0174134703',NULL,NULL,'anisumairah@mpc.gov.my','0',NULL,4,27,3,304,1,1,'2019-07-30 03:06:39','2019-07-30 03:06:39',NULL),
(535,374,1,1,'NORNADIA BINTI OMAR','01722','','910330036544','','','','',NULL,NULL,NULL,'0145281834',NULL,NULL,'nornadia@mpc.gov.my','0',NULL,4,27,3,285,1,1,'2019-08-26 20:30:02','2019-08-26 20:30:02',NULL),
(536,375,1,1,'MOHD AFIQ BIN MOHD ADNAN','03160','','890219136111','','','','',NULL,NULL,NULL,'0174478129',NULL,NULL,'mohdafiqn@mpc.gov.my','0',NULL,12,10,16,255,1,1,'2019-08-29 03:37:45','2019-08-29 03:37:45',NULL),
(537,376,1,1,'NANCY ANAK JOAN','01744','','950124136348','','','','',NULL,NULL,NULL,'0199773615',NULL,NULL,'nancy@mpc.gov.my','0',NULL,6,27,3,39,1,1,'2019-09-23 23:40:03','2019-09-23 23:40:03',NULL),
(538,377,1,1,'YOGESVARI A/P SAMBASEVAM','01741','','910210025912','','','','',NULL,NULL,NULL,'0164696181',NULL,NULL,'yogesvari@mpc.gov.my','0',NULL,6,27,3,78,1,1,'2019-10-07 22:51:06','2019-10-07 22:51:06',NULL),
(539,378,1,1,'NIK NUR MAISARAH NIK SOH','01712','','951224035354','','','','',NULL,NULL,NULL,NULL,NULL,NULL,'niknur@mpc.gov.my','0',NULL,1,27,3,79,1,1,'2019-10-07 23:06:12','2019-10-07 23:06:12',NULL),
(540,379,1,1,'NIK ZARITH ELIDA BINTI NIK RAMLI','01745','','950406035924','','','','',NULL,NULL,NULL,'0142523882',NULL,NULL,'nikzarith@mpc.gov.my','0',NULL,6,27,3,39,1,1,'2019-10-15 20:46:24','2019-10-15 20:46:24',NULL),
(541,380,1,1,'MOHD SYAMAEL BIN MOHD NASIR','01738','','931007015295','','','','',NULL,NULL,NULL,'0104345834',NULL,NULL,'syamaelr@mpc.gov.my','0',NULL,6,27,3,78,1,1,'2019-11-19 02:18:05','2019-11-19 02:18:05',NULL),
(542,381,1,1,'AISYAH BINTI ISMAIL','01727','','940502115546','','','','',NULL,NULL,NULL,'0194576246',NULL,NULL,'aisyah@mpc.gov.my','0',NULL,6,27,3,39,1,1,'2020-01-28 21:35:43','2020-01-28 21:35:43',NULL);

