(2717,15,'96900','BELAGA','2018-05-02 12:09:19','2018-05-02 12:09:19',NULL),
(2718,15,'96950','BELAGA','2018-05-02 12:09:19','2018-05-02 12:09:19',NULL),
(2719,15,'97000','BINTULU','2018-05-02 12:09:19','2018-05-02 12:09:19',NULL),
(2720,15,'97007','BINTULU','2018-05-02 12:09:19','2018-05-02 12:09:19',NULL),
(2721,15,'97008','BINTULU','2018-05-02 12:09:19','2018-05-02 12:09:19',NULL),
(2722,15,'97009','BINTULU','2018-05-02 12:09:19','2018-05-02 12:09:19',NULL),
(2723,15,'97010','BINTULU','2018-05-02 12:09:19','2018-05-02 12:09:19',NULL),
(2724,15,'97011','BINTULU','2018-05-02 12:09:19','2018-05-02 12:09:19',NULL),
(2725,15,'97012','BINTULU','2018-05-02 12:09:19','2018-05-02 12:09:19',NULL),
(2726,15,'97013','BINTULU','2018-05-02 12:09:19','2018-05-02 12:09:19',NULL),
(2727,15,'97014','BINTULU','2018-05-02 12:09:19','2018-05-02 12:09:19',NULL),
(2728,15,'97015','BINTULU','2018-05-02 12:09:19','2018-05-02 12:09:19',NULL),
(2729,15,'97100','SEBAUH','2018-05-02 12:09:19','2018-05-02 12:09:19',NULL),
(2730,15,'97200','TATAU','2018-05-02 12:09:19','2018-05-02 12:09:19',NULL),
(2731,15,'97300','BINTULU','2018-05-02 12:09:19','2018-05-02 12:09:19',NULL),
(2732,15,'98000','MIRI','2018-05-02 12:09:19','2018-05-02 12:09:19',NULL),
(2733,15,'98007','MIRI','2018-05-02 12:09:19','2018-05-02 12:09:19',NULL),
(2734,15,'98008','MIRI','2018-05-02 12:09:19','2018-05-02 12:09:19',NULL),
(2735,15,'98009','MIRI','2018-05-02 12:09:19','2018-05-02 12:09:19',NULL),
(2736,15,'98050','BARAM','2018-05-02 12:09:19','2018-05-02 12:09:19',NULL),
(2737,15,'98057','BARAM','2018-05-02 12:09:19','2018-05-02 12:09:19',NULL),
(2738,15,'98058','BARAM','2018-05-02 12:09:19','2018-05-02 12:09:19',NULL),
(2739,15,'98059','BARAM','2018-05-02 12:09:19','2018-05-02 12:09:19',NULL),
(2740,15,'98100','LUTONG','2018-05-02 12:09:19','2018-05-02 12:09:19',NULL),
(2741,15,'98107','LUTONG','2018-05-02 12:09:19','2018-05-02 12:09:19',NULL),
(2742,15,'98109','LUTONG','2018-05-02 12:09:19','2018-05-02 12:09:19',NULL),
(2743,15,'98150','BEKENU','2018-05-02 12:09:19','2018-05-02 12:09:19',NULL),
(2744,15,'98157','BEKENU','2018-05-02 12:09:19','2018-05-02 12:09:19',NULL),
(2745,15,'98159','BEKENU','2018-05-02 12:09:19','2018-05-02 12:09:19',NULL),
(2746,15,'98200','NIAH','2018-05-02 12:09:19','2018-05-02 12:09:19',NULL),
(2747,15,'98300','LONG LAMA','2018-05-02 12:09:19','2018-05-02 12:09:19',NULL),
(2748,15,'98700','LIMBANG','2018-05-02 12:09:19','2018-05-02 12:09:19',NULL),
(2749,15,'98707','LIMBANG','2018-05-02 12:09:19','2018-05-02 12:09:19',NULL),
(2750,15,'98708','LIMBANG','2018-05-02 12:09:19','2018-05-02 12:09:19',NULL),
(2751,15,'98709','LIMBANG','2018-05-02 12:09:19','2018-05-02 12:09:19',NULL),
(2752,15,'98750','NANGA MEDAMIT','2018-05-02 12:09:19','2018-05-02 12:09:19',NULL),
(2753,15,'98800','SUNDAR','2018-05-02 12:09:19','2018-05-02 12:09:19',NULL),
(2754,15,'98850','LAWAS','2018-05-02 12:09:19','2018-05-02 12:09:19',NULL),
(2755,15,'98857','LAWAS','2018-05-02 12:09:19','2018-05-02 12:09:19',NULL),
(2756,15,'98859','LAWAS','2018-05-02 12:09:19','2018-05-02 12:09:19',NULL),
(2757,1,'81030','KULAI','2018-05-02 12:09:19','2018-05-02 12:09:19',NULL),
(2758,1,'80502','	JOHOR BAHRU','2018-05-02 12:09:19','2018-05-02 12:09:19',NULL),
(2759,1,'80503','JOHOR BAHRU','2018-05-02 12:09:19','2018-05-02 12:09:19',NULL),
(2760,1,'80504','JOHOR BAHRU','2018-05-02 12:09:19','2018-05-02 12:09:19',NULL),
(2761,1,'80505','JOHOR BAHRU','2018-05-02 12:09:19','2018-05-02 12:09:19',NULL),
(2762,1,'80514','JOHOR BAHRU','2018-05-02 12:09:19','2018-05-02 12:09:19',NULL),
(2763,1,'80517','	JOHOR BAHRU','2018-05-02 12:09:19','2018-05-02 12:09:19',NULL),
(2764,1,'80518','JOHOR BAHRU','2018-05-02 12:09:19','2018-05-02 12:09:19',NULL),
(2765,1,'80520','JOHOR BAHRU','2018-05-02 12:09:19','2018-05-02 12:09:19',NULL),
(2766,1,'80532','JOHOR BAHRU','2018-05-02 12:09:19','2018-05-02 12:09:19',NULL),
(2767,1,'80538','JOHOR BAHRU','2018-05-02 12:09:19','2018-05-02 12:09:19',NULL),
(2768,1,'80540','	JOHOR BAHRU','2018-05-02 12:09:19','2018-05-02 12:09:19',NULL),
(2769,1,'80548','JOHOR BAHRU','2018-05-02 12:09:19','2018-05-02 12:09:19',NULL),
(2770,1,'80550','JOHOR BAHRU','2018-05-02 12:09:19','2018-05-02 12:09:19',NULL),
(2771,1,'80552','JOHOR BAHRU','2018-05-02 12:09:19','2018-05-02 12:09:19',NULL),
(2772,1,'80570','JOHOR BAHRU','2018-05-02 12:09:19','2018-05-02 12:09:19',NULL),
(2773,1,'80576','	JOHOR BAHRU','2018-05-02 12:09:19','2018-05-02 12:09:19',NULL),
(2774,1,'80606','JOHOR BAHRU','2018-05-02 12:09:19','2018-05-02 12:09:19',NULL),
(2775,1,'80612','JOHOR BAHRU','2018-05-02 12:09:19','2018-05-02 12:09:19',NULL),
(2776,1,'80626','JOHOR BAHRU','2018-05-02 12:09:19','2018-05-02 12:09:19',NULL),
(2777,1,'80630','JOHOR BAHRU','2018-05-02 12:09:19','2018-05-02 12:09:19',NULL),
(2778,1,'80632','	JOHOR BAHRU','2018-05-02 12:09:19','2018-05-02 12:09:19',NULL),
(2779,1,'80646','JOHOR BAHRU','2018-05-02 12:09:19','2018-05-02 12:09:19',NULL),
(2780,1,'80658','JOHOR BAHRU','2018-05-02 12:09:19','2018-05-02 12:09:19',NULL),
(2781,1,'80660','JOHOR BAHRU','2018-05-02 12:09:19','2018-05-02 12:09:19',NULL),
(2782,1,'81010','KULAI','2018-05-02 12:09:19','2018-05-02 12:09:19',NULL),
(2783,1,'81020','KULAI','2018-05-02 12:09:19','2018-05-02 12:09:19',NULL),
(2784,1,'81040','KULAI','2018-05-02 12:09:19','2018-05-02 12:09:19',NULL),
(2785,1,'81050','KULAI','2018-05-02 12:09:19','2018-05-02 12:09:19',NULL),
(2786,1,'81110','JOHOR BAHRU','2018-05-02 12:09:19','2018-05-02 12:09:19',NULL),
(2787,1,'81130','JOHOR BAHRU','2018-05-02 12:09:19','2018-05-02 12:09:19',NULL),
(2788,1,'81140','	JOHOR BAHRU','2018-05-02 12:09:19','2018-05-02 12:09:19',NULL),
(2789,1,'81150','JOHOR BAHRU','2018-05-02 12:09:19','2018-05-02 12:09:19',NULL),
(2790,1,'81160','JOHOR BAHRU','2018-05-02 12:09:19','2018-05-02 12:09:19',NULL),
(2791,1,'81250','LAPANGAN TERBANG SENAI','2018-05-02 12:09:19','2018-05-02 12:09:19',NULL),
(2792,1,'81610','PENGERANG','2018-05-02 12:09:19','2018-05-02 12:09:19',NULL),
(2793,1,'81620','PENGERANG','2018-05-02 12:09:19','2018-05-02 12:09:19',NULL),
(2794,1,'81760','MASAI','2018-05-02 12:09:19','2018-05-02 12:09:19',NULL),
(2795,1,'81910','KOTA TINGGI','2018-05-02 12:09:19','2018-05-02 12:09:19',NULL),
(2796,1,'81940','KOTA TINGGI','2018-05-02 12:09:19','2018-05-02 12:09:19',NULL),
(2797,1,'82010','PONTIAN','2018-05-02 12:09:19','2018-05-02 12:09:19',NULL),
(2798,1,'82030','SERKAT','2018-05-02 12:09:19','2018-05-02 12:09:19',NULL),
(2799,1,'82210','BENUT','2018-05-02 12:09:19','2018-05-02 12:09:19',NULL),
(2800,1,'83007','BATU PAHAT','2018-05-02 12:09:19','2018-05-02 12:09:19',NULL),
(2801,1,'83009','BATU PAHAT','2018-05-02 12:09:19','2018-05-02 12:09:19',NULL),
(2802,1,'83010','TONGKANG PECAH','2018-05-02 12:09:19','2018-05-02 12:09:19',NULL),
(2803,1,'83020','SIMPANG LIMA','2018-05-02 12:09:19','2018-05-02 12:09:19',NULL),
(2804,1,'83030','MINYAK BEKU','2018-05-02 12:09:19','2018-05-02 12:09:19',NULL),
(2805,1,'83040','SUNGAI SULOH','2018-05-02 12:09:19','2018-05-02 12:09:19',NULL),
(2806,1,'83050','BUKIT PASIR','2018-05-02 12:09:19','2018-05-02 12:09:19',NULL),
(2807,1,'83110','RENGIT','2018-05-02 12:09:19','2018-05-02 12:09:19',NULL),
(2808,1,'83210','SENGGARANG','2018-05-02 12:09:19','2018-05-02 12:09:19',NULL),
(2809,1,'83307','BATU PAHAT','2018-05-02 12:09:19','2018-05-02 12:09:19',NULL),
(2810,1,'83710','PARIT YAANI','2018-05-02 12:09:19','2018-05-02 12:09:19',NULL),
(2811,1,'83720','YONG PENG','2018-05-02 12:09:19','2018-05-02 12:09:19',NULL),
(2812,1,'84007','MUAR','2018-05-02 12:09:19','2018-05-02 12:09:19',NULL),
(2813,1,'84009','MUAR','2018-05-02 12:09:19','2018-05-02 12:09:19',NULL),
(2814,1,'84010','MUAR','2018-05-02 12:09:19','2018-05-02 12:09:19',NULL),
(2815,1,'84020','SAGIL','2018-05-02 12:09:19','2018-05-02 12:09:19',NULL),
(2816,1,'84030','MUAR','2018-05-02 12:09:19','2018-05-02 12:09:19',NULL),
(2817,1,'84050','PARIT SULONG','2018-05-02 12:09:19','2018-05-02 12:09:19',NULL),
(2818,1,'84100','KG KENENGAN TUN DR ISMAIL','2018-05-02 12:09:19','2018-05-02 12:09:19',NULL),
(2819,1,'84160','PARIT JAWA','2018-05-02 12:09:19','2018-05-02 12:09:19',NULL),
(2820,1,'84410','SEROM','2018-05-02 12:09:19','2018-05-02 12:09:19',NULL),
(2821,1,'84710','KUNDANG ULU','2018-05-02 12:09:19','2018-05-02 12:09:19',NULL),
(2822,1,'85007','SEGAMAT','2018-05-02 12:09:19','2018-05-02 12:09:19',NULL),
(2823,1,'85009','SEGAMAT','2018-05-02 12:09:19','2018-05-02 12:09:19',NULL),
(2824,1,'85010','BULOH KASAP','2018-05-02 12:09:19','2018-05-02 12:09:19',NULL),
(2825,1,'85020','BUKIT SIPUT','2018-05-02 12:09:19','2018-05-02 12:09:19',NULL),
(2826,1,'85030','TENANG','2018-05-02 12:09:19','2018-05-02 12:09:19',NULL),
(2827,1,'86007','KLUANG','2018-05-02 12:09:19','2018-05-02 12:09:19',NULL),
(2828,1,'86009','KLUANG','2018-05-02 12:09:19','2018-05-02 12:09:19',NULL),
(2829,3,'15700','KOTA BHARU','2018-05-02 12:09:19','2018-05-02 12:09:19',NULL),
(2830,3,'16410','MELOR','2018-05-02 12:09:19','2018-05-02 12:09:19',NULL),
(2831,3,'17520','TANAH MERAH','2018-05-02 12:09:19','2018-05-02 12:09:19',NULL),
(2832,3,'18020','KUALA KRAI','2018-05-02 12:09:19','2018-05-02 12:09:19',NULL),
(2833,4,'10001','KUALA LUMPUR','2018-05-02 12:09:19','2018-05-02 12:09:19',NULL),
(2834,4,'10026','KUALA LUMPUR','2018-05-02 12:09:19','2018-05-02 12:09:19',NULL),
(2835,4,'10027','KUALA LUMPUR','2018-05-02 12:09:19','2018-05-02 12:09:19',NULL),
(2836,4,'10028','KUALA LUMPUR','2018-05-02 12:09:19','2018-05-02 12:09:19',NULL),
(2837,4,'10045','KUALA LUMPUR','2018-05-02 12:09:19','2018-05-02 12:09:19',NULL),
(2838,4,'10046','KUALA LUMPUR','2018-05-02 12:09:19','2018-05-02 12:09:19',NULL),
(2839,4,'10048','KUALA LUMPUR','2018-05-02 12:09:19','2018-05-02 12:09:19',NULL),
(2840,4,'10049','KUALA LUMPUR','2018-05-02 12:09:19','2018-05-02 12:09:19',NULL),
(2841,4,'10107','KUALA LUMPUR','2018-05-02 12:09:19','2018-05-02 12:09:19',NULL),
(2842,4,'10108','KUALA LUMPUR','2018-05-02 12:09:19','2018-05-02 12:09:19',NULL),
(2843,4,'10109','KUALA LUMPUR','2018-05-02 12:09:19','2018-05-02 12:09:19',NULL),
(2844,4,'10111','KUALA LUMPUR','2018-05-02 12:09:19','2018-05-02 12:09:19',NULL),
(2845,4,'10112','KUALA LUMPUR','2018-05-02 12:09:19','2018-05-02 12:09:19',NULL),
(2846,4,'10113','KUALA LUMPUR','2018-05-02 12:09:19','2018-05-02 12:09:19',NULL),
(2847,4,'10134','KUALA LUMPUR','2018-05-02 12:09:19','2018-05-02 12:09:19',NULL),
(2848,4,'10135','KUALA LUMPUR','2018-05-02 12:09:19','2018-05-02 12:09:19',NULL),
(2849,4,'10136','KUALA LUMPUR','2018-05-02 12:09:19','2018-05-02 12:09:19',NULL),
(2850,4,'10143','KUALA LUMPUR','2018-05-02 12:09:19','2018-05-02 12:09:19',NULL),
(2851,4,'10144','KUALA LUMPUR','2018-05-02 12:09:19','2018-05-02 12:09:19',NULL),
(2852,4,'10145','KUALA LUMPUR','2018-05-02 12:09:19','2018-05-02 12:09:19',NULL),
(2853,4,'10146','KUALA LUMPUR','2018-05-02 12:09:19','2018-05-02 12:09:19',NULL),
(2854,4,'10149','KUALA LUMPUR','2018-05-02 12:09:19','2018-05-02 12:09:19',NULL),
(2855,4,'10151','KUALA LUMPUR','2018-05-02 12:09:19','2018-05-02 12:09:19',NULL),
(2856,4,'10156','KUALA LUMPUR','2018-05-02 12:09:19','2018-05-02 12:09:19',NULL),
(2857,4,'10157','KUALA LUMPUR','2018-05-02 12:09:19','2018-05-02 12:09:19',NULL),
(2858,4,'10158','KUALA LUMPUR','2018-05-02 12:09:19','2018-05-02 12:09:19',NULL),
(2859,4,'10165','KUALA LUMPUR','2018-05-02 12:09:19','2018-05-02 12:09:19',NULL),
(2860,4,'10166','KUALA LUMPUR','2018-05-02 12:09:19','2018-05-02 12:09:19',NULL),
(2861,4,'10186','KUALA LUMPUR','2018-05-02 12:09:19','2018-05-02 12:09:19',NULL),
(2862,4,'10187','KUALA LUMPUR','2018-05-02 12:09:19','2018-05-02 12:09:19',NULL),
(2863,4,'10188','KUALA LUMPUR','2018-05-02 12:09:19','2018-05-02 12:09:19',NULL),
(2864,4,'10196','KUALA LUMPUR','2018-05-02 12:09:19','2018-05-02 12:09:19',NULL),
(2865,4,'10197','KUALA LUMPUR','2018-05-02 12:09:19','2018-05-02 12:09:19',NULL),
(2866,4,'10198','KUALA LUMPUR','2018-05-02 12:09:19','2018-05-02 12:09:19',NULL),
(2867,4,'10225','KUALA LUMPUR','2018-05-02 12:09:19','2018-05-02 12:09:19',NULL),
(2868,4,'10226','KUALA LUMPUR','2018-05-02 12:09:19','2018-05-02 12:09:19',NULL),
(2869,4,'10243','KUALA LUMPUR','2018-05-02 12:09:19','2018-05-02 12:09:19',NULL),
(2870,4,'10244','KUALA LUMPUR','2018-05-02 12:09:19','2018-05-02 12:09:19',NULL),
(2871,4,'10245','KUALA LUMPUR','2018-05-02 12:09:19','2018-05-02 12:09:19',NULL),
(2872,4,'10285','KUALA LUMPUR','2018-05-02 12:09:19','2018-05-02 12:09:19',NULL),
(2873,4,'10286','KUALA LUMPUR','2018-05-02 12:09:19','2018-05-02 12:09:19',NULL),
(2874,4,'10345','KUALA LUMPUR','2018-05-02 12:09:19','2018-05-02 12:09:19',NULL),
(2875,4,'10346','KUALA LUMPUR','2018-05-02 12:09:19','2018-05-02 12:09:19',NULL),
(2876,4,'10406','KUALA LUMPUR','2018-05-02 12:09:19','2018-05-02 12:09:19',NULL),
(2877,4,'10407','KUALA LUMPUR','2018-05-02 12:09:19','2018-05-02 12:09:19',NULL),
(2878,4,'10408','KUALA LUMPUR','2018-05-02 12:09:19','2018-05-02 12:09:19',NULL),
(2879,4,'10413','KUALA LUMPUR','2018-05-02 12:09:19','2018-05-02 12:09:19',NULL),
(2880,4,'10414','KUALA LUMPUR','2018-05-02 12:09:19','2018-05-02 12:09:19',NULL),
(2881,4,'10415','KUALA LUMPUR','2018-05-02 12:09:19','2018-05-02 12:09:19',NULL),
(2882,4,'10435','KUALA LUMPUR','2018-05-02 12:09:19','2018-05-02 12:09:19',NULL),
(2883,4,'10436','KUALA LUMPUR','2018-05-02 12:09:19','2018-05-02 12:09:19',NULL),
(2884,4,'10458','KUALA LUMPUR','2018-05-02 12:09:19','2018-05-02 12:09:19',NULL),
(2885,4,'10459','KUALA LUMPUR','2018-05-02 12:09:19','2018-05-02 12:09:19',NULL),
(2886,4,'10495','KUALA LUMPUR','2018-05-02 12:09:19','2018-05-02 12:09:19',NULL),
(2887,4,'10496','KUALA LUMPUR','2018-05-02 12:09:19','2018-05-02 12:09:19',NULL),
(2888,4,'10539','KUALA LUMPUR','2018-05-02 12:09:19','2018-05-02 12:09:19',NULL),
(2889,4,'10555','KUALA LUMPUR','2018-05-02 12:09:19','2018-05-02 12:09:19',NULL),
(2890,4,'10616','KUALA LUMPUR','2018-05-02 12:09:19','2018-05-02 12:09:19',NULL),
(2891,4,'10629','KUALA LUMPUR','2018-05-02 12:09:19','2018-05-02 12:09:19',NULL),
(2892,4,'10630','KUALA LUMPUR','2018-05-02 12:09:19','2018-05-02 12:09:19',NULL),
(2893,4,'10666','KUALA LUMPUR','2018-05-02 12:09:19','2018-05-02 12:09:19',NULL),
(2894,4,'10667','KUALA LUMPUR','2018-05-02 12:09:19','2018-05-02 12:09:19',NULL),
(2895,4,'10671','KUALA LUMPUR','2018-05-02 12:09:19','2018-05-02 12:09:19',NULL),
(2896,4,'10675','KUALA LUMPUR','2018-05-02 12:09:19','2018-05-02 12:09:19',NULL),
(2897,4,'10683','KUALA LUMPUR','2018-05-02 12:09:19','2018-05-02 12:09:19',NULL),
(2898,4,'10684','KUALA LUMPUR','2018-05-02 12:09:19','2018-05-02 12:09:19',NULL),
(2899,4,'10685','KUALA LUMPUR','2018-05-02 12:09:19','2018-05-02 12:09:19',NULL),
(2900,4,'10686','KUALA LUMPUR','2018-05-02 12:09:19','2018-05-02 12:09:19',NULL),
(2901,4,'10733','KUALA LUMPUR','2018-05-02 12:09:19','2018-05-02 12:09:19',NULL),
(2902,4,'10734','KUALA LUMPUR','2018-05-02 12:09:19','2018-05-02 12:09:19',NULL),
(2903,4,'10735','KUALA LUMPUR','2018-05-02 12:09:19','2018-05-02 12:09:19',NULL),
(2904,4,'10736','KUALA LUMPUR','2018-05-02 12:09:19','2018-05-02 12:09:19',NULL),
(2905,4,'10767','KUALA LUMPUR','2018-05-02 12:09:19','2018-05-02 12:09:19',NULL),
(2906,4,'10768','KUALA LUMPUR','2018-05-02 12:09:19','2018-05-02 12:09:19',NULL),
(2907,4,'10769','KUALA LUMPUR','2018-05-02 12:09:19','2018-05-02 12:09:19',NULL),
(2908,4,'10795','KUALA LUMPUR','2018-05-02 12:09:19','2018-05-02 12:09:19',NULL),
(2909,4,'10796','KUALA LUMPUR','2018-05-02 12:09:19','2018-05-02 12:09:19',NULL),
(2910,4,'10798','KUALA LUMPUR','2018-05-02 12:09:19','2018-05-02 12:09:19',NULL),
(2911,4,'10799','KUALA LUMPUR','2018-05-02 12:09:19','2018-05-02 12:09:19',NULL),
(2912,4,'10802','KUALA LUMPUR','2018-05-02 12:09:19','2018-05-02 12:09:19',NULL),
(2913,4,'10803','KUALA LUMPUR','2018-05-02 12:09:19','2018-05-02 12:09:19',NULL),
(2914,4,'10804','KUALA LUMPUR','2018-05-02 12:09:19','2018-05-02 12:09:19',NULL),
(2915,4,'10845','KUALA LUMPUR','2018-05-02 12:09:19','2018-05-02 12:09:19',NULL),
(2916,4,'10846','KUALA LUMPUR','2018-05-02 12:09:19','2018-05-02 12:09:19',NULL),
(2917,4,'10847','KUALA LUMPUR','2018-05-02 12:09:19','2018-05-02 12:09:19',NULL),
(2918,4,'10855','KUALA LUMPUR','2018-05-02 12:09:19','2018-05-02 12:09:19',NULL),
(2919,4,'10856','KUALA LUMPUR','2018-05-02 12:09:19','2018-05-02 12:09:19',NULL),
(2920,4,'10889','KUALA LUMPUR','2018-05-02 12:09:19','2018-05-02 12:09:19',NULL),
(2921,4,'10890','KUALA LUMPUR','2018-05-02 12:09:19','2018-05-02 12:09:19',NULL),
(2922,4,'10891','KUALA LUMPUR','2018-05-02 12:09:19','2018-05-02 12:09:19',NULL),
(2923,4,'10915','KUALA LUMPUR','2018-05-02 12:09:19','2018-05-02 12:09:19',NULL),
(2924,4,'10916','KUALA LUMPUR','2018-05-02 12:09:19','2018-05-02 12:09:19',NULL),
(2925,4,'10921','KUALA LUMPUR','2018-05-02 12:09:19','2018-05-02 12:09:19',NULL),
(2926,4,'10922','KUALA LUMPUR','2018-05-02 12:09:19','2018-05-02 12:09:19',NULL),
(2927,4,'10923','KUALA LUMPUR','2018-05-02 12:09:19','2018-05-02 12:09:19',NULL),
(2928,4,'10936','KUALA LUMPUR','2018-05-02 12:09:19','2018-05-02 12:09:19',NULL),
(2929,4,'10937','KUALA LUMPUR','2018-05-02 12:09:19','2018-05-02 12:09:19',NULL),
(2930,4,'10938','KUALA LUMPUR','2018-05-02 12:09:19','2018-05-02 12:09:19',NULL),
(2931,4,'10958','KUALA LUMPUR','2018-05-02 12:09:19','2018-05-02 12:09:19',NULL),
(2932,4,'10959','KUALA LUMPUR','2018-05-02 12:09:19','2018-05-02 12:09:19',NULL),
(2933,4,'10960','KUALA LUMPUR','2018-05-02 12:09:19','2018-05-02 12:09:19',NULL),
(2934,4,'10975','KUALA LUMPUR','2018-05-02 12:09:19','2018-05-02 12:09:19',NULL),
(2935,4,'10976','KUALA LUMPUR','2018-05-02 12:09:19','2018-05-02 12:09:19',NULL),
(2936,4,'10978','KUALA LUMPUR','2018-05-02 12:09:19','2018-05-02 12:09:19',NULL),
(2937,4,'10979','KUALA LUMPUR','2018-05-02 12:09:19','2018-05-02 12:09:19',NULL),
(2938,4,'10980','KUALA LUMPUR','2018-05-02 12:09:19','2018-05-02 12:09:19',NULL),
(2939,4,'10996','KUALA LUMPUR','2018-05-02 12:09:19','2018-05-02 12:09:19',NULL),
(2940,4,'10997','KUALA LUMPUR','2018-05-02 12:09:19','2018-05-02 12:09:19',NULL),
(2941,4,'10998','KUALA LUMPUR','2018-05-02 12:09:19','2018-05-02 12:09:19',NULL),
(2942,4,'11035','KUALA LUMPUR','2018-05-02 12:09:19','2018-05-02 12:09:19',NULL),
(2943,4,'11036','KUALA LUMPUR','2018-05-02 12:09:19','2018-05-02 12:09:19',NULL),
(2944,4,'11095','KUALA LUMPUR','2018-05-02 12:09:19','2018-05-02 12:09:19',NULL),
(2945,4,'11096','KUALA LUMPUR','2018-05-02 12:09:19','2018-05-02 12:09:19',NULL),
(2946,4,'11155','KUALA LUMPUR','2018-05-02 12:09:19','2018-05-02 12:09:19',NULL),
(2947,4,'11156','KUALA LUMPUR','2018-05-02 12:09:19','2018-05-02 12:09:19',NULL),
(2948,4,'11215','KUALA LUMPUR','2018-05-02 12:09:19','2018-05-02 12:09:19',NULL),
(2949,4,'11216','KUALA LUMPUR','2018-05-02 12:09:19','2018-05-02 12:09:19',NULL),
(2950,4,'11305','KUALA LUMPUR','2018-05-02 12:09:19','2018-05-02 12:09:19',NULL),
(2951,4,'11306','KUALA LUMPUR','2018-05-02 12:09:19','2018-05-02 12:09:19',NULL),
(2952,4,'11365','KUALA LUMPUR','2018-05-02 12:09:19','2018-05-02 12:09:19',NULL),
(2953,4,'11366','KUALA LUMPUR','2018-05-02 12:09:19','2018-05-02 12:09:19',NULL),
(2954,4,'11425','KUALA LUMPUR','2018-05-02 12:09:19','2018-05-02 12:09:19',NULL),
(2955,4,'11426','KUALA LUMPUR','2018-05-02 12:09:19','2018-05-02 12:09:19',NULL),
(2956,4,'11485','KUALA LUMPUR','2018-05-02 12:09:19','2018-05-02 12:09:19',NULL),
(2957,4,'11486','KUALA LUMPUR','2018-05-02 12:09:19','2018-05-02 12:09:19',NULL),
(2958,4,'11545','KUALA LUMPUR','2018-05-02 12:09:19','2018-05-02 12:09:19',NULL),
(2959,4,'11546','KUALA LUMPUR','2018-05-02 12:09:19','2018-05-02 12:09:19',NULL),
(2960,4,'11605','KUALA LUMPUR','2018-05-02 12:09:19','2018-05-02 12:09:19',NULL),
(2961,4,'11606','KUALA LUMPUR','2018-05-02 12:09:19','2018-05-02 12:09:19',NULL),
(2962,4,'11665','KUALA LUMPUR','2018-05-02 12:09:19','2018-05-02 12:09:19',NULL),
(2963,4,'11666','KUALA LUMPUR','2018-05-02 12:09:19','2018-05-02 12:09:19',NULL),
(2964,4,'11725','KUALA LUMPUR','2018-05-02 12:09:19','2018-05-02 12:09:19',NULL),
(2965,4,'11726','KUALA LUMPUR','2018-05-02 12:09:19','2018-05-02 12:09:19',NULL),
(2966,4,'11785','KUALA LUMPUR','2018-05-02 12:09:19','2018-05-02 12:09:19',NULL),
(2967,4,'11786','KUALA LUMPUR','2018-05-02 12:09:19','2018-05-02 12:09:19',NULL),
(2968,4,'11845','KUALA LUMPUR','2018-05-02 12:09:19','2018-05-02 12:09:19',NULL),
(2969,4,'11846','KUALA LUMPUR','2018-05-02 12:09:19','2018-05-02 12:09:19',NULL),
(2970,4,'11905','KUALA LUMPUR','2018-05-02 12:09:19','2018-05-02 12:09:19',NULL),
(2971,4,'11906','KUALA LUMPUR','2018-05-02 12:09:19','2018-05-02 12:09:19',NULL),
(2972,4,'11965','KUALA LUMPUR','2018-05-02 12:09:19','2018-05-02 12:09:19',NULL),
(2973,4,'11966','KUALA LUMPUR','2018-05-02 12:09:19','2018-05-02 12:09:19',NULL),
(2974,4,'12004','KUALA LUMPUR','2018-05-02 12:09:19','2018-05-02 12:09:19',NULL),
(2975,4,'12005','KUALA LUMPUR','2018-05-02 12:09:19','2018-05-02 12:09:19',NULL),
(2976,4,'12006','KUALA LUMPUR','2018-05-02 12:09:19','2018-05-02 12:09:19',NULL),
(2977,4,'12007','KUALA LUMPUR','2018-05-02 12:09:19','2018-05-02 12:09:19',NULL),
(2978,4,'12009','KUALA LUMPUR','2018-05-02 12:09:19','2018-05-02 12:09:19',NULL),
(2979,4,'12010','KUALA LUMPUR','2018-05-02 12:09:19','2018-05-02 12:09:19',NULL),
(2980,4,'12011','KUALA LUMPUR','2018-05-02 12:09:19','2018-05-02 12:09:19',NULL),
(2981,4,'12025','KUALA LUMPUR','2018-05-02 12:09:19','2018-05-02 12:09:19',NULL),
(2982,4,'12026','KUALA LUMPUR','2018-05-02 12:09:19','2018-05-02 12:09:19',NULL),
(2983,4,'12034','KUALA LUMPUR','2018-05-02 12:09:19','2018-05-02 12:09:19',NULL),
(2984,4,'12035','KUALA LUMPUR','2018-05-02 12:09:19','2018-05-02 12:09:19',NULL),
(2985,4,'12036','KUALA LUMPUR','2018-05-02 12:09:19','2018-05-02 12:09:19',NULL),
(2986,4,'12081','KUALA LUMPUR','2018-05-02 12:09:19','2018-05-02 12:09:19',NULL),
(2987,4,'12082','KUALA LUMPUR','2018-05-02 12:09:19','2018-05-02 12:09:19',NULL),
(2988,4,'12083','KUALA LUMPUR','2018-05-02 12:09:19','2018-05-02 12:09:19',NULL),
(2989,4,'12085','KUALA LUMPUR','2018-05-02 12:09:19','2018-05-02 12:09:19',NULL),
(2990,4,'12086','KUALA LUMPUR','2018-05-02 12:09:19','2018-05-02 12:09:19',NULL),
(2991,4,'12109','KUALA LUMPUR','2018-05-02 12:09:19','2018-05-02 12:09:19',NULL),
(2992,4,'12110','KUALA LUMPUR','2018-05-02 12:09:19','2018-05-02 12:09:19',NULL),
(2993,4,'12111','KUALA LUMPUR','2018-05-02 12:09:19','2018-05-02 12:09:19',NULL),
(2994,4,'12175','KUALA LUMPUR','2018-05-02 12:09:19','2018-05-02 12:09:19',NULL),
(2995,4,'12176','KUALA LUMPUR','2018-05-02 12:09:19','2018-05-02 12:09:19',NULL),
(2996,4,'12214','KUALA LUMPUR','2018-05-02 12:09:19','2018-05-02 12:09:19',NULL),
(2997,4,'12215','KUALA LUMPUR','2018-05-02 12:09:19','2018-05-02 12:09:19',NULL),
(2998,4,'12216','KUALA LUMPUR','2018-05-02 12:09:19','2018-05-02 12:09:19',NULL),
(2999,4,'12224','KUALA LUMPUR','2018-05-02 12:09:19','2018-05-02 12:09:19',NULL),
(3000,4,'12225','KUALA LUMPUR','2018-05-02 12:09:19','2018-05-02 12:09:19',NULL),
(3001,4,'12226','KUALA LUMPUR','2018-05-02 12:09:19','2018-05-02 12:09:19',NULL),
(3002,4,'12227','KUALA LUMPUR','2018-05-02 12:09:19','2018-05-02 12:09:19',NULL),
(3003,4,'12228','KUALA LUMPUR','2018-05-02 12:09:19','2018-05-02 12:09:19',NULL),
(3004,4,'12230','KUALA LUMPUR','2018-05-02 12:09:19','2018-05-02 12:09:19',NULL),
(3005,4,'12231','KUALA LUMPUR','2018-05-02 12:09:19','2018-05-02 12:09:19',NULL),
(3006,4,'12232','KUALA LUMPUR','2018-05-02 12:09:19','2018-05-02 12:09:19',NULL),
(3007,4,'12235','KUALA LUMPUR','2018-05-02 12:09:19','2018-05-02 12:09:19',NULL),
(3008,4,'12236','KUALA LUMPUR','2018-05-02 12:09:19','2018-05-02 12:09:19',NULL),
(3009,4,'12295','KUALA LUMPUR','2018-05-02 12:09:19','2018-05-02 12:09:19',NULL),
(3010,4,'12296','KUALA LUMPUR','2018-05-02 12:09:19','2018-05-02 12:09:19',NULL),
(3011,4,'12355','KUALA LUMPUR','2018-05-02 12:09:19','2018-05-02 12:09:19',NULL),
(3012,4,'12356','KUALA LUMPUR','2018-05-02 12:09:19','2018-05-02 12:09:19',NULL),
(3013,4,'12404','KUALA LUMPUR','2018-05-02 12:09:19','2018-05-02 12:09:19',NULL),
(3014,4,'12405','KUALA LUMPUR','2018-05-02 12:09:19','2018-05-02 12:09:19',NULL),
(3015,4,'12406','KUALA LUMPUR','2018-05-02 12:09:19','2018-05-02 12:09:19',NULL),
(3016,4,'12415','KUALA LUMPUR','2018-05-02 12:09:19','2018-05-02 12:09:19',NULL),
(3017,4,'12416','KUALA LUMPUR','2018-05-02 12:09:19','2018-05-02 12:09:19',NULL),
(3018,4,'12442','KUALA LUMPUR','2018-05-02 12:09:19','2018-05-02 12:09:19',NULL),
(3019,4,'12443','KUALA LUMPUR','2018-05-02 12:09:19','2018-05-02 12:09:19',NULL),
(3020,4,'12444','KUALA LUMPUR','2018-05-02 12:09:19','2018-05-02 12:09:19',NULL),
(3021,4,'12475','KUALA LUMPUR','2018-05-02 12:09:19','2018-05-02 12:09:19',NULL),
(3022,4,'12476','KUALA LUMPUR','2018-05-02 12:09:19','2018-05-02 12:09:19',NULL),
(3023,4,'12491','KUALA LUMPUR','2018-05-02 12:09:19','2018-05-02 12:09:19',NULL),
(3024,4,'12492','KUALA LUMPUR','2018-05-02 12:09:19','2018-05-02 12:09:19',NULL),
(3025,4,'12493','KUALA LUMPUR','2018-05-02 12:09:19','2018-05-02 12:09:19',NULL),
(3026,4,'12535','KUALA LUMPUR','2018-05-02 12:09:19','2018-05-02 12:09:19',NULL),
(3027,4,'12536','KUALA LUMPUR','2018-05-02 12:09:19','2018-05-02 12:09:19',NULL),
(3028,4,'12541','KUALA LUMPUR','2018-05-02 12:09:19','2018-05-02 12:09:19',NULL),
(3029,4,'12542','KUALA LUMPUR','2018-05-02 12:09:19','2018-05-02 12:09:19',NULL),
(3030,4,'12543','KUALA LUMPUR','2018-05-02 12:09:19','2018-05-02 12:09:19',NULL),
(3031,4,'12595','KUALA LUMPUR','2018-05-02 12:09:19','2018-05-02 12:09:19',NULL),
(3032,4,'12596','KUALA LUMPUR','2018-05-02 12:09:19','2018-05-02 12:09:19',NULL),
(3033,4,'12647','KUALA LUMPUR','2018-05-02 12:09:19','2018-05-02 12:09:19',NULL),
(3034,4,'12648','KUALA LUMPUR','2018-05-02 12:09:19','2018-05-02 12:09:19',NULL),
(3035,4,'12649','KUALA LUMPUR','2018-05-02 12:09:19','2018-05-02 12:09:19',NULL),
(3036,4,'12658','KUALA LUMPUR','2018-05-02 12:09:19','2018-05-02 12:09:19',NULL),
(3037,4,'12659','KUALA LUMPUR','2018-05-02 12:09:19','2018-05-02 12:09:19',NULL),
(3038,4,'12660','KUALA LUMPUR','2018-05-02 12:09:19','2018-05-02 12:09:19',NULL),
(3039,4,'12689','KUALA LUMPUR','2018-05-02 12:09:19','2018-05-02 12:09:19',NULL),
(3040,4,'12690','KUALA LUMPUR','2018-05-02 12:09:19','2018-05-02 12:09:19',NULL),
(3041,4,'12691','KUALA LUMPUR','2018-05-02 12:09:19','2018-05-02 12:09:19',NULL),
(3042,4,'12715','KUALA LUMPUR','2018-05-02 12:09:19','2018-05-02 12:09:19',NULL),
(3043,4,'12716','KUALA LUMPUR','2018-05-02 12:09:19','2018-05-02 12:09:19',NULL),
(3044,4,'12775','KUALA LUMPUR','2018-05-02 12:09:19','2018-05-02 12:09:19',NULL),
(3045,4,'12776','KUALA LUMPUR','2018-05-02 12:09:19','2018-05-02 12:09:19',NULL),
(3046,4,'12835','KUALA LUMPUR','2018-05-02 12:09:19','2018-05-02 12:09:19',NULL),
(3047,4,'12836','KUALA LUMPUR','2018-05-02 12:09:19','2018-05-02 12:09:19',NULL),
(3048,4,'12925','KUALA LUMPUR','2018-05-02 12:09:19','2018-05-02 12:09:19',NULL),
(3049,4,'12926','KUALA LUMPUR','2018-05-02 12:09:19','2018-05-02 12:09:19',NULL),
(3050,4,'12985','KUALA LUMPUR','2018-05-02 12:09:19','2018-05-02 12:09:19',NULL),
(3051,4,'12986','KUALA LUMPUR','2018-05-02 12:09:19','2018-05-02 12:09:19',NULL),
(3052,4,'13045','KUALA LUMPUR','2018-05-02 12:09:19','2018-05-02 12:09:19',NULL),
(3053,4,'13046','KUALA LUMPUR','2018-05-02 12:09:19','2018-05-02 12:09:19',NULL),
(3054,4,'13105','KUALA LUMPUR','2018-05-02 12:09:19','2018-05-02 12:09:19',NULL),
(3055,4,'13106','KUALA LUMPUR','2018-05-02 12:09:19','2018-05-02 12:09:19',NULL),
(3056,4,'13165','KUALA LUMPUR','2018-05-02 12:09:19','2018-05-02 12:09:19',NULL),
(3057,4,'13166','KUALA LUMPUR','2018-05-02 12:09:19','2018-05-02 12:09:19',NULL),
(3058,4,'13225','KUALA LUMPUR','2018-05-02 12:09:19','2018-05-02 12:09:19',NULL),
(3059,4,'13226','KUALA LUMPUR','2018-05-02 12:09:19','2018-05-02 12:09:19',NULL),
(3060,4,'13285','KUALA LUMPUR','2018-05-02 12:09:19','2018-05-02 12:09:19',NULL),
(3061,4,'13286','KUALA LUMPUR','2018-05-02 12:09:19','2018-05-02 12:09:19',NULL),
(3062,4,'13345','KUALA LUMPUR','2018-05-02 12:09:19','2018-05-02 12:09:19',NULL),
(3063,4,'13346','KUALA LUMPUR','2018-05-02 12:09:19','2018-05-02 12:09:19',NULL),
(3064,4,'13405','KUALA LUMPUR','2018-05-02 12:09:19','2018-05-02 12:09:19',NULL),
(3065,4,'13406','KUALA LUMPUR','2018-05-02 12:09:19','2018-05-02 12:09:19',NULL),
(3066,4,'13465','KUALA LUMPUR','2018-05-02 12:09:19','2018-05-02 12:09:19',NULL),
(3067,4,'13466','KUALA LUMPUR','2018-05-02 12:09:19','2018-05-02 12:09:19',NULL),
(3068,4,'13525','KUALA LUMPUR','2018-05-02 12:09:19','2018-05-02 12:09:19',NULL),
(3069,4,'13526','KUALA LUMPUR','2018-05-02 12:09:19','2018-05-02 12:09:19',NULL),
(3070,4,'13585','KUALA LUMPUR','2018-05-02 12:09:19','2018-05-02 12:09:19',NULL),
(3071,4,'13586','KUALA LUMPUR','2018-05-02 12:09:19','2018-05-02 12:09:19',NULL),
(3072,4,'13645','KUALA LUMPUR','2018-05-02 12:09:19','2018-05-02 12:09:19',NULL),
(3073,4,'13646','KUALA LUMPUR','2018-05-02 12:09:19','2018-05-02 12:09:19',NULL),
(3074,4,'50430','KUALA LUMPUR','2018-05-02 12:09:19','2018-05-02 12:09:19',NULL),
(3075,4,'62025','PUTRAJAYA','2018-05-02 12:09:19','2018-05-02 12:09:19',NULL),
(3076,5,'80001','LABUAN','2018-05-02 12:09:19','2018-05-02 12:09:19',NULL),
(3077,5,'80101','LABUAN','2018-05-02 12:09:19','2018-05-02 12:09:19',NULL),
(3078,5,'80201','LABUAN','2018-05-02 12:09:19','2018-05-02 12:09:19',NULL),
(3079,5,'80301','LABUAN','2018-05-02 12:09:19','2018-05-02 12:09:19',NULL),
(3080,5,'80401','LABUAN','2018-05-02 12:09:19','2018-05-02 12:09:19',NULL),
(3081,5,'80501','LABUAN','2018-05-02 12:09:19','2018-05-02 12:09:19',NULL),
(3082,5,'80601','LABUAN','2018-05-02 12:09:19','2018-05-02 12:09:19',NULL),
(3083,5,'80701','LABUAN','2018-05-02 12:09:19','2018-05-02 12:09:19',NULL),
(3084,5,'80800','LABUAN','2018-05-02 12:09:19','2018-05-02 12:09:19',NULL),
(3085,5,'80801','LABUAN','2018-05-02 12:09:19','2018-05-02 12:09:19',NULL),
(3086,5,'80901','LABUAN','2018-05-02 12:09:19','2018-05-02 12:09:19',NULL),
(3087,5,'81001','LABUAN','2018-05-02 12:09:19','2018-05-02 12:09:19',NULL),
(3088,5,'81101','LABUAN','2018-05-02 12:09:19','2018-05-02 12:09:19',NULL),
(3089,5,'81201','LABUAN','2018-05-02 12:09:19','2018-05-02 12:09:19',NULL),
(3090,5,'81301','LABUAN','2018-05-02 12:09:19','2018-05-02 12:09:19',NULL),
(3091,5,'81401','LABUAN','2018-05-02 12:09:19','2018-05-02 12:09:19',NULL),
(3092,5,'81501','LABUAN','2018-05-02 12:09:19','2018-05-02 12:09:19',NULL),
(3093,5,'81601','LABUAN','2018-05-02 12:09:19','2018-05-02 12:09:19',NULL),
(3094,5,'81701','LABUAN','2018-05-02 12:09:19','2018-05-02 12:09:19',NULL),
(3095,5,'81801','LABUAN','2018-05-02 12:09:19','2018-05-02 12:09:19',NULL),
(3096,5,'81901','LABUAN','2018-05-02 12:09:19','2018-05-02 12:09:19',NULL),
(3097,5,'82001','LABUAN','2018-05-02 12:09:19','2018-05-02 12:09:19',NULL),
(3098,5,'82101','LABUAN','2018-05-02 12:09:19','2018-05-02 12:09:19',NULL),
(3099,5,'82201','LABUAN','2018-05-02 12:09:19','2018-05-02 12:09:19',NULL),
(3100,5,'82301','LABUAN','2018-05-02 12:09:19','2018-05-02 12:09:19',NULL),
(3101,5,'82330','LABUAN','2018-05-02 12:09:19','2018-05-02 12:09:19',NULL),
(3102,6,'75525','KAWASAN PERINDUSTRIAN','2018-05-02 12:09:19','2018-05-02 12:09:19',NULL),
(3103,6,'75668','MELAKA','2018-05-02 12:09:19','2018-05-02 12:09:19',NULL),
(3104,6,'76460','TEBONG','2018-05-02 12:09:19','2018-05-02 12:09:19',NULL),
(3105,6,'76470','SELANDAR','2018-05-02 12:09:19','2018-05-02 12:09:19',NULL),
(3106,7,'72110','LADANG GEDDES','2018-05-02 12:09:19','2018-05-02 12:09:19',NULL),
(3107,7,'73410','AIR KUNING SELATAN','2018-05-02 12:09:19','2018-05-02 12:09:19',NULL),
(3108,8,'25020','KUANTAN','2018-05-02 12:09:19','2018-05-02 12:09:19',NULL),
(3109,8,'25320','KUANTAN','2018-05-02 12:09:19','2018-05-02 12:09:19',NULL),
(3110,8,'26000','KUANTAN','2018-05-02 12:09:19','2018-05-02 12:09:19',NULL),
(3111,8,'26020','KUANTAN','2018-05-02 12:09:19','2018-05-02 12:09:19',NULL),
(3112,8,'26030','KUANTAN','2018-05-02 12:09:19','2018-05-02 12:09:19',NULL),
(3113,8,'26130','BALOK','2018-05-02 12:09:19','2018-05-02 12:09:19',NULL),
(3114,8,'26160','BALOK','2018-05-02 12:09:19','2018-05-02 12:09:19',NULL),
(3115,8,'26170','BALOK','2018-05-02 12:09:19','2018-05-02 12:09:19',NULL),
(3116,8,'27080','JERANTUT','2018-05-02 12:09:19','2018-05-02 12:09:19',NULL),
(3117,8,'27500','SUNGAI RUAN','2018-05-02 12:09:19','2018-05-02 12:09:19',NULL),
(3118,8,'85070','BANDAR PERWIRA JAYA','2018-05-02 12:09:19','2018-05-02 12:09:19',NULL),
(3119,9,'62594','PUTRAJAYA','2018-05-02 12:09:19','2018-05-02 12:09:19',NULL),
(3120,11,'10668','PULAU PINANG','2018-05-02 12:09:19','2018-05-02 12:09:19',NULL),
(3121,12,'31120','LINTANG','2018-05-02 12:09:19','2018-05-02 12:09:19',NULL),
(3122,12,'32010','SITIAWAN','2018-05-02 12:09:19','2018-05-02 12:09:19',NULL),
(3123,12,'32020','SITIAWAN','2018-05-02 12:09:19','2018-05-02 12:09:19',NULL),
(3124,12,'32030','SITIAWAN','2018-05-02 12:09:19','2018-05-02 12:09:19',NULL),
(3125,12,'32810','PARIT','2018-05-02 12:09:19','2018-05-02 12:09:19',NULL),
(3126,12,'34001','KAMPUNG SIMPANG HALT','2018-05-02 12:09:19','2018-05-02 12:09:19',NULL),
(3127,12,'51650','IPOH','2018-05-02 12:09:19','2018-05-02 12:09:19',NULL),
(3128,12,'74269','IPOH','2018-05-02 12:09:19','2018-05-02 12:09:19',NULL),
(3129,13,'10051','KOTA KINABALU','2018-05-02 12:09:19','2018-05-02 12:09:19',NULL),
(3130,13,'10170','KOTA KINABALU','2018-05-02 12:09:19','2018-05-02 12:09:19',NULL),
(3131,13,'10171','KOTA KINABALU','2018-05-02 12:09:19','2018-05-02 12:09:19',NULL),
(3132,13,'10251','KOTA KINABALU','2018-05-02 12:09:19','2018-05-02 12:09:19',NULL),
(3133,13,'10370','KOTA KINABALU','2018-05-02 12:09:19','2018-05-02 12:09:19',NULL),
(3134,13,'10371','KOTA KINABALU','2018-05-02 12:09:19','2018-05-02 12:09:19',NULL),
(3135,13,'10430','KOTA KINABALU','2018-05-02 12:09:19','2018-05-02 12:09:19',NULL),
(3136,13,'10431','KOTA KINABALU','2018-05-02 12:09:19','2018-05-02 12:09:19',NULL),
(3137,13,'10530','KOTA KINABALU','2018-05-02 12:09:19','2018-05-02 12:09:19',NULL),
(3138,13,'10531','KOTA KINABALU','2018-05-02 12:09:19','2018-05-02 12:09:19',NULL),
(3139,13,'10631','KOTA KINABALU','2018-05-02 12:09:19','2018-05-02 12:09:19',NULL),
(3140,13,'10731','KOTA KINABALU','2018-05-02 12:09:19','2018-05-02 12:09:19',NULL),
(3141,13,'10811','KOTA KINABALU','2018-05-02 12:09:19','2018-05-02 12:09:19',NULL),
(3142,13,'10991','KOTA KINABALU','2018-05-02 12:09:19','2018-05-02 12:09:19',NULL),
(3143,13,'11090','KOTA KINABALU','2018-05-02 12:09:19','2018-05-02 12:09:19',NULL),
(3144,13,'11091','KOTA KINABALU','2018-05-02 12:09:19','2018-05-02 12:09:19',NULL),
(3145,13,'11190','KOTA KINABALU','2018-05-02 12:09:19','2018-05-02 12:09:19',NULL),
(3146,13,'11191','KOTA KINABALU','2018-05-02 12:09:19','2018-05-02 12:09:19',NULL),
(3147,13,'11270','KOTA KINABALU','2018-05-02 12:09:19','2018-05-02 12:09:19',NULL),
(3148,13,'11271','KOTA KINABALU','2018-05-02 12:09:19','2018-05-02 12:09:19',NULL),
(3149,13,'11330','KOTA KINABALU','2018-05-02 12:09:19','2018-05-02 12:09:19',NULL),
(3150,13,'11331','KOTA KINABALU','2018-05-02 12:09:19','2018-05-02 12:09:19',NULL),
(3151,13,'11430','KOTA KINABALU','2018-05-02 12:09:19','2018-05-02 12:09:19',NULL),
(3152,13,'11431','KOTA KINABALU','2018-05-02 12:09:19','2018-05-02 12:09:19',NULL),
(3153,13,'11530','KOTA KINABALU','2018-05-02 12:09:19','2018-05-02 12:09:19',NULL),
(3154,13,'11531','KOTA KINABALU','2018-05-02 12:09:19','2018-05-02 12:09:19',NULL),
(3155,13,'11630','KOTA KINABALU','2018-05-02 12:09:19','2018-05-02 12:09:19',NULL),
(3156,13,'11631','KOTA KINABALU','2018-05-02 12:09:19','2018-05-02 12:09:19',NULL),
(3157,13,'11710','KOTA KINABALU','2018-05-02 12:09:19','2018-05-02 12:09:19',NULL),
(3158,13,'11711','KOTA KINABALU','2018-05-02 12:09:19','2018-05-02 12:09:19',NULL),
(3159,13,'11790','KOTA KINABALU','2018-05-02 12:09:19','2018-05-02 12:09:19',NULL),
(3160,13,'11791','KOTA KINABALU','2018-05-02 12:09:19','2018-05-02 12:09:19',NULL),
(3161,13,'11890','KOTA KINABALU','2018-05-02 12:09:19','2018-05-02 12:09:19',NULL),
(3162,13,'11891','KOTA KINABALU','2018-05-02 12:09:19','2018-05-02 12:09:19',NULL),
(3163,13,'11990','KOTA KINABALU','2018-05-02 12:09:19','2018-05-02 12:09:19',NULL),
(3164,13,'11991','KOTA KINABALU','2018-05-02 12:09:19','2018-05-02 12:09:19',NULL),
(3165,13,'12090','KOTA KINABALU','2018-05-02 12:09:19','2018-05-02 12:09:19',NULL),
(3166,13,'12091','KOTA KINABALU','2018-05-02 12:09:19','2018-05-02 12:09:19',NULL),
(3167,13,'12160','KOTA KINABALU','2018-05-02 12:09:19','2018-05-02 12:09:19',NULL),
(3168,13,'12161','KOTA KINABALU','2018-05-02 12:09:19','2018-05-02 12:09:19',NULL),
(3169,13,'12210','KOTA KINABALU','2018-05-02 12:09:19','2018-05-02 12:09:19',NULL),
(3170,13,'12211','KOTA KINABALU','2018-05-02 12:09:19','2018-05-02 12:09:19',NULL),
(3171,13,'12310','KOTA KINABALU','2018-05-02 12:09:19','2018-05-02 12:09:19',NULL),
(3172,13,'12311','KOTA KINABALU','2018-05-02 12:09:19','2018-05-02 12:09:19',NULL),
(3173,13,'12410','KOTA KINABALU','2018-05-02 12:09:19','2018-05-02 12:09:19',NULL),
(3174,13,'12411','KOTA KINABALU','2018-05-02 12:09:19','2018-05-02 12:09:19',NULL),
(3175,13,'12510','KOTA KINABALU','2018-05-02 12:09:19','2018-05-02 12:09:19',NULL),
(3176,13,'12511','KOTA KINABALU','2018-05-02 12:09:19','2018-05-02 12:09:19',NULL),
(3177,13,'12590','KOTA KINABALU','2018-05-02 12:09:19','2018-05-02 12:09:19',NULL),
(3178,13,'12591','KOTA KINABALU','2018-05-02 12:09:19','2018-05-02 12:09:19',NULL),
(3179,13,'12670','KOTA KINABALU','2018-05-02 12:09:19','2018-05-02 12:09:19',NULL),
(3180,13,'12671','KOTA KINABALU','2018-05-02 12:09:19','2018-05-02 12:09:19',NULL),
(3181,13,'12770','KOTA KINABALU','2018-05-02 12:09:19','2018-05-02 12:09:19',NULL),
(3182,13,'12771','KOTA KINABALU','2018-05-02 12:09:19','2018-05-02 12:09:19',NULL),
(3183,13,'12870','KOTA KINABALU','2018-05-02 12:09:19','2018-05-02 12:09:19',NULL),
(3184,13,'12871','KOTA KINABALU','2018-05-02 12:09:19','2018-05-02 12:09:19',NULL),
(3185,13,'12970','KOTA KINABALU','2018-05-02 12:09:19','2018-05-02 12:09:19',NULL),
(3186,13,'12971','KOTA KINABALU','2018-05-02 12:09:19','2018-05-02 12:09:19',NULL),
(3187,13,'13051','KOTA KINABALU','2018-05-02 12:09:19','2018-05-02 12:09:19',NULL),
(3188,13,'13111','KOTA KINABALU','2018-05-02 12:09:19','2018-05-02 12:09:19',NULL),
(3189,13,'13190','KOTA KINABALU','2018-05-02 12:09:19','2018-05-02 12:09:19',NULL),
(3190,13,'13191','KOTA KINABALU','2018-05-02 12:09:19','2018-05-02 12:09:19',NULL),
(3191,13,'13270','KOTA KINABALU','2018-05-02 12:09:19','2018-05-02 12:09:19',NULL),
(3192,13,'13271','KOTA KINABALU','2018-05-02 12:09:19','2018-05-02 12:09:19',NULL),
(3193,13,'13360','KOTA KINABALU','2018-05-02 12:09:19','2018-05-02 12:09:19',NULL),
(3194,13,'13361','KOTA KINABALU','2018-05-02 12:09:19','2018-05-02 12:09:19',NULL),
(3195,13,'13440','KOTA KINABALU','2018-05-02 12:09:19','2018-05-02 12:09:19',NULL),
(3196,13,'13441','KOTA KINABALU','2018-05-02 12:09:19','2018-05-02 12:09:19',NULL),
(3197,13,'13530','KOTA KINABALU','2018-05-02 12:09:19','2018-05-02 12:09:19',NULL),
(3198,13,'13531','KOTA KINABALU','2018-05-02 12:09:19','2018-05-02 12:09:19',NULL),
(3199,13,'13610','KOTA KINABALU','2018-05-02 12:09:19','2018-05-02 12:09:19',NULL),
(3200,13,'13611','KOTA KINABALU','2018-05-02 12:09:19','2018-05-02 12:09:19',NULL),
(3201,13,'13690','KOTA KINABALU','2018-05-02 12:09:19','2018-05-02 12:09:19',NULL),
(3202,13,'13691','KOTA KINABALU','2018-05-02 12:09:19','2018-05-02 12:09:19',NULL),
(3203,13,'13720','KOTA KINABALU','2018-05-02 12:09:19','2018-05-02 12:09:19',NULL),
(3204,13,'13721','KOTA KINABALU','2018-05-02 12:09:19','2018-05-02 12:09:19',NULL),
(3205,13,'13801','KOTA KINABALU','2018-05-02 12:09:19','2018-05-02 12:09:19',NULL),
(3206,13,'13880','KOTA KINABALU','2018-05-02 12:09:19','2018-05-02 12:09:19',NULL),
(3207,13,'13881','KOTA KINABALU','2018-05-02 12:09:19','2018-05-02 12:09:19',NULL),
(3208,13,'13970','KOTA KINABALU','2018-05-02 12:09:19','2018-05-02 12:09:19',NULL),
(3209,13,'13971','KOTA KINABALU','2018-05-02 12:09:19','2018-05-02 12:09:19',NULL),
(3210,13,'14070','KOTA KINABALU','2018-05-02 12:09:19','2018-05-02 12:09:19',NULL),
(3211,13,'14071','KOTA KINABALU','2018-05-02 12:09:19','2018-05-02 12:09:19',NULL),
(3212,13,'14180','KOTA KINABALU','2018-05-02 12:09:19','2018-05-02 12:09:19',NULL),
(3213,13,'14181','KOTA KINABALU','2018-05-02 12:09:19','2018-05-02 12:09:19',NULL),
(3214,13,'14280','KOTA KINABALU','2018-05-02 12:09:19','2018-05-02 12:09:19',NULL),
(3215,13,'14281','KOTA KINABALU','2018-05-02 12:09:19','2018-05-02 12:09:19',NULL),
(3216,13,'14360','KOTA KINABALU','2018-05-02 12:09:19','2018-05-02 12:09:19',NULL),
(3217,13,'14361','KOTA KINABALU','2018-05-02 12:09:19','2018-05-02 12:09:19',NULL),
(3218,13,'14460','KOTA KINABALU','2018-05-02 12:09:19','2018-05-02 12:09:19',NULL),
(3219,13,'14461','KOTA KINABALU','2018-05-02 12:09:19','2018-05-02 12:09:19',NULL),
(3220,13,'14540','KOTA KINABALU','2018-05-02 12:09:19','2018-05-02 12:09:19',NULL),
(3221,13,'14541','KOTA KINABALU','2018-05-02 12:09:19','2018-05-02 12:09:19',NULL),
(3222,13,'14610','KOTA KINABALU','2018-05-02 12:09:19','2018-05-02 12:09:19',NULL),
(3223,13,'14611','KOTA KINABALU','2018-05-02 12:09:19','2018-05-02 12:09:19',NULL),
(3224,13,'14690','KOTA KINABALU','2018-05-02 12:09:19','2018-05-02 12:09:19',NULL),
(3225,13,'14691','KOTA KINABALU','2018-05-02 12:09:19','2018-05-02 12:09:19',NULL),
(3226,13,'14770','KOTA KINABALU','2018-05-02 12:09:19','2018-05-02 12:09:19',NULL),
(3227,13,'14771','KOTA KINABALU','2018-05-02 12:09:19','2018-05-02 12:09:19',NULL),
(3228,13,'14870','KOTA KINABALU','2018-05-02 12:09:19','2018-05-02 12:09:19',NULL),
(3229,13,'14871','KOTA KINABALU','2018-05-02 12:09:19','2018-05-02 12:09:19',NULL),
(3230,13,'15001','KOTA KINABALU','2018-05-02 12:09:19','2018-05-02 12:09:19',NULL),
(3231,13,'15120','KOTA KINABALU','2018-05-02 12:09:19','2018-05-02 12:09:19',NULL),
(3232,13,'15121','KOTA KINABALU','2018-05-02 12:09:19','2018-05-02 12:09:19',NULL),
(3233,13,'15180','KOTA KINABALU','2018-05-02 12:09:19','2018-05-02 12:09:19',NULL),
(3234,13,'15181','KOTA KINABALU','2018-05-02 12:09:19','2018-05-02 12:09:19',NULL),
(3235,13,'15260','KOTA KINABALU','2018-05-02 12:09:19','2018-05-02 12:09:19',NULL),
(3236,13,'15261','KOTA KINABALU','2018-05-02 12:09:19','2018-05-02 12:09:19',NULL),
(3237,13,'15460','KOTA KINABALU','2018-05-02 12:09:19','2018-05-02 12:09:19',NULL),
(3238,13,'15461','KOTA KINABALU','2018-05-02 12:09:19','2018-05-02 12:09:19',NULL),
(3239,13,'15681','KOTA KINABALU','2018-05-02 12:09:19','2018-05-02 12:09:19',NULL),
(3240,13,'15800','KOTA KINABALU','2018-05-02 12:09:19','2018-05-02 12:09:19',NULL),
(3241,13,'15801','KOTA KINABALU','2018-05-02 12:09:19','2018-05-02 12:09:19',NULL),
(3242,13,'16021','KOTA KINABALU','2018-05-02 12:09:19','2018-05-02 12:09:19',NULL),
(3243,13,'16101','KOTA KINABALU','2018-05-02 12:09:19','2018-05-02 12:09:19',NULL),
(3244,13,'16301','KOTA KINABALU','2018-05-02 12:09:19','2018-05-02 12:09:19',NULL),
(3245,13,'16560','KOTA KINABALU','2018-05-02 12:09:19','2018-05-02 12:09:19',NULL),
(3246,13,'16561','KOTA KINABALU','2018-05-02 12:09:19','2018-05-02 12:09:19',NULL),
(3247,13,'16640','KOTA KINABALU','2018-05-02 12:09:19','2018-05-02 12:09:19',NULL),
(3248,13,'16641','KOTA KINABALU','2018-05-02 12:09:19','2018-05-02 12:09:19',NULL),
(3249,13,'17160','KOTA KINABALU','2018-05-02 12:09:19','2018-05-02 12:09:19',NULL),
(3250,13,'17161','KOTA KINABALU','2018-05-02 12:09:19','2018-05-02 12:09:19',NULL),
(3251,13,'17680','KOTA KINABALU','2018-05-02 12:09:19','2018-05-02 12:09:19',NULL),
(3252,13,'17681','KOTA KINABALU','2018-05-02 12:09:19','2018-05-02 12:09:19',NULL),
(3253,13,'18120','KOTA KINABALU','2018-05-02 12:09:19','2018-05-02 12:09:19',NULL),
(3254,13,'18121','KOTA KINABALU','2018-05-02 12:09:19','2018-05-02 12:09:19',NULL),
(3255,13,'18640','KOTA KINABALU','2018-05-02 12:09:19','2018-05-02 12:09:19',NULL),
(3256,13,'20001','KOTA KINABALU','2018-05-02 12:09:19','2018-05-02 12:09:19',NULL),
(3257,13,'20101','KOTA KINABALU','2018-05-02 12:09:19','2018-05-02 12:09:19',NULL),
(3258,13,'20201','KOTA KINABALU','2018-05-02 12:09:19','2018-05-02 12:09:19',NULL),
(3259,13,'20301','KOTA KINABALU','2018-05-02 12:09:19','2018-05-02 12:09:19',NULL),
(3260,13,'20401','KOTA KINABALU','2018-05-02 12:09:19','2018-05-02 12:09:19',NULL),
(3261,13,'20501','KOTA KINABALU','2018-05-02 12:09:19','2018-05-02 12:09:19',NULL),
(3262,13,'20580','KOTA KINABALU','2018-05-02 12:09:19','2018-05-02 12:09:19',NULL),
(3263,13,'20581','KOTA KINABALU','2018-05-02 12:09:19','2018-05-02 12:09:19',NULL),
(3264,13,'20681','KOTA KINABALU','2018-05-02 12:09:19','2018-05-02 12:09:19',NULL),
(3265,13,'20780','KOTA KINABALU','2018-05-02 12:09:19','2018-05-02 12:09:19',NULL),
(3266,13,'20781','KOTA KINABALU','2018-05-02 12:09:19','2018-05-02 12:09:19',NULL),
(3267,13,'20880','KOTA KINABALU','2018-05-02 12:09:19','2018-05-02 12:09:19',NULL),
(3268,13,'20881','KOTA KINABALU','2018-05-02 12:09:19','2018-05-02 12:09:19',NULL),
(3269,13,'20960','KOTA KINABALU','2018-05-02 12:09:19','2018-05-02 12:09:19',NULL),
(3270,13,'20961','KOTA KINABALU','2018-05-02 12:09:19','2018-05-02 12:09:19',NULL),
(3271,13,'21061','KOTA KINABALU','2018-05-02 12:09:19','2018-05-02 12:09:19',NULL),
(3272,13,'21160','KOTA KINABALU','2018-05-02 12:09:19','2018-05-02 12:09:19',NULL),
(3273,13,'21161','KOTA KINABALU','2018-05-02 12:09:19','2018-05-02 12:09:19',NULL),
(3274,13,'21240','KOTA KINABALU','2018-05-02 12:09:19','2018-05-02 12:09:19',NULL),
(3275,13,'21241','KOTA KINABALU','2018-05-02 12:09:19','2018-05-02 12:09:19',NULL),
(3276,13,'21320','KOTA KINABALU','2018-05-02 12:09:19','2018-05-02 12:09:19',NULL),
(3277,13,'21321','KOTA KINABALU','2018-05-02 12:09:19','2018-05-02 12:09:19',NULL),
(3278,13,'21420','KOTA KINABALU','2018-05-02 12:09:19','2018-05-02 12:09:19',NULL),
(3279,13,'21421','KOTA KINABALU','2018-05-02 12:09:19','2018-05-02 12:09:19',NULL),
(3280,13,'21520','KOTA KINABALU','2018-05-02 12:09:19','2018-05-02 12:09:19',NULL),
(3281,13,'21521','KOTA KINABALU','2018-05-02 12:09:19','2018-05-02 12:09:19',NULL),
(3282,13,'21601','KOTA KINABALU','2018-05-02 12:09:19','2018-05-02 12:09:19',NULL),
(3283,13,'21701','KOTA KINABALU','2018-05-02 12:09:19','2018-05-02 12:09:19',NULL),
(3284,13,'21801','KOTA KINABALU','2018-05-02 12:09:19','2018-05-02 12:09:19',NULL),
(3285,13,'21900','KOTA KINABALU','2018-05-02 12:09:19','2018-05-02 12:09:19',NULL),
(3286,13,'21901','KOTA KINABALU','2018-05-02 12:09:19','2018-05-02 12:09:19',NULL),
(3287,13,'21980','KOTA KINABALU','2018-05-02 12:09:19','2018-05-02 12:09:19',NULL),
(3288,13,'21981','KOTA KINABALU','2018-05-02 12:09:19','2018-05-02 12:09:19',NULL),
(3289,13,'22060','KOTA KINABALU','2018-05-02 12:09:19','2018-05-02 12:09:19',NULL),
(3290,13,'22061','KOTA KINABALU','2018-05-02 12:09:19','2018-05-02 12:09:19',NULL),
(3291,13,'22140','KOTA KINABALU','2018-05-02 12:09:19','2018-05-02 12:09:19',NULL),
(3292,13,'22141','KOTA KINABALU','2018-05-02 12:09:19','2018-05-02 12:09:19',NULL),
(3293,13,'22220','KOTA KINABALU','2018-05-02 12:09:19','2018-05-02 12:09:19',NULL),
(3294,13,'22221','KOTA KINABALU','2018-05-02 12:09:19','2018-05-02 12:09:19',NULL),
(3295,13,'22301','KOTA KINABALU','2018-05-02 12:09:19','2018-05-02 12:09:19',NULL),
(3296,13,'22380','KOTA KINABALU','2018-05-02 12:09:19','2018-05-02 12:09:19',NULL),
(3297,13,'22381','KOTA KINABALU','2018-05-02 12:09:19','2018-05-02 12:09:19',NULL),
(3298,13,'22460','KOTA KINABALU','2018-05-02 12:09:19','2018-05-02 12:09:19',NULL),
(3299,13,'22461','KOTA KINABALU','2018-05-02 12:09:19','2018-05-02 12:09:19',NULL),
(3300,13,'22540','KOTA KINABALU','2018-05-02 12:09:19','2018-05-02 12:09:19',NULL),
(3301,13,'22541','KOTA KINABALU','2018-05-02 12:09:19','2018-05-02 12:09:19',NULL),
(3302,13,'22620','KOTA KINABALU','2018-05-02 12:09:19','2018-05-02 12:09:19',NULL),
(3303,13,'22621','KOTA KINABALU','2018-05-02 12:09:19','2018-05-02 12:09:19',NULL),
(3304,13,'22700','KOTA KINABALU','2018-05-02 12:09:19','2018-05-02 12:09:19',NULL),
(3305,13,'22701','KOTA KINABALU','2018-05-02 12:09:19','2018-05-02 12:09:19',NULL),
(3306,13,'22800','KOTA KINABALU','2018-05-02 12:09:19','2018-05-02 12:09:19',NULL),
(3307,13,'22801','KOTA KINABALU','2018-05-02 12:09:19','2018-05-02 12:09:19',NULL),
(3308,13,'22880','KOTA KINABALU','2018-05-02 12:09:19','2018-05-02 12:09:19',NULL),
(3309,13,'22881','KOTA KINABALU','2018-05-02 12:09:19','2018-05-02 12:09:19',NULL),
(3310,13,'22980','KOTA KINABALU','2018-05-02 12:09:19','2018-05-02 12:09:19',NULL),
(3311,13,'22981','KOTA KINABALU','2018-05-02 12:09:19','2018-05-02 12:09:19',NULL),
(3312,13,'23080','KOTA KINABALU','2018-05-02 12:09:19','2018-05-02 12:09:19',NULL),
(3313,13,'50001','PUTATAN','2018-05-02 12:09:19','2018-05-02 12:09:19',NULL),
(3314,13,'50080','PUTATAN','2018-05-02 12:09:19','2018-05-02 12:09:19',NULL),
(3315,13,'50081','PUTATAN','2018-05-02 12:09:19','2018-05-02 12:09:19',NULL),
(3316,13,'50301','PUTATAN','2018-05-02 12:09:19','2018-05-02 12:09:19',NULL),
(3317,13,'50451','PUTATAN','2018-05-02 12:09:19','2018-05-02 12:09:19',NULL),
(3318,13,'50501','PUTATAN','2018-05-02 12:09:19','2018-05-02 12:09:19',NULL),
(3319,13,'60001','TAWAU','2018-05-02 12:09:19','2018-05-02 12:09:19',NULL),
(3320,13,'60100','TAWAU','2018-05-02 12:09:19','2018-05-02 12:09:19',NULL),
(3321,13,'60101','TAWAU','2018-05-02 12:09:19','2018-05-02 12:09:19',NULL),
(3322,13,'60120','LAHAD DATU','2018-05-02 12:09:19','2018-05-02 12:09:19',NULL),
(3323,13,'60121','LAHAD DATU','2018-05-02 12:09:19','2018-05-02 12:09:19',NULL),
(3324,13,'60200','TAWAU','2018-05-02 12:09:19','2018-05-02 12:09:19',NULL),
(3325,13,'60201','TAWAU','2018-05-02 12:09:19','2018-05-02 12:09:19',NULL),
(3326,13,'60230','TAWAU','2018-05-02 12:09:19','2018-05-02 12:09:19',NULL),
(3327,13,'60240','LAHAD DATU','2018-05-02 12:09:19','2018-05-02 12:09:19',NULL),
(3328,13,'60241','LAHAD DATU','2018-05-02 12:09:19','2018-05-02 12:09:19',NULL),
(3329,13,'60301','TAWAU','2018-05-02 12:09:19','2018-05-02 12:09:19',NULL),
(3330,13,'60360','LAHAD DATU','2018-05-02 12:09:19','2018-05-02 12:09:19',NULL),
(3331,13,'60361','LAHAD DATU','2018-05-02 12:09:19','2018-05-02 12:09:19',NULL),
(3332,13,'60400','TAWAU','2018-05-02 12:09:19','2018-05-02 12:09:19',NULL),
(3333,13,'60401','TAWAU','2018-05-02 12:09:19','2018-05-02 12:09:19',NULL),
(3334,13,'60440','LAHAD DATU','2018-05-02 12:09:19','2018-05-02 12:09:19',NULL),
(3335,13,'60441','LAHAD DATU','2018-05-02 12:09:19','2018-05-02 12:09:19',NULL),
(3336,13,'60500','TAWAU','2018-05-02 12:09:19','2018-05-02 12:09:19',NULL),
(3337,13,'60501','TAWAU','2018-05-02 12:09:19','2018-05-02 12:09:19',NULL),
(3338,13,'60560','LAHAD DATU','2018-05-02 12:09:19','2018-05-02 12:09:19',NULL),
(3339,13,'60561','LAHAD DATU','2018-05-02 12:09:19','2018-05-02 12:09:19',NULL),
(3340,13,'60600','TAWAU','2018-05-02 12:09:19','2018-05-02 12:09:19',NULL),
(3341,13,'60601','TAWAU','2018-05-02 12:09:19','2018-05-02 12:09:19',NULL),
(3342,13,'60680','LAHAD DATU','2018-05-02 12:09:19','2018-05-02 12:09:19',NULL),
(3343,13,'60681','LAHAD DATU','2018-05-02 12:09:19','2018-05-02 12:09:19',NULL),
(3344,13,'60700','TAWAU','2018-05-02 12:09:19','2018-05-02 12:09:19',NULL),
(3345,13,'60701','TAWAU','2018-05-02 12:09:19','2018-05-02 12:09:19',NULL),
(3346,13,'60760','LAHAD DATU','2018-05-02 12:09:19','2018-05-02 12:09:19',NULL),
(3347,13,'60761','LAHAD DATU','2018-05-02 12:09:19','2018-05-02 12:09:19',NULL),
(3348,13,'60800','TAWAU','2018-05-02 12:09:19','2018-05-02 12:09:19',NULL),
(3349,13,'60801','TAWAU','2018-05-02 12:09:19','2018-05-02 12:09:19',NULL),
(3350,13,'60880','LAHAD DATU','2018-05-02 12:09:19','2018-05-02 12:09:19',NULL),
(3351,13,'60881','LAHAD DATU','2018-05-02 12:09:19','2018-05-02 12:09:19',NULL),
(3352,13,'60900','TAWAU','2018-05-02 12:09:19','2018-05-02 12:09:19',NULL),
(3353,13,'60901','TAWAU','2018-05-02 12:09:19','2018-05-02 12:09:19',NULL),
(3354,13,'61000','TAWAU','2018-05-02 12:09:19','2018-05-02 12:09:19',NULL),
(3355,13,'61001','TAWAU','2018-05-02 12:09:19','2018-05-02 12:09:19',NULL),
(3356,13,'61080','LAHAD DATU','2018-05-02 12:09:19','2018-05-02 12:09:19',NULL),
(3357,13,'61081','LAHAD DATU','2018-05-02 12:09:19','2018-05-02 12:09:19',NULL),
(3358,13,'61100','TAWAU','2018-05-02 12:09:19','2018-05-02 12:09:19',NULL),
(3359,13,'61101','TAWAU','2018-05-02 12:09:19','2018-05-02 12:09:19',NULL),
(3360,13,'61200','TAWAU','2018-05-02 12:09:19','2018-05-02 12:09:19',NULL),
(3361,13,'61201','TAWAU','2018-05-02 12:09:19','2018-05-02 12:09:19',NULL),
(3362,13,'61300','TAWAU','2018-05-02 12:09:19','2018-05-02 12:09:19',NULL),
(3363,13,'61301','TAWAU','2018-05-02 12:09:19','2018-05-02 12:09:19',NULL),
(3364,13,'61320','TAWAU','2018-05-02 12:09:19','2018-05-02 12:09:19',NULL),
(3365,13,'61321','LAHAD DATU','2018-05-02 12:09:19','2018-05-02 12:09:19',NULL),
(3366,13,'61400','TAWAU','2018-05-02 12:09:19','2018-05-02 12:09:19',NULL),
(3367,13,'61401','TAWAU','2018-05-02 12:09:19','2018-05-02 12:09:19',NULL),
(3368,13,'61440','LAHAD DATU','2018-05-02 12:09:19','2018-05-02 12:09:19',NULL),
(3369,13,'61441','LAHAD DATU','2018-05-02 12:09:19','2018-05-02 12:09:19',NULL),
(3370,13,'61500','TAWAU','2018-05-02 12:09:19','2018-05-02 12:09:19',NULL),
(3371,13,'61501','TAWAU','2018-05-02 12:09:19','2018-05-02 12:09:19',NULL),
(3372,13,'61560','LAHAD DATU','2018-05-02 12:09:19','2018-05-02 12:09:19',NULL),
(3373,13,'61561','LAHAD DATU','2018-05-02 12:09:19','2018-05-02 12:09:19',NULL),
(3374,13,'61600','TAWAU','2018-05-02 12:09:19','2018-05-02 12:09:19',NULL),
(3375,13,'61601','TAWAU','2018-05-02 12:09:19','2018-05-02 12:09:19',NULL),
(3376,13,'61640','LAHAD DATU','2018-05-02 12:09:19','2018-05-02 12:09:19',NULL),
(3377,13,'61641','LAHAD DATU','2018-05-02 12:09:19','2018-05-02 12:09:19',NULL),
(3378,13,'61700','TAWAU','2018-05-02 12:09:19','2018-05-02 12:09:19',NULL),
(3379,13,'61701','TAWAU','2018-05-02 12:09:19','2018-05-02 12:09:19',NULL),
(3380,13,'61760','LAHAD DATU','2018-05-02 12:09:19','2018-05-02 12:09:19',NULL),
(3381,13,'61761','LAHAD DATU','2018-05-02 12:09:19','2018-05-02 12:09:19',NULL),
(3382,13,'61800','TAWAU','2018-05-02 12:09:19','2018-05-02 12:09:19',NULL),
(3383,13,'61801','TAWAU','2018-05-02 12:09:19','2018-05-02 12:09:19',NULL),
(3384,13,'61880','LAHAD DATU','2018-05-02 12:09:19','2018-05-02 12:09:19',NULL),
(3385,13,'61881','LAHAD DATU','2018-05-02 12:09:19','2018-05-02 12:09:19',NULL),
(3386,13,'61900','TAWAU','2018-05-02 12:09:19','2018-05-02 12:09:19',NULL),
(3387,13,'61901','TAWAU','2018-05-02 12:09:19','2018-05-02 12:09:19',NULL),
(3388,13,'61960','LAHAD DATU','2018-05-02 12:09:19','2018-05-02 12:09:19',NULL),
(3389,13,'61961','LAHAD DATU','2018-05-02 12:09:19','2018-05-02 12:09:19',NULL),
(3390,13,'62001','TAWAU','2018-05-02 12:09:19','2018-05-02 12:09:19',NULL),
(3391,13,'62101','TAWAU','2018-05-02 12:09:19','2018-05-02 12:09:19',NULL),
(3392,13,'62201','TAWAU','2018-05-02 12:09:19','2018-05-02 12:09:19',NULL),
(3393,13,'62301','TAWAU','2018-05-02 12:09:19','2018-05-02 12:09:19',NULL),
(3394,13,'62400','TAWAU','2018-05-02 12:09:19','2018-05-02 12:09:19',NULL),
(3395,13,'62401','TAWAU','2018-05-02 12:09:19','2018-05-02 12:09:19',NULL),
(3396,13,'62480','LAHAD DATU','2018-05-02 12:09:19','2018-05-02 12:09:19',NULL),
(3397,13,'62500','TAWAU','2018-05-02 12:09:19','2018-05-02 12:09:19',NULL),
(3398,13,'62501','TAWAU','2018-05-02 12:09:19','2018-05-02 12:09:19',NULL),
(3399,13,'62600','TAWAU','2018-05-02 12:09:19','2018-05-02 12:09:19',NULL),
(3400,13,'89400','LIKAS','2018-05-02 12:09:19','2018-05-02 12:09:19',NULL),
(3401,13,'89407','TUARAN','2018-05-02 12:09:19','2018-05-02 12:09:19',NULL),
(3402,13,'90007','SANDAKAN','2018-05-02 12:09:19','2018-05-02 12:09:19',NULL),
(3403,13,'91108','LAHAD DATU','2018-05-02 12:09:19','2018-05-02 12:09:19',NULL),
(3404,14,'40350','SHAH ALAM','2018-05-02 12:09:19','2018-05-02 12:09:19',NULL),
(3405,14,'40475','SHAH AIAM-BKT RAJA','2018-05-02 12:09:19','2018-05-02 12:09:19',NULL),
(3406,14,'42220','KAPAR','2018-05-02 12:09:19','2018-05-02 12:09:19',NULL),
(3407,14,'42450','KLANG','2018-05-02 12:09:19','2018-05-02 12:09:19',NULL),
(3408,14,'42458','KLANG','2018-05-02 12:09:19','2018-05-02 12:09:19',NULL),
(3409,14,'42460','SHAH ALAM','2018-05-02 12:09:19','2018-05-02 12:09:19',NULL),
(3410,14,'43809','DENGKEL','2018-05-02 12:09:19','2018-05-02 12:09:19',NULL),
(3411,14,'43909','SEPANG','2018-05-02 12:09:19','2018-05-02 12:09:19',NULL),
(3412,14,'45010','KUALA SELANGOR','2018-05-02 12:09:19','2018-05-02 12:09:19',NULL),
(3413,14,'46160','JALAN SULTAN PETALING JAYA','2018-05-02 12:09:19','2018-05-02 12:09:19',NULL),
(3414,14,'46500','PETALING JAYA','2018-05-02 12:09:19','2018-05-02 12:09:19',NULL),
(3415,14,'46692','PETALING JAYA','2018-05-02 12:09:19','2018-05-02 12:09:19',NULL),
(3416,14,'47509','SUBANG JAYA','2018-05-02 12:09:19','2018-05-02 12:09:19',NULL),
(3417,14,'47510','SUBANG JAYA','2018-05-02 12:09:19','2018-05-02 12:09:19',NULL),
(3418,14,'47601','PETALING JAYA','2018-05-02 12:09:19','2018-05-02 12:09:19',NULL),
(3419,15,'91350','KUCHING','2018-05-02 12:09:19','2018-05-02 12:09:19',NULL),
(3420,15,'93668','KUCHING','2018-05-02 12:09:19','2018-05-02 12:09:19',NULL),
(3421,15,'94100','SEMATAN','2018-05-02 12:09:19','2018-05-02 12:09:19',NULL),
(3422,15,'96510','PAKAN','2018-05-02 12:09:19','2018-05-02 12:09:19',NULL),
(3423,16,'21050','KUALA TERENGGANU','2018-05-02 12:09:19','2018-05-02 12:09:19',NULL),
(3424,1,'84040','LENGA','2018-05-02 12:09:19','2018-05-02 12:09:19',NULL);

/*Table structure for table `master_gender` */


CREATE TABLE `master_gender` (
  `gender_id` int(11) NOT NULL AUTO_INCREMENT,
  `gender_desc` varchar(20) NOT NULL,
  `created_at` timestamp NULL DEFAULT NULL,
  `updated_at` timestamp NOT NULL DEFAULT '0000-00-00 00:00:00',
  `deleted_at` timestamp NULL DEFAULT NULL,
  PRIMARY KEY (`gender_id`)
) ENGINE=InnoDB AUTO_INCREMENT=4 DEFAULT CHARSET=latin1;

/*Data for the table `master_gender` */

insert  into `master_gender`(`gender_id`,`gender_desc`,`created_at`,`updated_at`,`deleted_at`) values 
(1,'MALE','2018-04-20 15:46:31','2018-04-20 15:46:31',NULL),
(2,'FEMALE','2018-04-20 15:46:39','2018-04-20 15:46:39',NULL),
(3,'OTHER','2018-04-20 15:46:45','2018-04-20 15:46:45',NULL);

/*Table structure for table `master_salutation` */


CREATE TABLE `master_salutation` (
  `salutation_id` int(11) NOT NULL AUTO_INCREMENT,
  `salutation_desc` varchar(100) NOT NULL,
  `created_at` timestamp NULL DEFAULT NULL,
  `updated_at` timestamp NOT NULL DEFAULT '0000-00-00 00:00:00',
  `deleted_at` timestamp NULL DEFAULT NULL,
  PRIMARY KEY (`salutation_id`)
) ENGINE=InnoDB AUTO_INCREMENT=11 DEFAULT CHARSET=latin1;

/*Data for the table `master_salutation` */

insert  into `master_salutation`(`salutation_id`,`salutation_desc`,`created_at`,`updated_at`,`deleted_at`) values 
(1,'ENCIK','2018-04-23 14:08:17','2018-04-23 14:08:17',NULL),
(2,'PUAN','2018-04-23 14:08:22','2018-04-23 14:08:22',NULL),
(3,'CIK','2018-04-23 14:08:25','2018-04-23 14:08:25',NULL),
(4,'SIR','2018-04-23 14:08:30','2018-04-23 14:08:30',NULL),
(5,'DATUK','2018-04-23 14:08:35','2018-04-23 14:08:35',NULL),
(6,'DATIN','2018-04-23 14:08:47','2018-04-23 14:08:47',NULL),
(7,'DATO\'','2018-04-23 14:08:55','2018-04-23 14:08:55',NULL),
(8,'DATO\' SERI','2018-04-23 14:09:31','2018-04-23 14:09:31',NULL),
(9,'DATIN SERI','2018-04-23 14:09:56','2018-04-23 14:09:56',NULL),
(10,'TUN','2018-04-23 14:10:01','2018-04-23 14:10:01',NULL);

/*Table structure for table `master_state` */


CREATE TABLE `master_state` (
  `state_id` int(10) unsigned NOT NULL AUTO_INCREMENT,
  `state_code` char(3) COLLATE utf8_unicode_ci NOT NULL,
  `state_desc` varchar(255) COLLATE utf8_unicode_ci NOT NULL,
  `area_id` int(11) NOT NULL,
  `created_at` timestamp NULL DEFAULT NULL,
  `updated_at` timestamp NOT NULL DEFAULT '0000-00-00 00:00:00',
  `deleted_at` timestamp NULL DEFAULT NULL,
  PRIMARY KEY (`state_id`)
) ENGINE=InnoDB AUTO_INCREMENT=17 DEFAULT CHARSET=utf8 COLLATE=utf8_unicode_ci;

/*Data for the table `master_state` */

insert  into `master_state`(`state_id`,`state_code`,`state_desc`,`area_id`,`created_at`,`updated_at`,`deleted_at`) values 
(1,'JHR','JOHOR',1,'2018-05-02 11:57:20','2018-05-02 11:57:20',NULL),
(2,'KDH','KEDAH',1,'2018-05-02 11:57:20','2018-05-02 11:57:20',NULL),
(3,'KTN','KELANTAN',1,'2018-05-02 11:57:20','2018-05-02 11:57:20',NULL),
(4,'KUL','WILAYAH PERSEKUTUAN KUALA LUMPUR',1,'2018-05-02 11:57:20','2018-05-02 11:57:20',NULL),
(5,'LBN','WILAYAH PERSEKUTUAN LABUAN',2,'2018-05-02 11:57:20','2018-05-02 11:57:20',NULL),
(6,'MLK','MELAKA',1,'2018-05-02 11:57:20','2018-05-02 11:57:20',NULL),
(7,'NSN','NEGERI SEMBILAN',1,'2018-05-02 11:57:20','2018-05-02 11:57:20',NULL),
(8,'PHG','PAHANG',1,'2018-05-02 11:57:20','2018-05-02 11:57:20',NULL),
(9,'PJY','WILAYAH PERSEKUTUAN PUTRA JAYA',1,'2018-05-02 11:57:20','2018-05-02 11:57:20',NULL),
(10,'PLS','PERLIS',1,'2018-05-02 11:57:20','2018-05-02 11:57:20',NULL),
(11,'PNG','PULAU PINANG',1,'2018-05-02 11:57:20','2018-05-02 11:57:20',NULL),
(12,'PRK','PERAK',1,'2018-05-02 11:57:20','2018-05-02 11:57:20',NULL),
(13,'SBH','SABAH',2,'2018-05-02 11:57:20','2018-05-02 11:57:20',NULL),
(14,'SGR','SELANGOR',1,'2018-05-02 11:57:20','2018-05-02 11:57:20',NULL),
(15,'SRW','SARAWAK',2,'2018-05-02 11:57:20','2018-05-02 11:57:20',NULL),
(16,'TRG','TERENGGANU',1,'2018-05-02 11:57:20','2018-05-02 11:57:20',NULL);

/*Table structure for table `menus` */


CREATE TABLE `menus` (
  `id` int(10) unsigned NOT NULL AUTO_INCREMENT,
  `parent_id` int(10) unsigned DEFAULT NULL,
  `title` varchar(255) NOT NULL,
  `label` varchar(255) NOT NULL,
  `url` text NOT NULL,
  `order` int(11) NOT NULL,
  `created_at` timestamp NULL DEFAULT NULL,
  `updated_at` timestamp NOT NULL DEFAULT CURRENT_TIMESTAMP ON UPDATE CURRENT_TIMESTAMP,
  `deleted_at` timestamp NULL DEFAULT NULL,
  PRIMARY KEY (`id`)
) ENGINE=InnoDB AUTO_INCREMENT=6 DEFAULT CHARSET=latin1;

/*Data for the table `menus` */

insert  into `menus`(`id`,`parent_id`,`title`,`label`,`url`,`order`,`created_at`,`updated_at`,`deleted_at`) values 
(1,NULL,'test','test','google.com',0,NULL,'2018-07-13 12:44:08','2018-07-13 04:44:08'),
(2,1,'test','ting','testing.com',0,NULL,'2018-07-13 12:44:05','2018-07-13 04:44:04'),
(3,NULL,'test','ting','google.com',0,NULL,'2018-07-16 16:13:47',NULL),
(4,NULL,'tang','tang','otoworkz.my',2,NULL,'2018-07-16 16:13:48',NULL),
(5,NULL,'tung','tung','web.com',1,NULL,'2018-07-16 16:13:48',NULL);

/*Table structure for table `migrations` */


CREATE TABLE `migrations` (
  `id` int(10) unsigned NOT NULL AUTO_INCREMENT,
  `migration` varchar(255) COLLATE utf8_unicode_ci NOT NULL,
  `batch` int(11) NOT NULL,
  PRIMARY KEY (`id`)
) ENGINE=InnoDB AUTO_INCREMENT=7 DEFAULT CHARSET=utf8 COLLATE=utf8_unicode_ci ROW_FORMAT=DYNAMIC;

/*Data for the table `migrations` */

insert  into `migrations`(`id`,`migration`,`batch`) values 
(1,'2014_10_12_000000_create_users_table',1),
(2,'2014_10_12_100000_create_password_resets_table',1),
(3,'2017_08_29_064643_create_admins_table',1),
(4,'2017_09_07_041931_create_employees_table',1),
(5,'2018_04_02_142137_create_permission_tables',2),
(6,'2018_04_07_170349_create_audits_table',3);

/*Data for the table `password_resets` */

/*Table structure for table `permissions` */


CREATE TABLE `permissions` (
  `id` int(10) unsigned NOT NULL AUTO_INCREMENT,
  `name` varchar(255) COLLATE utf8_unicode_ci NOT NULL,
  `description` text COLLATE utf8_unicode_ci,
  `namespace` varchar(255) COLLATE utf8_unicode_ci DEFAULT NULL,
  `controller` varchar(100) COLLATE utf8_unicode_ci DEFAULT NULL,
  `function` varchar(100) COLLATE utf8_unicode_ci DEFAULT NULL,
  `parent_menu` int(11) NOT NULL DEFAULT '0',
  `sort` int(11) NOT NULL,
  `created_at` timestamp NULL DEFAULT NULL,
  `updated_at` timestamp NULL DEFAULT NULL,
  PRIMARY KEY (`id`),
  UNIQUE KEY `permissions_name_unique` (`name`)
) ENGINE=InnoDB AUTO_INCREMENT=139 DEFAULT CHARSET=utf8 COLLATE=utf8_unicode_ci ROW_FORMAT=DYNAMIC COMMENT='ACL related';

/*Data for the table `permissions` */

insert  into `permissions`(`id`,`name`,`description`,`namespace`,`controller`,`function`,`parent_menu`,`sort`,`created_at`,`updated_at`) values 
(13,'home','Dashboard Pengguna','App\\Http\\Controllers','HomeController','index',1,0,NULL,'2018-12-17 15:02:13'),
(14,'administration','Pengurusan Pentadbiran','administration','AdminController','na',1,2,NULL,NULL),
(15,'admin.dashboard','Dashboard Pentadbir','App\\Modules\\Admin\\Controllers','AdminController','index',1,1,NULL,NULL),
(16,'user.index','Pengurusan Pengguna','App\\Http\\Controllers\\Controller','UserController','index',0,3,NULL,'2018-04-25 13:46:50'),
(17,'admin.roles','Pengurusan Peranan','App\\Modules\\Admin\\Controllers','RoleController','index',0,7,NULL,'2019-03-21 16:51:51'),
(18,'admin.permission','Pengurusan Permission','App\\Http\\Controllers\\Controller','PermissionController','index',0,8,NULL,'2019-03-21 16:51:51'),
(19,'admin.menus','Pengurusan Menu','App\\Modules\\Admin\\Controllers','MenuController','index',0,9,NULL,'2019-03-21 16:51:51'),
(20,'admin.logs','Log Sistem','Rap2hpoutre\\LaravelLogViewer','LogViewerController','index',0,10,NULL,'2019-03-21 16:51:51'),
(21,'admin.config','Konfigurasi Sistem','App\\Modules\\Admin\\Controllers','AdminController','configuration',0,11,NULL,'2019-03-21 16:51:51'),
(22,'admin.auditrail','Log Aktiviti Pengguna','App\\Modules\\Admin\\Controllers','AdminController','auditTrail',0,12,NULL,'2019-03-21 16:51:51'),
(29,'user.disable','Nyahaktif Pengguna','App\\Modules\\Admin\\Controllers','UserController','disableUser',0,4,'2018-04-30 06:58:17','2018-04-30 06:58:17'),
(30,'user.enable','Pengaktifan Pengguna','App\\Modules\\Admin\\Controllers','UserController','enableUser',0,5,'2018-04-30 06:59:02','2018-04-30 06:59:02'),
(101,'data','Pengurusan Data Rujukan','App\\Modules\\Admin\\Controllers','DataManagementController','na',1,14,'2018-11-10 13:06:34','2019-03-21 16:51:51'),
(104,'data.jawatan.index','Senarai Jawatan','App\\Modules\\Admin\\Controllers','DataManagementController','jawatanindex',0,21,'2018-11-17 14:59:47','2019-04-12 22:40:02'),
(108,'proses.permohonan','Pengurusan Permohonan','App\\Modules\\Permohonan\\Controllers','na','na',1,23,'2018-11-25 23:08:46','2019-04-12 22:40:02'),
(110,'report.index','Laporan','App\\Modules\\Report\\Controller','ReportController','index',1,30,NULL,'2020-07-22 19:05:46'),
(121,'user.changerole','Tukar Peranan Pengguna','na','na','na',0,13,'2018-12-11 01:41:13','2019-03-21 16:51:51'),
(123,'data.announcement.index','Pengumuman','App\\Modules\\Admin\\Controllers','DataManagementController','announcementindex',0,22,'2019-02-26 20:34:56','2019-04-12 22:40:02'),
(124,'data.gred.index','Senarai Gred','App\\Modules\\Admin\\Controllers','DataManagementController','gredindex',0,15,'2019-03-21 01:14:43','2019-03-21 16:51:51'),
(125,'data.location.index','Senarai Destinasi Penerbangan','App\\Modules\\Admin\\Controllers','DataManagementController','locationindex',0,16,'2019-03-21 01:17:41','2019-03-21 16:51:51'),
(126,'data.allocation.index','Senarai Peruntukan','App\\Modules\\Admin\\Controllers','DataManagementController','allocationindex',0,18,'2019-03-21 01:18:52','2019-04-12 22:40:02'),
(127,'data.flightcompany.index','Senarai Syarikat Penerbangan','App\\Modules\\Admin\\Controllers','DataManagementController','flightcompanyindex',0,19,'2019-03-21 01:20:19','2019-04-12 22:40:02'),
(128,'data.unit.index','Senarai Unit Bahagian','App\\Modules\\Admin\\Controllers','DataManagementController','unitbahagianindex',0,20,'2019-03-21 01:21:11','2019-04-12 22:40:02'),
(129,'user.limitupdate','Had Kemaskini Profil','na','na','na',0,6,'2019-03-22 00:51:51','2019-03-22 00:51:51'),
(130,'proses.permohonan.baru','Permohonan Baru','App\\Modules\\Permohonan\\Controllers','na','na',0,24,'2019-03-22 01:04:46','2019-04-12 22:40:02'),
(131,'proses.permohonan.lulus','Melulus Permohonan','App\\Modules\\Permohonan\\Controllers','na','na',0,27,'2019-03-22 01:06:15','2020-05-27 20:19:52'),
(132,'proses.permohonan.sokong','Menyokong Permohonan','App\\Modules\\Permohonan\\Controllers','na','na',0,25,'2019-03-22 01:15:41','2019-04-12 22:40:02'),
(133,'data.pembangunan.index','Senarai Jenis Pembangunan','App\\Modules\\Admin\\Controllers','DataManagementController','pembangunanindex',0,17,'2019-04-13 06:40:02','2019-04-13 06:40:02'),
(134,'report.expensessummary.index','Laporan Rumusan Perbelanjaan','App\\Modules\\Report\\Controller','ReportController','expensessummary',0,31,'2019-10-07 13:11:45','2020-07-22 19:05:46'),
(136,'proses.permohonan.semak','Menyemak Permohonan','App\\Modules\\Permohonan\\Controllers','na','na',0,26,'2020-05-28 04:19:52','2020-05-28 04:19:52'),
(137,'proses.permohonan.selesai','Pengesahan Bahagian Kewangan','App\\Modules\\Permohonan\\Controllers','na','na',0,28,'2020-07-23 00:51:28','2020-07-23 00:51:28'),
(138,'proses.permohonan.caridokumen','Carian Dokumen Permohonan','App\\Modules\\Permohonan\\Controllers','na','na',0,29,'2020-07-23 03:05:46','2020-07-23 03:05:46');

/*Table structure for table `permissions_copy` */


CREATE TABLE `permissions_copy` (
  `id` int(10) unsigned NOT NULL AUTO_INCREMENT,
  `name` varchar(255) COLLATE utf8_unicode_ci NOT NULL,
  `description` text COLLATE utf8_unicode_ci,
  `namespace` varchar(255) COLLATE utf8_unicode_ci DEFAULT NULL,
  `controller` varchar(100) COLLATE utf8_unicode_ci DEFAULT NULL,
  `function` varchar(100) COLLATE utf8_unicode_ci DEFAULT NULL,
  `parent_menu` int(11) NOT NULL DEFAULT '0',
  `sort` int(11) NOT NULL,
  `created_at` timestamp NULL DEFAULT NULL,
  `updated_at` timestamp NULL DEFAULT NULL,
  PRIMARY KEY (`id`),
  UNIQUE KEY `permissions_name_unique` (`name`)
) ENGINE=InnoDB AUTO_INCREMENT=137 DEFAULT CHARSET=utf8 COLLATE=utf8_unicode_ci ROW_FORMAT=DYNAMIC COMMENT='ACL related';

/*Data for the table `permissions_copy` */

insert  into `permissions_copy`(`id`,`name`,`description`,`namespace`,`controller`,`function`,`parent_menu`,`sort`,`created_at`,`updated_at`) values 
(13,'home','Dashboard Pengguna','App\\Http\\Controllers','HomeController','index',1,0,NULL,'2018-12-17 15:02:13'),
(14,'administration','Pengurusan Pentadbiran','administration','AdminController','na',1,2,NULL,NULL),
(15,'admin.dashboard','Dashboard Pentadbir','App\\Modules\\Admin\\Controllers','AdminController','index',1,1,NULL,NULL),
(16,'user.index','Pengurusan Pengguna','App\\Http\\Controllers\\Controller','UserController','index',0,3,NULL,'2018-04-25 13:46:50'),
(17,'admin.roles','Pengurusan Peranan','App\\Modules\\Admin\\Controllers','RoleController','index',0,7,NULL,'2019-03-21 16:51:51'),
(18,'admin.permission','Pengurusan Permission','App\\Http\\Controllers\\Controller','PermissionController','index',0,8,NULL,'2019-03-21 16:51:51'),
(19,'admin.menus','Pengurusan Menu','App\\Modules\\Admin\\Controllers','MenuController','index',0,9,NULL,'2019-03-21 16:51:51'),
(20,'admin.logs','Log Sistem','Rap2hpoutre\\LaravelLogViewer','LogViewerController','index',0,10,NULL,'2019-03-21 16:51:51'),
(21,'admin.config','Konfigurasi Sistem','App\\Modules\\Admin\\Controllers','AdminController','configuration',0,11,NULL,'2019-03-21 16:51:51'),
(22,'admin.auditrail','Log Aktiviti Pengguna','App\\Modules\\Admin\\Controllers','AdminController','auditTrail',0,12,NULL,'2019-03-21 16:51:51'),
(29,'user.disable','Nyahaktif Pengguna','App\\Modules\\Admin\\Controllers','UserController','disableUser',0,4,'2018-04-30 06:58:17','2018-04-30 06:58:17'),
(30,'user.enable','Pengaktifan Pengguna','App\\Modules\\Admin\\Controllers','UserController','enableUser',0,5,'2018-04-30 06:59:02','2018-04-30 06:59:02'),
(101,'data','Pengurusan Data Rujukan','App\\Modules\\Admin\\Controllers','DataManagementController','na',1,14,'2018-11-10 13:06:34','2019-03-21 16:51:51'),
(104,'data.jawatan.index','Senarai Jawatan','App\\Modules\\Admin\\Controllers','DataManagementController','jawatanindex',0,21,'2018-11-17 14:59:47','2019-04-12 22:40:02'),
(108,'proses.permohonan','Pengurusan Permohonan','App\\Modules\\Permohonan\\Controllers','na','na',1,23,'2018-11-25 23:08:46','2019-04-12 22:40:02'),
(110,'report.index','Laporan','App\\Modules\\Report\\Controller','ReportController','index',1,28,NULL,'2020-05-27 20:19:52'),
(121,'user.changerole','Tukar Peranan Pengguna','na','na','na',0,13,'2018-12-11 01:41:13','2019-03-21 16:51:51'),
(123,'data.announcement.index','Pengumuman','App\\Modules\\Admin\\Controllers','DataManagementController','announcementindex',0,22,'2019-02-26 20:34:56','2019-04-12 22:40:02'),
(124,'data.gred.index','Senarai Gred','App\\Modules\\Admin\\Controllers','DataManagementController','gredindex',0,15,'2019-03-21 01:14:43','2019-03-21 16:51:51'),
(125,'data.location.index','Senarai Destinasi Penerbangan','App\\Modules\\Admin\\Controllers','DataManagementController','locationindex',0,16,'2019-03-21 01:17:41','2019-03-21 16:51:51'),
(126,'data.allocation.index','Senarai Peruntukan','App\\Modules\\Admin\\Controllers','DataManagementController','allocationindex',0,18,'2019-03-21 01:18:52','2019-04-12 22:40:02'),
(127,'data.flightcompany.index','Senarai Syarikat Penerbangan','App\\Modules\\Admin\\Controllers','DataManagementController','flightcompanyindex',0,19,'2019-03-21 01:20:19','2019-04-12 22:40:02'),
(128,'data.unit.index','Senarai Unit Bahagian','App\\Modules\\Admin\\Controllers','DataManagementController','unitbahagianindex',0,20,'2019-03-21 01:21:11','2019-04-12 22:40:02'),
(129,'user.limitupdate','Had Kemaskini Profil','na','na','na',0,6,'2019-03-22 00:51:51','2019-03-22 00:51:51'),
(130,'proses.permohonan.baru','Permohonan Baru','App\\Modules\\Permohonan\\Controllers','na','na',0,24,'2019-03-22 01:04:46','2019-04-12 22:40:02'),
(131,'proses.permohonan.lulus','Melulus Permohonan','App\\Modules\\Permohonan\\Controllers','na','na',0,27,'2019-03-22 01:06:15','2020-05-27 20:19:52'),
(132,'proses.permohonan.sokong','Menyokong Permohonan','App\\Modules\\Permohonan\\Controllers','na','na',0,25,'2019-03-22 01:15:41','2019-04-12 22:40:02'),
(133,'data.pembangunan.index','Senarai Jenis Pembangunan','App\\Modules\\Admin\\Controllers','DataManagementController','pembangunanindex',0,17,'2019-04-13 06:40:02','2019-04-13 06:40:02'),
(134,'report.expensessummary.index','Laporan Rumusan Perbelanjaan','App\\Modules\\Report\\Controller','ReportController','expensessummary',0,29,'2019-10-07 13:11:45','2020-05-27 20:19:52'),
(136,'proses.permohonan.semak','Menyemak Permohonan','App\\Modules\\Permohonan\\Controllers','na','na',0,26,'2020-05-28 04:19:52','2020-05-28 04:19:52');

/*Table structure for table `permohonan` */


CREATE TABLE `permohonan` (
  `permohonan_id` bigint(11) NOT NULL AUTO_INCREMENT,
  `permohonan_no` varchar(30) DEFAULT NULL,
  `unit_bahagian_id` int(11) DEFAULT NULL,
  `allocation_id` int(11) DEFAULT NULL,
  `procurement_type` int(11) NOT NULL DEFAULT '0' COMMENT '0-bukan aset alih,1-aset alih',
  `post_type` int(11) NOT NULL DEFAULT '0' COMMENT '0-post, 1-byhand',
  `permohonan_nobilbom` varchar(30) DEFAULT NULL,
  `supplier_id` int(11) DEFAULT NULL,
  `supplier_code` varchar(20) DEFAULT NULL,
  `supplier_name` varchar(100) DEFAULT NULL,
  `supplier_address_1` varchar(100) DEFAULT NULL,
  `supplier_address_2` varchar(100) DEFAULT NULL,
  `supplier_address_3` varchar(100) DEFAULT NULL,
  `supplier_postcode` char(5) DEFAULT NULL,
  `district_id` int(11) DEFAULT NULL,
  `state_id` int(11) DEFAULT NULL,
  `supplier_kod_peruntukan_1` varchar(20) DEFAULT NULL,
  `supplier_kod_peruntukan_2` varchar(20) DEFAULT NULL,
  `supplier_kod_peruntukan_3` varchar(20) DEFAULT NULL,
  `permohonan_no_pesanan` varchar(20) DEFAULT NULL,
  `is_enough` int(11) DEFAULT '0' COMMENT 'allocation is enough',
  `perolehan_tajuk` text,
  `perolehan_asap` int(11) NOT NULL DEFAULT '0',
  `perolehan_date` date DEFAULT NULL,
  `perolehan_lokasi` varchar(100) DEFAULT NULL,
  `permohonan_gross_amount` decimal(10,2) NOT NULL DEFAULT '0.00',
  `permohonan_sst_percentage` decimal(10,2) NOT NULL DEFAULT '0.00',
  `permohonan_sst_amount` decimal(10,2) NOT NULL DEFAULT '0.00',
  `permohonan_final_amount` decimal(10,2) NOT NULL DEFAULT '0.00',
  `justifikasi_remarks` text,
  `status` char(1) NOT NULL DEFAULT 'N' COMMENT 'D-Draft,N-new,S-support,A-approve,R-reject,C-complete,U-perlukemaskini',
  `pemohon_id` int(11) DEFAULT NULL,
  `submitted_date` datetime DEFAULT NULL,
  `permohonan_catatan` text,
  `approver_remarks` text,
  `approver_id` int(11) DEFAULT NULL,
  `approved_date` datetime DEFAULT NULL,
  `checked_remarks` text,
  `checked_by` int(11) DEFAULT NULL,
  `checked_date` datetime DEFAULT NULL,
  `completed_remarks` text,
  `completed_by` int(11) DEFAULT NULL,
  `completed_date` datetime DEFAULT NULL,
  `lpo_no` varchar(20) DEFAULT NULL,
  `lpo_remarks` text,
  `lpo_by` int(11) DEFAULT NULL,
  `lpo_date` datetime DEFAULT NULL,
  `invoice_no` varchar(20) DEFAULT NULL,
  `invoice_remarks` text,
  `invoice_by` int(11) DEFAULT NULL,
  `invoice_date` datetime DEFAULT NULL,
  `final_remarks` text,
  `final_by` int(11) DEFAULT NULL,
  `final_date` datetime DEFAULT NULL,
  `created_by` int(11) NOT NULL,
  `created_at` timestamp NULL DEFAULT NULL,
  `updated_at` timestamp NOT NULL DEFAULT CURRENT_TIMESTAMP,
  `deleted_at` timestamp NULL DEFAULT NULL,
  PRIMARY KEY (`permohonan_id`),
  KEY `idx_permohonan_allocation_id` (`allocation_id`),
  KEY `idx_permohonan_pembangunan_id` (`unit_bahagian_id`),
  KEY `idx_permohonan_no` (`permohonan_no`),
  KEY `idx_permohonan_status` (`status`),
  KEY `idx_permohonan_pemohon_id` (`pemohon_id`),
  KEY `idx_permohonan_created_by` (`created_by`)
) ENGINE=InnoDB AUTO_INCREMENT=15 DEFAULT CHARSET=latin1;

/*Data for the table `permohonan` */

insert  into `permohonan`(`permohonan_id`,`permohonan_no`,`unit_bahagian_id`,`allocation_id`,`procurement_type`,`post_type`,`permohonan_nobilbom`,`supplier_id`,`supplier_code`,`supplier_name`,`supplier_address_1`,`supplier_address_2`,`supplier_address_3`,`supplier_postcode`,`district_id`,`state_id`,`supplier_kod_peruntukan_1`,`supplier_kod_peruntukan_2`,`supplier_kod_peruntukan_3`,`permohonan_no_pesanan`,`is_enough`,`perolehan_tajuk`,`perolehan_asap`,`perolehan_date`,`perolehan_lokasi`,`permohonan_gross_amount`,`permohonan_sst_percentage`,`permohonan_sst_amount`,`permohonan_final_amount`,`justifikasi_remarks`,`status`,`pemohon_id`,`submitted_date`,`permohonan_catatan`,`approver_remarks`,`approver_id`,`approved_date`,`checked_remarks`,`checked_by`,`checked_date`,`completed_remarks`,`completed_by`,`completed_date`,`lpo_no`,`lpo_remarks`,`lpo_by`,`lpo_date`,`invoice_no`,`invoice_remarks`,`invoice_by`,`invoice_date`,`final_remarks`,`final_by`,`final_date`,`created_by`,`created_at`,`updated_at`,`deleted_at`) values 
(1,'CPD_PROC000048',6,2,0,1,'BOMNO1065',NULL,'SUP10008G','Menang Bersama Bhd','No 7, Jln Keliling 3/4','add22','2add23','43100',1200,14,'p12','p22','p32','pesan 12',1,'Membekal Perkakasan dan Peralatan Pejabat Seluruh Bangunan MPC di HQ',1,NULL,'jalan kebun 4555',21.00,6.00,1.20,22.20,'ntoh lerrrr555','A',249,'2020-05-28 06:34:13','lalala','minta semakan',79,'2020-05-28 06:38:33','permohonan lengkap',171,'2020-05-29 12:10:49',NULL,NULL,NULL,NULL,NULL,NULL,NULL,NULL,NULL,NULL,NULL,NULL,NULL,NULL,249,'2020-05-28 02:20:33','2020-05-29 12:10:49',NULL),
(2,'CPD_PROC000047',1,1,0,0,'BOMNO1200',NULL,'H7823283H','Try Hard Enterprise','16, Impian Murni 1/2','addr4',NULL,'25200',656,8,'dsd','dssa','dsdsd','dsadsadsa',0,'Membekal, memasang dan menetap konfigurasi Firewall Appliance',1,NULL,'jadikan lokasi',0.00,6.00,0.00,5400.50,NULL,'R',249,'2020-05-28 05:48:03','test1344','dokumen tidak lengkap dan pembekal tidak layak',79,'2020-05-28 06:32:41',NULL,NULL,NULL,NULL,NULL,NULL,NULL,NULL,NULL,NULL,NULL,NULL,NULL,NULL,NULL,NULL,NULL,249,'2020-05-28 05:39:16','2020-05-28 06:32:41',NULL),
(3,'CPD_PROC000049',1,1,1,1,'BOMNO1100',NULL,'K78382JJ2','Megah Indah Ent','Lot 44, Level 4','add6',NULL,'23100',636,16,'peruntukan 1',NULL,NULL,'pesan2 la',0,'Program Setahun Bersama Ustaz',0,'2020-05-12','ditentukan nanti',0.00,6.00,0.00,2300.00,NULL,'H',249,'2020-05-28 06:41:53','TEST PERMOHONAN','hat ni baguih',79,'2020-05-28 06:42:39','semakan semua cantik',171,'2020-05-28 07:05:34','sila percepatkan LPO',284,'2020-05-28 14:07:23',NULL,NULL,NULL,NULL,NULL,NULL,NULL,NULL,NULL,NULL,NULL,249,'2020-05-28 06:41:53','2020-05-28 14:07:23',NULL),
(4,'CPD_PROC000050',1,1,1,0,'BOMNO1088',NULL,'L79998891','XYZ ENTERPRISE','dsad','ADD 5','ADD 6','32100',974,12,'JALAM MUKAN BUMI',NULL,NULL,'439211',0,'Baikpulih dan Menambahbaik Pejabat Bangunan MPC',1,NULL,'HEHEHE',0.00,6.00,0.00,19900.00,'test 123','U',249,'2020-05-28 07:17:18','YES LAH YAHOO','hat ni kena sokong',79,'2020-05-28 07:22:46','TAK LENGKAP LAGI NI..CHECK BALIK',171,'2020-05-28 07:39:30',NULL,NULL,NULL,NULL,NULL,NULL,NULL,NULL,NULL,NULL,NULL,NULL,NULL,NULL,249,'2020-05-28 07:13:42','2020-05-28 07:39:30',NULL),
(5,NULL,1,2,1,1,'BOMNO1022',NULL,'A2121218Y','ABC Ketchup','fdsfdfs',NULL,NULL,NULL,NULL,NULL,'fdsfdsfs',NULL,NULL,'fdsfdsf',0,'Latihan Pengguna Oracle Form',1,NULL,'ggdgdfd',0.00,6.00,0.00,59000.00,NULL,'D',249,NULL,'dsadsadsa',NULL,297,NULL,NULL,NULL,NULL,NULL,NULL,NULL,NULL,NULL,NULL,NULL,NULL,NULL,NULL,NULL,NULL,NULL,NULL,249,'2020-05-28 07:43:56','2020-05-28 07:44:25',NULL),
(6,'CPD_PROC000051',1,2,1,0,'BOMNO1093',NULL,'F8938291J','Teras Teknology Sdn Bhd','dsadsad','dsadsa',NULL,'32900',983,12,'dsadsad',NULL,NULL,'dsadsada',0,'Membekal Makanan Mesyuarat',0,'2020-05-14','indonya',0.00,6.00,0.00,1300.40,'power dh company ni','C',249,'2020-05-28 07:54:30','catatan','padu baq hang',79,'2020-05-28 07:55:55','lengkapnya',171,'2020-05-28 07:57:01','sila bagi LO dengan segera',284,'2020-05-28 08:01:10',NULL,'LPO telah sedia',171,'2020-05-28 08:42:53',NULL,NULL,NULL,NULL,NULL,NULL,NULL,249,'2020-05-28 07:53:11','2020-05-28 08:42:53',NULL),
(7,'CPD_PROC000052',1,2,1,1,'BOMNO1090',NULL,'AH1788112','Peri Technologies Sdn Bhd','Unit A-7-4, Megan Avenue 1','189 Jalan Tun Razak',NULL,'50400',1349,4,'B1089','B1079',NULL,'MPC10892878',1,'Perkhidmatan Langganan Email Security Gateway',1,NULL,'MPC',20000.00,6.00,1200.00,21200.00,NULL,'C',249,'2020-05-28 12:30:25','Sijil GST telah dilampirkan','Company cukup syarat',79,'2020-05-28 12:36:13',NULL,171,'2020-05-28 12:44:18','Sila percepatkan LPO',284,'2020-05-28 12:46:00',NULL,NULL,171,'2020-05-28 12:47:33',NULL,NULL,NULL,NULL,NULL,NULL,NULL,249,'2020-05-28 12:30:25','2020-05-28 12:47:33',NULL),
(8,'CPD_PROC000053',1,2,1,1,'BOMNO1055',NULL,'AG676775E','Indah Air Konsortium',NULL,NULL,NULL,'31000',942,12,NULL,NULL,NULL,NULL,0,'Selenggaraan Server MPC',0,'2020-05-05','MPC',0.00,6.00,0.00,50600.00,NULL,'R',249,'2020-05-28 13:58:55',NULL,'nilai permohonan terlalu besar',79,'2020-05-28 14:02:23',NULL,NULL,NULL,NULL,NULL,NULL,NULL,NULL,NULL,NULL,NULL,NULL,NULL,NULL,NULL,NULL,NULL,249,'2020-05-28 13:58:55','2020-05-28 14:02:23',NULL),
(9,'CPD_PROC000056',1,1,1,0,'BOMNO1095',NULL,'GF127781D','Cloud Vision Bhd','Jalan Kebun 4',NULL,NULL,'31000',942,12,'123',NULL,NULL,'NP127778',0,'Membekal, Memasang dan Konfigurasi Nutanix VM',0,'2020-05-22',NULL,0.00,6.00,0.00,17600.00,NULL,'R',249,'2020-05-29 01:43:34','TEST EMAIL','lampiran tidak mencukupi',79,'2020-05-31 18:24:55',NULL,NULL,NULL,NULL,NULL,NULL,NULL,NULL,NULL,NULL,NULL,NULL,NULL,NULL,NULL,NULL,NULL,249,'2020-05-29 01:00:36','2020-05-31 18:24:55',NULL),
(10,NULL,6,1,0,0,'APANYE',NULL,'sss','ss',NULL,NULL,NULL,NULL,NULL,NULL,'ss',NULL,NULL,NULL,0,'sss',1,NULL,'ssss',0.00,6.00,0.00,0.00,NULL,'D',284,NULL,NULL,NULL,9,NULL,NULL,NULL,NULL,NULL,NULL,NULL,NULL,NULL,NULL,NULL,NULL,NULL,NULL,NULL,NULL,NULL,NULL,284,'2020-05-31 03:16:51','2020-05-31 03:17:36',NULL),
(11,'CPD_PROC000057',1,2,0,1,'BOMNO1218',NULL,'GH65321A','HP Infra Solutions Sdn Bhd','No 1, Jalan Persiaran 1/9','Technorat Centre',NULL,'43200',1201,14,'GN6787','GB8899',NULL,'PJ7338821',1,'Data Centre and IT Infrastructure',0,'2020-05-15','MPC Data Centre',219800.00,6.00,13188.00,232988.00,'telah dipersetujui lembaga pengarah','F',249,'2020-05-31 18:07:51',NULL,NULL,79,'2020-05-31 18:29:03','disemak betul',171,'2020-05-31 20:18:59',NULL,284,'2020-05-31 20:20:33','LPO32112','untuk tindakan pemohon',171,'2020-05-31 20:39:52','INV2090','dikemaskini invois baru',249,'2020-05-31 22:12:16',NULL,171,'2020-05-31 22:13:33',249,'2020-05-31 17:45:05','2020-05-31 22:13:33',NULL),
(13,'CPD_PROC000058',1,1,1,1,'DSADSAD',NULL,'3213213sdd','sdsff','pembekal lorong1',NULL,NULL,'43100',1200,14,'dsadda22133',NULL,NULL,'dsadsa',1,'tajuk1111111111',1,NULL,'ktn',0.00,6.00,0.00,0.00,NULL,'F',249,'2020-07-14 23:42:45',NULL,NULL,79,'2020-07-14 23:45:04','ok',171,'2020-07-14 23:48:57',NULL,284,'2020-07-14 23:50:20','nolpo21111',NULL,171,'2020-07-14 23:52:16','21212',NULL,249,'2020-07-14 23:54:19',NULL,171,'2020-07-14 23:56:27',249,'2020-07-14 23:42:45','2020-07-14 23:56:27',NULL),
(14,'CPD_PROC000059',1,1,1,1,'BOM6544214',NULL,'KOD6526','PEMBEKAL NAMA','13 JALAN 3',NULL,NULL,'43000',1197,14,'DSADSAD DSDSD',NULL,NULL,'21DSCSAS',1,'KERJA SEKOLAH',0,NULL,'SKSI',0.00,6.00,0.00,0.00,NULL,'F',249,'2020-07-22 23:59:05',NULL,NULL,79,'2020-07-23 00:02:55',NULL,171,'2020-07-23 00:06:59',NULL,284,'2020-07-23 00:09:26','LPO23121',NULL,171,'2020-07-23 00:11:11','INV6732223',NULL,249,'2020-07-23 01:09:48',NULL,5,'2020-07-23 01:10:07',249,'2020-07-22 23:12:24','2020-07-23 01:10:07',NULL);

/*Table structure for table `permohonan_audit_trail` */


CREATE TABLE `permohonan_audit_trail` (
  `permohonan_audit_trail_id` bigint(20) NOT NULL AUTO_INCREMENT,
  `permohonan_id` bigint(20) NOT NULL,
  `status` char(1) NOT NULL,
  `remarks` text,
  `created_by` int(11) NOT NULL,
  `created_at` timestamp NULL DEFAULT NULL ON UPDATE CURRENT_TIMESTAMP,
  `updated_at` timestamp NOT NULL DEFAULT CURRENT_TIMESTAMP,
  `deleted_at` timestamp NULL DEFAULT NULL,
  PRIMARY KEY (`permohonan_audit_trail_id`)
) ENGINE=InnoDB AUTO_INCREMENT=61 DEFAULT CHARSET=latin1;

/*Data for the table `permohonan_audit_trail` */

insert  into `permohonan_audit_trail`(`permohonan_audit_trail_id`,`permohonan_id`,`status`,`remarks`,`created_by`,`created_at`,`updated_at`,`deleted_at`) values 
(1,7,'N','Catatan permohon',249,'2020-05-28 12:32:43','2020-05-28 12:30:25',NULL),
(2,7,'S','Company cukup syarat',79,'2020-05-28 12:36:13','2020-05-28 12:36:13',NULL),
(3,7,'U','Perlu lampirkan Sijil GST',171,'2020-05-28 12:38:42','2020-05-28 12:38:42',NULL),
(4,7,'Z','Sijil GST telah dilampirkan',249,'2020-05-28 12:40:00','2020-05-28 12:40:00',NULL),
(5,7,'A',NULL,171,'2020-05-28 12:44:18','2020-05-28 12:44:18',NULL),
(6,7,'H','Sila percepatkan LPO',284,'2020-05-28 12:46:00','2020-05-28 12:46:00',NULL),
(7,7,'C',NULL,171,'2020-05-28 12:47:33','2020-05-28 12:47:33',NULL),
(8,8,'N',NULL,249,'2020-05-28 13:58:55','2020-05-28 13:58:55',NULL),
(9,8,'R','nilai permohonan terlalu besar',79,'2020-05-28 14:02:23','2020-05-28 14:02:23',NULL),
(10,3,'H','sila percepatkan LPO',284,'2020-05-28 14:07:23','2020-05-28 14:07:23',NULL),
(19,9,'N','TEST EMAIL',249,'2020-05-29 01:34:45','2020-05-29 01:34:45',NULL),
(20,9,'N','TEST EMAIL',249,'2020-05-29 01:41:37','2020-05-29 01:41:37',NULL),
(21,9,'N','TEST EMAIL',249,'2020-05-29 01:43:34','2020-05-29 01:43:34',NULL),
(22,1,'A','permohonan lengkap',171,'2020-05-29 12:10:49','2020-05-29 12:10:49',NULL),
(23,11,'N',NULL,249,'2020-05-31 18:07:51','2020-05-31 18:07:51',NULL),
(24,9,'R','lampiran tidak mencukupi',79,'2020-05-31 18:24:55','2020-05-31 18:24:55',NULL),
(25,11,'S',NULL,79,'2020-05-31 18:29:03','2020-05-31 18:29:03',NULL),
(26,11,'U','justifikasi sebut harga kurang daripada 3 tiada',171,'2020-05-31 18:39:58','2020-05-31 18:39:58',NULL),
(27,11,'Z',NULL,249,'2020-05-31 18:49:13','2020-05-31 18:49:13',NULL),
(28,11,'A','lengkap',171,'2020-05-31 19:46:12','2020-05-31 19:46:12',NULL),
(29,11,'Q','sebut harga tidak teliti',284,'2020-05-31 20:06:10','2020-05-31 20:06:10',NULL),
(30,11,'A','disemak betul',171,'2020-05-31 20:18:59','2020-05-31 20:18:59',NULL),
(31,11,'H',NULL,284,'2020-05-31 20:20:33','2020-05-31 20:20:33',NULL),
(33,11,'C','untuk tindakan pemohon',171,'2020-05-31 20:39:52','2020-05-31 20:39:52',NULL),
(35,11,'M','untuk rujukan kewangan',249,'2020-05-31 21:23:12','2020-05-31 21:23:13',NULL),
(36,11,'G','invois tidak betul',171,'2020-05-31 21:55:58','2020-05-31 21:55:58',NULL),
(37,11,'V','dikemaskini invois baru',249,'2020-05-31 22:12:16','2020-05-31 22:12:16',NULL),
(38,11,'F',NULL,171,'2020-05-31 22:13:33','2020-05-31 22:13:33',NULL),
(40,13,'N',NULL,249,'2020-07-14 23:42:45','2020-07-14 23:42:45',NULL),
(41,13,'S',NULL,79,'2020-07-14 23:45:04','2020-07-14 23:45:05',NULL),
(42,13,'U','test',171,'2020-07-14 23:47:46','2020-07-14 23:47:46',NULL),
(43,13,'Z',NULL,249,'2020-07-14 23:48:15','2020-07-14 23:48:15',NULL),
(44,13,'A','ok',171,'2020-07-14 23:48:57','2020-07-14 23:48:57',NULL),
(45,13,'H',NULL,284,'2020-07-14 23:50:20','2020-07-14 23:50:20',NULL),
(46,13,'C',NULL,171,'2020-07-14 23:52:16','2020-07-14 23:52:16',NULL),
(47,13,'M',NULL,249,'2020-07-14 23:54:19','2020-07-14 23:54:19',NULL),
(48,13,'F',NULL,171,'2020-07-14 23:56:27','2020-07-14 23:56:27',NULL),
(51,14,'N',NULL,249,'2020-07-22 23:59:05','2020-07-22 23:59:05',NULL),
(52,14,'S',NULL,79,'2020-07-23 00:02:55','2020-07-23 00:02:55',NULL),
(53,14,'A',NULL,171,'2020-07-23 00:06:59','2020-07-23 00:06:59',NULL),
(54,14,'H',NULL,284,'2020-07-23 00:09:26','2020-07-23 00:09:26',NULL),
(55,14,'C',NULL,171,'2020-07-23 00:11:11','2020-07-23 00:11:11',NULL),
(56,14,'M',NULL,249,'2020-07-23 00:13:10','2020-07-23 00:13:10',NULL),
(57,14,'G','ntah la sebab pe',5,'2020-07-23 01:07:57','2020-07-23 01:07:57',NULL),
(58,14,'G','ntah la sebab pe',5,'2020-07-23 01:08:55','2020-07-23 01:08:55',NULL),
(59,14,'V',NULL,249,'2020-07-23 01:09:48','2020-07-23 01:09:48',NULL),
(60,14,'F',NULL,5,'2020-07-23 01:10:07','2020-07-23 01:10:07',NULL);

/*Table structure for table `permohonan_checklist` */


CREATE TABLE `permohonan_checklist` (
  `permohonan_checklist_id` bigint(11) NOT NULL AUTO_INCREMENT,
  `permohonan_id` bigint(11) NOT NULL,
  `tiga_sebut_harga` int(1) NOT NULL DEFAULT '0',
  `keratan_minit_bom` int(1) NOT NULL DEFAULT '0',
  `anggaran_belanja_bom` int(1) NOT NULL DEFAULT '0',
  `sijil_gst` int(1) NOT NULL DEFAULT '0',
  `justifikasi` int(1) NOT NULL DEFAULT '0',
  `justifikasi_remarks` text,
  `penginapan_tiket` int(1) NOT NULL DEFAULT '0',
  `senarai_nama_penginap` int(1) NOT NULL DEFAULT '0' COMMENT 'penginapan_tiket',
  `senarai_nama_tiket` int(1) NOT NULL DEFAULT '0' COMMENT 'penginapan_tiket',
  `lantikan` int(1) NOT NULL DEFAULT '0',
  `kelulusan_mof` int(1) NOT NULL DEFAULT '0' COMMENT 'lantikan',
  `plps` int(1) NOT NULL DEFAULT '0' COMMENT 'lantikan',
  `surat_setuju_terima` int(1) NOT NULL DEFAULT '0' COMMENT 'lantikan',
  `surat_lantikan_perunding` int(1) NOT NULL DEFAULT '0' COMMENT 'lantikan',
  `jadual_pembayaran` int(1) NOT NULL DEFAULT '0' COMMENT 'lantikan',
  `terms_of_reference` int(1) NOT NULL DEFAULT '0' COMMENT 'lantikan',
  `borang_lampiran_b` int(1) NOT NULL DEFAULT '0' COMMENT 'lantikan',
  `invois` int(1) NOT NULL DEFAULT '0' COMMENT 'lantikan',
  `perolehan_sebut_hargab` int(1) NOT NULL DEFAULT '0',
  `sst` int(1) NOT NULL DEFAULT '0' COMMENT 'perolehan_sebut_hargab',
  `keputusan_perolehan` int(1) NOT NULL DEFAULT '0' COMMENT 'perolehan_sebut_hargab',
  `surat_lantikan_sebut_hargab` int(1) NOT NULL DEFAULT '0' COMMENT 'perolehan_sebut_hargab',
  `teknikal_selenggara` int(1) NOT NULL DEFAULT '0',
  `laporan_selenggara_sah` int(1) NOT NULL DEFAULT '0' COMMENT 'teknikal_selenggara',
  `kontrak_salinan` int(1) NOT NULL DEFAULT '0' COMMENT 'teknikal_selenggara',
  `makanan` int(1) NOT NULL DEFAULT '0',
  `senarai_peserta` int(1) NOT NULL DEFAULT '0' COMMENT 'makanan',
  `tentatif_program` int(1) NOT NULL DEFAULT '0' COMMENT 'makanan',
  `created_at` timestamp NULL DEFAULT NULL,
  `updated_at` timestamp NOT NULL DEFAULT CURRENT_TIMESTAMP,
  `deleted_at` timestamp NULL DEFAULT NULL,
  PRIMARY KEY (`permohonan_checklist_id`)
) ENGINE=InnoDB DEFAULT CHARSET=latin1;

/*Data for the table `permohonan_checklist` */

/*Table structure for table `permohonan_detail` */


CREATE TABLE `permohonan_detail` (
  `permohonan_detail_id` bigint(11) NOT NULL AUTO_INCREMENT,
  `permohonan_id` bigint(11) NOT NULL,
  `is_main` int(11) NOT NULL DEFAULT '0',
  `main_id` bigint(11) DEFAULT NULL COMMENT 'permohonan_detail_id',
  `permohonan_item` text,
  `quantity` int(11) NOT NULL DEFAULT '0',
  `price_perunit` decimal(10,2) NOT NULL DEFAULT '0.00',
  `price_total` decimal(10,2) NOT NULL DEFAULT '0.00',
  `created_at` timestamp NULL DEFAULT NULL ON UPDATE CURRENT_TIMESTAMP,
  `updated_at` timestamp NOT NULL DEFAULT CURRENT_TIMESTAMP,
  `deleted_at` timestamp NULL DEFAULT NULL,
  PRIMARY KEY (`permohonan_detail_id`)
) ENGINE=InnoDB AUTO_INCREMENT=25 DEFAULT CHARSET=latin1;

/*Data for the table `permohonan_detail` */

insert  into `permohonan_detail`(`permohonan_detail_id`,`permohonan_id`,`is_main`,`main_id`,`permohonan_item`,`quantity`,`price_perunit`,`price_total`,`created_at`,`updated_at`,`deleted_at`) values 
(1,7,1,NULL,'Barracuda ESG Model 200',1,10000.00,10000.00,'2020-05-28 13:02:05','2020-05-28 13:02:14',NULL),
(2,7,0,1,'1 Year Total Protection Plus',0,0.00,0.00,NULL,'2020-05-28 13:02:41',NULL),
(3,7,0,1,'License Start from 19/9/2018 to 18/9/2019.',0,0.00,0.00,NULL,'2020-05-28 13:03:02',NULL),
(4,7,1,NULL,'Training',1,4400.00,4400.00,'2020-05-28 13:04:25','2020-05-28 13:03:38',NULL),
(5,7,0,4,'Training for 3 Pax within Klang Valley',0,0.00,0.00,'2020-05-28 13:04:14','2020-05-28 13:04:09',NULL),
(6,7,1,NULL,'Onsite Support Services (Standard)',1,5600.00,5600.00,NULL,'2020-05-28 13:04:58',NULL),
(7,7,0,6,'PeriCare 8x5 unlimited phone/email/remote support',0,0.00,0.00,NULL,'2020-05-28 13:05:22',NULL),
(8,7,0,6,'4 xNBD onsite support (Klang Valley)',0,0.00,0.00,'2020-05-28 13:05:45','2020-05-28 13:05:28',NULL),
(9,7,0,6,'Next business day hardware replacement (loaner)',0,0.00,0.00,'2020-05-28 13:05:58','2020-05-28 13:05:40',NULL),
(10,8,1,NULL,'Penyelenggaraan SISTEM Perolehan',1,50600.00,50600.00,'2020-05-28 13:11:47','2020-05-28 13:10:06',NULL),
(11,8,0,10,'Setahun 24/7',0,0.00,0.00,'2020-05-28 13:10:47','2020-05-28 13:10:15',NULL),
(12,8,0,10,'Applikasi\r\n',0,0.00,0.00,NULL,'2020-05-28 13:11:08',NULL),
(13,8,0,10,'Database',0,0.00,0.00,NULL,'2020-05-28 13:11:28',NULL),
(14,11,1,NULL,'4 Units High End Lenovo Server',4,21300.00,85200.00,NULL,'2020-05-31 17:47:28',NULL),
(15,11,0,14,'1 year warranty',0,0.00,0.00,NULL,'2020-05-31 17:47:50',NULL),
(16,11,0,14,'1 year OS License',0,0.00,0.00,NULL,'2020-05-31 17:48:09',NULL),
(17,11,1,NULL,'Network and Infrastructure',1,57200.00,57200.00,NULL,'2020-05-31 17:49:09',NULL),
(18,11,0,17,'Network Cabling',0,0.00,0.00,NULL,'2020-05-31 17:49:51',NULL),
(19,11,0,17,'Network Configuration',0,0.00,0.00,NULL,'2020-05-31 17:50:11',NULL),
(20,11,0,17,'Asset Tagging',0,0.00,0.00,NULL,'2020-05-31 17:50:28',NULL),
(21,11,1,1,'Electrical and Aircond Data Centre',1,77400.00,77400.00,'2020-05-31 17:54:06','2020-05-31 17:52:15',NULL),
(22,11,0,21,'Electrical',0,0.00,0.00,'2020-05-31 17:53:03','2020-05-31 17:52:35',NULL),
(23,11,0,21,'Air Cond',0,0.00,0.00,'2020-05-31 17:53:18','2020-05-31 17:53:01',NULL),
(24,11,0,21,'1 year Warranty',0,0.00,0.00,NULL,'2020-05-31 17:53:38',NULL);

/*Table structure for table `ref_akademik` */


CREATE TABLE `ref_akademik` (
  `akademik_id` int(11) NOT NULL AUTO_INCREMENT,
  `akademik_desc` varchar(200) NOT NULL,
  `is_active` char(1) NOT NULL DEFAULT '1',
  `created_at` timestamp NULL DEFAULT NULL,
  `updated_at` timestamp NULL DEFAULT CURRENT_TIMESTAMP,
  `deleted_at` timestamp NULL DEFAULT NULL,
  PRIMARY KEY (`akademik_id`)
) ENGINE=InnoDB DEFAULT CHARSET=latin1;

/*Data for the table `ref_akademik` */

/*Table structure for table `ref_alasan` */


CREATE TABLE `ref_alasan` (
  `alasan_id` int(11) NOT NULL AUTO_INCREMENT,
  `alasan_desc` varchar(300) NOT NULL,
  `is_active` char(1) NOT NULL DEFAULT '1',
  `created_at` timestamp NULL DEFAULT NULL,
  `updated_at` timestamp NOT NULL DEFAULT CURRENT_TIMESTAMP,
  `deleted_at` timestamp NULL DEFAULT NULL,
  PRIMARY KEY (`alasan_id`)
) ENGINE=InnoDB AUTO_INCREMENT=18 DEFAULT CHARSET=latin1;

/*Data for the table `ref_alasan` */

insert  into `ref_alasan`(`alasan_id`,`alasan_desc`,`is_active`,`created_at`,`updated_at`,`deleted_at`) values 
(1,'Cuti Rehat','0','2018-12-01 08:04:36','2018-12-01 08:04:36','2019-01-14 02:52:31'),
(2,'Cuti Sakit','0','2018-12-01 08:04:36','2018-12-01 08:04:36','2019-01-14 02:52:46'),
(3,'Menghadiri Mesyuarat','0','2018-12-01 08:04:36','2018-12-01 08:04:36','2019-01-14 02:59:28'),
(4,'Kerja Lebih Masa','0','2018-12-01 08:04:36','2018-12-01 08:04:36','2019-01-14 02:54:14'),
(5,'Cuti Bersalin','0','2018-12-01 08:04:36','2018-12-01 08:04:36','2019-01-14 02:52:59'),
(6,'Menghadiri Kursus','0','2018-12-01 08:04:36','2018-12-01 08:04:36','2019-01-14 02:59:10'),
(7,'Tersalah Punch','0','2018-12-01 08:04:36','2018-12-01 08:04:36','2019-01-14 02:58:31'),
(8,'Cuti Tanpa Rekod','1','2018-12-01 08:04:37','2018-12-01 08:04:37','2019-01-14 02:55:00'),
(9,'Cuti Tanpa Gaji','0','2018-12-01 08:04:37','2018-12-01 08:04:37','2019-01-14 02:53:39'),
(10,'Mesy. Sasaran Kerja Tahunan','1','2018-12-01 08:04:37','2018-12-01 08:04:37','2019-01-14 02:53:12'),
(11,'Alasan Lewat Diterima','1','2018-12-01 08:04:37','2018-12-01 08:04:37',NULL),
(12,'Pelepasan Waktu Bertugas','1','2018-12-01 08:04:37','2018-12-01 08:04:37','2019-01-14 02:59:21'),
(13,'Cuti Kecemasan','1','2018-12-01 08:04:37','2018-12-01 08:04:37','2019-01-14 02:53:51'),
(14,'Cuti Tahunan','1','2018-12-01 08:04:37','2018-12-01 08:04:37','2019-01-14 02:54:26'),
(15,'Cuti Isteri Bersalin','1','2018-12-01 08:04:37','2018-12-01 08:04:37','2019-01-14 02:54:00'),
(16,'Alasan Pulang Awal Diterima','1','2018-12-01 08:04:37','2018-12-01 08:04:37',NULL),
(17,'Alasan Tidak Lengkap','1','2019-01-14 10:58:50','2019-01-14 10:58:50',NULL);

/*Table structure for table `ref_allocation` */


CREATE TABLE `ref_allocation` (
  `allocation_id` int(11) NOT NULL AUTO_INCREMENT,
  `allocation_desc` varchar(255) DEFAULT NULL,
  `created_by` int(11) DEFAULT NULL,
  `updated_by` int(11) DEFAULT NULL,
  `created_at` timestamp NULL DEFAULT NULL,
  `updated_at` timestamp NOT NULL DEFAULT CURRENT_TIMESTAMP,
  `deleted_at` timestamp NULL DEFAULT NULL,
  PRIMARY KEY (`allocation_id`)
) ENGINE=InnoDB AUTO_INCREMENT=3 DEFAULT CHARSET=latin1;

/*Data for the table `ref_allocation` */

insert  into `ref_allocation`(`allocation_id`,`allocation_desc`,`created_by`,`updated_by`,`created_at`,`updated_at`,`deleted_at`) values 
(1,'OPERASI',2,46,'2019-03-22 03:41:34','2019-04-12 04:19:11',NULL),
(2,'PEMBANGUNAN',2,46,'2019-03-22 03:41:45','2019-04-12 04:54:00',NULL);

/*Table structure for table `ref_card` */


CREATE TABLE `ref_card` (
  `card_id` int(11) NOT NULL AUTO_INCREMENT,
  `card_desc` varchar(20) DEFAULT NULL,
  `card_color` varchar(20) NOT NULL,
  `created_at` timestamp NULL DEFAULT NULL,
  `updated_at` timestamp NOT NULL DEFAULT CURRENT_TIMESTAMP,
  `deleted_at` timestamp NULL DEFAULT NULL,
  PRIMARY KEY (`card_id`)
) ENGINE=InnoDB AUTO_INCREMENT=4 DEFAULT CHARSET=latin1;

/*Data for the table `ref_card` */

insert  into `ref_card`(`card_id`,`card_desc`,`card_color`,`created_at`,`updated_at`,`deleted_at`) values 
(1,'Kuning','#FFFF00','2018-11-26 01:16:20','2018-11-25 22:50:57',NULL),
(2,'Hijau','#00FF00','2018-11-26 01:16:24','2018-11-25 22:51:07',NULL),
(3,'Merah','#FF0000','2018-11-26 01:16:28','2018-11-25 22:51:15',NULL);

/*Table structure for table `ref_cawangan` */


CREATE TABLE `ref_cawangan` (
  `cawangan_id` int(11) NOT NULL AUTO_INCREMENT,
  `cawangan_desc` varchar(255) NOT NULL,
  `created_by` int(11) DEFAULT NULL,
  `updated_by` int(11) DEFAULT NULL,
  `created_at` timestamp NULL DEFAULT NULL,
  `updated_at` timestamp NOT NULL DEFAULT CURRENT_TIMESTAMP,
  `deleted_at` timestamp NULL DEFAULT NULL,
  PRIMARY KEY (`cawangan_id`)
) ENGINE=InnoDB DEFAULT CHARSET=latin1;

/*Data for the table `ref_cawangan` */

/*Table structure for table `ref_flight_company` */


CREATE TABLE `ref_flight_company` (
  `flight_company_id` int(11) NOT NULL AUTO_INCREMENT,
  `flight_company_desc` varchar(100) NOT NULL,
  `flight_company_url` varchar(200) NOT NULL,
  `flight_company_luggage_quota` decimal(10,2) NOT NULL DEFAULT '0.00',
  `created_by` int(11) DEFAULT NULL,
  `updated_by` int(11) DEFAULT NULL,
  `created_at` timestamp NULL DEFAULT NULL,
  `updated_at` timestamp NOT NULL DEFAULT CURRENT_TIMESTAMP,
  `deleted_at` timestamp NULL DEFAULT NULL,
  PRIMARY KEY (`flight_company_id`)
) ENGINE=InnoDB AUTO_INCREMENT=7 DEFAULT CHARSET=latin1;

/*Data for the table `ref_flight_company` */

insert  into `ref_flight_company`(`flight_company_id`,`flight_company_desc`,`flight_company_url`,`flight_company_luggage_quota`,`created_by`,`updated_by`,`created_at`,`updated_at`,`deleted_at`) values 
(1,'MAS','https://www.malaysiaairlines.com',20.00,2,2,'2019-03-20 21:34:10','2019-03-20 21:31:37',NULL),
(2,'AIR ASIA','https://www.airasia.com',15.00,2,2,'2019-03-20 21:34:28','2019-03-20 21:31:42',NULL),
(3,'MALINDO AIR','https://www.malindoair.com/',20.00,2,2,'2019-03-20 21:35:09','2019-03-20 21:31:54',NULL),
(4,'FIREFLY','https://www.airpaz.com',20.00,2,2,'2019-03-20 21:35:11','2019-03-20 21:32:02',NULL),
(5,'LATAM AIRLINES','https://www.latam.com',20.00,71,46,'2019-08-10 00:02:56','2020-02-28 16:33:10',NULL),
(6,'FIJI AIRWAYS','https://www.fijiairways.com/',20.00,46,46,'2020-02-28 16:32:56','2020-02-28 16:32:56',NULL);

/*Table structure for table `ref_gred` */


CREATE TABLE `ref_gred` (
  `gred_id` int(11) NOT NULL AUTO_INCREMENT,
  `gred_desc` varchar(20) NOT NULL,
  `is_active` char(1) NOT NULL DEFAULT '1',
  `created_by` int(11) DEFAULT NULL,
  `updated_by` int(11) DEFAULT NULL,
  `created_at` timestamp NULL DEFAULT NULL,
  `updated_at` timestamp NULL DEFAULT CURRENT_TIMESTAMP,
  `deleted_at` timestamp NULL DEFAULT NULL,
  PRIMARY KEY (`gred_id`)
) ENGINE=InnoDB AUTO_INCREMENT=32 DEFAULT CHARSET=latin1;

/*Data for the table `ref_gred` */

insert  into `ref_gred`(`gred_id`,`gred_desc`,`is_active`,`created_by`,`updated_by`,`created_at`,`updated_at`,`deleted_at`) values 
(1,'B22','1',2,2,'2019-03-28 15:32:43','2019-03-28 15:32:43',NULL),
(2,'E29/E32','1',2,2,'2019-03-28 15:32:43','2019-03-28 15:32:43',NULL),
(3,'E41','1',2,2,'2019-03-28 15:32:43','2019-03-28 15:32:43',NULL),
(4,'E44','1',2,2,'2019-03-28 15:32:43','2019-03-28 15:32:43',NULL),
(5,'E48','1',2,2,'2019-03-28 15:32:43','2019-03-28 15:32:43',NULL),
(6,'E52','1',2,2,'2019-03-28 15:32:43','2019-03-28 15:32:43',NULL),
(7,'E54','1',2,2,'2019-03-28 15:32:43','2019-03-28 15:32:43',NULL),
(8,'FA29','1',2,2,'2019-03-28 15:32:43','2019-03-28 15:32:43',NULL),
(9,'H11','1',2,2,'2019-03-28 15:32:43','2019-03-28 15:32:43',NULL),
(10,'H19','1',2,2,'2019-03-28 15:32:43','2019-03-28 15:32:43',NULL),
(11,'J22','1',2,2,'2019-03-28 15:32:43','2019-03-28 15:32:43',NULL),
(12,'JA29/JA36','1',2,2,'2019-03-28 15:32:43','2019-03-28 15:32:43',NULL),
(13,'JUSA A/VU5','1',2,2,'2019-03-28 15:32:43','2019-03-28 15:32:43',NULL),
(14,'JUSA B/VU6','1',2,2,'2019-03-28 15:32:43','2019-03-28 15:32:43',NULL),
(15,'JUSA C/VU7','1',2,2,'2019-03-28 15:32:43','2019-03-28 15:32:43',NULL),
(16,'N11','1',2,2,'2019-03-28 15:32:43','2019-03-28 15:32:43',NULL),
(17,'N14','1',2,2,'2019-03-28 15:32:43','2019-03-28 15:32:43',NULL),
(18,'N19','1',2,2,'2019-03-28 15:32:43','2019-03-28 15:32:43',NULL),
(19,'N22','1',2,2,'2019-03-28 15:32:43','2019-03-28 15:32:43',NULL),
(20,'N26','1',2,2,'2019-03-28 15:32:43','2019-03-28 15:32:43',NULL),
(21,'N28','1',2,2,'2019-03-28 15:32:43','2019-03-28 15:32:43',NULL),
(22,'N29','1',2,2,'2019-03-28 15:32:43','2019-03-28 15:32:43',NULL),
(23,'N30','1',2,2,'2019-03-28 15:32:43','2019-03-28 15:32:43',NULL),
(24,'N32','1',2,2,'2019-03-28 15:32:43','2019-03-28 15:32:43',NULL),
(25,'S32','1',2,2,'2019-03-28 15:32:43','2019-03-28 15:32:43',NULL),
(26,'S41','1',2,2,'2019-03-28 15:32:43','2019-03-28 15:32:43',NULL),
(27,'W29','1',2,2,'2019-03-28 15:32:43','2019-03-28 15:32:43',NULL),
(28,'WA41','1',2,2,'2019-03-28 15:32:43','2019-03-28 15:32:43',NULL),
(29,'WA44','1',2,2,'2019-03-28 15:32:43','2019-03-28 15:32:43',NULL),
(30,'WA48','1',2,2,'2019-03-28 15:32:43','2019-03-28 15:32:43',NULL),
(31,'F41','1',2,2,'2019-03-31 20:54:05','2019-03-31 20:54:05',NULL);

/*Table structure for table `ref_jabatan` */


CREATE TABLE `ref_jabatan` (
  `jabatan_id` int(11) NOT NULL AUTO_INCREMENT,
  `jabatan_desc` varchar(200) NOT NULL,
  `is_active` char(1) NOT NULL DEFAULT '1',
  `created_at` timestamp NULL DEFAULT NULL,
  `updated_at` timestamp NULL DEFAULT CURRENT_TIMESTAMP,
  `deleted_at` timestamp NULL DEFAULT NULL,
  PRIMARY KEY (`jabatan_id`)
) ENGINE=InnoDB AUTO_INCREMENT=36 DEFAULT CHARSET=latin1;

/*Data for the table `ref_jabatan` */

insert  into `ref_jabatan`(`jabatan_id`,`jabatan_desc`,`is_active`,`created_at`,`updated_at`,`deleted_at`) values 
(2,'JABATAN KHIDMAT PENGURUSAN','1','2019-01-01 15:48:01','2019-01-01 15:48:01',NULL),
(3,'JABATAN TEKNOLOGI MAKLUMAT','1','2019-01-01 15:48:01','2019-01-01 15:48:01',NULL),
(4,'BAHAGIAN PENGURUSAN HARTA','1','2019-01-01 15:48:01','2019-01-01 15:48:01',NULL),
(5,'JABATAN PENILAIAN & PENGURUSAN HARTA','1','2019-01-01 15:48:01','2019-01-01 15:48:01',NULL),
(6,'JABATAN PERBENDAHARAAN','1','2019-01-01 15:48:01','2019-01-01 15:48:01',NULL),
(7,'JABATAN PERUNDANGAN','1','2019-01-01 15:48:01','2019-01-01 15:48:01',NULL),
(8,'JABATAN KORPORAT','1','2019-01-01 15:48:01','2019-01-01 15:48:01',NULL),
(9,'JABATAN PERANCANG BANDAR','1','2019-01-01 15:48:01','2019-01-01 15:48:01',NULL),
(10,'JABATAN KEJURUTERAAN','1','2019-01-01 15:48:01','2019-01-01 15:48:01',NULL),
(11,'JABATAN BANGUNAN','1','2019-01-01 15:48:01','2019-01-01 15:48:01',NULL),
(13,'PEJABAT YANG DIPERTUA / TIMBALAN YANG DIPERTUA','1','2019-01-01 15:48:01','2019-01-01 15:48:01',NULL),
(14,'BAHAGIAN KEMUDAHAN AWAM','1','2019-01-01 15:48:01','2019-01-01 15:48:01',NULL),
(16,'JABATAN LANDSKAP','1','2019-01-01 15:48:01','2019-01-01 15:48:01',NULL),
(17,'BAHAGIAN URUSETIA','1','2019-01-01 15:48:01','2019-01-01 15:48:01',NULL),
(18,'UNIT NURSERY','1','2019-01-01 15:48:01','2019-01-01 15:48:01',NULL),
(19,'JABATAN AUDIT DALAM','1','2019-01-01 15:48:01','2019-01-01 15:48:01',NULL),
(20,'UNIT BENGKEL RAWANG','1','2019-01-01 15:48:01','2019-01-01 15:48:01',NULL),
(22,'JABATAN PUSAT SETEMPAT (OSC)','1','2019-01-01 15:48:01','2019-01-01 15:48:01',NULL),
(23,'JABATAN PENGUATKUASA & KESELAMATAN','1','2019-01-01 15:48:01','2019-01-01 15:48:01',NULL),
(24,'JABATAN KONTRAK DAN UKUR BAHAN','1','2019-01-01 15:48:01','2019-01-01 15:48:01',NULL),
(25,'JABATAN PELESENAN','1','2019-01-01 15:48:01','2019-01-01 15:48:01',NULL),
(26,'BAHAGIAN HASIL','1','2019-01-01 15:48:01','2019-01-01 15:48:01',NULL),
(29,'BAHAGIAN KESELAMATAN','1','2019-01-01 15:48:01','2019-01-01 15:48:01',NULL),
(32,'UNIT URUS SELENGGARA BANGUNAN','1','2019-01-01 15:48:01','2019-01-01 15:48:01',NULL),
(33,'JABATAN PEMBANGUNAN MASYARAKAT','1','2019-01-01 15:48:01','2019-01-01 15:48:01',NULL),
(34,'JABATAN PENGURUSAN SISA PEPEJAL & KESIHATAN','1','2019-01-01 15:48:01','2019-01-01 15:48:01',NULL),
(35,'JABATAN PESURUHJAYA BANGUNAN (COB)','1','2019-01-01 15:48:01','2019-01-01 15:48:01',NULL);

/*Table structure for table `ref_jawatan` */


CREATE TABLE `ref_jawatan` (
  `jawatan_id` int(11) NOT NULL AUTO_INCREMENT,
  `jawatan_desc` varchar(255) NOT NULL,
  `is_active` int(1) NOT NULL DEFAULT '1',
  `created_by` int(11) DEFAULT NULL,
  `updated_by` int(11) DEFAULT NULL,
  `created_at` timestamp NULL DEFAULT NULL,
  `updated_at` timestamp NOT NULL DEFAULT CURRENT_TIMESTAMP,
  `deleted_at` timestamp NULL DEFAULT NULL,
  PRIMARY KEY (`jawatan_id`)
) ENGINE=InnoDB AUTO_INCREMENT=34 DEFAULT CHARSET=latin1;

/*Data for the table `ref_jawatan` */

insert  into `ref_jawatan`(`jawatan_id`,`jawatan_desc`,`is_active`,`created_by`,`updated_by`,`created_at`,`updated_at`,`deleted_at`) values 
(1,'Ahli Fotografi',1,2,2,'2019-03-28 15:28:12','2019-03-28 15:28:12',NULL),
(2,'Akauntan',1,2,2,'2019-03-28 15:28:12','2019-03-28 15:28:12',NULL),
(3,'Akauntan Kanan',1,2,2,'2019-03-28 15:28:12','2019-03-28 15:28:12',NULL),
(4,'Ketua Akauntan',1,2,2,'2019-03-28 15:28:12','2019-03-28 15:28:12',NULL),
(5,'Ketua Pengarah',1,2,2,'2019-03-28 15:28:12','2019-03-28 15:28:12',NULL),
(6,'Pegawai Khidmat Pelanggan',1,2,2,'2019-03-28 15:28:12','2019-03-29 21:28:28',NULL),
(7,'Pemandu Kenderaan',1,2,2,'2019-03-28 15:28:12','2019-03-28 15:28:12',NULL),
(8,'Pembantu Awam',1,2,2,'2019-03-28 15:28:12','2019-03-28 15:28:12',NULL),
(9,'Pembantu Kemahiran',1,2,2,'2019-03-28 15:28:12','2019-03-28 15:28:12',NULL),
(10,'Pembantu Operasi',1,2,2,'2019-03-28 15:28:12','2019-03-28 15:28:12',NULL),
(11,'Pembantu Penerbitan (KUP)',1,2,2,'2019-03-28 15:28:12','2019-03-28 15:28:12',NULL),
(12,'Pembantu Setiausaha Pejabat',1,2,2,'2019-03-28 15:28:12','2019-03-28 15:28:12',NULL),
(13,'Pembantu Setiausaha Pejabat (KUP)',1,2,2,'2019-03-28 15:28:12','2019-03-28 15:28:12',NULL),
(14,'Pembantu Tadbir (P/O)',1,2,2,'2019-03-28 15:28:12','2019-03-28 15:28:12',NULL),
(15,'Pembantu Tadbir (P/O) (KUP)',1,2,2,'2019-03-28 15:28:12','2019-03-28 15:28:12',NULL),
(16,'Pembantu Tadbir (P/O) KUP',1,2,2,'2019-03-28 15:28:12','2019-03-28 15:28:12',NULL),
(17,'Pengarah',1,2,2,'2019-03-28 15:28:12','2019-03-28 15:28:12',NULL),
(18,'Pengurus',1,2,2,'2019-03-28 15:28:12','2019-03-28 15:28:12',NULL),
(19,'Pengurus Kanan',1,2,2,'2019-03-28 15:28:12','2019-03-28 15:28:12',NULL),
(20,'Penjaga Jentera Eletrik',1,2,2,'2019-03-28 15:28:12','2019-03-28 15:28:12',NULL),
(21,'Penolong Akauntan',1,2,2,'2019-03-28 15:28:12','2019-03-28 15:28:12',NULL),
(22,'Penolong Jurutera',1,2,2,'2019-03-28 15:28:12','2019-03-28 15:28:12',NULL),
(23,'Penolong Jurutera (KUP)',1,2,2,'2019-03-28 15:28:12','2019-03-28 15:28:12',NULL),
(24,'Penolong Pegawai Perangkaan (KUP)',1,2,2,'2019-03-28 15:28:12','2019-03-28 15:28:12',NULL),
(25,'Penolong Pegawai Tadbir',1,2,2,'2019-03-28 15:28:12','2019-03-28 15:28:12',NULL),
(26,'Penolong Pegawai Teknologi Maklumat',1,2,2,'2019-03-28 15:28:12','2019-03-28 15:28:12',NULL),
(27,'Penolong Pengurus',1,2,2,'2019-03-28 15:28:12','2019-03-28 15:28:12',NULL),
(28,'Penolong Pustakawan (KUP)',1,2,2,'2019-03-28 15:28:12','2019-03-28 15:28:12',NULL),
(29,'Pustakawan',1,2,2,'2019-03-28 15:28:12','2019-03-28 15:28:12',NULL),
(30,'Setiausaha Pejabat ',1,2,2,'2019-03-28 15:28:12','2019-03-28 15:28:12',NULL),
(31,'Setiausaha Pejabat (KUP)',1,2,2,'2019-03-28 15:28:12','2019-03-28 15:28:12',NULL),
(32,'Timbalan Ketua Pengarah',1,2,2,'2019-03-28 15:28:12','2019-03-28 15:28:12',NULL),
(33,'Timbalan Pengarah',1,2,2,'2019-03-28 15:28:12','2019-03-28 15:28:12',NULL);

/*Table structure for table `ref_jenis_penerbangan` */


CREATE TABLE `ref_jenis_penerbangan` (
  `jenis_penerbangan_id` int(11) NOT NULL AUTO_INCREMENT,
  `jenis_penerbangan_desc` varchar(255) NOT NULL,
  `created_at` timestamp NULL DEFAULT NULL,
  `updated_at` timestamp NOT NULL DEFAULT CURRENT_TIMESTAMP,
  `deleted_at` timestamp NULL DEFAULT NULL,
  PRIMARY KEY (`jenis_penerbangan_id`)
) ENGINE=InnoDB AUTO_INCREMENT=4 DEFAULT CHARSET=latin1;

/*Data for the table `ref_jenis_penerbangan` */

insert  into `ref_jenis_penerbangan`(`jenis_penerbangan_id`,`jenis_penerbangan_desc`,`created_at`,`updated_at`,`deleted_at`) values 
(1,'PERGI','2019-03-22 03:57:17','2019-03-22 03:57:17',NULL),
(2,'BALIK','2019-03-22 03:57:20','2019-03-22 03:57:20',NULL),
(3,'PERGI & BALIK','2019-03-22 03:57:34','2019-03-22 03:57:34',NULL);

/*Table structure for table `ref_kalendar` */


CREATE TABLE `ref_kalendar` (
  `kalendar_id` int(11) NOT NULL AUTO_INCREMENT,
  `kalendar_date` date NOT NULL COMMENT 'simpan event date dlm bentuk yyyy-mm-dd',
  `kalendar_desc` longtext NOT NULL,
  `is_active` char(1) NOT NULL DEFAULT '1',
  `created_at` timestamp NULL DEFAULT NULL,
  `updated_at` timestamp NULL DEFAULT CURRENT_TIMESTAMP,
  `deleted_at` timestamp NULL DEFAULT NULL,
  PRIMARY KEY (`kalendar_id`)
) ENGINE=InnoDB DEFAULT CHARSET=latin1;

/*Data for the table `ref_kalendar` */

/*Table structure for table `ref_location` */


CREATE TABLE `ref_location` (
  `location_id` int(11) NOT NULL AUTO_INCREMENT,
  `location_code` varchar(10) DEFAULT NULL,
  `location_desc` varchar(255) DEFAULT NULL,
  `created_by` int(11) DEFAULT NULL,
  `updated_by` int(11) DEFAULT NULL,
  `created_at` timestamp NULL DEFAULT NULL,
  `updated_at` timestamp NOT NULL DEFAULT CURRENT_TIMESTAMP,
  `deleted_at` timestamp NULL DEFAULT NULL,
  PRIMARY KEY (`location_id`)
) ENGINE=InnoDB AUTO_INCREMENT=40 DEFAULT CHARSET=latin1;

/*Data for the table `ref_location` */

insert  into `ref_location`(`location_id`,`location_code`,`location_desc`,`created_by`,`updated_by`,`created_at`,`updated_at`,`deleted_at`) values 
(1,'KUL','KUALA LUMPUR',2,2,'2019-03-20 21:40:51','2019-03-20 21:40:51',NULL),
(2,'LGK','LANGKAWI',2,2,'2019-03-20 21:40:51','2019-03-20 21:40:51',NULL),
(3,'KCH','KUCHING',2,2,'2019-03-20 21:40:51','2019-03-20 21:40:51',NULL),
(4,'PEN','PENANG',2,2,'2019-03-20 21:40:51','2019-03-20 21:40:51',NULL),
(5,'BKI','KOTA KINABALU',2,2,'2019-03-20 21:40:51','2019-03-20 21:40:51',NULL),
(6,'JHB','JOHOR BAHRU',2,2,'2019-03-20 21:40:51','2019-03-20 21:40:51',NULL),
(7,'SZB','SUBANG',2,2,'2019-03-20 21:40:51','2019-03-20 21:40:51',NULL),
(8,'AOR','ALOR SETAR',2,2,'2019-03-20 21:40:51','2019-03-20 21:40:51',NULL),
(9,'KBR','KOTA BHARU',2,2,'2019-03-20 21:40:51','2019-03-20 21:40:51',NULL),
(10,'TGG','KUALA TERENGGANU',2,2,'2019-03-20 21:40:51','2019-03-20 21:40:51',NULL),
(11,'IPH','IPOH',2,2,'2019-03-20 21:40:51','2019-03-20 21:40:51',NULL),
(12,'KUA','KUANTAN',2,2,'2019-03-20 21:40:51','2019-03-20 21:40:51',NULL),
(13,'SBW','SIBU',2,2,'2019-03-20 21:40:51','2019-03-20 21:40:51',NULL),
(14,'SDK','SANDAKAN',2,2,'2019-03-20 21:40:51','2019-03-20 21:40:51',NULL),
(15,'TWU','TAWAU',2,2,'2019-03-20 21:40:51','2019-03-20 21:40:51',NULL),
(16,'MYY','MIRI',2,2,'2019-03-20 21:40:51','2019-03-20 21:40:51',NULL),
(17,'LDU','LAHAD DATU',46,46,'2019-05-11 02:39:19','2019-05-11 02:39:19',NULL),
(18,'SIN','CANGI, SINGAPORE',46,46,'2019-05-21 21:12:58','2019-06-20 22:13:08',NULL),
(19,'XSP','SELETAR, SINGAPORE',46,46,'2019-06-20 22:12:45','2019-06-20 22:13:21',NULL),
(20,'MZV','MULU, SARAWAK',46,46,'2019-07-16 00:39:59','2019-07-16 00:39:59',NULL),
(21,'LBU','LABUAN',46,46,'2019-07-16 00:40:17','2019-07-16 00:40:17',NULL),
(22,'PEK','BEIJING, CHINA',46,46,'2019-08-07 20:26:23','2019-08-07 20:26:23',NULL),
(23,'LHR','LONDON, UNITED KINGDOM',46,46,'2019-08-08 20:44:01','2019-08-10 00:09:08',NULL),
(24,'SYD','SYDNEY, AU',46,46,'2019-08-10 00:04:43','2019-08-10 00:09:45',NULL),
(25,'SCL','SANTIAGO, CHILE',46,46,'2019-08-10 00:17:03','2019-08-10 00:17:03',NULL),
(26,'PMC','PUERTO MONTT, CHILE',46,46,'2019-08-10 00:18:58','2019-08-10 00:18:58',NULL),
(27,'BTU','BINTULU, SARAWAK',46,46,'2019-08-28 23:45:34','2019-08-28 23:45:34',NULL),
(28,'TPE','TAIPEI , TAIWAN CHINA',46,46,'2019-10-01 03:13:36','2019-10-01 03:13:36',NULL),
(29,'CTU','CHENGDU, CHINA',46,46,'2019-10-01 20:23:49','2019-10-01 20:23:49',NULL),
(30,'LMN','LIMBANG, SARAWAK',53,53,'2019-10-01 22:58:07','2019-10-01 22:58:07',NULL),
(31,'MKM','MUKAH, SARAWAK',53,53,'2019-10-01 22:59:14','2019-10-01 22:59:14',NULL),
(32,'VTE','VIENTIANE, LAOS',71,71,'2019-10-08 05:09:34','2019-10-08 05:09:34',NULL),
(33,'BKK','SURVARNABHUMI AIRPORT, THAILAND',71,71,'2019-10-08 05:14:16','2019-10-08 05:14:16',NULL),
(34,'DMK','DON MUEANG INTERNATIONAL AIRPORT, THAILAND',71,71,'2019-10-08 05:15:28','2019-10-08 05:15:28',NULL),
(35,'ICN','SEOUL, KOREA',46,46,'2019-11-13 23:16:13','2019-11-13 23:16:13',NULL),
(36,'CDG','PARIS, CHARLES DE GAULLE',46,46,'2019-11-20 23:59:01','2019-11-20 23:59:01',NULL),
(37,'NRT','TOKYO, JEPUN',46,46,'2020-01-11 05:11:36','2020-01-11 05:11:36',NULL),
(38,'MEL','MELBOURNE, AUSTRALIA',46,46,'2020-02-28 16:20:52','2020-02-28 16:20:52',NULL),
(39,'NAN','NADI,FIJI',46,46,'2020-02-28 16:21:22','2020-02-28 16:21:22',NULL);

/*Table structure for table `ref_payment_method` */


CREATE TABLE `ref_payment_method` (
  `payment_method_id` int(11) NOT NULL AUTO_INCREMENT,
  `payment_method_desc` varchar(150) NOT NULL,
  `created_at` timestamp NULL DEFAULT NULL,
  `updated_at` timestamp NOT NULL DEFAULT CURRENT_TIMESTAMP,
  `deleted_at` timestamp NULL DEFAULT NULL,
  PRIMARY KEY (`payment_method_id`)
) ENGINE=InnoDB AUTO_INCREMENT=3 DEFAULT CHARSET=latin1;

/*Data for the table `ref_payment_method` */

insert  into `ref_payment_method`(`payment_method_id`,`payment_method_desc`,`created_at`,`updated_at`,`deleted_at`) values 
(1,'Kad Kredit','2019-03-24 03:32:36','2019-03-24 03:32:36',NULL),
(2,'Waran','2019-03-24 03:32:43','2019-03-24 03:32:43',NULL);

/*Table structure for table `ref_pembangunan` */


CREATE TABLE `ref_pembangunan` (
  `pembangunan_id` int(11) NOT NULL AUTO_INCREMENT,
  `pembangunan_desc` varchar(255) DEFAULT NULL,
  `created_by` int(11) DEFAULT NULL,
  `updated_by` int(11) DEFAULT NULL,
  `created_at` timestamp NULL DEFAULT NULL,
  `updated_at` timestamp NOT NULL DEFAULT CURRENT_TIMESTAMP,
  `deleted_at` timestamp NULL DEFAULT NULL,
  PRIMARY KEY (`pembangunan_id`)
) ENGINE=InnoDB AUTO_INCREMENT=33 DEFAULT CHARSET=latin1;

/*Data for the table `ref_pembangunan` */

insert  into `ref_pembangunan`(`pembangunan_id`,`pembangunan_desc`,`created_by`,`updated_by`,`created_at`,`updated_at`,`deleted_at`) values 
(1,'NPDIR',2,2,'2019-03-22 03:39:55','2019-03-22 03:39:55',NULL),
(2,'PPE',2,2,'2019-03-22 03:40:05','2019-03-22 03:40:05','2019-04-15 15:21:08'),
(3,'MBR',2,2,'2019-03-22 03:40:09','2019-03-22 03:40:09',NULL),
(4,'PTPS',2,2,'2019-03-22 03:40:22','2019-03-22 03:40:22',NULL),
(5,'TEST123 DDDD',355,355,'2019-04-13 07:06:59','2019-04-13 07:07:06','2019-04-12 23:07:10'),
(6,'T5-MPB',46,46,'2019-04-15 23:21:35','2019-04-15 23:21:35',NULL),
(7,'NTM',46,46,'2019-04-15 23:21:55','2019-04-15 23:21:55',NULL),
(8,'PKP',46,46,'2019-04-15 23:22:04','2019-04-15 23:22:04',NULL),
(9,'SPN TOURISM',46,46,'2019-04-15 23:22:29','2019-04-15 23:22:29',NULL),
(10,'SPN RETAIL',46,46,'2019-04-15 23:24:16','2019-04-15 23:24:16',NULL),
(11,'SPN CHEMICAL',46,46,'2019-04-15 23:24:40','2019-04-15 23:24:40',NULL),
(12,'SPN E & E',46,46,'2019-04-15 23:24:59','2019-04-15 23:24:59',NULL),
(13,'SPN M & E',46,46,'2019-04-15 23:25:15','2019-04-15 23:25:15',NULL),
(14,'SPN AGROFOOD',46,46,'2019-04-15 23:25:34','2019-04-15 23:25:34',NULL),
(15,'SPN HEALTHCARE',46,46,'2019-04-15 23:25:44','2019-04-15 23:25:44',NULL),
(16,'SPN PROF SERV',46,46,'2019-04-15 23:26:01','2019-04-15 23:26:01',NULL),
(17,'SPN ICT',46,46,'2019-04-15 23:26:21','2019-04-15 23:26:21',NULL),
(18,'SPPE',46,46,'2019-07-27 03:20:19','2019-07-27 03:20:19',NULL),
(19,'CCI',46,46,'2019-07-27 04:53:35','2019-07-27 04:53:35',NULL),
(20,'KLEMS - TFP',46,46,'2019-07-27 04:53:52','2019-07-27 04:53:52',NULL),
(21,'EIIP',46,46,'2019-07-27 04:54:02','2019-07-27 04:54:02',NULL),
(22,'MPB-EEPN',46,46,'2019-07-27 04:54:21','2019-07-27 04:54:21',NULL),
(23,'MPB-CCPPN',46,46,'2019-07-27 04:56:50','2019-07-27 04:56:50',NULL),
(24,'MPB-RFBPN',46,46,'2019-07-27 04:57:08','2019-07-27 04:57:08',NULL),
(25,'MPB-TPN',46,46,'2019-07-27 04:57:27','2019-07-27 04:57:27',NULL),
(26,'MPB AFPN',46,46,'2019-07-27 04:57:41','2019-07-27 04:57:41',NULL),
(27,'MPB MEPN',46,46,'2019-07-27 04:57:54','2019-07-27 04:57:54',NULL),
(28,'MPB PS',46,46,'2019-07-27 04:58:05','2019-07-27 04:58:05',NULL),
(29,'MPB PH',46,46,'2019-07-27 04:58:16','2019-07-27 04:58:16',NULL),
(30,'MPB ICTPN',46,46,'2019-10-30 22:27:13','2019-10-30 22:27:13',NULL),
(31,'HRD',46,46,'2019-11-12 22:09:57','2019-11-12 22:09:57',NULL),
(32,'BI (BEHAVIORAL INSIGHTS)',46,46,'2020-01-21 23:26:54','2020-01-21 23:26:54',NULL);

/*Table structure for table `ref_race` */


CREATE TABLE `ref_race` (
  `race_id` int(11) NOT NULL AUTO_INCREMENT,
  `race_desc` varchar(50) NOT NULL,
  `created_at` timestamp NULL DEFAULT NULL,
  `updated_at` timestamp NOT NULL DEFAULT CURRENT_TIMESTAMP,
  `deleted_at` timestamp NULL DEFAULT NULL,
  PRIMARY KEY (`race_id`,`updated_at`)
) ENGINE=InnoDB AUTO_INCREMENT=5 DEFAULT CHARSET=latin1;

/*Data for the table `ref_race` */

insert  into `ref_race`(`race_id`,`race_desc`,`created_at`,`updated_at`,`deleted_at`) values 
(1,'Melayu','2018-12-04 21:29:28','2018-12-04 21:29:07',NULL),
(2,'Cina','2018-12-04 21:29:31','2018-12-04 21:29:09',NULL),
(3,'India','2018-12-04 21:29:36','2018-12-04 21:29:13',NULL),
(4,'Lain-lain','2018-12-04 21:29:39','2018-12-04 21:29:18',NULL);

/*Table structure for table `ref_religion` */


CREATE TABLE `ref_religion` (
  `religion_id` int(11) NOT NULL AUTO_INCREMENT,
  `religion_desc` varchar(50) NOT NULL,
  `created_at` timestamp NULL DEFAULT NULL,
  `updated_at` timestamp NOT NULL DEFAULT CURRENT_TIMESTAMP,
  `deleted_at` timestamp NULL DEFAULT NULL,
  PRIMARY KEY (`religion_id`,`updated_at`)
) ENGINE=InnoDB AUTO_INCREMENT=6 DEFAULT CHARSET=latin1;

/*Data for the table `ref_religion` */

insert  into `ref_religion`(`religion_id`,`religion_desc`,`created_at`,`updated_at`,`deleted_at`) values 
(1,'Islam','2018-12-04 21:28:12','2018-12-04 21:28:12',NULL),
(2,'Kristian','2018-12-04 21:28:12','2018-12-04 21:28:19',NULL),
(3,'Buddha','2018-12-04 21:28:12','2018-12-04 21:28:22',NULL),
(4,'Hindu','2018-12-04 21:28:12','2018-12-04 21:28:26',NULL),
(5,'Lain-lain','2018-12-04 21:28:12','2018-12-04 21:28:43',NULL);

/*Table structure for table `ref_supplier` */


CREATE TABLE `ref_supplier` (
  `supplier_id` int(11) NOT NULL AUTO_INCREMENT,
  `supplier_code` varchar(50) NOT NULL,
  `supplier_name` varchar(100) NOT NULL,
  `supplier_regno` varchar(20) NOT NULL,
  `supplier_address_1` varchar(100) DEFAULT NULL,
  `supplier_address_2` varchar(100) DEFAULT NULL,
  `supplier_address_3` varchar(100) DEFAULT NULL,
  `supplier_postcode` char(5) DEFAULT NULL,
  `district_id` int(11) DEFAULT NULL,
  `state_id` int(11) DEFAULT NULL,
  `supplier_contact_person` varchar(100) DEFAULT NULL,
  `supplier_office_no` varchar(20) DEFAULT NULL,
  `supplier_mobile_no` varchar(20) DEFAULT NULL,
  `supplier_fax_no` varchar(20) DEFAULT NULL,
  `supplier_email` varchar(100) DEFAULT NULL,
  `supplier_account_no` varchar(50) DEFAULT NULL,
  `bank_id` int(11) DEFAULT NULL,
  `created_by` int(11) DEFAULT NULL,
  `created_at` timestamp NULL DEFAULT NULL ON UPDATE CURRENT_TIMESTAMP,
  `updated_by` int(11) DEFAULT NULL,
  `updated_at` timestamp NOT NULL DEFAULT CURRENT_TIMESTAMP,
  `deleted_by` int(11) DEFAULT NULL,
  `deleted_at` timestamp NULL DEFAULT NULL,
  PRIMARY KEY (`supplier_id`)
) ENGINE=InnoDB DEFAULT CHARSET=latin1;

/*Data for the table `ref_supplier` */

/*Table structure for table `ref_unit` */


CREATE TABLE `ref_unit` (
  `unit_id` int(11) NOT NULL AUTO_INCREMENT,
  `unit_desc` varchar(200) NOT NULL,
  `is_active` char(1) NOT NULL DEFAULT '1',
  `created_at` timestamp NULL DEFAULT NULL,
  `updated_at` timestamp NULL DEFAULT CURRENT_TIMESTAMP,
  `deleted_at` timestamp NULL DEFAULT NULL,
  PRIMARY KEY (`unit_id`)
) ENGINE=InnoDB DEFAULT CHARSET=latin1;

/*Data for the table `ref_unit` */

/*Table structure for table `ref_unit_bahagian` */


CREATE TABLE `ref_unit_bahagian` (
  `unit_bahagian_id` int(11) NOT NULL AUTO_INCREMENT,
  `parent_id` int(11) DEFAULT NULL,
  `unit_bahagian_desc` varchar(100) NOT NULL,
  `is_cawangan` int(11) NOT NULL DEFAULT '0',
  `running_no` int(11) NOT NULL DEFAULT '0',
  `created_by` int(11) DEFAULT NULL,
  `updated_by` int(11) DEFAULT NULL,
  `created_at` timestamp NULL DEFAULT NULL,
  `updated_at` timestamp NOT NULL DEFAULT CURRENT_TIMESTAMP,
  `deleted_at` timestamp NULL DEFAULT NULL,
  PRIMARY KEY (`unit_bahagian_id`)
) ENGINE=InnoDB AUTO_INCREMENT=13 DEFAULT CHARSET=latin1;

/*Data for the table `ref_unit_bahagian` */

insert  into `ref_unit_bahagian`(`unit_bahagian_id`,`parent_id`,`unit_bahagian_desc`,`is_cawangan`,`running_no`,`created_by`,`updated_by`,`created_at`,`updated_at`,`deleted_at`) values 
(0,NULL,'HQ',0,0,2,2,'2019-03-29 20:32:26','2019-03-29 20:32:28',NULL),
(1,0,'CPD',0,59,2,2,'2019-03-29 01:14:07','2019-03-29 01:14:07',NULL),
(2,0,'CRO',0,21,2,2,'2019-03-29 01:14:07','2019-03-29 01:14:07',NULL),
(3,0,'DGO',0,54,2,2,'2019-03-29 01:14:07','2019-03-29 01:14:07',NULL),
(4,0,'DMO',0,205,2,2,'2019-03-29 01:14:07','2019-03-29 01:14:07',NULL),
(5,0,'MSF',0,67,2,2,'2019-03-29 01:14:07','2019-03-29 01:14:07',NULL),
(6,0,'PCD',0,478,2,2,'2019-03-29 01:14:07','2019-03-29 01:14:07',NULL),
(7,0,'QED',0,59,2,2,'2019-03-29 01:14:07','2019-03-29 01:14:07',NULL),
(8,7,'ECR',1,17,2,2,'2019-03-29 01:14:07','2019-03-29 01:14:07',NULL),
(9,7,'NRO',1,51,2,2,'2019-03-29 01:14:07','2019-03-29 01:14:07',NULL),
(10,7,'SBO',1,67,2,2,'2019-03-29 01:14:07','2019-03-29 01:14:07',NULL),
(11,7,'SKO',1,104,2,2,'2019-03-29 01:14:07','2019-03-29 01:14:07',NULL),
(12,7,'SRO',1,11,2,2,'2019-03-29 01:14:07','2019-03-29 01:14:07',NULL);

/*Table structure for table `role_has_permissions` */


CREATE TABLE `role_has_permissions` (
  `permission_id` int(10) unsigned NOT NULL,
  `role_id` int(10) unsigned NOT NULL,
  PRIMARY KEY (`permission_id`,`role_id`),
  KEY `role_has_permissions_role_id_foreign` (`role_id`),
  CONSTRAINT `role_has_permissions_permission_id_foreign` FOREIGN KEY (`permission_id`) REFERENCES `permissions` (`id`) ON DELETE CASCADE,
  CONSTRAINT `role_has_permissions_role_id_foreign` FOREIGN KEY (`role_id`) REFERENCES `roles` (`id`) ON DELETE CASCADE
) ENGINE=InnoDB DEFAULT CHARSET=utf8 COLLATE=utf8_unicode_ci ROW_FORMAT=DYNAMIC COMMENT='ACL related';

/*Data for the table `role_has_permissions` */

insert  into `role_has_permissions`(`permission_id`,`role_id`) values 
(13,1),
(13,2),
(13,6),
(13,7),
(13,8),
(13,9),
(13,10),
(14,1),
(14,2),
(15,1),
(15,2),
(16,1),
(16,2),
(16,6),
(16,7),
(16,8),
(16,9),
(16,10),
(17,1),
(18,1),
(19,1),
(20,1),
(21,1),
(22,1),
(22,2),
(29,1),
(29,2),
(30,1),
(30,2),
(101,1),
(101,2),
(104,1),
(104,2),
(108,1),
(108,2),
(108,6),
(108,7),
(108,8),
(108,9),
(108,10),
(110,1),
(110,2),
(121,1),
(121,2),
(123,1),
(123,2),
(124,1),
(124,2),
(125,1),
(125,2),
(127,1),
(127,2),
(128,1),
(128,2),
(129,6),
(129,7),
(129,8),
(129,9),
(129,10),
(130,1),
(130,2),
(130,6),
(130,7),
(130,8),
(130,9),
(130,10),
(131,1),
(131,2),
(131,6),
(132,1),
(132,2),
(132,7),
(133,1),
(133,2),
(134,1),
(134,2),
(136,1),
(136,2),
(136,9),
(137,1),
(137,2),
(137,10),
(138,1),
(138,2),
(138,9);

/*Table structure for table `roles` */


CREATE TABLE `roles` (
  `id` int(10) unsigned NOT NULL AUTO_INCREMENT,
  `name` varchar(255) COLLATE utf8_unicode_ci NOT NULL,
  `description` longtext COLLATE utf8_unicode_ci,
  `created_at` timestamp NULL DEFAULT NULL,
  `updated_at` timestamp NULL DEFAULT NULL,
  `deleted_at` timestamp NULL DEFAULT NULL,
  PRIMARY KEY (`id`),
  UNIQUE KEY `roles_name_unique` (`name`)
) ENGINE=InnoDB AUTO_INCREMENT=11 DEFAULT CHARSET=utf8 COLLATE=utf8_unicode_ci ROW_FORMAT=DYNAMIC COMMENT='ACL related';

/*Data for the table `roles` */

insert  into `roles`(`id`,`name`,`description`,`created_at`,`updated_at`,`deleted_at`) values 
(1,'superadmin','Super System Administrator','2018-04-03 21:56:05','2018-04-03 21:56:05',NULL),
(2,'admin','Pentadbir Sistem','2018-04-03 21:56:55','2018-04-03 21:56:55',NULL),
(6,'director','Pelulus','2019-03-21 14:20:11','2019-03-21 14:20:14',NULL),
(7,'approver','Penyelia','2019-03-21 14:20:14','2019-03-21 14:20:14',NULL),
(8,'officer','Pegawai','2019-03-21 14:20:14','2019-03-21 14:20:14',NULL),
(9,'checker','Pegawai PCT','2020-05-28 01:57:49','2020-05-28 01:57:54',NULL),
(10,'finance','Pegawai Kewangan','2020-07-23 00:53:22','2020-07-23 00:53:25',NULL);

/*Table structure for table `scripts` */


CREATE TABLE `scripts` (
  `content` text
) ENGINE=InnoDB DEFAULT CHARSET=latin1;

/*Data for the table `scripts` */

insert  into `scripts`(`content`) values 
('w');

/*Table structure for table `upload` */


CREATE TABLE `upload` (
  `upload_id` int(11) NOT NULL AUTO_INCREMENT,
  `upload_model` varchar(50) NOT NULL COMMENT '1-fromcomplaint,2-fromemergency',
  `upload_model_id` int(11) NOT NULL,
  `upload_path` varchar(50) NOT NULL,
  `upload_filename` varchar(200) NOT NULL,
  `upload_type` char(2) DEFAULT NULL,
  `upload_imagetype` varchar(20) DEFAULT NULL COMMENT 'thumbnail, feature, original',
  `upload_imageid` longtext COMMENT 'this will be used during delete action. this id generate based on encrypt filename',
  `created_at` timestamp NULL DEFAULT NULL,
  `updated_at` timestamp NOT NULL DEFAULT '0000-00-00 00:00:00',
  `deleted_at` timestamp NULL DEFAULT NULL,
  PRIMARY KEY (`upload_id`),
  KEY `idx_upload_upload_model` (`upload_model`),
  KEY `idx_upload_upload_model_id` (`upload_model_id`),
  KEY `idx_upload_upload_type` (`upload_type`)
) ENGINE=InnoDB AUTO_INCREMENT=160 DEFAULT CHARSET=latin1;

/*Data for the table `upload` */

insert  into `upload`(`upload_id`,`upload_model`,`upload_model_id`,`upload_path`,`upload_filename`,`upload_type`,`upload_imagetype`,`upload_imageid`,`created_at`,`updated_at`,`deleted_at`) values 
(1,'PermohonanModel',1,'/uploads/bomfile/','bomfile_20200527182034_1.pdf','1',NULL,NULL,'2020-05-28 02:20:34','2020-05-28 02:20:34',NULL),
(2,'PermohonanModel',1,'/uploads/minitbom/','minitbom_20200527182034_1.pdf','4',NULL,NULL,'2020-05-28 02:20:34','2020-05-28 02:20:34',NULL),
(3,'PermohonanModel',1,'/uploads/sebutharga/','sebutharga_20200527185118_1_1.pdf','3',NULL,NULL,'2020-05-28 02:51:18','2020-05-28 02:51:18',NULL),
(4,'PermohonanModel',1,'/uploads/sebutharga/','sebutharga_20200527185118_1_2.pdf','3',NULL,NULL,'2020-05-28 02:51:18','2020-05-28 02:51:18',NULL),
(5,'PermohonanModel',1,'/uploads/anggaranbom/','anggaranbom_20200527185118_1.pdf','5',NULL,NULL,'2020-05-28 02:51:18','2020-05-28 02:51:18',NULL),
(6,'PermohonanModel',1,'/uploads/sijilgst/','sijilgst_20200527185118_1.pdf','6',NULL,NULL,'2020-05-28 02:51:18','2020-05-28 02:51:18','2020-05-27 19:19:49'),
(7,'PermohonanModel',1,'/uploads/sijilgst/','sijilgst_20200527191949_1.pdf','6',NULL,NULL,'2020-05-28 03:19:49','2020-05-28 03:19:49',NULL),
(10,'PermohonanModel',1,'/uploads/lulusmof/','lulusmof_20200527191950_1.pdf','8',NULL,NULL,'2020-05-28 03:19:50','2020-05-28 03:19:50',NULL),
(11,'PermohonanModel',1,'/uploads/plps/','plps_20200527191950_1.pdf','9',NULL,NULL,'2020-05-28 03:19:50','2020-05-28 03:19:50',NULL),
(25,'PermohonanModel',1,'/uploads/sebutharga/','sebutharga_20200527193036_1_1.pdf','3',NULL,NULL,'2020-05-28 03:30:36','2020-05-28 03:30:36',NULL),
(26,'PermohonanModel',1,'/uploads/namepenginap/','namepenginap_20200527193036_1.pdf','27',NULL,NULL,'2020-05-28 03:30:36','2020-05-28 03:30:36',NULL),
(27,'PermohonanModel',1,'/uploads/ticketlista/','ticketlista_20200527193036_1.pdf','28',NULL,NULL,'2020-05-28 03:30:36','2020-05-28 03:30:36',NULL),
(28,'PermohonanModel',1,'/uploads/sstb/','sstb_20200527193036_1.pdf','10',NULL,NULL,'2020-05-28 03:30:36','2020-05-28 03:30:36',NULL),
(29,'PermohonanModel',1,'/uploads/suratlantikanb/','suratlantikanb_20200527193036_1.pdf','11',NULL,NULL,'2020-05-28 03:30:36','2020-05-28 03:30:36',NULL),
(30,'PermohonanModel',1,'/uploads/jadualbayar/','jadualbayar_20200527193036_1.pdf','12',NULL,NULL,'2020-05-28 03:30:36','2020-05-28 03:30:36',NULL),
(31,'PermohonanModel',1,'/uploads/tor/','tor_20200527193036_1.pdf','13',NULL,NULL,'2020-05-28 03:30:36','2020-05-28 03:30:36',NULL),
(32,'PermohonanModel',1,'/uploads/formb/','formb_20200527193036_1.pdf','14',NULL,NULL,'2020-05-28 03:30:36','2020-05-28 03:30:36',NULL),
(33,'PermohonanModel',1,'/uploads/invoice/','invoice_20200527193036_1.pdf','15',NULL,NULL,'2020-05-28 03:30:36','2020-05-28 03:30:36',NULL),
(34,'PermohonanModel',1,'/uploads/sstc/','sstc_20200527193036_1.pdf','17',NULL,NULL,'2020-05-28 03:30:36','2020-05-28 03:30:36',NULL),
(35,'PermohonanModel',1,'/uploads/resultmeeting/','resultmeeting_20200527193036_1.pdf','18',NULL,NULL,'2020-05-28 03:30:36','2020-05-28 03:30:36',NULL),
(36,'PermohonanModel',1,'/uploads/suratlantikanc/','suratlantikanc_20200527193036_1.pdf','19',NULL,NULL,'2020-05-28 03:30:36','2020-05-28 03:30:36',NULL),
(37,'PermohonanModel',1,'/uploads/maintenance/','maintenance_20200527193036_1.pdf','21',NULL,NULL,'2020-05-28 03:30:36','2020-05-28 03:30:36',NULL),
(38,'PermohonanModel',1,'/uploads/kontrak/','kontrak_20200527193036_1.pdf','22',NULL,NULL,'2020-05-28 03:30:36','2020-05-28 03:30:36',NULL),
(39,'PermohonanModel',1,'/uploads/namelist/','namelist_20200527193036_1.pdf','24',NULL,NULL,'2020-05-28 03:30:36','2020-05-28 03:30:36',NULL),
(40,'PermohonanModel',1,'/uploads/tentative/','tentative_20200527193036_1.pdf','25',NULL,NULL,'2020-05-28 03:30:36','2020-05-28 03:30:36',NULL),
(41,'PermohonanModel',2,'/uploads/bomfile/','bomfile_20200527213916_2.pdf','1',NULL,NULL,'2020-05-28 05:39:16','2020-05-28 05:39:16',NULL),
(42,'PermohonanModel',2,'/uploads/sebutharga/','sebutharga_20200527213916_2_1.pdf','3',NULL,NULL,'2020-05-28 05:39:16','2020-05-28 05:39:16',NULL),
(43,'PermohonanModel',2,'/uploads/minitbom/','minitbom_20200527213916_2.pdf','4',NULL,NULL,'2020-05-28 05:39:16','2020-05-28 05:39:16',NULL),
(44,'PermohonanModel',2,'/uploads/anggaranbom/','anggaranbom_20200527213916_2.pdf','5',NULL,NULL,'2020-05-28 05:39:16','2020-05-28 05:39:16',NULL),
(45,'PermohonanModel',2,'/uploads/sstb/','sstb_20200527213916_2.pdf','10',NULL,NULL,'2020-05-28 05:39:16','2020-05-28 05:39:16',NULL),
(46,'PermohonanModel',2,'/uploads/sstc/','sstc_20200527213916_2.pdf','17',NULL,NULL,'2020-05-28 05:39:16','2020-05-28 05:39:16',NULL),
(47,'PermohonanModel',2,'/uploads/resultmeeting/','resultmeeting_20200527213916_2.pdf','18',NULL,NULL,'2020-05-28 05:39:16','2020-05-28 05:39:16',NULL),
(48,'PermohonanModel',3,'/uploads/bomfile/','bomfile_20200527224153_3.pdf','1',NULL,NULL,'2020-05-28 06:41:53','2020-05-28 06:41:53',NULL),
(49,'PermohonanModel',3,'/uploads/sebutharga/','sebutharga_20200527224153_3_1.pdf','3',NULL,NULL,'2020-05-28 06:41:53','2020-05-28 06:41:53',NULL),
(50,'PermohonanModel',3,'/uploads/sebutharga/','sebutharga_20200527224153_3_2.pdf','3',NULL,NULL,'2020-05-28 06:41:53','2020-05-28 06:41:53',NULL),
(51,'PermohonanModel',3,'/uploads/sebutharga/','sebutharga_20200527224153_3_3.pdf','3',NULL,NULL,'2020-05-28 06:41:53','2020-05-28 06:41:53',NULL),
(52,'PermohonanModel',3,'/uploads/minitbom/','minitbom_20200527224153_3.pdf','4',NULL,NULL,'2020-05-28 06:41:53','2020-05-28 06:41:53',NULL),
(53,'PermohonanModel',3,'/uploads/anggaranbom/','anggaranbom_20200527224153_3.pdf','5',NULL,NULL,'2020-05-28 06:41:53','2020-05-28 06:41:53',NULL),
(54,'PermohonanModel',3,'/uploads/formb/','formb_20200527224153_3.pdf','14',NULL,NULL,'2020-05-28 06:41:53','2020-05-28 06:41:53',NULL),
(55,'PermohonanModel',3,'/uploads/invoice/','invoice_20200527224153_3.pdf','15',NULL,NULL,'2020-05-28 06:41:53','2020-05-28 06:41:53',NULL),
(56,'PermohonanModel',3,'/uploads/resultmeeting/','resultmeeting_20200527224153_3.pdf','18',NULL,NULL,'2020-05-28 06:41:53','2020-05-28 06:41:53',NULL),
(57,'PermohonanModel',3,'/uploads/kontrak/','kontrak_20200527224153_3.pdf','22',NULL,NULL,'2020-05-28 06:41:53','2020-05-28 06:41:53',NULL),
(58,'PermohonanModel',3,'/uploads/namelist/','namelist_20200527224153_3.pdf','24',NULL,NULL,'2020-05-28 06:41:53','2020-05-28 06:41:53',NULL),
(59,'PermohonanModel',4,'/uploads/bomfile/','bomfile_20200527231342_4.pdf','1',NULL,NULL,'2020-05-28 07:13:42','2020-05-28 07:13:42',NULL),
(67,'PermohonanModel',4,'/uploads/sebutharga/','sebutharga_20200527231718_4_1.pdf','3',NULL,NULL,'2020-05-28 07:17:18','2020-05-28 07:17:18',NULL),
(68,'PermohonanModel',4,'/uploads/minitbom/','minitbom_20200527231718_4.pdf','4',NULL,NULL,'2020-05-28 07:17:18','2020-05-28 07:17:18',NULL),
(69,'PermohonanModel',4,'/uploads/anggaranbom/','anggaranbom_20200527231718_4.pdf','5',NULL,NULL,'2020-05-28 07:17:18','2020-05-28 07:17:18',NULL),
(70,'PermohonanModel',4,'/uploads/sijilgst/','sijilgst_20200527231718_4.pdf','6',NULL,NULL,'2020-05-28 07:17:18','2020-05-28 07:17:18',NULL),
(71,'PermohonanModel',4,'/uploads/namepenginap/','namepenginap_20200527231718_4.pdf','27',NULL,NULL,'2020-05-28 07:17:18','2020-05-28 07:17:18',NULL),
(72,'PermohonanModel',4,'/uploads/lulusmof/','lulusmof_20200527231718_4.pdf','8',NULL,NULL,'2020-05-28 07:17:18','2020-05-28 07:17:18',NULL),
(73,'PermohonanModel',4,'/uploads/suratlantikanb/','suratlantikanb_20200527231718_4.pdf','11',NULL,NULL,'2020-05-28 07:17:18','2020-05-28 07:17:18',NULL),
(74,'PermohonanModel',4,'/uploads/formb/','formb_20200527231718_4.pdf','14',NULL,NULL,'2020-05-28 07:17:18','2020-05-28 07:17:18',NULL),
(75,'PermohonanModel',4,'/uploads/resultmeeting/','resultmeeting_20200527231718_4.pdf','18',NULL,NULL,'2020-05-28 07:17:18','2020-05-28 07:17:18',NULL),
(76,'PermohonanModel',4,'/uploads/maintenance/','maintenance_20200527231718_4.pdf','21',NULL,NULL,'2020-05-28 07:17:18','2020-05-28 07:17:18',NULL),
(77,'PermohonanModel',4,'/uploads/tentative/','tentative_20200527231718_4.pdf','25',NULL,NULL,'2020-05-28 07:17:18','2020-05-28 07:17:18',NULL),
(78,'PermohonanModel',4,'/uploads/sebutharga/','sebutharga_20200527233612_4_1.pdf','3',NULL,NULL,'2020-05-28 07:36:12','2020-05-28 07:36:12',NULL),
(79,'PermohonanModel',4,'/uploads/plps/','plps_20200527233612_4.pdf','9',NULL,NULL,'2020-05-28 07:36:12','2020-05-28 07:36:12',NULL),
(80,'PermohonanModel',4,'/uploads/namelist/','namelist_20200527233612_4.pdf','24',NULL,NULL,'2020-05-28 07:36:12','2020-05-28 07:36:12',NULL),
(81,'PermohonanModel',5,'/uploads/bomfile/','bomfile_20200527234356_5.pdf','1',NULL,NULL,'2020-05-28 07:43:56','2020-05-28 07:43:56',NULL),
(82,'PermohonanModel',6,'/uploads/bomfile/','bomfile_20200527235311_6.pdf','1',NULL,NULL,'2020-05-28 07:53:11','2020-05-28 07:53:11',NULL),
(83,'PermohonanModel',6,'/uploads/sebutharga/','sebutharga_20200527235311_6_1.pdf','3',NULL,NULL,'2020-05-28 07:53:11','2020-05-28 07:53:11',NULL),
(84,'PermohonanModel',6,'/uploads/minitbom/','minitbom_20200527235311_6.pdf','4',NULL,NULL,'2020-05-28 07:53:11','2020-05-28 07:53:11',NULL),
(85,'PermohonanModel',6,'/uploads/anggaranbom/','anggaranbom_20200527235311_6.pdf','5',NULL,NULL,'2020-05-28 07:53:11','2020-05-28 07:53:11',NULL),
(86,'PermohonanModel',6,'/uploads/namepenginap/','namepenginap_20200527235430_6.pdf','27',NULL,NULL,'2020-05-28 07:54:30','2020-05-28 07:54:30',NULL),
(87,'PermohonanModel',6,'/uploads/ticketlista/','ticketlista_20200527235430_6.pdf','28',NULL,NULL,'2020-05-28 07:54:30','2020-05-28 07:54:30',NULL),
(88,'PermohonanModel',6,'/uploads/lulusmof/','lulusmof_20200527235430_6.pdf','8',NULL,NULL,'2020-05-28 07:54:30','2020-05-28 07:54:30',NULL),
(89,'PermohonanModel',6,'/uploads/plps/','plps_20200527235430_6.pdf','9',NULL,NULL,'2020-05-28 07:54:30','2020-05-28 07:54:30',NULL),
(90,'PermohonanModel',6,'/uploads/sstb/','sstb_20200527235430_6.pdf','10',NULL,NULL,'2020-05-28 07:54:30','2020-05-28 07:54:30',NULL),
(91,'PermohonanModel',6,'/uploads/suratlantikanb/','suratlantikanb_20200527235430_6.pdf','11',NULL,NULL,'2020-05-28 07:54:30','2020-05-28 07:54:30',NULL),
(92,'PermohonanModel',6,'/uploads/jadualbayar/','jadualbayar_20200527235430_6.pdf','12',NULL,NULL,'2020-05-28 07:54:30','2020-05-28 07:54:30',NULL),
(93,'PermohonanModel',6,'/uploads/tor/','tor_20200527235430_6.pdf','13',NULL,NULL,'2020-05-28 07:54:30','2020-05-28 07:54:30',NULL),
(94,'PermohonanModel',6,'/uploads/formb/','formb_20200527235430_6.pdf','14',NULL,NULL,'2020-05-28 07:54:30','2020-05-28 07:54:30',NULL),
(95,'PermohonanModel',6,'/uploads/invoice/','invoice_20200527235430_6.pdf','15',NULL,NULL,'2020-05-28 07:54:30','2020-05-28 07:54:30',NULL),
(96,'PermohonanModel',6,'/uploads/sstc/','sstc_20200527235430_6.pdf','17',NULL,NULL,'2020-05-28 07:54:30','2020-05-28 07:54:30',NULL),
(97,'PermohonanModel',6,'/uploads/resultmeeting/','resultmeeting_20200527235430_6.pdf','18',NULL,NULL,'2020-05-28 07:54:30','2020-05-28 07:54:30',NULL),
(98,'PermohonanModel',6,'/uploads/suratlantikanc/','suratlantikanc_20200527235430_6.pdf','19',NULL,NULL,'2020-05-28 07:54:30','2020-05-28 07:54:30',NULL),
(99,'PermohonanModel',6,'/uploads/maintenance/','maintenance_20200527235430_6.pdf','21',NULL,NULL,'2020-05-28 07:54:30','2020-05-28 07:54:30',NULL),
(100,'PermohonanModel',6,'/uploads/kontrak/','kontrak_20200527235430_6.pdf','22',NULL,NULL,'2020-05-28 07:54:30','2020-05-28 07:54:30',NULL),
(101,'PermohonanModel',6,'/uploads/namelist/','namelist_20200527235430_6.pdf','24',NULL,NULL,'2020-05-28 07:54:30','2020-05-28 07:54:30',NULL),
(102,'PermohonanModel',6,'/uploads/tentative/','tentative_20200527235430_6.pdf','25',NULL,NULL,'2020-05-28 07:54:30','2020-05-28 07:54:30',NULL),
(103,'PermohonanModel',6,'/uploads/lpofile/','lpofile_20200528004253_6.pdf','2',NULL,NULL,'2020-05-28 08:42:53','2020-05-28 08:42:53',NULL),
(104,'PermohonanModel',7,'/uploads/bomfile/','bomfile_20200528043025_7.pdf','1',NULL,NULL,'2020-05-28 12:30:25','2020-05-28 12:30:25',NULL),
(105,'PermohonanModel',7,'/uploads/sebutharga/','sebutharga_20200528043025_7_1.pdf','3',NULL,NULL,'2020-05-28 12:30:25','2020-05-28 12:30:25',NULL),
(106,'PermohonanModel',7,'/uploads/sebutharga/','sebutharga_20200528043025_7_2.pdf','3',NULL,NULL,'2020-05-28 12:30:25','2020-05-28 12:30:25',NULL),
(107,'PermohonanModel',7,'/uploads/minitbom/','minitbom_20200528043025_7.pdf','4',NULL,NULL,'2020-05-28 12:30:25','2020-05-28 12:30:25',NULL),
(108,'PermohonanModel',7,'/uploads/anggaranbom/','anggaranbom_20200528043025_7.pdf','5',NULL,NULL,'2020-05-28 12:30:25','2020-05-28 12:30:25',NULL),
(109,'PermohonanModel',7,'/uploads/lulusmof/','lulusmof_20200528043025_7.pdf','8',NULL,NULL,'2020-05-28 12:30:25','2020-05-28 12:30:25',NULL),
(110,'PermohonanModel',7,'/uploads/suratlantikanb/','suratlantikanb_20200528043025_7.pdf','11',NULL,NULL,'2020-05-28 12:30:25','2020-05-28 12:30:25',NULL),
(111,'PermohonanModel',7,'/uploads/jadualbayar/','jadualbayar_20200528043025_7.pdf','12',NULL,NULL,'2020-05-28 12:30:25','2020-05-28 12:30:25',NULL),
(112,'PermohonanModel',7,'/uploads/sstc/','sstc_20200528043025_7.pdf','17',NULL,NULL,'2020-05-28 12:30:25','2020-05-28 12:30:25',NULL),
(113,'PermohonanModel',7,'/uploads/suratlantikanc/','suratlantikanc_20200528043025_7.pdf','19',NULL,NULL,'2020-05-28 12:30:25','2020-05-28 12:30:25',NULL),
(114,'PermohonanModel',7,'/uploads/namelist/','namelist_20200528043025_7.pdf','24',NULL,NULL,'2020-05-28 12:30:25','2020-05-28 12:30:25',NULL),
(115,'PermohonanModel',7,'/uploads/tentative/','tentative_20200528043025_7.pdf','25',NULL,NULL,'2020-05-28 12:30:25','2020-05-28 12:30:25',NULL),
(116,'PermohonanModel',7,'/uploads/sijilgst/','sijilgst_20200528044000_7.pdf','6',NULL,NULL,'2020-05-28 12:40:00','2020-05-28 12:40:00',NULL),
(117,'PermohonanModel',7,'/uploads/lpofile/','lpofile_20200528044733_7.pdf','2',NULL,NULL,'2020-05-28 12:47:33','2020-05-28 12:47:33',NULL),
(118,'PermohonanModel',8,'/uploads/bomfile/','bomfile_20200528055855_8.pdf','1',NULL,NULL,'2020-05-28 13:58:55','2020-05-28 13:58:55',NULL),
(119,'PermohonanModel',9,'/uploads/bomfile/','bomfile_20200528170036_9.pdf','1',NULL,NULL,'2020-05-29 01:00:36','2020-05-29 01:00:36',NULL),
(120,'PermohonanModel',9,'/uploads/sebutharga/','sebutharga_20200528170036_9_1.pdf','3',NULL,NULL,'2020-05-29 01:00:36','2020-05-29 01:00:36',NULL),
(121,'PermohonanModel',9,'/uploads/minitbom/','minitbom_20200528170036_9.pdf','4',NULL,NULL,'2020-05-29 01:00:36','2020-05-29 01:00:36',NULL),
(122,'PermohonanModel',9,'/uploads/anggaranbom/','anggaranbom_20200528170036_9.pdf','5',NULL,NULL,'2020-05-29 01:00:36','2020-05-29 01:00:36',NULL),
(123,'PermohonanModel',9,'/uploads/sijilgst/','sijilgst_20200528170036_9.pdf','6',NULL,NULL,'2020-05-29 01:00:36','2020-05-29 01:00:36',NULL),
(124,'PermohonanModel',10,'/uploads/bomfile/','bomfile_20200530191715_10.pdf','1',NULL,NULL,'2020-05-31 03:17:16','2020-05-31 03:17:16',NULL),
(125,'PermohonanModel',11,'/uploads/bomfile/','bomfile_20200531094505_11.pdf','1',NULL,NULL,'2020-05-31 17:45:05','2020-05-31 17:45:05',NULL),
(126,'PermohonanModel',11,'/uploads/minitbom/','minitbom_20200531094505_11.pdf','4',NULL,NULL,'2020-05-31 17:45:05','2020-05-31 17:45:05',NULL),
(127,'PermohonanModel',11,'/uploads/anggaranbom/','anggaranbom_20200531094505_11.pdf','5',NULL,NULL,'2020-05-31 17:45:05','2020-05-31 17:45:05',NULL),
(128,'PermohonanModel',11,'/uploads/namepenginap/','namepenginap_20200531094505_11.pdf','27',NULL,NULL,'2020-05-31 17:45:05','2020-05-31 17:45:05',NULL),
(129,'PermohonanModel',11,'/uploads/sstb/','sstb_20200531094505_11.pdf','10',NULL,NULL,'2020-05-31 17:45:05','2020-05-31 17:45:05',NULL),
(130,'PermohonanModel',11,'/uploads/jadualbayar/','jadualbayar_20200531094505_11.pdf','12',NULL,NULL,'2020-05-31 17:45:05','2020-05-31 17:45:05',NULL),
(131,'PermohonanModel',11,'/uploads/resultmeeting/','resultmeeting_20200531094505_11.pdf','18',NULL,NULL,'2020-05-31 17:45:05','2020-05-31 17:45:05',NULL),
(132,'PermohonanModel',11,'/uploads/maintenance/','maintenance_20200531094505_11.pdf','21',NULL,NULL,'2020-05-31 17:45:05','2020-05-31 17:45:05',NULL),
(133,'PermohonanModel',11,'/uploads/namelist/','namelist_20200531094505_11.pdf','24',NULL,NULL,'2020-05-31 17:45:05','2020-05-31 17:45:05',NULL),
(134,'PermohonanModel',11,'/uploads/sebutharga/','sebutharga_20200531104913_11_1.pdf','3',NULL,NULL,'2020-05-31 18:49:13','2020-05-31 18:49:13',NULL),
(135,'PermohonanModel',11,'/uploads/lpofile/','lpofile_20200531123952_11.pdf','2',NULL,NULL,'2020-05-31 20:39:52','2020-05-31 20:39:52',NULL),
(138,'PermohonanModel',11,'/uploads/lpofilesupp/','lpofilesupplier_20200531132312_11.pdf','30',NULL,NULL,'2020-05-31 21:23:12','2020-05-31 21:23:12','2020-05-31 14:12:16'),
(139,'PermohonanModel',11,'/uploads/invoicesupplier/','invoicesupplier_20200531132312_11.pdf','31',NULL,NULL,'2020-05-31 21:23:12','2020-05-31 21:23:12','2020-05-31 14:12:16'),
(140,'PermohonanModel',11,'/uploads/lpofilesupp/','lpofilesupplier_20200531141216_11.pdf','30',NULL,NULL,'2020-05-31 22:12:16','2020-05-31 22:12:16',NULL),
(141,'PermohonanModel',11,'/uploads/invoicesupplier/','invoicesupplier_20200531141216_11.pdf','31',NULL,NULL,'2020-05-31 22:12:16','2020-05-31 22:12:16',NULL),
(142,'PermohonanModel',13,'/uploads/bomfile/','bomfile_20200714154245_13.pdf','1',NULL,NULL,'2020-07-14 23:42:45','2020-07-14 23:42:45',NULL),
(143,'PermohonanModel',13,'/uploads/sebutharga/','sebutharga_20200714154245_13_1.pdf','3',NULL,NULL,'2020-07-14 23:42:45','2020-07-14 23:42:45',NULL),
(144,'PermohonanModel',13,'/uploads/minitbom/','minitbom_20200714154245_13.pdf','4',NULL,NULL,'2020-07-14 23:42:45','2020-07-14 23:42:45',NULL),
(145,'PermohonanModel',13,'/uploads/anggaranbom/','anggaranbom_20200714154245_13.pdf','5',NULL,NULL,'2020-07-14 23:42:45','2020-07-14 23:42:45',NULL),
(146,'PermohonanModel',13,'/uploads/lpofile/','lpofile_20200714155216_13.pdf','2',NULL,NULL,'2020-07-14 23:52:16','2020-07-14 23:52:16',NULL),
(147,'PermohonanModel',13,'/uploads/lpofilesupp/','lpofilesupplier_20200714155419_13.pdf','30',NULL,NULL,'2020-07-14 23:54:19','2020-07-14 23:54:19',NULL),
(148,'PermohonanModel',13,'/uploads/invoicesupplier/','invoicesupplier_20200714155419_13.pdf','31',NULL,NULL,'2020-07-14 23:54:19','2020-07-14 23:54:19',NULL),
(149,'PermohonanModel',14,'/uploads/bomfile/','bomfile_20200722151224_14.pdf','1',NULL,NULL,'2020-07-22 23:12:24','2020-07-22 23:12:24',NULL),
(150,'PermohonanModel',14,'/uploads/sebutharga/','sebutharga_20200722151224_14_1.pdf','3',NULL,NULL,'2020-07-22 23:12:24','2020-07-22 23:12:24',NULL),
(151,'PermohonanModel',14,'/uploads/namepenginap/','namepenginap_20200722154907_14.pdf','27',NULL,NULL,'2020-07-22 23:49:07','2020-07-22 23:49:07',NULL),
(152,'PermohonanModel',14,'/uploads/lulusmof/','lulusmof_20200722154907_14.pdf','8',NULL,NULL,'2020-07-22 23:49:07','2020-07-22 23:49:07',NULL),
(153,'PermohonanModel',14,'/uploads/suratlantikanb/','suratlantikanb_20200722154907_14.pdf','11',NULL,NULL,'2020-07-22 23:49:07','2020-07-22 23:49:07',NULL),
(154,'PermohonanModel',14,'/uploads/namelist/','namelist_20200722154907_14.pdf','24',NULL,NULL,'2020-07-22 23:49:07','2020-07-22 23:49:07',NULL),
(155,'PermohonanModel',14,'/uploads/lpofile/','lpofile_20200722161111_14.pdf','2',NULL,NULL,'2020-07-23 00:11:11','2020-07-23 00:11:11',NULL),
(156,'PermohonanModel',14,'/uploads/lpofilesupp/','lpofilesupplier_20200722161310_14.pdf','30',NULL,NULL,'2020-07-23 00:13:10','2020-07-23 00:13:10','2020-07-22 17:09:48'),
(157,'PermohonanModel',14,'/uploads/invoicesupplier/','invoicesupplier_20200722161310_14.pdf','31',NULL,NULL,'2020-07-23 00:13:10','2020-07-23 00:13:10','2020-07-22 17:09:48'),
(158,'PermohonanModel',14,'/uploads/lpofilesupp/','lpofilesupplier_20200722170948_14.pdf','30',NULL,NULL,'2020-07-23 01:09:48','2020-07-23 01:09:48',NULL),
(159,'PermohonanModel',14,'/uploads/invoicesupplier/','invoicesupplier_20200722170948_14.pdf','31',NULL,NULL,'2020-07-23 01:09:48','2020-07-23 01:09:48',NULL);

/*Table structure for table `user_has_permissions` */


CREATE TABLE `user_has_permissions` (
  `user_id` int(10) unsigned NOT NULL,
  `permission_id` int(10) unsigned NOT NULL,
  PRIMARY KEY (`user_id`,`permission_id`),
  KEY `user_has_permissions_permission_id_foreign` (`permission_id`),
  CONSTRAINT `user_has_permissions_permission_id_foreign` FOREIGN KEY (`permission_id`) REFERENCES `permissions` (`id`) ON DELETE CASCADE,
  CONSTRAINT `user_has_permissions_user_id_foreign` FOREIGN KEY (`user_id`) REFERENCES `users` (`id`) ON DELETE CASCADE
) ENGINE=InnoDB DEFAULT CHARSET=utf8 COLLATE=utf8_unicode_ci ROW_FORMAT=DYNAMIC COMMENT='ACL related';

/*Data for the table `user_has_permissions` */

/*Table structure for table `user_has_roles` */


CREATE TABLE `user_has_roles` (
  `role_id` int(10) unsigned NOT NULL,
  `user_id` int(10) unsigned NOT NULL,
  PRIMARY KEY (`role_id`,`user_id`),
  KEY `user_has_roles_user_id_foreign` (`user_id`),
  CONSTRAINT `user_has_roles_role_id_foreign` FOREIGN KEY (`role_id`) REFERENCES `roles` (`id`) ON DELETE CASCADE,
  CONSTRAINT `user_has_roles_user_id_foreign` FOREIGN KEY (`user_id`) REFERENCES `users` (`id`) ON DELETE CASCADE
) ENGINE=InnoDB DEFAULT CHARSET=utf8 COLLATE=utf8_unicode_ci ROW_FORMAT=DYNAMIC COMMENT='ACL related';

/*Data for the table `user_has_roles` */

insert  into `user_has_roles`(`role_id`,`user_id`) values 
(1,1),
(2,1),
(2,2),
(2,21),
(2,46),
(2,53),
(2,71),
(2,106),
(2,123),
(2,196),
(2,213),
(2,221),
(2,243),
(2,289),
(2,292),
(2,347),
(2,355),
(6,9),
(6,129),
(6,284),
(7,36),
(7,39),
(7,49),
(7,66),
(7,79),
(7,99),
(7,131),
(7,141),
(7,143),
(7,216),
(7,242),
(7,252),
(7,255),
(7,264),
(7,285),
(7,297),
(7,304),
(7,307),
(7,356),
(8,3),
(8,4),
(8,6),
(8,7),
(8,8),
(8,10),
(8,11),
(8,12),
(8,13),
(8,14),
(8,15),
(8,16),
(8,17),
(8,18),
(8,19),
(8,20),
(8,22),
(8,23),
(8,24),
(8,25),
(8,26),
(8,27),
(8,28),
(8,29),
(8,30),
(8,31),
(8,32),
(8,33),
(8,34),
(8,35),
(8,37),
(8,38),
(8,40),
(8,41),
(8,42),
(8,43),
(8,44),
(8,45),
(8,47),
(8,48),
(8,50),
(8,51),
(8,52),
(8,54),
(8,55),
(8,56),
(8,57),
(8,58),
(8,59),
(8,60),
(8,61),
(8,62),
(8,63),
(8,64),
(8,65),
(8,67),
(8,68),
(8,69),
(8,70),
(8,72),
(8,73),
(8,74),
(8,75),
(8,76),
(8,77),
(8,78),
(8,80),
(8,81),
(8,82),
(8,83),
(8,84),
(8,85),
(8,86),
(8,87),
(8,88),
(8,89),
(8,90),
(8,91),
(8,92),
(8,93),
(8,94),
(8,95),
(8,96),
(8,97),
(8,98),
(8,100),
(8,101),
(8,102),
(8,103),
(8,104),
(8,105),
(8,107),
(8,108),
(8,109),
(8,110),
(8,111),
(8,112),
(8,113),
(8,114),
(8,115),
(8,116),
(8,117),
(8,118),
(8,119),
(8,120),
(8,121),
(8,122),
(8,124),
(8,125),
(8,126),
(8,127),
(8,128),
(8,130),
(8,132),
(8,133),
(8,134),
(8,135),
(8,136),
(8,137),
(8,138),
(8,139),
(8,140),
(8,142),
(8,144),
(8,145),
(8,146),
(8,147),
(8,148),
(8,149),
(8,150),
(8,151),
(8,152),
(8,153),
(8,154),
(8,155),
(8,156),
(8,157),
(8,158),
(8,159),
(8,160),
(8,161),
(8,162),
(8,163),
(8,164),
(8,165),
(8,166),
(8,167),
(8,168),
(8,169),
(8,170),
(8,173),
(8,174),
(8,175),
(8,176),
(8,177),
(8,178),
(8,179),
(8,180),
(8,181),
(8,182),
(8,183),
(8,184),
(8,185),
(8,186),
(8,187),
(8,188),
(8,189),
(8,190),
(8,191),
(8,192),
(8,193),
(8,194),
(8,195),
(8,197),
(8,198),
(8,199),
(8,200),
(8,201),
(8,202),
(8,203),
(8,204),
(8,205),
(8,206),
(8,207),
(8,208),
(8,209),
(8,210),
(8,211),
(8,212),
(8,214),
(8,215),
(8,217),
(8,218),
(8,219),
(8,220),
(8,222),
(8,223),
(8,224),
(8,225),
(8,226),
(8,227),
(8,228),
(8,229),
(8,230),
(8,231),
(8,232),
(8,233),
(8,234),
(8,235),
(8,236),
(8,237),
(8,238),
(8,239),
(8,240),
(8,241),
(8,244),
(8,245),
(8,246),
(8,247),
(8,248),
(8,249),
(8,250),
(8,251),
(8,253),
(8,254),
(8,256),
(8,257),
(8,258),
(8,259),
(8,260),
(8,261),
(8,262),
(8,263),
(8,265),
(8,266),
(8,267),
(8,268),
(8,269),
(8,270),
(8,271),
(8,272),
(8,273),
(8,274),
(8,275),
(8,276),
(8,277),
(8,278),
(8,279),
(8,280),
(8,281),
(8,282),
(8,283),
(8,286),
(8,287),
(8,288),
(8,290),
(8,291),
(8,293),
(8,294),
(8,295),
(8,296),
(8,298),
(8,299),
(8,300),
(8,301),
(8,302),
(8,303),
(8,305),
(8,306),
(8,308),
(8,309),
(8,310),
(8,311),
(8,312),
(8,313),
(8,314),
(8,315),
(8,316),
(8,317),
(8,318),
(8,319),
(8,320),
(8,321),
(8,322),
(8,323),
(8,324),
(8,325),
(8,326),
(8,327),
(8,328),
(8,329),
(8,330),
(8,331),
(8,332),
(8,333),
(8,334),
(8,335),
(8,336),
(8,337),
(8,338),
(8,339),
(8,340),
(8,341),
(8,342),
(8,343),
(8,344),
(8,345),
(8,346),
(8,348),
(8,349),
(8,350),
(8,351),
(8,352),
(8,353),
(8,354),
(8,357),
(8,358),
(8,359),
(8,360),
(8,361),
(8,362),
(8,363),
(8,364),
(8,365),
(8,366),
(8,367),
(8,368),
(8,369),
(8,370),
(8,371),
(8,372),
(8,373),
(8,374),
(8,375),
(8,376),
(8,377),
(8,378),
(8,379),
(8,380),
(8,381),
(9,171),
(9,172),
(10,5);

/*Table structure for table `users_detail` */


CREATE TABLE `users_detail` (
  `users_detail_id` int(11) NOT NULL AUTO_INCREMENT,
  `user_id` int(11) NOT NULL,
  `salutation_id` int(11) DEFAULT '1',
  `gender_id` int(11) DEFAULT '1',
  `users_detail_name` varchar(100) NOT NULL,
  `users_detail_staffno` varchar(20) NOT NULL,
  `users_detail_fileno` varchar(20) DEFAULT NULL COMMENT 'enrich no',
  `users_detail_idno` varchar(16) NOT NULL,
  `users_detail_passport` varchar(20) DEFAULT NULL,
  `users_detail_address1` varchar(100) DEFAULT NULL,
  `users_detail_address2` varchar(100) DEFAULT NULL,
  `users_detail_address3` varchar(100) DEFAULT NULL,
  `users_detail_postcode` char(5) DEFAULT NULL,
  `district_id` int(11) DEFAULT NULL,
  `state_id` int(11) DEFAULT NULL,
  `users_detail_mobileno` varchar(12) DEFAULT NULL,
  `users_detail_homeno` varchar(12) DEFAULT NULL,
  `users_detail_workno` varchar(12) DEFAULT NULL,
  `users_detail_email` varchar(100) DEFAULT NULL,
  `users_detail_isinternal` char(1) NOT NULL DEFAULT '0',
  `cawangan_id` int(11) DEFAULT NULL,
  `unit_bahagian_id` int(11) DEFAULT NULL,
  `jawatan_id` int(11) DEFAULT NULL,
  `gred_id` int(11) DEFAULT NULL,
  `manager_id` int(11) DEFAULT NULL COMMENT 'user_id',
  `race_id` int(11) DEFAULT '1',
  `religion_id` int(11) DEFAULT '1',
  `created_at` timestamp NULL DEFAULT NULL,
  `updated_at` timestamp NOT NULL DEFAULT CURRENT_TIMESTAMP,
  `deleted_at` timestamp NULL DEFAULT NULL,
  PRIMARY KEY (`users_detail_id`),
  KEY `idx_userdetail_user_id` (`user_id`),
  KEY `idx_userdetail_unit_bahagian_id` (`unit_bahagian_id`),
  KEY `idx_userdetail_jawatan_id` (`jawatan_id`),
  KEY `idx_userdetail_gred_id` (`gred_id`),
  KEY `idx_userdetail_manager_id` (`manager_id`)
) ENGINE=InnoDB AUTO_INCREMENT=543 DEFAULT CHARSET=latin1;

/*Data for the table `users_detail` */

insert  into `users_detail`(`users_detail_id`,`user_id`,`salutation_id`,`gender_id`,`users_detail_name`,`users_detail_staffno`,`users_detail_fileno`,`users_detail_idno`,`users_detail_passport`,`users_detail_address1`,`users_detail_address2`,`users_detail_address3`,`users_detail_postcode`,`district_id`,`state_id`,`users_detail_mobileno`,`users_detail_homeno`,`users_detail_workno`,`users_detail_email`,`users_detail_isinternal`,`cawangan_id`,`unit_bahagian_id`,`jawatan_id`,`gred_id`,`manager_id`,`race_id`,`religion_id`,`created_at`,`updated_at`,`deleted_at`) values 
(3,3,1,1,'Ab. Razak Salleh ','2112',NULL,'620310035231',NULL,NULL,NULL,NULL,NULL,NULL,NULL,NULL,NULL,NULL,'razaksalleh@mpc.gov.my','0',NULL,5,23,12,36,1,1,'2019-03-29 18:11:45','2019-03-29 18:11:45',NULL),
(4,4,1,1,'ABANG NURFADLI ABANG YUSUF','1602','','881113136047','','','','',NULL,NULL,NULL,NULL,NULL,NULL,'nurfadli@mpc.gov.my','0',NULL,11,27,3,264,1,1,'2019-08-19 20:57:24','2019-08-19 20:57:24',NULL),
(5,5,1,1,'ABDOLLAH TALIB','2113','','641129055193','','','','',NULL,NULL,NULL,NULL,NULL,NULL,'dollah@mpc.gov.my','0',NULL,3,14,21,39,1,1,'2020-07-23 00:55:54','2020-07-23 00:55:54',NULL),
(6,6,1,1,'Abdul Hadi Ishak','2971',NULL,'810825045057',NULL,NULL,NULL,NULL,NULL,NULL,NULL,NULL,NULL,NULL,'hadi@mpc.gov.my','0',NULL,5,15,19,36,1,1,'2019-03-29 18:11:45','2019-03-29 18:11:45',NULL),
(7,7,1,1,'Abdul Hakim bin Mohamad Sharif','3043',NULL,'840515145893',NULL,NULL,NULL,NULL,NULL,NULL,NULL,NULL,NULL,NULL,'hakim@mpc.gov.my','0',NULL,5,8,9,36,1,1,'2019-03-29 18:11:45','2019-03-29 18:11:45',NULL),
(8,8,1,1,'Abdul Karim Abdul Halim','2970',NULL,'810328145225',NULL,NULL,NULL,NULL,NULL,NULL,NULL,NULL,NULL,NULL,'karim@mpc.gov.my','0',NULL,5,10,16,36,1,1,'2019-03-29 18:11:45','2019-03-29 18:11:45',NULL),
(9,9,1,1,'DATO\' ABDUL LATIF BIN HAJI ABU SEMAN','1179','069136863','610529065073','A38040968','','','',NULL,NULL,NULL,'0192817473',NULL,NULL,'abdullatif@mpc.gov.my','0',NULL,6,32,14,131,1,1,'2020-02-03 22:31:27','2020-02-03 22:31:27',NULL),
(10,10,1,1,'ABDUL LATIF HUSSEIN','2061','','600723135435','','','','',NULL,NULL,NULL,NULL,NULL,NULL,'abdullatifh@mpc.gov.my','0',NULL,11,23,12,36,1,1,'2019-09-10 21:19:34','2019-09-10 21:19:34',NULL),
(11,11,1,1,'Abdul Malek Mohamad Aripin','1407',NULL,'690206045185',NULL,NULL,NULL,NULL,NULL,NULL,NULL,NULL,NULL,NULL,'malek@mpc.gov.my','0',NULL,2,18,4,242,1,1,'2019-03-29 18:11:45','2019-03-29 18:11:45',NULL),
(12,12,1,1,'Abdul Quyun Mansor','3114',NULL,'850207065305',NULL,NULL,NULL,NULL,NULL,NULL,NULL,NULL,NULL,NULL,'quyun@mpc.gov.my','0',NULL,5,10,16,36,1,1,'2019-03-29 18:11:45','2019-03-29 18:11:45',NULL),
(13,13,1,1,'ABIGAIL SUBATRA A/P ANBALAKAN','1589','325625075','850106055140','A37752301','Mpc','','',NULL,NULL,NULL,'0125396594',NULL,NULL,'abigail@mpc.gov.my','0',NULL,1,27,3,79,1,1,'2019-10-01 23:05:45','2019-10-01 23:05:45',NULL),
(14,14,1,1,'Adlina Snawi','1434',NULL,'781031075342',NULL,NULL,NULL,NULL,NULL,NULL,NULL,NULL,NULL,NULL,'adlina@mpc.gov.my','0',NULL,9,27,3,99,1,1,'2019-03-29 18:11:45','2019-03-29 18:11:45',NULL),
(15,15,1,1,'Ahmad Fathan Abdul Rahim','1652',NULL,'860818355343',NULL,NULL,NULL,NULL,NULL,NULL,NULL,NULL,NULL,NULL,'fathan@mpc.gov.my','0',NULL,9,27,3,99,1,1,'2019-03-29 18:11:45','2019-03-29 18:11:45',NULL),
(16,16,1,1,'AHMAD HARRIS ABDULLAH','1495','307206491','790805115235','','','','',NULL,NULL,NULL,'0123155978',NULL,NULL,'harris@mpc.gov.my','0',NULL,6,18,4,39,1,1,'2019-11-29 06:44:06','2019-11-29 06:44:06',NULL),
(17,17,1,1,'Aiman Zakwan Zahari','1594',NULL,'891020015691',NULL,NULL,NULL,NULL,NULL,NULL,NULL,NULL,NULL,NULL,'aiman@mpc.gov.my','0',NULL,6,27,3,307,1,1,'2019-03-29 18:11:45','2019-03-29 18:11:45',NULL),
(18,18,1,1,'Aizulhisham Mat Menan','3013',NULL,'801211105313',NULL,NULL,NULL,NULL,NULL,NULL,NULL,NULL,NULL,NULL,'aizul@mpc.gov.my','0',NULL,5,25,22,36,1,1,'2019-03-29 18:11:45','2019-03-29 18:11:45',NULL),
(19,19,1,1,'AKMAR ASHAARI','2990','','790723075671','','','','',NULL,NULL,NULL,NULL,NULL,NULL,'akmar@mpc.gov.my','0',NULL,5,14,20,36,1,1,'2019-04-24 02:06:27','2019-04-24 02:06:27',NULL),
(20,20,1,1,'Al Hisyam Abdul Halim','1565',NULL,'780407145421',NULL,NULL,NULL,NULL,NULL,NULL,NULL,NULL,NULL,NULL,'alhisyam@mpc.gov.my','0',NULL,1,27,3,79,1,1,'2019-03-29 18:11:45','2019-03-29 18:11:45',NULL),
(21,21,1,1,'ALUYAH SUHAILI','2123','','630805135268','','','','',NULL,NULL,NULL,NULL,NULL,NULL,'alluyah@mpc.gov.my','0',NULL,11,16,20,264,1,1,'2019-08-19 21:29:39','2019-08-19 21:29:39',NULL),
(22,22,1,1,'Amirul Qamar Zakaria','3113',NULL,'870118086399',NULL,NULL,NULL,NULL,NULL,NULL,NULL,NULL,NULL,NULL,'amirulqamar@mpc.gov.my','0',NULL,5,22,12,36,1,1,'2019-03-29 18:11:45','2019-03-29 18:11:45',NULL),
(23,23,1,1,'Anis Marina Abd. Wahab','1591',NULL,'850708145936',NULL,NULL,NULL,NULL,NULL,NULL,NULL,NULL,NULL,NULL,'anis@mpc.gov.my','0',NULL,6,27,3,307,1,1,'2019-03-29 18:11:45','2019-03-29 18:11:45',NULL),
(24,24,1,1,'ASMAHAN OTHMAN','1429','','730601715226','','','','',NULL,NULL,NULL,'0133633353',NULL,NULL,'asmahan@mpc.gov.my','0',NULL,7,18,4,141,1,1,'2019-07-03 03:53:47','2019-07-03 03:53:47',NULL),
(25,25,1,1,'ASMAWADI MOHAMED','1501','329308125','800318035293','','','','',NULL,NULL,NULL,'0192726733',NULL,NULL,'asmawadi@mpc.gov.my','0',NULL,2,19,5,242,1,1,'2019-10-10 20:46:56','2019-10-10 20:46:56',NULL),
(26,26,1,1,'ATHIRAH ISHAK','1657','MH32599788','890925035094','','No 22, Jalan Pjs 1/2b,','Taman Perangsang','','46000',1235,14,'0193331371',NULL,NULL,'athirah@mpc.gov.my','0',NULL,6,27,3,39,1,1,'2019-04-11 21:53:58','2019-04-11 21:53:58',NULL),
(27,27,1,1,'Ati Djam Seri Montoi','1433',NULL,'721110125470',NULL,NULL,NULL,NULL,NULL,NULL,NULL,NULL,NULL,NULL,'atidjam@mpc.gov.my','0',NULL,7,18,4,141,1,1,'2019-03-29 18:11:45','2019-03-29 18:11:45',NULL),
(28,28,1,1,'Awang Udin Kanda ','2124',NULL,'620807125523',NULL,NULL,NULL,NULL,NULL,NULL,NULL,NULL,NULL,NULL,'awangudin@mpc.gov.my','0',NULL,10,10,16,72,1,1,'2019-03-29 18:11:45','2019-03-29 18:11:45',NULL),
(29,29,1,1,'AZHANI ISMAIL','1424','MH01467911','740621715142','A40088429','','','',NULL,NULL,NULL,'0163549115',NULL,NULL,'azhani@mpc.gov.my','0',NULL,4,18,4,304,1,1,'2019-10-23 03:54:11','2019-10-23 03:54:11',NULL),
(30,30,1,1,'Azimah Adnan','1531',NULL,'820910105084',NULL,NULL,NULL,NULL,NULL,NULL,NULL,NULL,NULL,NULL,'azimah@mpc.gov.my','0',NULL,4,18,4,304,1,1,'2019-03-29 18:11:45','2019-03-29 18:11:45',NULL),
(31,31,1,1,'AZIRA MOHAMED HODZAI','1580','','871121295452','','','','',NULL,NULL,NULL,'0179841606',NULL,NULL,'azira@mpc.gov.my','0',NULL,5,27,3,36,1,1,'2019-07-19 04:14:15','2019-07-19 04:14:15',NULL),
(32,32,1,1,'Azizan Omar ','2069',NULL,'590613055315',NULL,NULL,NULL,NULL,NULL,NULL,NULL,NULL,NULL,NULL,'azizan@mpc.gov.my','0',NULL,5,10,17,36,1,1,'2019-03-29 18:11:45','2019-03-29 18:11:45',NULL),
(33,33,1,1,'AZLAN KASSIM','1197','','600518106299','','','','',NULL,NULL,NULL,NULL,NULL,NULL,'azk@mpc.gov.my','0',NULL,8,33,6,304,1,1,'2020-01-06 23:58:08','2020-01-06 23:58:08',NULL),
(34,34,1,1,'Azlin Mohd Alias    ','1462',NULL,'771102145856',NULL,NULL,NULL,NULL,NULL,NULL,NULL,NULL,NULL,NULL,'azlin@mpc.gov.my','0',NULL,4,18,4,304,1,1,'2019-03-29 18:11:45','2019-03-29 18:11:45',NULL),
(35,35,1,1,'Bahar Musa ','2051',NULL,'591116055239',NULL,NULL,NULL,NULL,NULL,NULL,NULL,NULL,NULL,NULL,'bahar@mpc.gov.my','0',NULL,2,10,16,242,1,1,'2019-03-29 18:11:45','2019-03-29 18:11:45',NULL),
(36,36,1,1,'BURHANUDDIN SAIDIN','1199','016599273','601103085419','A51979098','No. 8, Jln Pjs 1/2b','Tmn Perangsang','','46000',1235,14,'0192381199','0192381199',NULL,'bob@mpc.gov.my','0',NULL,6,17,7,304,1,1,'2020-02-21 16:18:20','2020-02-21 16:18:20',NULL),
(37,37,1,1,'CHAM YIN HWA','1572','305455813','850809045416','A51536464','','','','47800',1328,14,'0176813528',NULL,NULL,'cham@mpc.gov.my','0',NULL,6,27,3,39,1,1,'2019-05-21 22:29:32','2019-05-21 22:29:32',NULL),
(38,38,1,1,'DARUL ADIZUL ISHAK','1556','','821110105937','','','','',NULL,NULL,NULL,NULL,NULL,NULL,'daruladizul@mpc.gov.my','0',NULL,10,27,3,41,1,1,'2020-01-24 03:29:47','2020-01-24 03:29:47',NULL),
(39,39,1,1,'DR. DAUD TALIB','1277','251150664','650523015733','','Lot 36203, Jalan Angsana, Kampung Sg. Ramal Dalam 43000 Kajang Selangor Darul Ehsan','','','43000',1197,14,'0196583266','0196583266',NULL,'daud@mpc.gov.my','0',NULL,6,17,7,9,1,1,'2019-04-18 21:19:15','2019-04-18 21:19:15',NULL),
(40,40,1,1,'EAMIZAN HASIM','1340','','671215106089','','','','',NULL,NULL,NULL,NULL,NULL,NULL,'eamizan@mpc.gov.my','0',NULL,3,19,5,9,1,1,'2019-09-29 01:25:09','2019-09-29 01:25:09',NULL),
(41,41,1,1,'EDWARD BINTY','1435','MH06400394','750707125521','','','','',NULL,NULL,NULL,'0138793417',NULL,NULL,'edward@mpc.gov.my','0',NULL,10,18,4,66,1,1,'2020-02-03 22:40:10','2020-02-03 22:40:10',NULL),
(42,42,1,1,'Ellma Eddiahwati Musa','3067',NULL,'760622145362',NULL,NULL,NULL,NULL,NULL,NULL,NULL,NULL,NULL,NULL,'ellma@mpc.gov.my','0',NULL,6,30,22,9,1,1,'2019-03-29 18:11:45','2019-03-29 18:11:45',NULL),
(43,43,1,1,'Faizul Mohamed','2995',NULL,'730506015053',NULL,NULL,NULL,NULL,NULL,NULL,NULL,NULL,NULL,NULL,'faizul@mpc.gov.my','0',NULL,12,7,9,255,1,1,'2019-03-29 18:11:45','2019-03-29 18:11:45',NULL),
(44,44,1,1,'Fara Salinda Ayu Halim ','3072',NULL,'790904085772',NULL,NULL,NULL,NULL,NULL,NULL,NULL,NULL,NULL,NULL,'farasalinda@mpc.gov.my','0',NULL,3,15,18,129,1,1,'2019-03-29 18:11:45','2019-03-29 18:11:45',NULL),
(45,45,1,1,'FARA SURAYA HANI BINTI HALIM','3014','','780714085668','','Perbadanan Produktiviti Malaysia (mpc)','Lorong Produktiviti, Off Jalan Sultan','','46200',1239,14,'+60196790070',NULL,NULL,'fara@mpc.gov.my','0',NULL,4,13,19,304,1,1,'2019-04-25 00:33:23','2019-04-25 00:33:23',NULL),
(46,46,1,1,'FARAH DIYANA DERMA DEWA','3115','','820812105056','','','','',NULL,NULL,NULL,'0173969800',NULL,NULL,'diyana@mpc.gov.my','0',NULL,5,14,18,36,1,1,'2019-04-08 21:40:56','2019-04-08 21:40:56',NULL),
(47,47,1,1,'Farah Sazarina Othman','2964',NULL,'811203015456',NULL,NULL,NULL,NULL,NULL,NULL,NULL,NULL,NULL,NULL,'farah@mpc.gov.my','0',NULL,5,15,19,36,1,1,'2019-03-29 18:11:45','2019-03-29 18:11:45',NULL),
(48,48,1,1,'Farhan Abdullah','3044',NULL,'730617105449',NULL,NULL,NULL,NULL,NULL,NULL,NULL,NULL,NULL,NULL,'farhan@mpc.gov.my','0',NULL,3,7,9,129,1,1,'2019-03-29 18:11:45','2019-03-29 18:11:45',NULL),
(49,49,1,1,'FARIDAH TAJU RAHIM','1451','','760308065380','','','','',NULL,NULL,NULL,NULL,NULL,NULL,'faridah_tr@mpc.gov.my','0',NULL,8,18,4,66,1,1,'2020-01-14 00:04:14','2020-01-14 00:04:14',NULL),
(50,50,1,1,'Fauziah Ahmad Nawawi','2973',NULL,'790625105398',NULL,NULL,NULL,NULL,NULL,NULL,NULL,NULL,NULL,NULL,'fauziahnawawi@mpc.gov.my','0',NULL,5,14,18,36,1,1,'2019-03-29 18:11:45','2019-03-29 18:11:45',NULL),
(51,51,1,1,'FAUZIAH MANAF','2563','','660107065028','','','','',NULL,NULL,NULL,'0132258779','0132258779',NULL,'fauziah@mpc.gov.my','0',NULL,6,12,19,39,1,1,'2019-09-20 00:03:40','2019-09-20 00:03:40',NULL),
(52,52,1,1,'FAUZIAH SAKIMAN','2659','','720323015326','','','','',NULL,NULL,NULL,NULL,NULL,NULL,'fauziahsakiman@mpc.gov.my','0',NULL,12,14,19,255,1,1,'2019-04-16 20:31:14','2019-04-16 20:31:14',NULL),
(53,53,1,1,'FIZALAWATI AMIN','3078','310841860','810813135258','K53743648','Lot 894, Lorong Demak Laut 3a,','Jalan Bako, Taman Perindustrian Demak Laut','','93050',2538,15,'012-8722756',NULL,NULL,'fizalawati@mpc.gov.my','0',NULL,11,12,18,264,1,1,'2019-10-01 23:03:59','2019-10-01 23:03:59',NULL),
(54,54,1,1,'HAFIZA ATHA AHMAD','1496','','811010105092','','','','',NULL,NULL,NULL,'0189544092',NULL,NULL,'hafiza@mpc.gov.my','0',NULL,11,18,4,264,1,1,'2020-01-09 01:12:56','2020-01-09 01:12:56',NULL),
(55,55,1,1,'HAFIZAH SITH','1418','','790329016120','','','','',NULL,NULL,NULL,NULL,NULL,NULL,'hafizahsith@mpc.gov.my','0',NULL,4,18,4,307,1,1,'2019-04-18 21:40:40','2019-04-18 21:40:40',NULL),
(56,56,1,1,'Hafizoh Md. Aris','1497',NULL,'780402025746',NULL,NULL,NULL,NULL,NULL,NULL,NULL,NULL,NULL,NULL,'hafizoh@mpc.gov.my','0',NULL,6,27,3,9,1,1,'2019-03-29 18:11:45','2019-03-29 18:11:45',NULL),
(57,57,1,1,'Hairul Mizan Hamdan ','2997',NULL,'770222015947',NULL,NULL,NULL,NULL,NULL,NULL,NULL,NULL,NULL,NULL,'hairul@mpc.gov.my','0',NULL,12,20,11,255,1,1,'2019-03-29 18:11:45','2019-03-29 18:11:45',NULL),
(58,58,1,1,'HALIMAHTON SAADIAH LET','1409','','730930085368','','','','',NULL,NULL,NULL,NULL,NULL,NULL,'halimahton@mpc.gov.my','0',NULL,4,18,4,304,1,1,'2019-06-26 23:23:08','2019-06-26 23:23:08',NULL),
(59,59,1,1,'Hamzaly Zakaria','2998',NULL,'680617105825',NULL,NULL,NULL,NULL,NULL,NULL,NULL,NULL,NULL,NULL,'hamzaly@mpc.gov.my','0',NULL,5,8,9,36,1,1,'2019-03-29 18:11:45','2019-03-29 18:11:45',NULL),
(60,60,1,1,'HANISAH RAMLI','1529','316250896','840523105736','A34970132','No 5, Jalan Tanjung Agas 30/189','Taman Sri Murni, Jalan Kebun','','40460',1084,14,'0126554909',NULL,NULL,'hanisah@mpc.gov.my','0',NULL,4,27,3,285,1,1,'2019-11-19 01:07:05','2019-11-19 01:07:05',NULL),
(61,61,1,1,'Hasbullah Abdul Hamid ','3083',NULL,'800114025253',NULL,NULL,NULL,NULL,NULL,NULL,NULL,NULL,NULL,NULL,'hasbullah@mpc.gov.my','0',NULL,5,23,12,36,1,1,'2019-03-29 18:11:45','2019-03-29 18:11:45',NULL),
(62,62,1,1,'Haslizayanti Othman','1526',NULL,'810117065348',NULL,NULL,NULL,NULL,NULL,NULL,NULL,NULL,NULL,NULL,'haslizayanti@mpc.gov.my','0',NULL,6,27,3,307,1,1,'2019-03-29 18:11:45','2019-03-29 18:11:45',NULL),
(63,63,1,1,'Hazwani Nadiah Ismail','1525',NULL,'820913035624',NULL,NULL,NULL,NULL,NULL,NULL,NULL,NULL,NULL,NULL,'hazwani@mpc.gov.my','0',NULL,8,27,3,33,1,1,'2019-03-29 18:11:45','2019-03-29 18:11:45',NULL),
(64,64,1,1,'Hillina Abdul Karim','1457',NULL,'760325105284',NULL,NULL,NULL,NULL,NULL,NULL,NULL,NULL,NULL,NULL,'hillina@mpc.gov.my','0',NULL,5,3,29,36,1,1,'2019-03-29 18:11:45','2019-03-29 18:11:45',NULL),
(65,65,1,1,'Hishamuddin Hassan','3037',NULL,'811203025531',NULL,NULL,NULL,NULL,NULL,NULL,NULL,NULL,NULL,NULL,'hishammudin@mpc.gov.my','0',NULL,9,10,16,99,1,1,'2019-03-29 18:11:45','2019-03-29 18:11:45',NULL),
(66,66,1,1,'AB. RAHIM YUSOFF','1192','','601217035145','','','','',NULL,NULL,NULL,'0192342212',NULL,NULL,'abrahim@mpc.gov.my','0',NULL,7,32,15,9,1,1,'2019-12-04 00:57:36','2019-12-04 00:57:36',NULL),
(67,67,1,1,'Ab. Rashid Omar','1331',NULL,'660801045393',NULL,NULL,NULL,NULL,NULL,NULL,NULL,NULL,NULL,NULL,'abrash@mpc.gov.my','0',NULL,6,19,5,9,1,1,'2019-03-29 18:11:45','2019-03-29 18:11:45',NULL),
(68,68,1,1,'HUDA ATIQAH SAMSIR','1644','MH31346842','881028015128','','','','',NULL,NULL,NULL,'0137261950',NULL,NULL,'atiqah@mpc.gov.my','0',NULL,1,27,3,79,1,1,'2019-04-29 23:11:08','2019-04-29 23:11:08',NULL),
(69,69,1,1,'Ilyana Norsaidah Ab Rahman','1638',NULL,'910911035478',NULL,NULL,NULL,NULL,NULL,NULL,NULL,NULL,NULL,NULL,'ilyana@mpc.gov.my','0',NULL,6,27,3,39,1,1,'2019-03-29 18:11:45','2019-03-29 18:11:45',NULL),
(70,70,1,1,'Ingrid Ng Edy','1609',NULL,'871121495040',NULL,NULL,NULL,NULL,NULL,NULL,NULL,NULL,NULL,NULL,'ingrid@mpc.gov.my','0',NULL,10,27,3,72,1,1,'2019-03-29 18:11:45','2019-03-29 18:11:45',NULL),
(71,71,1,1,'ISRAM AZHAR','3047','','820324105479','','Lot 325a Jalan Simpang Balak, Kg. Simpang Balak,','','','43000',1197,14,'0163900444',NULL,NULL,'isram@mpc.gov.my','0',NULL,5,25,24,36,1,1,'2019-08-09 00:26:13','2019-08-09 00:26:13',NULL),
(72,72,1,1,'IZANI ISHAK','1275','','630610035689','','','','',NULL,NULL,NULL,NULL,NULL,NULL,'izani@mpc.gov.my','0',NULL,7,33,6,216,1,1,'2020-02-10 14:28:06','2020-02-10 14:28:06',NULL),
(73,73,1,1,'Izzul Ikhwan Ishak','1659',NULL,'910610105989',NULL,NULL,NULL,NULL,NULL,NULL,NULL,NULL,NULL,NULL,'izzul@mpc.gov.my','0',NULL,6,27,3,307,1,1,'2019-03-29 18:11:45','2019-03-29 18:11:45',NULL),
(74,74,1,1,'Jauza Juhairah Jimmy Abdullah','3141',NULL,'920127126324',NULL,NULL,NULL,NULL,NULL,NULL,NULL,NULL,NULL,NULL,'jacqueline@mpc.gov.my','0',NULL,6,14,18,307,1,1,'2019-03-29 18:11:45','2019-03-29 18:11:45',NULL),
(75,75,1,1,'JAYALETCHUMI KRISHNAN','1488','','780507025152','','','','',NULL,NULL,NULL,NULL,NULL,NULL,'jaya@mpc.gov.my','0',NULL,7,27,3,141,1,1,'2020-01-03 04:32:30','2020-01-03 04:32:30',NULL),
(76,76,1,1,'JERRY SHAHNIZAL AB AZIZ','1503','276928083','830808146065','','','','',NULL,NULL,NULL,NULL,NULL,NULL,'jerry@mpc.gov.my','0',NULL,6,18,4,78,1,1,'2019-09-14 02:36:38','2019-09-14 02:36:38',NULL),
(77,77,1,1,'Josffa Ismail','1408',NULL,'780215075975',NULL,NULL,NULL,NULL,NULL,NULL,NULL,NULL,NULL,NULL,'josffa@mpc.gov.my','0',NULL,4,18,4,304,1,1,'2019-03-29 18:11:45','2019-03-29 18:11:45',NULL),
(78,78,1,1,'KABIR AHMAD MOHD JAMIL','1170','','600101025303','','','','',NULL,NULL,NULL,NULL,NULL,NULL,'kabir@mpc.gov.my','0',NULL,6,17,7,356,1,1,'2020-01-06 22:48:26','2020-01-06 22:48:26',NULL),
(79,79,1,1,'KAMARUDDIN MOHAMAD','1183','','610718115105','','','','',NULL,NULL,NULL,NULL,NULL,NULL,'dinmohd@mpc.gov.my','0',NULL,1,17,7,129,1,1,'2019-04-18 21:29:00','2019-04-18 21:29:00',NULL),
(80,80,1,1,'Kamaruzaman Ramli ','3103',NULL,'830308115035',NULL,NULL,NULL,NULL,NULL,NULL,NULL,NULL,NULL,NULL,'kamaruzamanr@mpc.gov.my','0',NULL,8,23,12,33,1,1,'2019-03-29 18:11:45','2019-03-29 18:11:45',NULL),
(81,81,1,1,'KARTIN HASLINDA CHE MAT','1450','MH31599211','760304035264','','','','','15538',392,3,'0126621555','097416261',NULL,'haslinda@mpc.gov.my','0',NULL,8,27,3,33,1,1,'2019-09-25 04:34:11','2019-09-25 04:34:11',NULL),
(82,82,1,1,'Kasturi Devi a/p Appanna','1546',NULL,'810525085890',NULL,NULL,NULL,NULL,NULL,NULL,NULL,NULL,NULL,NULL,'kasturi@mpc.gov.my','0',NULL,9,27,3,99,1,1,'2019-03-29 18:11:45','2019-03-29 18:11:45',NULL),
(83,83,1,1,'Khairil Afi Adnan','3156',NULL,'871003065189',NULL,NULL,NULL,NULL,NULL,NULL,NULL,NULL,NULL,NULL,'KhairilAfi@mpc.gov.my','0',NULL,3,14,18,129,1,1,'2019-03-29 18:11:45','2019-03-29 18:11:45',NULL),
(84,84,1,1,'Khalidatul Asrin Abd. Aziz','1483',NULL,'800112025794',NULL,NULL,NULL,NULL,NULL,NULL,NULL,NULL,NULL,NULL,'asrin@mpc.gov.my','0',NULL,6,18,4,39,1,1,'2019-03-29 18:11:45','2019-03-29 18:11:45',NULL),
(85,85,1,1,'KHATIJAH RAHMAT','1606','311739713','840710135404','','','','',NULL,NULL,NULL,NULL,NULL,NULL,'khatijah@mpc.gov.my','0',NULL,11,27,3,264,1,1,'2019-10-01 23:02:45','2019-10-01 23:02:45',NULL),
(86,86,1,1,'KHIDZIR BIN AHMAD','1534','308311662','780830105611','A51848727','No. 30 Jalan Ss5d/3','Kelana Jaya','','47301',1315,14,'0126641144',NULL,NULL,'khidzir@mpc.gov.my','0',NULL,6,18,4,78,1,1,'2019-10-17 08:23:53','2019-10-17 08:23:53',NULL),
(87,87,1,1,'Datin Latchumy Prabha','1316',NULL,'620517015246',NULL,NULL,NULL,NULL,NULL,NULL,NULL,NULL,NULL,NULL,'prabha@mpc.gov.my','0',NULL,1,19,5,79,1,1,'2019-03-29 18:11:45','2019-03-29 18:11:45',NULL),
(88,88,1,1,'LEE WAN SWANEE','1573','310671955','850915035756','','','','',NULL,NULL,NULL,'0129630567',NULL,NULL,'swanee@mpc.gov.my','0',NULL,6,27,3,78,1,1,'2019-09-20 06:27:50','2019-09-20 06:27:50',NULL),
(89,89,1,1,'LEE WAN WEI','1585','MH30971191','860814595008','A52758340','','','',NULL,NULL,NULL,NULL,NULL,NULL,'wanwei@mpc.gov.my','0',NULL,4,27,3,304,1,1,'2019-10-03 23:46:47','2019-10-03 23:46:47',NULL),
(90,90,1,1,'LIYANA OTHMAN','1656','300167162','900703137438','','','','',NULL,NULL,NULL,'0109668895',NULL,NULL,'liyana@mpc.gov.my','0',NULL,11,27,3,264,1,1,'2019-10-01 23:16:52','2019-10-01 23:16:52',NULL),
(91,91,1,1,'Mahadi Hasbullah','1486',NULL,'760815035303',NULL,NULL,NULL,NULL,NULL,NULL,NULL,NULL,NULL,NULL,'mahadi@mpc.gov.my','0',NULL,8,18,4,33,1,1,'2019-03-29 18:11:45','2019-03-29 18:11:45',NULL),
(92,92,1,1,'MARIATUL AF-IDA BT MOHD TAJUL ARIFFIN','1390','0153985','750712085034','','B10-01, Apartment Kinrara Mas,','Jalan Mas 1','Bukit Jalil','58200',1607,4,'0169975254',NULL,NULL,'mariatul@mpc.gov.my','0',NULL,4,18,4,285,1,1,'2019-11-26 23:06:21','2019-11-26 23:06:21',NULL),
(93,93,1,1,'Marina Maulad Ismail','3074',NULL,'860329145038',NULL,NULL,NULL,NULL,NULL,NULL,NULL,NULL,NULL,NULL,'marina@mpc.gov.my','0',NULL,2,15,18,242,1,1,'2019-03-29 18:11:45','2019-03-29 18:11:45',NULL),
(94,94,1,1,'Marziah Ahmad','1349',NULL,'650411065218',NULL,NULL,NULL,NULL,NULL,NULL,NULL,NULL,NULL,NULL,'marziahahmad@mpc.gov.my','0',NULL,7,27,3,141,1,1,'2019-03-29 18:11:45','2019-03-29 18:11:45',NULL),
(95,95,1,1,'Mashitanor Zainudin','3087',NULL,'761019055308',NULL,NULL,NULL,NULL,NULL,NULL,NULL,NULL,NULL,NULL,'mashitanor@mpc.gov.my','0',NULL,5,6,18,36,1,1,'2019-03-29 18:11:45','2019-03-29 18:11:45',NULL),
(96,96,1,1,'MASWANI ISMAIL','3095','','810316035600','','','','',NULL,NULL,NULL,NULL,NULL,NULL,'maswani@mpc.gov.my','0',NULL,8,15,18,49,1,1,'2020-01-14 00:04:42','2020-01-14 00:04:42',NULL),
(97,97,1,1,'Dr. Mazlina Shafii','1373',NULL,'720731086000',NULL,NULL,NULL,NULL,NULL,NULL,NULL,NULL,NULL,NULL,'eyna@mpc.gov.my','0',NULL,4,19,5,304,1,1,'2019-03-29 18:11:45','2019-03-29 18:11:45',NULL),
(98,98,1,1,'Maznee Abd. Halim','1318',NULL,'661204115036',NULL,NULL,NULL,NULL,NULL,NULL,NULL,NULL,NULL,NULL,'maznee@mpc.gov.my','0',NULL,7,19,5,216,1,1,'2019-03-29 18:11:45','2019-03-29 18:11:45',NULL),
(99,99,1,1,'DR. MAZRINA MOHD. IBRAMSAH','1393','','741207075594','','','','',NULL,NULL,NULL,NULL,NULL,NULL,'mazrina@mpc.gov.my','0',NULL,9,33,6,66,1,1,'2019-04-18 21:26:12','2019-04-18 21:26:12',NULL),
(100,100,1,1,'Mazuan Salleh','1512',NULL,'810105125067',NULL,NULL,NULL,NULL,NULL,NULL,NULL,NULL,NULL,NULL,'mazuan@mpc.gov.my','0',NULL,12,27,3,255,1,1,'2019-03-29 18:11:45','2019-03-29 18:11:45',NULL),
(101,101,1,1,'Mazuin Dahlan       ','1445',NULL,'790417145328',NULL,NULL,NULL,NULL,NULL,NULL,NULL,NULL,NULL,NULL,'mazuin@mpc.gov.my','0',NULL,6,18,4,307,1,1,'2019-03-29 18:11:45','2019-03-29 18:11:45',NULL),
(102,102,1,1,'MD SHUBRI ISMAIL','1175','','591223075331','','','','',NULL,NULL,NULL,NULL,NULL,NULL,'shubri@mpc.gov.my','0',NULL,2,33,6,242,1,1,'2019-04-23 04:03:36','2019-04-23 04:03:36',NULL),
(103,103,1,1,'Md Zainuri Juri','1404',NULL,'741122017053',NULL,NULL,NULL,NULL,NULL,NULL,NULL,NULL,NULL,NULL,'zainuri@mpc.gov.my','0',NULL,7,18,4,141,1,1,'2019-03-29 18:11:45','2019-03-29 18:11:45',NULL),
(104,104,1,1,'Megat Amirul Saifulnizam Megat Kamarul Bahrin ','1504',NULL,'820702115739',NULL,NULL,NULL,NULL,NULL,NULL,NULL,NULL,NULL,NULL,'megatamirul@mpc.gov.my','0',NULL,12,18,4,255,1,1,'2019-03-29 18:11:45','2019-03-29 18:11:45',NULL),
(105,105,1,1,'Melissa Ahmad Arshad','1411',NULL,'761210105270',NULL,NULL,NULL,NULL,NULL,NULL,NULL,NULL,NULL,NULL,'melissa@mpc.gov.my','0',NULL,6,27,3,39,1,1,'2019-03-29 18:11:45','2019-03-29 18:11:45',NULL),
(106,106,1,1,'Mimi Hasnita Ahmad','2994',NULL,'761108065348',NULL,NULL,NULL,NULL,NULL,NULL,NULL,NULL,NULL,NULL,'mimi@mpc.gov.my','0',NULL,8,30,22,33,1,1,'2019-03-29 18:11:45','2019-03-29 18:11:45',NULL),
(107,107,1,1,'Minhana Yahaya','3016',NULL,'790514145178',NULL,NULL,NULL,NULL,NULL,NULL,NULL,NULL,NULL,NULL,'minhana@mpc.gov.my','0',NULL,5,30,22,36,1,1,'2019-03-29 18:11:45','2019-03-29 18:11:45',NULL),
(108,108,1,1,'MOHAMAD AZROL MOHAMAD DALI','1423','251086850','750930015683','','No.41, Jalan Bidara 7,','Saujana Utama 3,','','47000',1302,14,'+60197712132',NULL,NULL,'mdazrol@mpc.gov.my','0',NULL,6,19,5,9,1,1,'2019-06-26 04:15:13','2019-06-26 04:15:13',NULL),
(109,109,1,1,'Mohamad Hafizi Abd Rashid','3093',NULL,'880905025009',NULL,NULL,NULL,NULL,NULL,NULL,NULL,NULL,NULL,NULL,'hafizi@mpc.gov.my','0',NULL,5,26,8,36,1,1,'2019-03-29 18:11:45','2019-03-29 18:11:45',NULL),
(110,110,1,1,'MOHAMAD MUZAFFAR ABDUL HAMID','1391','','740919017603','','','','',NULL,NULL,NULL,'0165410641',NULL,NULL,'muzaffar@mpc.gov.my','0',NULL,6,19,5,39,1,1,'2019-04-22 22:31:44','2019-04-22 22:31:44',NULL),
(111,111,1,1,'Mohamad Nor Bolhi','1507',NULL,'790607135681',NULL,NULL,NULL,NULL,NULL,NULL,NULL,NULL,NULL,NULL,'mohamadnor@mpc.gov.my','0',NULL,7,27,3,216,1,1,'2019-03-29 18:11:45','2019-03-29 18:11:45',NULL),
(112,112,1,1,'MOHAMAD NORJAYADI TAMAM','1421','067073112','741205135725','','No.6, Lorong Semariang 7a, Taman Seri Sena','','','93050',2538,15,'0168602156',NULL,NULL,'norjayadi@mpc.gov.my','0',NULL,4,19,5,304,1,1,'2019-10-23 04:38:26','2019-10-23 04:38:26',NULL),
(113,113,1,1,'MOHAMAD SAHRIL AHMAD PUZI','1505','','821115085445','','','','',NULL,NULL,NULL,'0193007289',NULL,NULL,'sahril@mpc.gov.my','0',NULL,9,18,4,99,1,1,'2019-05-18 00:23:49','2019-05-18 00:23:49',NULL),
(114,114,1,1,'Mohammad Afdhan Fauzi  ','3118',NULL,'860427565669',NULL,NULL,NULL,NULL,NULL,NULL,NULL,NULL,NULL,NULL,'afdhan@mpc.gov.my','0',NULL,5,22,12,36,1,1,'2019-03-29 18:11:45','2019-03-29 18:11:45',NULL),
(115,115,1,1,'Mohammad Khairul Hakimin Zainoor','1516',NULL,'830111015487',NULL,NULL,NULL,NULL,NULL,NULL,NULL,NULL,NULL,NULL,'mkhairul@mpc.gov.my','0',NULL,6,18,4,307,1,1,'2019-03-29 18:11:45','2019-03-29 18:11:45',NULL),
(116,116,1,1,'Mohammed Alamin Rehan','1454',NULL,'790113065169',NULL,NULL,NULL,NULL,NULL,NULL,NULL,NULL,NULL,NULL,'alamin@mpc.gov.my','0',NULL,6,19,5,39,1,1,'2019-03-29 18:11:45','2019-03-29 18:11:45',NULL),
(117,117,1,1,'Mohd Amirol Md. Khair','1648',NULL,'900309026107',NULL,NULL,NULL,NULL,NULL,NULL,NULL,NULL,NULL,NULL,'amirol@mpc.gov.my','0',NULL,3,27,3,129,1,1,'2019-03-29 18:11:45','2019-03-29 18:11:45',NULL),
(118,118,1,1,'Mohd Azhar Zainuddin','1542',NULL,'810110105773',NULL,NULL,NULL,NULL,NULL,NULL,NULL,NULL,NULL,NULL,'mohdazhar@mpc.gov.my','0',NULL,8,27,3,33,1,1,'2019-03-29 18:11:45','2019-03-29 18:11:45',NULL),
(119,119,1,1,'Mohd. Azrul Kamis ','2782',NULL,'770526025423',NULL,NULL,NULL,NULL,NULL,NULL,NULL,NULL,NULL,NULL,'mohdazrul@mpc.gov.my','0',NULL,5,10,16,36,1,1,'2019-03-29 18:11:45','2019-03-29 18:11:45',NULL),
(120,120,1,1,'Mohd. Azwan Mohd. Salleh','1453',NULL,'730926075271',NULL,NULL,NULL,NULL,NULL,NULL,NULL,NULL,NULL,NULL,'azwan@mpc.gov.my','0',NULL,5,19,5,36,1,1,'2019-03-29 18:11:45','2019-03-29 18:11:45',NULL),
(121,121,1,1,'MOHD FAIZOL ABD. RAHMAN','1593','312942954','841110115033','','','','',NULL,NULL,NULL,NULL,NULL,NULL,'mohdfaizol@mpc.gov.my','0',NULL,2,27,3,252,1,1,'2020-03-11 08:44:01','2020-03-11 08:44:01',NULL),
(122,122,1,1,'Mohd Faizzul Shahir','3110',NULL,'860917436181',NULL,NULL,NULL,NULL,NULL,NULL,NULL,NULL,NULL,NULL,'faizzul@mpc.gov.my','0',NULL,5,23,12,36,1,1,'2019-03-29 18:11:45','2019-03-29 18:11:45',NULL),
(123,123,1,1,'MOHD HILMI BIN MOHD IDRIS','1489','','790308105095','','C-6-12, Pangsapuri Anggun','Jalan 4/1','Seksyen 4','43650',1208,14,'0192882539',NULL,NULL,'hilmi@mpc.gov.my','0',NULL,5,18,4,36,1,1,'2019-10-10 22:31:07','2019-10-10 22:31:07',NULL),
(124,124,1,1,'MOHD HISYAM HATIMTAI','1406','MH32392020','780321105277','A38670517','Perbadanan Produktiviti Malaysia','Pejabat Wilayah Selatan','','46200',1239,14,'+60164454097',NULL,NULL,'mohdhisyam.hatimtai@gmail.com','0',NULL,6,18,4,255,1,1,'2020-03-02 14:07:24','2020-03-02 14:07:24',NULL),
(125,125,1,1,'Mohd. Khairil Anuar Amir Hamzah ','1513',NULL,'840225025017',NULL,NULL,NULL,NULL,NULL,NULL,NULL,NULL,NULL,NULL,'khairil@mpc.gov.my','0',NULL,9,18,4,99,1,1,'2019-03-29 18:11:45','2019-03-29 18:11:45',NULL),
(126,126,1,1,'MOHD. KHAIRIZAL KHAHIDIR','1508','','830405055353','','','','',NULL,NULL,NULL,NULL,NULL,NULL,'khairizal@mpc.gov.my','0',NULL,2,18,4,242,1,1,'2019-07-11 00:10:34','2019-07-11 00:10:34',NULL),
(127,127,1,1,'Mohd. Khairul Nazir Nawi','1456',NULL,'770220025957',NULL,NULL,NULL,NULL,NULL,NULL,NULL,NULL,NULL,NULL,'khairul@mpc.gov.my','0',NULL,2,18,4,242,1,1,'2019-03-29 18:11:45','2019-03-29 18:11:45',NULL),
(128,128,1,1,'Mohd Nizam Ali','3056',NULL,'791128145297',NULL,NULL,NULL,NULL,NULL,NULL,NULL,NULL,NULL,NULL,'nizam@mpc.gov.my','0',NULL,5,14,18,36,1,1,'2019-03-29 18:11:45','2019-03-29 18:11:45',NULL),
(129,129,1,1,'Dato\' Mohd Razali Hussain','1176',NULL,'590826115385',NULL,NULL,NULL,NULL,NULL,NULL,NULL,NULL,NULL,NULL,'mrazali@mpc.gov.my','0',NULL,3,5,13,36,1,1,'2019-04-01 02:45:27','2019-03-29 18:11:45',NULL),
(130,130,1,1,'Mohd. Wafi Arip','1473',NULL,'770212105551',NULL,NULL,NULL,NULL,NULL,NULL,NULL,NULL,NULL,NULL,'wafi@mpc.gov.my','0',NULL,7,27,3,141,1,1,'2019-03-29 18:11:45','2019-03-29 18:11:45',NULL),
(131,131,1,1,'MOHD YAZID ABDUL MAJID','1455','307097276','790310105537','','28, Jalan Alam Suria 16/23','','','42300',1185,14,'0123041478',NULL,NULL,'yazidmajid@mpc.gov.my','0',NULL,5,17,7,9,1,1,'2020-02-03 22:44:36','2020-02-03 22:44:36',NULL),
(132,132,1,1,'MOHD ZULKIFLY CHE MOHD RAWAWI','1613','313666931','830910035265','A40874881','No 114 Jalan Dm 3/3,','Taman Desa Mas,','Bandar Country Homes','48000',1332,14,'+60199876723','+60199876723',NULL,'mohdzulkifly@mpc.gov.my','0',NULL,6,27,3,78,1,1,'2019-05-24 00:19:49','2019-05-24 00:19:49',NULL),
(133,133,1,1,'Mohd. Azuar Md. Sidek','2989',NULL,'750514105065',NULL,NULL,NULL,NULL,NULL,NULL,NULL,NULL,NULL,NULL,'azuar@mpc.gov.my','0',NULL,5,7,9,36,1,1,'2019-03-29 18:11:45','2019-03-29 18:11:45',NULL),
(134,134,1,1,'Mohd. Hosni Mamat @ Ariffin','1577',NULL,'840528115511',NULL,NULL,NULL,NULL,NULL,NULL,NULL,NULL,NULL,NULL,'hosni@mpc.gov.my','0',NULL,8,27,3,33,1,1,'2019-03-29 18:11:45','2019-03-29 18:11:45',NULL),
(135,135,1,1,'Mohd. Hykal Mohd. Halim','3071',NULL,'840415015223',NULL,NULL,NULL,NULL,NULL,NULL,NULL,NULL,NULL,NULL,'hykal@mpc.gov.my','0',NULL,5,25,22,36,1,1,'2019-03-29 18:11:45','2019-03-29 18:11:45',NULL),
(136,136,1,1,'Mohd. Riduan Daud','3007',NULL,'830906045057',NULL,NULL,NULL,NULL,NULL,NULL,NULL,NULL,NULL,NULL,'riduan@mpc.gov.my','0',NULL,5,10,16,36,1,1,'2019-03-29 18:11:45','2019-03-29 18:11:45',NULL),
(137,137,1,1,'Mohd. Rosdi Mohd Kauzi','3046',NULL,'750423035989',NULL,NULL,NULL,NULL,NULL,NULL,NULL,NULL,NULL,NULL,'rosdi@mpc.gov.my','0',NULL,5,7,9,36,1,1,'2019-03-29 18:11:45','2019-03-29 18:11:45',NULL),
(138,138,1,1,'Mohd. Shapri Ismail ','2054',NULL,'600813085945',NULL,NULL,NULL,NULL,NULL,NULL,NULL,NULL,NULL,NULL,'shapri@mpc.gov.my','0',NULL,5,11,19,36,1,1,'2019-03-29 18:11:45','2019-03-29 18:11:45',NULL),
(139,139,1,1,'MOHD SUZLEZAN SUPU','1443','MH60214548','781219125145','','C8-03,blok C, Appt Bayu Suria, Off Jalan Meranti, Taman Impian Ehsan,','','','43300',1203,14,'+60193168136',NULL,NULL,'suzlezan@mpc.gov.my','0',NULL,5,19,5,36,1,1,'2019-10-10 22:27:42','2019-10-10 22:27:42',NULL),
(140,140,1,1,'Mohd. Syarif Samsudin','2967',NULL,'800305075173',NULL,NULL,NULL,NULL,NULL,NULL,NULL,NULL,NULL,NULL,'syarif@mpc.gov.my','0',NULL,9,7,9,99,1,1,'2019-03-29 18:11:45','2019-03-29 18:11:45',NULL),
(141,141,1,1,'MOHD. ZAKI BIN IBRAHIM','1319','','610119035197','','','','',NULL,NULL,NULL,'0192200822',NULL,NULL,'zaki@mpc.gov.my','0',NULL,7,17,7,66,1,1,'2020-01-08 07:13:26','2020-01-08 07:13:26',NULL),
(142,142,1,1,'MOHD. ZAMROS YUSOF','2132','','670705055347','','','','',NULL,NULL,NULL,NULL,NULL,NULL,'zamros@mpc.gov.my','0',NULL,11,10,16,264,1,1,'2019-08-19 21:31:01','2019-08-19 21:31:01',NULL),
(143,143,1,1,'MOKHZANI ARIS MOHD. YUSOFF','1397','','730308105015','','','','',NULL,NULL,NULL,NULL,NULL,NULL,'mokhzani@mpc.gov.my','0',NULL,10,33,6,66,1,1,'2020-02-28 10:21:13','2020-02-28 10:21:13',NULL),
(144,144,1,1,'Muhamad Afiq Piramli','1653',NULL,'901211036379',NULL,NULL,NULL,NULL,NULL,NULL,NULL,NULL,NULL,NULL,'afiq@mpc.gov.my','0',NULL,7,27,3,216,1,1,'2019-03-29 18:11:45','2019-03-29 18:11:45',NULL),
(145,145,1,1,'MUHAMAD RIZUWAN ABU BAKAR','3132','','860512465355','','','','',NULL,NULL,NULL,'0199296015',NULL,NULL,'muhamadrizuwan@mpc.gov.my','0',NULL,1,14,18,79,1,1,'2019-10-09 21:18:43','2019-10-09 21:18:43',NULL),
(146,146,1,1,'Mohammad Shahaizal Abu Talib','3004',NULL,'780218025869',NULL,NULL,NULL,NULL,NULL,NULL,NULL,NULL,NULL,NULL,'shahaizal@mpc.gov.my','0',NULL,5,10,16,36,1,1,'2019-03-29 18:11:45','2019-03-29 18:11:45',NULL),
(147,147,1,1,'Muhamad Zain Musa ','2068',NULL,'611224055477',NULL,NULL,NULL,NULL,NULL,NULL,NULL,NULL,NULL,NULL,'zain@mpc.gov.my','0',NULL,1,1,1,79,1,1,'2019-03-29 18:11:45','2019-03-29 18:11:45',NULL),
(148,148,1,1,'Muhamad Zamri Zainol ','2991',NULL,'690427075433',NULL,NULL,NULL,NULL,NULL,NULL,NULL,NULL,NULL,NULL,'zamri@mpc.gov.my','0',NULL,9,9,10,99,1,1,'2019-03-29 18:11:45','2019-03-29 18:11:45',NULL),
(149,149,1,1,'Muhammad Afzani Ahmad ','3003',NULL,'811125145705',NULL,NULL,NULL,NULL,NULL,NULL,NULL,NULL,NULL,NULL,'afzani@mpc.gov.my','0',NULL,5,23,12,36,1,1,'2019-03-29 18:11:45','2019-03-29 18:11:45',NULL),
(150,150,1,1,'Muhammaad Aidil Razak','3159',NULL,'910418035597',NULL,NULL,NULL,NULL,NULL,NULL,NULL,NULL,NULL,NULL,'aidil@mpc.gov.my','0',NULL,5,10,16,36,1,1,'2019-03-29 18:11:45','2019-03-29 18:11:45',NULL),
(151,151,1,1,'Muhammad Fazre Zulhelmi Fizwan','1595',NULL,'881014566439',NULL,NULL,NULL,NULL,NULL,NULL,NULL,NULL,NULL,NULL,'fazre@mpc.gov.my','0',NULL,4,27,3,304,1,1,'2019-03-29 18:11:45','2019-03-29 18:11:45',NULL),
(152,152,1,1,'Mohammad Hafiz Sabaruddin','1517',NULL,'830408065477',NULL,NULL,NULL,NULL,NULL,NULL,NULL,NULL,NULL,NULL,'hafiz@mpc.gov.my','0',NULL,12,27,3,255,1,1,'2019-03-29 18:11:45','2019-03-29 18:11:45',NULL),
(153,153,1,1,'MUHAMMAD HISHAM NORDIN','1598','317000202','881113565247','','Malaysia Productivity Corporation','Lorong Produktiviti','Jalan Sultan','46200',NULL,NULL,'0133943802',NULL,NULL,'mhisham@mpc.gov.my','0',NULL,4,27,3,304,1,1,'2019-11-22 22:16:44','2019-11-22 22:16:44',NULL),
(154,154,1,1,'Muhammad Idham Mohd Zain','1405',NULL,'731006035511',NULL,NULL,NULL,NULL,NULL,NULL,NULL,NULL,NULL,NULL,'idham@mpc.gov.my','0',NULL,2,27,3,242,1,1,'2019-03-29 18:11:45','2019-03-29 18:11:45',NULL),
(155,155,1,1,'Muhammad Muizzuddin Muhamad','3157',NULL,'910330036237',NULL,NULL,NULL,NULL,NULL,NULL,NULL,NULL,NULL,NULL,'muiz@mpc.gov.my','0',NULL,5,9,10,36,1,1,'2019-03-29 18:11:45','2019-03-29 18:11:45',NULL),
(156,156,1,1,'MUHAMMAD SUFFIAN AHMAD','1447','311148596','790617145859','','','','',NULL,NULL,NULL,'0173617611',NULL,NULL,'suffian@mpc.gov.my','0',NULL,7,18,4,216,1,1,'2019-07-23 21:48:52','2019-07-23 21:48:52',NULL),
(157,157,1,1,'MUHASLIZAWATI MOHD BAKRI','1547','','820619035746','','','','',NULL,NULL,NULL,NULL,NULL,NULL,'muhaslizawati@mpc.gov.my','0',NULL,8,27,3,33,1,1,'2019-09-18 01:41:25','2019-09-18 01:41:25',NULL),
(158,158,1,1,'Muhd. Adha Abd. Hamid','1523',NULL,'830918105555',NULL,NULL,NULL,NULL,NULL,NULL,NULL,NULL,NULL,NULL,'adha@mpc.gov.my','0',NULL,6,18,4,39,1,1,'2019-03-29 18:11:45','2019-03-29 18:11:45',NULL),
(159,159,1,1,'Nahdatul Faeizin Norman','1631',NULL,'901028015094',NULL,NULL,NULL,NULL,NULL,NULL,NULL,NULL,NULL,NULL,'nahdatul@mpc.gov.my','0',NULL,12,27,3,255,1,1,'2019-03-29 18:11:45','2019-03-29 18:11:45',NULL),
(160,160,1,1,'Nazahiah Mohamad','1475',NULL,'790525075056',NULL,NULL,NULL,NULL,NULL,NULL,NULL,NULL,NULL,NULL,'nazahiah@mpc.gov.my','0',NULL,6,27,3,39,1,1,'2019-03-29 18:11:45','2019-03-29 18:11:45',NULL),
(161,161,1,1,'Nazeri Ariffin Madon','1633',NULL,'860804235965',NULL,NULL,NULL,NULL,NULL,NULL,NULL,NULL,NULL,NULL,'nazeri@mpc.gov.my','0',NULL,8,27,3,33,1,1,'2019-03-29 18:11:45','2019-03-29 18:11:45',NULL),
(162,162,1,1,'Nazilah Ahmad','1530',NULL,'830710016190',NULL,NULL,NULL,NULL,NULL,NULL,NULL,NULL,NULL,NULL,'nazilah@mpc.gov.my','0',NULL,12,27,3,255,1,1,'2019-03-29 18:11:45','2019-03-29 18:11:45',NULL),
(163,163,1,1,'NIK FAIZAL NIK AHMAD','1414','','690320035423','','','','',NULL,NULL,NULL,NULL,NULL,NULL,'nikfaizal@mpc.gov.my','0',NULL,3,19,5,9,1,1,'2019-09-29 01:26:12','2019-09-29 01:26:12',NULL),
(164,164,1,1,'Nik Nazarina Nek Mohamed','1651',NULL,'891121146332',NULL,NULL,NULL,NULL,NULL,NULL,NULL,NULL,NULL,NULL,'nazarina@mpc.gov.my','0',NULL,4,27,3,304,1,1,'2019-03-29 18:11:45','2019-03-29 18:11:45',NULL),
(165,165,1,1,'NIK ROSDI NIK YUSOFF','1165','062960914','591022035333','','B-4-1 Apartment Fairville','Usj 21 Subang Jaya','','47200',1313,14,'0139278088','097441001',NULL,'nikrosdi@mpc.gov.my','0',NULL,7,33,6,216,1,1,'2019-05-02 09:28:10','2019-05-02 09:28:10',NULL),
(166,166,1,1,'Noor Aishah Hassan','1461',NULL,'781121145260',NULL,NULL,NULL,NULL,NULL,NULL,NULL,NULL,NULL,NULL,'noor_aishah@mpc.gov.my','0',NULL,6,18,4,39,1,1,'2019-03-29 18:11:45','2019-03-29 18:11:45',NULL),
(167,167,1,1,'Noor Anariza Hassan ','2968',NULL,'760121075060',NULL,NULL,NULL,NULL,NULL,NULL,NULL,NULL,NULL,NULL,'anariza@mpc.gov.my','0',NULL,5,28,25,36,1,1,'2019-03-29 18:11:45','2019-03-29 18:11:45',NULL),
(168,168,1,1,'Noor Asmawati Hussin ','3041',NULL,'820725085480',NULL,NULL,NULL,NULL,NULL,NULL,NULL,NULL,NULL,NULL,'asmawati@mpc.gov.my','0',NULL,6,12,18,9,1,1,'2019-03-29 18:11:45','2019-03-29 18:11:45',NULL),
(169,169,1,1,'Noor Aziah Othman','2945',NULL,'790928075448',NULL,NULL,NULL,NULL,NULL,NULL,NULL,NULL,NULL,NULL,'noraziah@mpc.gov.my','0',NULL,2,15,19,242,1,1,'2019-03-29 18:11:45','2019-03-29 18:11:45',NULL),
(170,170,1,1,'NOOR AZMAN HASSAN','2957','','770211036515','','','','',NULL,NULL,NULL,'0132689899',NULL,NULL,'azman@mpc.gov.my','0',NULL,5,26,8,36,1,1,'2019-06-24 21:45:31','2019-06-24 21:45:31',NULL),
(171,171,1,1,'Noor Hazilah Abdullah','3069',NULL,'820318035814',NULL,NULL,NULL,NULL,NULL,NULL,NULL,NULL,NULL,NULL,'hazilah@mpc.gov.my','0',NULL,8,14,19,33,1,1,'2019-03-29 18:11:45','2019-03-29 18:11:45',NULL),
(172,172,1,1,'NOOR IZZATI KAMIS','1620','','900629145658','','','','',NULL,NULL,NULL,'0122867346',NULL,NULL,'noorizzati@mpc.gov.my','0',NULL,1,27,3,79,1,1,'2019-11-15 23:32:21','2019-11-15 23:32:21',NULL),
(173,173,1,1,'Noor Mohammad Farhan Nor Azman','3124',NULL,'881216566111',NULL,NULL,NULL,NULL,NULL,NULL,NULL,NULL,NULL,NULL,'mfarhan@mpc.gov.my','0',NULL,5,27,3,36,1,1,'2019-03-29 18:11:45','2019-03-29 18:11:45',NULL),
(174,174,1,1,'NOOR RAHIDAH ABDUL RAZAK','3057','','830505045048','','','','',NULL,NULL,NULL,NULL,NULL,NULL,'rahidah@mpc.gov.my','0',NULL,3,15,18,9,1,1,'2019-09-11 02:07:04','2019-09-11 02:07:04',NULL),
(175,175,1,1,'Noor Salfarina Jamaludin','1532',NULL,'830202045278',NULL,NULL,NULL,NULL,NULL,NULL,NULL,NULL,NULL,NULL,'salfarina@mpc.gov.my','0',NULL,6,27,3,307,1,1,'2019-03-29 18:11:45','2019-03-29 18:11:45',NULL),
(176,176,1,1,'Noorsamsinar Sum Abdullah','2075',NULL,'610608105088',NULL,NULL,NULL,NULL,NULL,NULL,NULL,NULL,NULL,NULL,'noorsamsi@mpc.gov.my','0',NULL,2,25,24,242,1,1,'2019-03-29 18:11:45','2019-03-29 18:11:45',NULL),
(177,177,1,1,'NOR ADIRA ADNAN','1627','MH31570559','870504295260','','','','',NULL,NULL,NULL,'0179860758',NULL,NULL,'noradira@mpc.gov.my','0',NULL,4,27,3,285,1,1,'2020-02-12 10:25:24','2020-02-12 10:25:24',NULL),
(178,178,1,1,'Nor Aishah Hassan','1399',NULL,'740928085894',NULL,NULL,NULL,NULL,NULL,NULL,NULL,NULL,NULL,NULL,'shah@mpc.gov.my','0',NULL,6,19,5,9,1,1,'2019-03-29 18:11:45','2019-03-29 18:11:45',NULL),
(179,179,1,1,'Nor Akma Che Wan Naman','1645',NULL,'890101035104',NULL,NULL,NULL,NULL,NULL,NULL,NULL,NULL,NULL,NULL,'norakma@mpc.gov.my','0',NULL,6,27,3,307,1,1,'2019-03-29 18:11:45','2019-03-29 18:11:45',NULL),
(180,180,1,1,'Nor Azmi Yahaya','2139',NULL,'600102065139',NULL,NULL,NULL,NULL,NULL,NULL,NULL,NULL,NULL,NULL,'norazmi@mpc.gov.my','0',NULL,5,14,20,36,1,1,'2019-03-29 18:11:45','2019-03-29 18:11:45',NULL),
(181,181,1,1,'Nor Eshah Abd. Raman ','2134',NULL,'620113065052',NULL,NULL,NULL,NULL,NULL,NULL,NULL,NULL,NULL,NULL,'noreshah@mpc.gov.my','0',NULL,3,15,18,129,1,1,'2019-03-29 18:11:45','2019-03-29 18:11:45',NULL),
(182,182,1,1,'Nor Fadilah Zulkifli Muhamad','3158',NULL,'941219036070',NULL,NULL,NULL,NULL,NULL,NULL,NULL,NULL,NULL,NULL,'NorFadilah@mpc.gov.my','0',NULL,5,14,18,36,1,1,'2019-03-29 18:11:45','2019-03-29 18:11:45',NULL),
(183,183,1,1,'NOR FAZILA HASHIM','1351','','660129086196','','','','',NULL,NULL,NULL,NULL,NULL,NULL,'ila@mpc.gov.my','0',NULL,4,33,6,304,1,1,'2020-02-12 18:21:10','2020-02-12 18:21:10',NULL),
(184,184,1,1,'Nor Hafizah Mohd Arop','1329',NULL,'681203105352',NULL,NULL,NULL,NULL,NULL,NULL,NULL,NULL,NULL,NULL,'hafizah@mpc.gov.my','0',NULL,4,19,5,304,1,1,'2019-03-29 18:11:45','2019-03-29 18:11:45',NULL),
(185,185,1,1,'Nor Halisa Mohamad Halil ','1386',NULL,'730228125374',NULL,NULL,NULL,NULL,NULL,NULL,NULL,NULL,NULL,NULL,'halisa@mpc.gov.my','0',NULL,4,18,4,304,1,1,'2019-03-29 18:11:45','2019-03-29 18:11:45',NULL),
(186,186,1,1,'Nor Hasimah Ab. Rahman','2074',NULL,'610823105654',NULL,NULL,NULL,NULL,NULL,NULL,NULL,NULL,NULL,NULL,'hasimah@mpc.gov.my','0',NULL,2,14,19,242,1,1,'2019-03-29 18:11:45','2019-03-29 18:11:45',NULL),
(187,187,1,1,'Nor Idayuniza Rahmat','1419',NULL,'781012145720',NULL,NULL,NULL,NULL,NULL,NULL,NULL,NULL,NULL,NULL,'ayu@mpc.gov.my','0',NULL,2,18,4,242,1,1,'2019-03-29 18:11:45','2019-03-29 18:11:45',NULL),
(188,188,1,1,'NOR IZZATI NORHISAM','1538','MH30846478','850514105100','','Taman Wira Permai','','','40460',1084,14,'0126688724','0351665496',NULL,'izzati@mpc.gov.my','0',NULL,4,18,4,304,1,1,'2019-07-29 23:48:12','2019-07-29 23:48:12',NULL),
(189,189,1,1,'NOR ROBAAYAH MOHD. NOOR','1290','','660915085430','','','','',NULL,NULL,NULL,NULL,NULL,NULL,'nrmn@mpc.gov.my','0',NULL,4,33,6,304,1,1,'2019-04-17 04:44:02','2019-04-17 04:44:02',NULL),
(190,190,1,1,'Nor Surayya Abd. Samad','1385',NULL,'751119145758',NULL,NULL,NULL,NULL,NULL,NULL,NULL,NULL,NULL,NULL,'surayya@mpc.gov.my','0',NULL,6,18,4,39,1,1,'2019-03-29 18:11:45','2019-03-29 18:11:45',NULL),
(191,191,1,1,'NOR ZAIRISHAM ZAKARIA','2668','','681118015811','','','','',NULL,NULL,NULL,NULL,NULL,NULL,'norzairisham@mpc.gov.my','0',NULL,5,10,17,36,1,1,'2019-10-10 21:28:49','2019-10-10 21:28:49',NULL),
(192,192,1,1,'NORA\'IN AHMAD KAMIL','1367','','690916016290','','','','',NULL,NULL,NULL,'0196328140','0333242248',NULL,'norain@mpc.gov.my','0',NULL,6,18,4,307,1,1,'2019-11-23 05:03:10','2019-11-23 05:03:10',NULL),
(193,193,1,1,'Norafidah Ramli                                                                              ','2951',NULL,'770815016494',NULL,NULL,NULL,NULL,NULL,NULL,NULL,NULL,NULL,NULL,'norafidah@mpc.gov.my','0',NULL,2,14,18,242,1,1,'2019-03-29 18:11:45','2019-03-29 18:11:45',NULL),
(194,194,1,1,'Noraniza Daud','2987',NULL,'821008065262',NULL,NULL,NULL,NULL,NULL,NULL,NULL,NULL,NULL,NULL,'noraniza@mpc.gov.my','0',NULL,1,15,19,79,1,1,'2019-03-29 18:11:45','2019-03-29 18:11:45',NULL),
(195,195,1,1,'NORASHIKIN ABDUL SHUKOR','3051','','820722086154','','Perbadanan Produktiviti Malaysia (mpc)','Tingkat 2, Menara Maa','No. 6, Lorong Api-api 1','88000',2139,13,'+60125843044',NULL,NULL,'shikin@mpc.gov.my','0',NULL,6,12,18,307,1,1,'2020-01-24 03:28:27','2020-01-24 03:28:27',NULL),
(196,196,1,1,'NORASHIMA HAMZAH','1533','','771210115582','','','','',NULL,NULL,NULL,'0192679988',NULL,NULL,'norashima@mpc.gov.my','0',NULL,5,27,3,36,1,1,'2019-10-22 02:40:13','2019-10-22 02:40:13',NULL),
(197,197,1,1,'Norazlina Tun Ibrahim','1518',NULL,'800222145850',NULL,NULL,NULL,NULL,NULL,NULL,NULL,NULL,NULL,NULL,'norazlina@mpc.gov.my','0',NULL,5,18,4,36,1,1,'2019-03-29 18:11:45','2019-03-29 18:11:45',NULL),
(198,198,1,1,'Nordieana Nordin','2955',NULL,'790206105078',NULL,NULL,NULL,NULL,NULL,NULL,NULL,NULL,NULL,NULL,'deana@mpc.gov.my','0',NULL,7,12,18,36,1,1,'2019-03-29 18:11:45','2019-03-29 18:11:45',NULL),
(199,199,1,1,'Norfaizah Abdul Rahman','1358',NULL,'720531065416',NULL,NULL,NULL,NULL,NULL,NULL,NULL,NULL,NULL,NULL,'faizah@mpc.gov.my','0',NULL,7,27,3,141,1,1,'2019-03-29 18:11:45','2019-03-29 18:11:45',NULL),
(200,200,1,1,'Norhaida Roslan ','3094',NULL,'830513035616',NULL,NULL,NULL,NULL,NULL,NULL,NULL,NULL,NULL,NULL,'norhaida@mpc.gov.my','0',NULL,8,15,18,33,1,1,'2019-03-29 18:11:45','2019-03-29 18:11:45',NULL),
(201,201,1,1,'Norhanida Ahmad Puad ','2954',NULL,'800929085038',NULL,NULL,NULL,NULL,NULL,NULL,NULL,NULL,NULL,NULL,'norhanida@mpc.gov.my','0',NULL,5,15,18,36,1,1,'2019-03-29 18:11:45','2019-03-29 18:11:45',NULL),
(202,202,1,1,'Norhaniza Hamir','1436',NULL,'790131086326',NULL,NULL,NULL,NULL,NULL,NULL,NULL,NULL,NULL,NULL,'norhaniza@mpc.gov.my','0',NULL,1,18,4,79,1,1,'2019-03-29 18:11:45','2019-03-29 18:11:45',NULL),
(203,203,1,1,'NORHASIMAH IBRAHIM','1422','MH01484100','750420105494','A 38583195','Lot 11 Jalan 7','Kampung Melayu','','68100',1688,14,'0173910849','0361884793',NULL,'norhasimah@mpc.gov.my','0',NULL,1,19,5,79,1,1,'2019-07-23 23:51:58','2019-07-23 23:51:58',NULL),
(204,204,1,1,'Norhayati Harun ','2823',NULL,'741211025426',NULL,NULL,NULL,NULL,NULL,NULL,NULL,NULL,NULL,NULL,'norhayatiharun@mpc.gov.my','0',NULL,9,23,12,99,1,1,'2019-03-29 18:11:45','2019-03-29 18:11:45',NULL),
(205,205,1,1,'Norhisam Ahmad ','2066',NULL,'590121085147',NULL,NULL,NULL,NULL,NULL,NULL,NULL,NULL,NULL,NULL,'norhisam@mpc.gov.my','0',NULL,5,23,12,36,1,1,'2019-03-29 18:11:45','2019-03-29 18:11:45',NULL),
(206,206,1,1,'Norhuda Abdullah','3000',NULL,'810924075016',NULL,NULL,NULL,NULL,NULL,NULL,NULL,NULL,NULL,NULL,'norhuda@mpc.gov.my','0',NULL,9,14,19,99,1,1,'2019-03-29 18:11:45','2019-03-29 18:11:45',NULL),
(207,207,1,1,'NORIJAH JUEN','3009','MH20372678','760715135972','','Blok 3, C3-3-6','Hartana Apartment,','Jalan Demak Laut','93050',2538,15,'0138140335',NULL,NULL,'norijah@mpc.gov.my','0',NULL,11,6,19,264,1,1,'2019-08-19 21:31:47','2019-08-19 21:31:47',NULL),
(208,208,1,1,'Norkamila Shahrudin ','3018',NULL,'810301106066',NULL,NULL,NULL,NULL,NULL,NULL,NULL,NULL,NULL,NULL,'norkamila@mpc.gov.my','0',NULL,12,6,18,255,1,1,'2019-03-29 18:11:45','2019-03-29 18:11:45',NULL),
(209,209,1,1,'Norliana Mahmud        ','1466',NULL,'770521075034',NULL,NULL,NULL,NULL,NULL,NULL,NULL,NULL,NULL,NULL,'norliana@mpc.gov.my','0',NULL,2,27,3,242,1,1,'2019-03-29 18:11:45','2019-03-29 18:11:45',NULL),
(210,210,1,1,'Norliza Ahmad  ','1460',NULL,'761213035482',NULL,NULL,NULL,NULL,NULL,NULL,NULL,NULL,NULL,NULL,'norlizaahmad@mpc.gov.my','0',NULL,6,18,4,39,1,1,'2019-03-29 18:11:45','2019-03-29 18:11:45',NULL),
(211,211,1,1,'Norliza Rosli ','3075',NULL,'850306055196',NULL,NULL,NULL,NULL,NULL,NULL,NULL,NULL,NULL,NULL,'norlizarosli@mpc.gov.my','0',NULL,5,15,18,36,1,1,'2019-03-29 18:11:45','2019-03-29 18:11:45',NULL),
(212,212,1,1,'Norul Hasila Abdullah','1548',NULL,'830714065344',NULL,NULL,NULL,NULL,NULL,NULL,NULL,NULL,NULL,NULL,'norulhasila@mpc.gov.my','0',NULL,1,27,3,79,1,1,'2019-03-29 18:11:45','2019-03-29 18:11:45',NULL),
(213,213,1,1,'Norwahidah Abdullah ','3006',NULL,'800603035364',NULL,NULL,NULL,NULL,NULL,NULL,NULL,NULL,NULL,NULL,'norwahidah@mpc.gov.my','0',NULL,12,12,18,255,1,1,'2019-03-29 18:11:45','2019-03-29 18:11:45',NULL),
(214,214,1,1,'Norwahizan bt Mohamed','3008',NULL,'781117035608',NULL,NULL,NULL,NULL,NULL,NULL,NULL,NULL,NULL,NULL,'norwahizan@mpc.gov.my','0',NULL,5,8,9,36,1,1,'2019-03-29 18:11:45','2019-03-29 18:11:45',NULL),
(215,215,1,1,'NORZIAH KABIL','3022','203715223','741111135206','K50871162','Lot 894, Lorong Demak Laut 3a','Taman Perindustrian Demak Laut','Jalan Bako, Petra Jaya','93050',2538,15,'0198442393',NULL,NULL,'norziah@mpc.gov.my','0',NULL,11,14,18,264,1,1,'2019-08-19 21:32:44','2019-08-19 21:32:44',NULL),
(216,216,1,1,'NORZIRIN ARIFFIN','1291','','640927075362','','','','',NULL,NULL,NULL,NULL,NULL,NULL,'zirin@mpc.gov.my','0',NULL,7,17,7,129,1,1,'2019-04-17 05:05:53','2019-04-17 05:05:53',NULL),
(217,217,1,1,'Nur Jihan Ramli ','3024',NULL,'820215065332',NULL,NULL,NULL,NULL,NULL,NULL,NULL,NULL,NULL,NULL,'nurjihan@mpc.gov.my','0',NULL,8,6,18,33,1,1,'2019-03-29 18:11:45','2019-03-29 18:11:45',NULL),
(218,218,1,1,'Nur \'Amirah Shaaban','3146',NULL,'911229075316',NULL,NULL,NULL,NULL,NULL,NULL,NULL,NULL,NULL,NULL,'nuramirah@mpc.gov.my','0',NULL,3,14,18,129,1,1,'2019-03-29 18:11:45','2019-03-29 18:11:45',NULL),
(219,219,1,1,'NUR FAIZAH TASMAN','1554','','820719015320','','','','',NULL,NULL,NULL,'0133759729',NULL,NULL,'nurfaizah@mpc.gov.my','0',NULL,3,27,3,129,1,1,'2019-07-16 00:18:13','2019-07-16 00:18:13',NULL),
(220,220,1,1,'Nur Fatimah Mohd Zaki','1588',NULL,'890703085766',NULL,NULL,NULL,NULL,NULL,NULL,NULL,NULL,NULL,NULL,'nurfatimah@mpc.gov.my','0',NULL,4,27,3,304,1,1,'2019-03-29 18:11:45','2019-03-29 18:11:45',NULL),
(221,221,1,1,'NUR HAFIZAH HALIMUDDIN','3038','','830829145870','','','','',NULL,NULL,NULL,NULL,NULL,NULL,'nurhafizah@mpc.gov.my','0',NULL,12,12,18,255,1,1,'2019-04-16 20:29:32','2019-04-16 20:29:32',NULL),
(222,222,1,1,'Nur Hanim Abd Ghani','1463',NULL,'760301145732',NULL,NULL,NULL,NULL,NULL,NULL,NULL,NULL,NULL,NULL,'hanim@mpc.gov.my','0',NULL,5,19,5,36,1,1,'2019-03-29 18:11:45','2019-03-29 18:11:45',NULL),
(223,223,1,1,'Nur Rafidah Zulkifl','1615',NULL,'880707086492',NULL,NULL,NULL,NULL,NULL,NULL,NULL,NULL,NULL,NULL,'nurrafidah@mpc.gov.my','0',NULL,7,27,3,216,1,1,'2019-03-29 18:11:45','2019-03-29 18:11:45',NULL),
(224,224,1,1,'Nur Sulia Saari ','1502',NULL,'830512145776',NULL,NULL,NULL,NULL,NULL,NULL,NULL,NULL,NULL,NULL,'sulia@mpc.gov.my','0',NULL,3,18,4,129,1,1,'2019-03-29 18:11:45','2019-03-29 18:11:45',NULL),
(225,225,1,1,'Nur Syafina Anuar','1522',NULL,'830628105688',NULL,NULL,NULL,NULL,NULL,NULL,NULL,NULL,NULL,NULL,'syafina@mpc.gov.my','0',NULL,4,27,3,304,1,1,'2019-03-29 18:11:45','2019-03-29 18:11:45',NULL),
(226,226,1,1,'Nur Syahrina Muhamad Nor','1557',NULL,'830726146360',NULL,NULL,NULL,NULL,NULL,NULL,NULL,NULL,NULL,NULL,'syahrina@mpc.gov.my','0',NULL,7,27,3,216,1,1,'2019-03-29 18:11:45','2019-03-29 18:11:45',NULL),
(227,227,1,1,'NURAIZAH HARUN @ HARRON','1578','MH32119482','831217015586','','','','',NULL,NULL,NULL,'0173872284',NULL,NULL,'nuraizah@mpc.gov.my','0',NULL,6,27,3,307,1,1,'2019-11-22 22:53:53','2019-11-22 22:53:53',NULL),
(228,228,1,1,'Nurfayunie Pakhrururzi','1647',NULL,'880219145668',NULL,NULL,NULL,NULL,NULL,NULL,NULL,NULL,NULL,NULL,'nurfayunie@mpc.gov.my','0',NULL,3,27,3,129,1,1,'2019-03-29 18:11:45','2019-03-29 18:11:45',NULL),
(229,229,1,1,'NURFAZILA HAJI ZULAIHI','1605','','900802136836','','','','',NULL,NULL,NULL,NULL,NULL,NULL,'nurfazila@mpc.gov.my','0',NULL,11,27,3,264,1,1,'2019-08-19 20:55:23','2019-08-19 20:55:23',NULL),
(230,230,1,1,'Nursyahida Muhamad Aszahari','3121',NULL,'890921146168',NULL,NULL,NULL,NULL,NULL,NULL,NULL,NULL,NULL,NULL,'nursyahida@mpc.gov.my','0',NULL,9,27,3,99,1,1,'2019-03-29 18:11:45','2019-03-29 18:11:45',NULL),
(231,231,1,1,'Nurul Ain Alia  Abdullah Zawawi','1583',NULL,'860805435694',NULL,NULL,NULL,NULL,NULL,NULL,NULL,NULL,NULL,NULL,'alia@mpc.gov.my','0',NULL,6,27,3,307,1,1,'2019-03-29 18:11:45','2019-03-29 18:11:45',NULL),
(232,232,1,1,'Nurul Farahaton Najihan Jusoh','1634',NULL,'900430115822',NULL,NULL,NULL,NULL,NULL,NULL,NULL,NULL,NULL,NULL,'farahaton@mpc.gov.my','0',NULL,6,27,3,39,1,1,'2019-03-29 18:11:45','2019-03-29 18:11:45',NULL),
(233,233,1,1,'NURUL FATIHAH MOHD AZLAN','1576','','860509295922','','','','',NULL,NULL,NULL,NULL,NULL,NULL,'nurulfatihah@mpc.gov.my','0',NULL,5,27,3,36,1,1,'2019-04-16 20:41:17','2019-04-16 20:41:17',NULL),
(234,234,1,1,'Nurul Nadia Zainal Adnan','3133',NULL,'870825565508',NULL,NULL,NULL,NULL,NULL,NULL,NULL,NULL,NULL,NULL,'nurulnadia@mpc.gov.my','0',NULL,1,12,18,79,1,1,'2019-03-29 18:11:45','2019-03-29 18:11:45',NULL),
(235,235,1,1,'Nurul Sazrina Mohd Shukor','1520',NULL,'830322105028',NULL,NULL,NULL,NULL,NULL,NULL,NULL,NULL,NULL,NULL,'sazrina@mpc.gov.my','0',NULL,5,29,26,36,1,1,'2019-03-29 18:11:45','2019-03-29 18:11:45',NULL),
(236,236,1,1,'NURUL SYAMIMI ISMAIL','1574','','850926035516','','','','',NULL,NULL,NULL,NULL,NULL,NULL,'syamimi@mpc.gov.my','0',NULL,6,27,3,284,1,1,'2020-02-03 22:55:48','2020-02-03 22:55:48',NULL),
(237,237,1,1,'NURZARINA JAAFAR','2992','','800509075538','','','','',NULL,NULL,NULL,NULL,NULL,NULL,'nurzarina@mpc.gov.my','0',NULL,9,30,22,99,1,1,'2019-04-16 20:20:43','2019-04-16 20:20:43',NULL),
(238,238,1,1,'Omi Kalsom Osman','2060',NULL,'590905085292',NULL,NULL,NULL,NULL,NULL,NULL,NULL,NULL,NULL,NULL,'omi@mpc.gov.my','0',NULL,5,14,20,36,1,1,'2019-03-29 18:11:45','2019-03-29 18:11:45',NULL),
(239,239,1,1,'OSMAN ZAIDAN','2996','','680925135225','','','','',NULL,NULL,NULL,NULL,NULL,NULL,'osmanzaidan@mpc.gov.my','0',NULL,11,7,9,264,1,1,'2019-08-19 21:35:16','2019-08-19 21:35:16',NULL),
(240,240,1,1,'RABIATUL HANA ISHAK','1610','310360562','901211146770','','','','',NULL,NULL,NULL,'0147169285',NULL,NULL,'rabiatulhana@mpc.gov.my','0',NULL,4,27,3,304,1,1,'2019-09-26 22:23:28','2019-09-26 22:23:28',NULL),
(241,241,1,1,'Rahayu Abd. Rahman','3085',NULL,'821114115518',NULL,NULL,NULL,NULL,NULL,NULL,NULL,NULL,NULL,NULL,'RahayuR@mpc.gov.my','0',NULL,8,14,18,33,1,1,'2019-03-29 18:11:45','2019-03-29 18:11:45',NULL),
(242,242,1,1,'DR. RAHMAT MD. SMAIL','1186','','600302045271','','','','',NULL,NULL,NULL,NULL,NULL,NULL,'rahmat@mpc.gov.my','0',NULL,2,17,7,129,1,1,'2019-04-17 05:07:48','2019-04-17 05:07:48',NULL),
(243,243,1,1,'RAINAH OSMAN','3020','','731111125252','','','','',NULL,NULL,NULL,NULL,NULL,NULL,'rainah@mpc.gov.my','0',NULL,10,6,18,41,1,1,'2020-01-24 03:29:15','2020-01-24 03:29:15',NULL),
(244,244,1,1,'Raja Ainul Bismi Raja Abd. Hadi','1509',NULL,'831026086234',NULL,NULL,NULL,NULL,NULL,NULL,NULL,NULL,NULL,NULL,'rajaainul@mpc.gov.my','0',NULL,1,18,4,79,1,1,'2019-03-29 18:11:45','2019-03-29 18:11:45',NULL),
(245,245,1,1,'Ramale Yusoff','2146',NULL,'640510035445',NULL,NULL,NULL,NULL,NULL,NULL,NULL,NULL,NULL,NULL,'ramale@mpc.gov.my','0',NULL,5,10,16,36,1,1,'2019-03-29 18:11:45','2019-03-29 18:11:45',NULL),
(246,246,1,1,'Ramlan Sainan','2067',NULL,'610228105027',NULL,NULL,NULL,NULL,NULL,NULL,NULL,NULL,NULL,NULL,'ramlan@mpc.gov.my','0',NULL,2,10,17,242,1,1,'2019-03-29 18:11:45','2019-03-29 18:11:45',NULL),
(247,247,1,1,'ROSELEENA HASHIM','1306','069415032','650318035284','A40195054','No 38 Jalan Pjs 10/3','Taman Subang Indah','Petaling Jaya','46100',1237,14,'0192648143',NULL,NULL,'leena@mpc.gov.my','0',NULL,3,33,6,9,1,1,'2019-09-10 23:27:34','2019-09-10 23:27:34',NULL),
(248,248,1,1,'Roslah Md Yusof','2105',NULL,'610210105328',NULL,NULL,NULL,NULL,NULL,NULL,NULL,NULL,NULL,NULL,'roslah@mpc.gov.my','0',NULL,6,31,23,78,1,1,'2019-03-29 18:11:45','2019-03-29 18:11:45',NULL),
(249,249,1,1,'ROSLI MAT DOM','2098','','610314055177','','','','',NULL,NULL,NULL,NULL,NULL,NULL,'rosli@mpc.gov.my','0',NULL,1,14,20,297,1,1,'2020-02-14 09:58:34','2020-02-14 09:58:34',NULL),
(250,250,1,1,'Roslinda Abdul Hamid','1493',NULL,'770706065860',NULL,NULL,NULL,NULL,NULL,NULL,NULL,NULL,NULL,NULL,'lynda@mpc.gov.my','0',NULL,7,27,3,141,1,1,'2019-03-29 18:11:45','2019-03-29 18:11:45',NULL),
(251,251,1,1,'Roslinda Ahmad','2977',NULL,'780922105002',NULL,NULL,NULL,NULL,NULL,NULL,NULL,NULL,NULL,NULL,'roslinda@mpc.gov.my','0',NULL,7,30,22,264,1,1,'2019-03-29 18:11:45','2019-03-29 18:11:45',NULL),
(252,252,1,1,'ROSMI  ABDULLAH','1274','301713860','630525035473','A51286075','','','',NULL,NULL,NULL,NULL,NULL,NULL,'rosmi@mpc.gov.my','0',NULL,7,17,7,66,1,1,'2020-01-25 04:56:20','2020-01-25 04:56:20',NULL),
(253,253,1,1,'Rosmiza Rosly','1374',NULL,'721031065086',NULL,NULL,NULL,NULL,NULL,NULL,NULL,NULL,NULL,NULL,'iza@mpc.gov.my','0',NULL,6,19,5,9,1,1,'2019-03-29 18:11:45','2019-03-29 18:11:45',NULL),
(254,254,1,1,'Rosniwati Abdullah','2783',NULL,'760405075492',NULL,NULL,NULL,NULL,NULL,NULL,NULL,NULL,NULL,NULL,'rosniwati@mpc.gov.my','0',NULL,1,6,18,79,1,1,'2019-03-29 18:11:45','2019-03-29 18:11:45',NULL),
(255,255,1,1,'ROZIANA OTHMAN','1289','','660928015060','','','','',NULL,NULL,NULL,NULL,NULL,NULL,'ogie@mpc.gov.my','0',NULL,12,33,6,66,1,1,'2019-04-18 21:28:01','2019-04-18 21:28:01',NULL),
(256,256,1,1,'Rozitah Ma\'al         ','1400',NULL,'730323145672',NULL,NULL,NULL,NULL,NULL,NULL,NULL,NULL,NULL,NULL,'rozitah@mpc.gov.my','0',NULL,7,18,4,141,1,1,'2019-03-29 18:11:45','2019-03-29 18:11:45',NULL),
(257,257,1,1,'RUSDI MUDA','1312','','650803035157','','','','',NULL,NULL,NULL,NULL,NULL,NULL,'rusdi@mpc.gov.my','0',NULL,8,19,5,33,1,1,'2019-07-03 21:04:02','2019-07-03 21:04:02',NULL),
(258,258,1,1,'SABRI HASAN','1458','','750708035595','','','','',NULL,NULL,NULL,NULL,NULL,NULL,'sabri@mpc.gov.my','0',NULL,2,18,4,252,1,1,'2019-04-17 04:45:20','2019-04-17 04:45:20',NULL),
(259,259,1,1,'SAFARWAN BIN MOHD SUHAIMI','1596','310673215','890306146107','','','','',NULL,NULL,NULL,'0194434801',NULL,NULL,'safarwan@mpc.gov.my','0',NULL,11,27,3,264,1,1,'2019-10-10 00:32:07','2019-10-10 00:32:07',NULL),
(260,260,1,1,'Safiah Mitri ','3080',NULL,'830413125884',NULL,NULL,NULL,NULL,NULL,NULL,NULL,NULL,NULL,NULL,'safiah@mpc.gov.my','0',NULL,3,15,18,129,1,1,'2019-03-29 18:11:45','2019-03-29 18:11:45',NULL),
(261,261,1,1,'Safniwati Jasri','1392',NULL,'760217715026',NULL,NULL,NULL,NULL,NULL,NULL,NULL,NULL,NULL,NULL,'safniwati@mpc.gov.my','0',NULL,7,18,4,216,1,1,'2019-03-29 18:11:45','2019-03-29 18:11:45',NULL),
(262,262,1,1,'SAFURA ABDUL MALEK','1579','MH08064589','860904525900','','','','',NULL,NULL,NULL,'0128920999',NULL,NULL,'safura@mpc.gov.my','0',NULL,4,18,4,285,1,1,'2020-02-13 12:12:32','2020-02-13 12:12:32',NULL),
(263,263,1,1,'SALIZA SAARI','1415','','770801066220','','','','',NULL,NULL,NULL,NULL,NULL,NULL,'saliza@mpc.gov.my','0',NULL,2,33,6,242,1,1,'2019-04-17 04:44:35','2019-04-17 04:44:35',NULL),
(264,264,1,1,'SARIMAH MISMAN','1311','','640414107066','','61,jalan Kp 2/15 Seksyen 2','Taman Kota Perdana','Bandar Putra Permai',NULL,NULL,NULL,'0196291662',NULL,NULL,'sarimah@mpc.gov.my','0',NULL,11,17,7,9,1,1,'2020-01-08 07:14:57','2020-01-08 07:14:57',NULL),
(265,265,1,1,'SAWIAH ABDUL SAMAD','1339','303487660','680101045120','','','','',NULL,NULL,NULL,'0183814621',NULL,NULL,'sawiah@mpc.gov.my','0',NULL,6,33,6,307,1,1,'2019-11-26 03:31:56','2019-11-26 03:31:56',NULL),
(266,266,1,1,'Semawi Zakaria','1370',NULL,'630328085527',NULL,NULL,NULL,NULL,NULL,NULL,NULL,NULL,NULL,NULL,'semawi@mpc.gov.my','0',NULL,2,18,4,242,1,1,'2019-03-29 18:11:45','2019-03-29 18:11:45',NULL),
(267,267,1,1,'Shafirul Izwar Saad','2999',NULL,'810418025235',NULL,NULL,NULL,NULL,NULL,NULL,NULL,NULL,NULL,NULL,'shafirul@mpc.gov.my','0',NULL,9,14,18,99,1,1,'2019-03-29 18:11:45','2019-03-29 18:11:45',NULL),
(268,268,1,1,'Shahidah Samsudin ','1558',NULL,'820526145858',NULL,NULL,NULL,NULL,NULL,NULL,NULL,NULL,NULL,NULL,'shahidah@mpc.gov.my','0',NULL,4,27,3,304,1,1,'2019-03-29 18:11:45','2019-03-29 18:11:45',NULL),
(269,269,1,1,'Shahriza Bahari  ','1428',NULL,'751226145016',NULL,NULL,NULL,NULL,NULL,NULL,NULL,NULL,NULL,NULL,'shahriza@mpc.gov.my','0',NULL,6,18,4,39,1,1,'2019-03-29 18:11:45','2019-03-29 18:11:45',NULL),
(270,270,1,1,'DR. SHAIK ROSLINAH BUX','1320','','630619106404','','','','',NULL,NULL,NULL,NULL,NULL,NULL,'roslinahbux@mpc.gov.my','0',NULL,4,33,6,304,1,1,'2019-04-17 04:46:27','2019-04-17 04:46:27',NULL),
(271,271,1,1,'Shanthini Tamadoram','1592',NULL,'800528145896',NULL,NULL,NULL,NULL,NULL,NULL,NULL,NULL,NULL,NULL,'shanthini@mpc.gov.my','0',NULL,6,27,3,307,1,1,'2019-03-29 18:11:45','2019-03-29 18:11:45',NULL),
(272,272,1,1,'Sharipah Mazina Syed Mohammed','1322',NULL,'660228035028',NULL,NULL,NULL,NULL,NULL,NULL,NULL,NULL,NULL,NULL,'sharipah@mpc.gov.my','0',NULL,1,19,5,79,1,1,'2019-03-29 18:11:45','2019-03-29 18:11:45',NULL),
(273,273,1,1,'Sharizal Samsudin','2978',NULL,'800809085025',NULL,NULL,NULL,NULL,NULL,NULL,NULL,NULL,NULL,NULL,'sharizal@mpc.gov.my','0',NULL,5,10,16,36,1,1,'2019-03-29 18:11:45','2019-03-29 18:11:45',NULL),
(274,274,1,1,'SHEZLINA ZAKARIA','1377','','720408025822','','','','',NULL,NULL,NULL,NULL,NULL,NULL,'shez@mpc.gov.my','0',NULL,1,33,6,79,1,1,'2019-04-17 04:46:57','2019-04-17 04:46:57',NULL),
(275,275,1,1,'Siti Aslindah Ahmad  ','3054',NULL,'830813125234',NULL,NULL,NULL,NULL,NULL,NULL,NULL,NULL,NULL,NULL,'sitiaslindah@mpc.gov.my','0',NULL,1,15,18,79,1,1,'2019-03-29 18:11:45','2019-03-29 18:11:45',NULL),
(276,276,1,1,'Siti Rahayu Md. Desa','3052',NULL,'750514075062',NULL,NULL,NULL,NULL,NULL,NULL,NULL,NULL,NULL,NULL,'rahayu@mpc.gov.my','0',NULL,5,14,19,36,1,1,'2019-03-29 18:11:45','2019-03-29 18:11:45',NULL),
(277,277,1,1,'Siti Rawaida Shariff','3076',NULL,'840604075284',NULL,NULL,NULL,NULL,NULL,NULL,NULL,NULL,NULL,NULL,'rawaida@mpc.gov.my','0',NULL,5,21,27,36,1,1,'2019-03-29 18:11:45','2019-03-29 18:11:45',NULL),
(278,278,1,1,'Siti Sakinah Mohd Zaki','1654',NULL,'890129035608',NULL,NULL,NULL,NULL,NULL,NULL,NULL,NULL,NULL,NULL,'sakinah@mpc.gov.my','0',NULL,12,27,3,255,1,1,'2019-03-29 18:11:45','2019-03-29 18:11:45',NULL),
(279,279,1,1,'Siti Salia Azizan','1562',NULL,'770502025592',NULL,NULL,NULL,NULL,NULL,NULL,NULL,NULL,NULL,NULL,'salia@mpc.gov.my','0',NULL,5,2,28,36,1,1,'2019-03-29 18:11:45','2019-03-29 18:11:45',NULL),
(280,280,1,1,'Siti Salmiah Yahaya','2135',NULL,'641101065170',NULL,NULL,NULL,NULL,NULL,NULL,NULL,NULL,NULL,NULL,'siti@mpc.gov.my','0',NULL,5,14,19,36,1,1,'2019-03-29 18:11:45','2019-03-29 18:11:45',NULL),
(281,281,1,1,'SITI SYAFIQAH AHMAD','1586','MH31045616','891122146000','A50377080','','','',NULL,NULL,NULL,'0184066193',NULL,NULL,'syafiqah@mpc.gov.my','0',NULL,3,27,3,79,1,1,'2019-06-25 21:52:33','2019-06-25 21:52:33',NULL),
(282,282,1,1,'Siti Zaharah Mohamed','3039',NULL,'860913235390',NULL,NULL,NULL,NULL,NULL,NULL,NULL,NULL,NULL,NULL,'zaharah@mpc.gov.my','0',NULL,5,6,18,36,1,1,'2019-03-29 18:11:45','2019-03-29 18:11:45',NULL),
(283,283,1,1,'Siti Zurianah Othman','1528',NULL,'780808045202',NULL,NULL,NULL,NULL,NULL,NULL,NULL,NULL,NULL,NULL,'zurianah@mpc.gov.my','0',NULL,6,27,3,39,1,1,'2019-03-29 18:11:45','2019-03-29 18:11:45',NULL),
(284,284,1,1,'SUGUMAR A/L SAMINATHAN','1353','','650711025373','','','','',NULL,NULL,NULL,NULL,NULL,NULL,'sugumar@mpc.gov.my','0',NULL,6,33,7,9,1,1,'2020-02-03 22:46:27','2020-02-03 22:46:27',NULL),
(285,285,1,1,'SUHAIMI HAMAD','1209','','610920035475','','','','',NULL,NULL,NULL,NULL,NULL,NULL,'suhaimi@mpc.gov.my','0',NULL,4,17,7,304,1,1,'2020-01-08 07:15:19','2020-01-08 07:15:19',NULL),
(286,286,1,1,'Suhaimi Robini','2988',NULL,'821006015819',NULL,NULL,NULL,NULL,NULL,NULL,NULL,NULL,NULL,NULL,'suhaimi_robini@mpc.gov.my','0',NULL,5,14,18,36,1,1,'2019-03-29 18:11:45','2019-03-29 18:11:45',NULL),
(287,287,1,1,'DR. SURIATI ZAINAL ABIDIN','1378','','720615045084','','','','',NULL,NULL,NULL,NULL,NULL,NULL,'ati@mpc.gov.my','0',NULL,6,19,5,284,1,1,'2020-02-03 22:55:21','2020-02-03 22:55:21',NULL),
(288,288,1,1,'Suzana Ismail','2941',NULL,'730505035706',NULL,NULL,NULL,NULL,NULL,NULL,NULL,NULL,NULL,NULL,'suzana@mpc.gov.my','0',NULL,2,18,4,242,1,1,'2019-03-29 18:11:45','2019-03-29 18:11:45',NULL),
(289,289,1,1,'SYAIRAH ZAIMAH SHAFIEE','3143','','860504387326','','','','',NULL,NULL,NULL,NULL,NULL,NULL,'syairah@mpc.gov.my','0',NULL,9,14,18,99,1,1,'2019-11-26 03:45:40','2019-11-26 03:45:40',NULL),
(290,290,1,1,'Syed Mohammad Fitri Syed Abdul Rahim ','2979',NULL,'780905065205',NULL,NULL,NULL,NULL,NULL,NULL,NULL,NULL,NULL,NULL,'smfitri@mpc.gov.my','0',NULL,5,24,2,36,1,1,'2019-03-29 18:11:45','2019-03-29 18:11:45',NULL),
(291,291,1,1,'SYED MOHD. AL-KHAFIEZ SHAH SYED MOHD. AZAM SHAH','2966','','800531145133','','','','',NULL,NULL,NULL,NULL,NULL,NULL,'syed@mpc.gov.my','0',NULL,5,27,3,36,1,1,'2019-09-12 02:26:36','2019-09-12 02:26:36',NULL),
(292,292,1,1,'THEA JUMINITA CHEONG KIAM','2119','','611123125392','','','','',NULL,NULL,NULL,NULL,NULL,NULL,'thea@mpc.gov.my','0',NULL,10,14,19,41,1,1,'2020-01-24 03:28:51','2020-01-24 03:28:51',NULL),
(293,293,1,1,'Umi Kalsom Osman','2082',NULL,'610102045102',NULL,NULL,NULL,NULL,NULL,NULL,NULL,NULL,NULL,NULL,'umi@mpc.gov.my','0',NULL,7,31,23,66,1,1,'2019-03-29 18:11:45','2019-03-29 18:11:45',NULL),
(294,294,1,1,'VIMALA A/P R.MUNIANDY','1567','','830708146260','','','','',NULL,NULL,NULL,'0122435208','0122435208',NULL,'vimala@mpc.gov.my','0',NULL,1,27,3,78,1,1,'2019-10-23 21:55:18','2019-10-23 21:55:18',NULL),
(295,295,1,1,'WAILA MOHD. NASIR','1381','','730621106022','','','','',NULL,NULL,NULL,NULL,NULL,NULL,'waila@mpc.gov.my','0',NULL,11,19,5,264,1,1,'2019-08-19 22:01:04','2019-08-19 22:01:04',NULL),
(296,296,1,1,'WAN FARID WAN HAMAD @ WAN AHMAD','1587','','791024105661','','C-6-20, Level 6, Block C, Masreca19','','','63200',1684,14,'+60163841467',NULL,NULL,'wanfarid@mpc.gov.my','0',NULL,3,27,3,9,1,1,'2019-09-29 01:25:44','2019-09-29 01:25:44',NULL),
(297,297,1,1,'WAN FAZLIN NADIA WAN OSMAN','1417','309836715','791126015974','','','','',NULL,NULL,NULL,'0123884464',NULL,NULL,'nadia@mpc.gov.my','0',NULL,6,17,7,9,1,1,'2020-02-03 22:46:02','2020-02-03 22:46:02',NULL),
(298,298,1,1,'Wan Khairunnisa Azmi','1569',NULL,'860225295576',NULL,NULL,NULL,NULL,NULL,NULL,NULL,NULL,NULL,NULL,'khairunnisa@mpc.gov.my','0',NULL,5,27,3,36,1,1,'2019-03-29 18:11:45','2019-03-29 18:11:45',NULL),
(299,299,1,1,'WAN NORHANI WAN KHALID','1536','','640706115164','','','','',NULL,NULL,NULL,'0196664016',NULL,NULL,'wannorhani@mpc.gov.my','0',NULL,5,4,30,36,1,1,'2019-07-08 19:49:28','2019-07-08 19:49:28',NULL),
(300,300,1,1,'WAN ROZITA HUSSAIN','2959','','770518065820','','','','',NULL,NULL,NULL,NULL,NULL,NULL,'wanrozita@mpc.gov.my','0',NULL,3,30,23,129,1,1,'2019-07-02 00:07:04','2019-07-02 00:07:04',NULL),
(301,301,1,1,'Wan Yusnaini Wan Yaacob   ','1403',NULL,'710502035534',NULL,NULL,NULL,NULL,NULL,NULL,NULL,NULL,NULL,NULL,'yusnaini@mpc.gov.my','0',NULL,7,18,4,216,1,1,'2019-03-29 18:11:45','2019-03-29 18:11:45',NULL),
(302,302,1,1,'Wan Zainulhaq Thaniah Che Haron','3091',NULL,'710129035076',NULL,NULL,NULL,NULL,NULL,NULL,NULL,NULL,NULL,NULL,'WanZainulhaq@mpc.gov.my','0',NULL,5,6,18,36,1,1,'2019-03-29 18:11:45','2019-03-29 18:11:45',NULL),
(303,303,1,1,'ZAFFRULLA BIN HUSSEIN','1379','MH31484961','691003035395','A51979816','No 17','Jalan Spektrum U16/13b','','40160',1078,14,'+60133413195','0133413195',NULL,'zaff@mpc.gov.my','0',NULL,6,19,5,307,1,1,'2019-10-19 04:49:04','2019-10-19 04:49:04',NULL),
(304,304,1,1,'ZAHID ISMAIL','1315','081875426','660320075225','','No. 35, Jalan Suadamai 11/5','Bandar Tun Hussein Onn','','43200',1201,14,'0192796198',NULL,NULL,'zahid@mpc.gov.my','0',NULL,4,17,7,9,1,1,'2019-10-09 00:40:12','2019-10-09 00:40:12',NULL),
(305,305,1,1,'Zaidah Hassan','3017',NULL,'810614065568',NULL,NULL,NULL,NULL,NULL,NULL,NULL,NULL,NULL,NULL,'zaidah@mpc.gov.my','0',NULL,6,30,22,9,1,1,'2019-03-29 18:11:45','2019-03-29 18:11:45',NULL),
(306,306,1,1,'Zaini Haron','2993',NULL,'830119105073',NULL,NULL,NULL,NULL,NULL,NULL,NULL,NULL,NULL,NULL,'zainiharon@mpc.gov.my','0',NULL,8,10,16,33,1,1,'2019-03-29 18:11:45','2019-03-29 18:11:45',NULL),
(307,307,1,1,'DATIN ZAINON BAKAR','1280','601462396','630524106620','A36811501','No 30 Jalan Tun Teja 35/2a','Alam Impian Seksyen 35','','40470',1085,14,NULL,'0351670707',NULL,'zaiba63@gmail.com','0',NULL,6,17,7,9,1,1,'2020-01-08 07:13:51','2020-01-08 07:13:51',NULL),
(308,308,1,1,'ZAINUDIN ELIAS','1296','','650322015235','','','','',NULL,NULL,NULL,NULL,NULL,NULL,'zainudine@mpc.gov.my','0',NULL,2,33,6,66,1,1,'2019-04-17 04:55:12','2019-04-17 04:55:12',NULL),
(309,309,1,1,'Zaiton Nordin','2136',NULL,'621101065316',NULL,NULL,NULL,NULL,NULL,NULL,NULL,NULL,NULL,NULL,'zainordin@mpc.gov.my','0',NULL,3,14,19,129,1,1,'2019-03-29 18:11:45','2019-03-29 18:11:45',NULL),
(310,310,1,1,'ZAKI JAAFAR','1341','314867210','670719035611','A39749933','45, Jln Bj14','Taman Balakong Jaya','','43300',1203,14,'0122694835','0389594835',NULL,'zeck@mpc.gov.my','0',NULL,6,19,5,304,1,1,'2020-01-29 01:33:40','2020-01-29 01:33:40',NULL),
(311,311,1,1,'Zawiyah Abd Manaf','3111',NULL,'871012235530',NULL,NULL,NULL,NULL,NULL,NULL,NULL,NULL,NULL,NULL,'zawiyahmanaf@mpc.gov.my','0',NULL,5,14,18,36,1,1,'2019-03-29 18:11:45','2019-03-29 18:11:45',NULL),
(312,312,1,1,'Zubir Zainuddin','2283',NULL,'720327055077',NULL,NULL,NULL,NULL,NULL,NULL,NULL,NULL,NULL,NULL,'zack@mpc.gov.my','0',NULL,5,10,16,36,1,1,'2019-03-29 18:11:45','2019-03-29 18:11:45',NULL),
(313,313,1,1,'Zul Ezwan Muhamad','1511',NULL,'810122015257',NULL,NULL,NULL,NULL,NULL,NULL,NULL,NULL,NULL,NULL,'zulezwan@mpc.gov.my','0',NULL,12,27,3,255,1,1,'2019-03-29 18:11:45','2019-03-29 18:11:45',NULL),
(314,314,1,1,'ZULAIFAH OMAR','1307','','631016015006','','','','',NULL,NULL,NULL,NULL,NULL,NULL,'xue@mpc.gov.my','0',NULL,4,33,6,304,1,1,'2019-04-17 04:48:34','2019-04-17 04:48:34',NULL),
(315,315,1,1,'Zunaidah Awang Nawi','2972',NULL,'820911035882',NULL,NULL,NULL,NULL,NULL,NULL,NULL,NULL,NULL,NULL,'zunaidah@mpc.gov.my','0',NULL,5,14,19,36,1,1,'2019-03-29 18:11:45','2019-03-29 18:11:45',NULL),
(316,316,1,1,'Zuraidi Zainol   ','1500',NULL,'830428095219',NULL,NULL,NULL,NULL,NULL,NULL,NULL,NULL,NULL,NULL,'zuraidi@mpc.gov.my','0',NULL,5,18,4,36,1,1,'2019-03-29 18:11:45','2019-03-29 18:11:45',NULL),
(317,317,1,1,'ZURAINI SUBKI','1658','','820829035744','','','','',NULL,NULL,NULL,NULL,NULL,NULL,'zuraini@mpc.gov.my','0',NULL,11,27,3,264,1,1,'2019-08-19 20:58:49','2019-08-19 20:58:49',NULL),
(318,318,1,1,'Zurianti Nor Azian Mohd. Nafi','3148',NULL,'880229065872',NULL,NULL,NULL,NULL,NULL,NULL,NULL,NULL,NULL,NULL,'zurianti@mpc.gov.my','0',NULL,5,14,18,36,1,1,'2019-03-29 18:11:45','2019-03-29 18:11:45',NULL),
(319,319,1,1,'ABDUL RAHMAN KAMIS','1699','','911019085241','','','','',NULL,NULL,NULL,'0133693243',NULL,NULL,'arahman@mpc.gov.my','0',NULL,4,27,3,304,1,1,'2019-04-18 03:41:51','2019-04-18 03:41:51',NULL),
(320,320,1,1,'Aimi Zahira Azami','3154',NULL,'891008026064',NULL,NULL,NULL,NULL,NULL,NULL,NULL,NULL,NULL,NULL,'aimizahira@mpc.gov.my','0',NULL,8,14,18,33,1,1,'2019-03-29 18:11:45','2019-03-29 18:11:45',NULL),
(321,321,1,1,'Anis Syafiqah Ayob','3161',NULL,'910208095030',NULL,NULL,NULL,NULL,NULL,NULL,NULL,NULL,NULL,NULL,'anissyafiqah@mpc.gov.my','0',NULL,7,27,3,66,1,1,'2019-03-29 18:11:45','2019-03-29 18:11:45',NULL),
(322,322,1,1,'Jerrecy Elsie P. Tojipun','3099',NULL,'841208125352',NULL,NULL,NULL,NULL,NULL,NULL,NULL,NULL,NULL,NULL,'jerrecy@mpc.gov.my','0',NULL,10,14,18,72,1,1,'2019-03-29 18:11:45','2019-03-29 18:11:45',NULL),
(323,323,1,1,'Mohamad Amirul Arif Sahimi','3128',NULL,'910408036123',NULL,NULL,NULL,NULL,NULL,NULL,NULL,NULL,NULL,NULL,'mohamad@mpc.gov.my','0',NULL,8,14,18,33,1,1,'2019-03-29 18:11:45','2019-03-29 18:11:45',NULL),
(324,324,1,1,'Mohammad Fadzrul Faridz Hazni','1678',NULL,'930527045223',NULL,NULL,NULL,NULL,NULL,NULL,NULL,NULL,NULL,NULL,'mfadzrul@mpc.gov.my','0',NULL,5,27,3,36,1,1,'2019-03-29 18:11:45','2019-03-29 18:11:45',NULL),
(325,325,1,1,'Mohd Aizuddin Noor Azman','1674',NULL,'890129085541',NULL,NULL,NULL,NULL,NULL,NULL,NULL,NULL,NULL,NULL,'aizuddin@mpc.gov.my','0',NULL,6,27,3,9,1,1,'2019-03-29 18:11:45','2019-03-29 18:11:45',NULL),
(326,326,1,1,'MOHD MUJAHID MOHD YUSOFF','1662','','900521036193','','','','',NULL,NULL,NULL,'0194490379',NULL,NULL,'mujahid@mpc.gov.my','0',NULL,7,27,3,216,1,1,'2020-02-06 14:16:04','2020-02-06 14:16:04',NULL),
(327,327,1,1,'Muhammad Adib Fitrie Mukhtar','1676',NULL,'910416036107',NULL,NULL,NULL,NULL,NULL,NULL,NULL,NULL,NULL,NULL,'adibfitrie@mpc.gov.my','0',NULL,4,27,3,285,1,1,'2019-03-29 18:11:45','2019-03-29 18:11:45',NULL),
(328,328,1,1,'Muhammad Azrull Nazreen','1683',NULL,'940822015325',NULL,NULL,NULL,NULL,NULL,NULL,NULL,NULL,NULL,NULL,'azrullnazreen@mpc.gov.my','0',NULL,4,27,3,304,1,1,'2019-03-29 18:11:45','2019-03-29 18:11:45',NULL),
(329,329,1,1,'Muhammad Firdaus Yahya','1693',NULL,'940723015733',NULL,NULL,NULL,NULL,NULL,NULL,NULL,NULL,NULL,NULL,'firdaus@mpc.gov.my','0',NULL,4,27,3,304,1,1,'2019-03-29 18:11:45','2019-03-29 18:11:45',NULL),
(330,330,1,1,'MUHAMMAD HANIF CHE WAN NAMAN','1685','323906332','950913035929','','','','',NULL,NULL,NULL,'0194707856',NULL,NULL,'hanif@mpc.gov.my','0',NULL,6,27,3,39,1,1,'2019-04-18 04:29:31','2019-04-18 04:29:31',NULL),
(331,331,1,1,'Muhammad Imazakwan Abdul Razak','1696',NULL,'930213145205',NULL,NULL,NULL,NULL,NULL,NULL,NULL,NULL,NULL,NULL,'imazakwan@mpc.gov.my','0',NULL,2,27,3,242,1,1,'2019-03-29 18:11:45','2019-03-29 18:11:45',NULL),
(332,332,1,1,'Muhammad Zarul Naim Zul Haddi','1677',NULL,'941218085225',NULL,NULL,NULL,NULL,NULL,NULL,NULL,NULL,NULL,NULL,'zarulnaim@mpc.gov.my','0',NULL,6,27,3,9,1,1,'2019-03-29 18:11:45','2019-03-29 18:11:45',NULL),
(333,333,1,1,'Munira Abd Razak','3150',NULL,'821219105244',NULL,NULL,NULL,NULL,NULL,NULL,NULL,NULL,NULL,NULL,'muniraabd@mpc.gov.my','0',NULL,12,14,18,255,1,1,'2019-03-29 18:11:45','2019-03-29 18:11:45',NULL),
(334,334,1,1,'Nadiah Jamal','1668',NULL,'930416105414',NULL,NULL,NULL,NULL,NULL,NULL,NULL,NULL,NULL,NULL,'nadiah@mpc.gov.my','0',NULL,6,27,3,9,1,1,'2019-03-29 18:11:45','2019-03-29 18:11:45',NULL),
(335,335,1,1,'Naratul Nurhaniza Rusli','3169',NULL,'940209146298',NULL,NULL,NULL,NULL,NULL,NULL,NULL,NULL,NULL,NULL,'naratul@mpc.gov.my','0',NULL,5,14,18,36,1,1,'2019-03-29 18:11:45','2019-03-29 18:11:45',NULL),
(336,336,1,1,'Nasuha Misri','1671',NULL,'930827016256',NULL,NULL,NULL,NULL,NULL,NULL,NULL,NULL,NULL,NULL,'nasuha@mpc.gov.my','0',NULL,6,27,3,9,1,1,'2019-03-29 18:11:45','2019-03-29 18:11:45',NULL),
(337,337,1,1,'NIK HANEEZ AMIZAN NIK ROSDI','1661','328214633','920718895010','A51451598','B-4-1, Fairville Apartment,','Jalan Usj 22/1, Usj 21,','','47630',1325,14,'+60197181804',NULL,NULL,'nikhaneez@mpc.gov.my','0',NULL,1,27,3,79,1,1,'2019-07-09 02:17:29','2019-07-09 02:17:29',NULL),
(338,338,1,1,'Noorazlin Mohd Nasir','1695',NULL,'930103085678',NULL,NULL,NULL,NULL,NULL,NULL,NULL,NULL,NULL,NULL,'noorazlin@mpc.gov.my','0',NULL,6,27,3,9,1,1,'2019-03-29 18:11:45','2019-03-29 18:11:45',NULL),
(339,339,1,1,'Nur Asyikin Setapa','1670',NULL,'920609035740',NULL,NULL,NULL,NULL,NULL,NULL,NULL,NULL,NULL,NULL,'nurasyikin@mpc.gov.my','0',NULL,6,27,3,9,1,1,'2019-03-29 18:11:45','2019-03-29 18:11:45',NULL),
(340,340,1,1,'Nur Farhana Zaibidi','3168',NULL,'871216015126',NULL,NULL,NULL,NULL,NULL,NULL,NULL,NULL,NULL,NULL,'nurfarhana@mpc.gov.my','0',NULL,5,14,18,36,1,1,'2019-03-29 18:11:45','2019-03-29 18:11:45',NULL),
(341,341,1,1,'Nurain Syafiqah Norazman','1692',NULL,'930624016096',NULL,NULL,NULL,NULL,NULL,NULL,NULL,NULL,NULL,NULL,'nurainsyafiqah@mpc.gov.my','0',NULL,5,27,3,36,1,1,'2019-03-29 18:11:45','2019-03-29 18:11:45',NULL),
(342,342,1,1,'Nurezyan Sofea Zairul Mujahidin','1700',NULL,'940312015130',NULL,NULL,NULL,NULL,NULL,NULL,NULL,NULL,NULL,NULL,'nurezyansofea@mpc.gov.my','0',NULL,4,27,3,304,1,1,'2019-03-29 18:11:45','2019-03-29 18:11:45',NULL),
(343,343,1,1,'NURFARIHA AHMAD','1698','','951130136162','','','','',NULL,NULL,NULL,NULL,NULL,NULL,'nurfariha@mpc.gov.my','0',NULL,10,27,3,41,1,1,'2020-01-11 04:24:37','2020-01-11 04:24:37',NULL),
(344,344,1,1,'Nurul Husna Abdul Rashid','1690',NULL,'920422086556',NULL,NULL,NULL,NULL,NULL,NULL,NULL,NULL,NULL,NULL,'nurulhusna@mpc.gov.my','0',NULL,7,27,3,242,1,1,'2019-03-29 18:11:45','2019-03-29 18:11:45',NULL),
(345,345,1,1,'Rabiatul Adawiyah Arzahar','3164',NULL,'970504145308',NULL,NULL,NULL,NULL,NULL,NULL,NULL,NULL,NULL,NULL,'rabiatuladawiyah@mpc.gov.my','0',NULL,2,14,18,242,1,1,'2019-03-29 18:11:45','2019-03-29 18:11:45',NULL),
(346,346,1,1,'Rozainy Elyza Rosli','1667',NULL,'940817146750',NULL,NULL,NULL,NULL,NULL,NULL,NULL,NULL,NULL,NULL,'rozainy@mpc.gov.my','0',NULL,3,27,3,129,1,1,'2019-03-29 18:11:45','2019-03-29 18:11:45',NULL),
(347,347,1,1,'SHAZYMIN MAZLAN','3163','','930205075796','','','','',NULL,NULL,NULL,NULL,NULL,NULL,'shazymin@mpc.gov.my','0',NULL,9,14,18,99,1,1,'2019-04-16 20:19:18','2019-04-16 20:19:18',NULL),
(348,348,1,1,'Siti Hajar Ismail','1686',NULL,'930122085702',NULL,NULL,NULL,NULL,NULL,NULL,NULL,NULL,NULL,NULL,'sitihajar@mpc.gov.my','0',NULL,4,27,3,304,1,1,'2019-03-29 18:11:45','2019-03-29 18:11:45',NULL),
(349,349,1,1,'SITI NUR SYUHAIDA MOHD SALLEH','1705','329581873','960416115070','','Jalan Loji Air','Kampung Bukit Bunga','','22010',621,16,'01119773745',NULL,NULL,'syuhaidasalleh96@gmail.com','0',NULL,6,27,3,9,1,1,'2019-10-26 01:16:57','2019-10-26 01:16:57',NULL),
(350,350,1,1,'Siti Nuraini Ab Halim','3167',NULL,'921013065046',NULL,NULL,NULL,NULL,NULL,NULL,NULL,NULL,NULL,NULL,'sitinuraini@mpc.gov.my','0',NULL,5,21,27,36,1,1,'2019-03-29 18:11:45','2019-03-29 18:11:45',NULL),
(351,351,1,1,'SITI ROHANA RUBAIDI','1666','','910516106408','','','','',NULL,NULL,NULL,'0192313877',NULL,NULL,'rohana@mpc.gov.my','0',NULL,6,27,3,307,1,1,'2019-08-05 22:39:15','2019-08-05 22:39:15',NULL),
(352,352,1,1,'SITI ZAHARAH IBRAHIM','1702','','830226045192','','','','',NULL,NULL,NULL,'0129710691','0129710691',NULL,'szaharah@mpc.gov.my','0',NULL,6,27,3,78,1,1,'2019-12-04 00:38:42','2019-12-04 00:38:42',NULL),
(353,353,1,1,'Syed Izzat Emir Syed Ahmad Razali','1691',NULL,'940405105629',NULL,NULL,NULL,NULL,NULL,NULL,NULL,NULL,NULL,NULL,'syedizzat@mpc.gov.my','0',NULL,6,27,3,9,1,1,'2019-03-29 18:11:45','2019-03-29 18:11:45',NULL),
(354,354,1,1,'UMMU ‘AMMARAH BASYIRAH HASHIM','1687','','940826017328','','','','',NULL,NULL,NULL,'01139237530',NULL,NULL,'ummu@mpc.gov.my','0',NULL,5,27,3,36,1,1,'2019-04-15 23:29:20','2019-04-15 23:29:20',NULL),
(516,355,1,1,'AHMAD SYAFIE BIN IDRIS','4545','5317','860716335317','','','','','43100',1200,14,'0176223554',NULL,NULL,'syafiqidrus@gmail.com','0',NULL,6,34,31,356,1,1,'2019-04-01 00:51:28','2019-04-01 00:51:28',NULL),
(517,356,1,1,'NORAIZAM BIN BADRON','5937','5937','740102015937','','Test','','',NULL,NULL,NULL,'01766727272','01887777777',NULL,'mpcflightsystem@gmail.com','0',NULL,6,33,5,39,1,1,'2019-04-01 01:08:26','2019-03-31 21:10:29',NULL),
(518,357,1,1,'MUHAMMAD FATHI BIN MD TAIB','01713','','9106070950','','','','',NULL,NULL,NULL,'0194230231',NULL,NULL,'fathi@mpc.gov.my','0',NULL,6,27,3,39,1,1,'2019-04-18 04:39:26','2019-04-18 04:39:26',NULL),
(519,358,1,1,'MOHAMED AMIRUL ZAFAREN MOHAMED ZAKIR','01717','','9409041463','','','','',NULL,NULL,NULL,'0132343906',NULL,NULL,'zafaren@mpc.gov.my','0',NULL,6,27,3,39,1,1,'2019-04-18 04:47:51','2019-04-18 04:47:51',NULL),
(520,359,1,1,'MOHD NOOR AZRIN BIN ADNAN','1723','327160164','871129035559','','','','',NULL,NULL,NULL,'0172728290',NULL,NULL,'azrin@mpc.gov.my','0',NULL,6,27,3,39,1,1,'2020-01-08 13:47:33','2020-01-08 13:47:33',NULL),
(521,360,1,1,'AZIRAH BT MOHD','01719','','940610115324','','','','',NULL,NULL,NULL,'01161036364',NULL,NULL,'azirah@mpc.gov.my','0',NULL,4,27,3,304,1,1,'2019-04-22 20:16:25','2019-04-22 20:16:25',NULL),
(522,361,1,1,'NUR ILINA BINTI ROSLI','01729','','940603146456','','','','',NULL,NULL,NULL,'0133101770',NULL,NULL,'nurilina@mpc.gov.my','0',NULL,4,27,3,304,1,1,'2019-04-25 01:56:56','2019-04-25 01:56:56',NULL),
(523,362,1,1,'NOOR IDDEANNA BINTI IDRIS','1718','','950806146236','','No.2 Jalan Sp2/15','Taman Subang Perdana','','40150',1077,14,'0132232452',NULL,NULL,'iddeanna@mpc.gov.my','0',NULL,6,27,3,39,1,1,'2019-05-03 03:35:10','2019-05-03 03:35:10',NULL),
(524,363,1,1,'AMIRUL HAIZAD BIN REDZWAN','01716','','940109015151','','','','',NULL,NULL,NULL,'0196963517',NULL,NULL,'haizad@mpc.gov.my','0',NULL,4,27,3,304,1,1,'2019-05-21 20:43:57','2019-05-21 20:43:57',NULL),
(525,364,1,1,'NOR AZZATUL AKMARISHA BINTI SERJALI','01724','','940801086140','','','','',NULL,NULL,NULL,NULL,NULL,NULL,'azzatul@mpc.gov.my','0',NULL,3,27,3,129,1,1,'2019-05-27 23:13:16','2019-05-27 23:13:16',NULL),
(526,365,1,1,'NURUL NADIA BINTI ABDUL PATAH','01730','','950526145298','','','','',NULL,NULL,NULL,NULL,NULL,NULL,'nuruln@mpc.gov.my','0',NULL,4,27,3,304,1,1,'2019-06-12 21:38:57','2019-06-12 21:38:57',NULL),
(527,366,1,1,'MAHZAR REZZA BIN ITHNIN','01733','308201633','860306335779','','','','',NULL,NULL,NULL,'0122447148',NULL,NULL,'mahzar@mpc.gov.my','0',NULL,6,27,3,78,1,1,'2019-11-15 21:59:46','2019-11-15 21:59:46',NULL),
(528,367,1,1,'NURRUL NUR AISYAH HAMRAN','01734','309714963','950829135206','','','','',NULL,NULL,NULL,'0109609108',NULL,NULL,'nurrul@mpc.gov.my','0',NULL,6,27,3,39,1,1,'2020-01-29 06:05:00','2020-01-29 06:05:00',NULL),
(529,368,1,1,'NORLIYANA BINTI MOHD SHAMSUDDIN','01731','','920812105660','','','','',NULL,NULL,NULL,'0132240240',NULL,NULL,'norliyanas@mpc.gov.my','0',NULL,6,27,3,307,1,1,'2019-07-02 21:19:42','2019-07-02 21:19:42',NULL),
(530,369,1,1,'NIK NUR ATIQAH BINTI SAIDI','01710','328242110','920916035644','','','','',NULL,NULL,NULL,'0192413700',NULL,NULL,'niknuratiqah@mpc.gov.my','0',NULL,6,27,3,39,1,1,'2019-11-15 00:08:33','2019-11-15 00:08:33',NULL),
(531,370,1,1,'SARAH AFIQAH BINTI KAMARUZAMAN','01737','328313215','970218145040','','','','',NULL,NULL,NULL,'0174746234',NULL,NULL,'sarah@mpc.gov.my','0',NULL,6,27,3,78,1,1,'2019-07-25 22:56:45','2019-07-25 22:56:45',NULL),
(532,371,1,1,'NURUL AZNEE BT ABDUL AZIZ','01736','','930505106566','','','','',NULL,NULL,NULL,'0182354569',NULL,NULL,'aznee@mpc.gov.my','0',NULL,6,27,3,78,1,1,'2019-07-22 23:40:43','2019-07-22 23:40:43',NULL),
(533,372,1,1,'NUR AISYA AIDA BINTI KHAIRUL SALLEH','01742','','960623105318','','','','',NULL,NULL,NULL,'0127889096',NULL,NULL,'nuraisya@mpc.gov.my','0',NULL,6,27,3,78,1,1,'2019-07-26 03:31:17','2019-07-26 03:31:17',NULL),
(534,373,1,1,'ANIS UMAIRAH BINTI JASNI','01732','','941212065370','','','','',NULL,NULL,NULL,'0174134703',NULL,NULL,'anisumairah@mpc.gov.my','0',NULL,4,27,3,304,1,1,'2019-07-30 03:06:39','2019-07-30 03:06:39',NULL),
(535,374,1,1,'NORNADIA BINTI OMAR','01722','','910330036544','','','','',NULL,NULL,NULL,'0145281834',NULL,NULL,'nornadia@mpc.gov.my','0',NULL,4,27,3,285,1,1,'2019-08-26 20:30:02','2019-08-26 20:30:02',NULL),
(536,375,1,1,'MOHD AFIQ BIN MOHD ADNAN','03160','','890219136111','','','','',NULL,NULL,NULL,'0174478129',NULL,NULL,'mohdafiqn@mpc.gov.my','0',NULL,12,10,16,255,1,1,'2019-08-29 03:37:45','2019-08-29 03:37:45',NULL),
(537,376,1,1,'NANCY ANAK JOAN','01744','','950124136348','','','','',NULL,NULL,NULL,'0199773615',NULL,NULL,'nancy@mpc.gov.my','0',NULL,6,27,3,39,1,1,'2019-09-23 23:40:03','2019-09-23 23:40:03',NULL),
(538,377,1,1,'YOGESVARI A/P SAMBASEVAM','01741','','910210025912','','','','',NULL,NULL,NULL,'0164696181',NULL,NULL,'yogesvari@mpc.gov.my','0',NULL,6,27,3,78,1,1,'2019-10-07 22:51:06','2019-10-07 22:51:06',NULL),
(539,378,1,1,'NIK NUR MAISARAH NIK SOH','01712','','951224035354','','','','',NULL,NULL,NULL,NULL,NULL,NULL,'niknur@mpc.gov.my','0',NULL,1,27,3,79,1,1,'2019-10-07 23:06:12','2019-10-07 23:06:12',NULL),
(540,379,1,1,'NIK ZARITH ELIDA BINTI NIK RAMLI','01745','','950406035924','','','','',NULL,NULL,NULL,'0142523882',NULL,NULL,'nikzarith@mpc.gov.my','0',NULL,6,27,3,39,1,1,'2019-10-15 20:46:24','2019-10-15 20:46:24',NULL),
(541,380,1,1,'MOHD SYAMAEL BIN MOHD NASIR','01738','','931007015295','','','','',NULL,NULL,NULL,'0104345834',NULL,NULL,'syamaelr@mpc.gov.my','0',NULL,6,27,3,78,1,1,'2019-11-19 02:18:05','2019-11-19 02:18:05',NULL),
(542,381,1,1,'AISYAH BINTI ISMAIL','01727','','940502115546','','','','',NULL,NULL,NULL,'0194576246',NULL,NULL,'aisyah@mpc.gov.my','0',NULL,6,27,3,39,1,1,'2020-01-28 21:35:43','2020-01-28 21:35:43',NULL);

