
CREATE TABLE `master_gender` (
  `gender_id` int(11) NOT NULL AUTO_INCREMENT,
  `gender_desc` varchar(20) NOT NULL,
  `created_at` timestamp NULL DEFAULT NULL,
  `updated_at` timestamp NOT NULL DEFAULT '0000-00-00 00:00:00',
  `deleted_at` timestamp NULL DEFAULT NULL,
  PRIMARY KEY (`gender_id`)
) ENGINE=InnoDB AUTO_INCREMENT=4 DEFAULT CHARSET=latin1;

/*Data for the table `master_gender` */

insert  into `master_gender`(`gender_id`,`gender_desc`,`created_at`,`updated_at`,`deleted_at`) values 
(1,'MALE','2018-04-20 15:46:31','2018-04-20 15:46:31',NULL),
(2,'FEMALE','2018-04-20 15:46:39','2018-04-20 15:46:39',NULL),
(3,'OTHER','2018-04-20 15:46:45','2018-04-20 15:46:45',NULL);

/*Table structure for table `master_salutation` */


CREATE TABLE `master_salutation` (
  `salutation_id` int(11) NOT NULL AUTO_INCREMENT,
  `salutation_desc` varchar(100) NOT NULL,
  `created_at` timestamp NULL DEFAULT NULL,
  `updated_at` timestamp NOT NULL DEFAULT '0000-00-00 00:00:00',
  `deleted_at` timestamp NULL DEFAULT NULL,
  PRIMARY KEY (`salutation_id`)
) ENGINE=InnoDB AUTO_INCREMENT=11 DEFAULT CHARSET=latin1;

/*Data for the table `master_salutation` */

insert  into `master_salutation`(`salutation_id`,`salutation_desc`,`created_at`,`updated_at`,`deleted_at`) values 
(1,'ENCIK','2018-04-23 14:08:17','2018-04-23 14:08:17',NULL),
(2,'PUAN','2018-04-23 14:08:22','2018-04-23 14:08:22',NULL),
(3,'CIK','2018-04-23 14:08:25','2018-04-23 14:08:25',NULL),
(4,'SIR','2018-04-23 14:08:30','2018-04-23 14:08:30',NULL),
(5,'DATUK','2018-04-23 14:08:35','2018-04-23 14:08:35',NULL),
(6,'DATIN','2018-04-23 14:08:47','2018-04-23 14:08:47',NULL),
(7,'DATO\'','2018-04-23 14:08:55','2018-04-23 14:08:55',NULL),
(8,'DATO\' SERI','2018-04-23 14:09:31','2018-04-23 14:09:31',NULL),
(9,'DATIN SERI','2018-04-23 14:09:56','2018-04-23 14:09:56',NULL),
(10,'TUN','2018-04-23 14:10:01','2018-04-23 14:10:01',NULL);

/*Table structure for table `master_state` */


CREATE TABLE `master_state` (
  `state_id` int(10) unsigned NOT NULL AUTO_INCREMENT,
  `state_code` char(3) COLLATE utf8_unicode_ci NOT NULL,
  `state_desc` varchar(255) COLLATE utf8_unicode_ci NOT NULL,
  `area_id` int(11) NOT NULL,
  `created_at` timestamp NULL DEFAULT NULL,
  `updated_at` timestamp NOT NULL DEFAULT '0000-00-00 00:00:00',
  `deleted_at` timestamp NULL DEFAULT NULL,
  PRIMARY KEY (`state_id`)
) ENGINE=InnoDB AUTO_INCREMENT=17 DEFAULT CHARSET=utf8 COLLATE=utf8_unicode_ci;

/*Data for the table `master_state` */

insert  into `master_state`(`state_id`,`state_code`,`state_desc`,`area_id`,`created_at`,`updated_at`,`deleted_at`) values 
(1,'JHR','JOHOR',1,'2018-05-02 11:57:20','2018-05-02 11:57:20',NULL),
(2,'KDH','KEDAH',1,'2018-05-02 11:57:20','2018-05-02 11:57:20',NULL),
(3,'KTN','KELANTAN',1,'2018-05-02 11:57:20','2018-05-02 11:57:20',NULL),
(4,'KUL','WILAYAH PERSEKUTUAN KUALA LUMPUR',1,'2018-05-02 11:57:20','2018-05-02 11:57:20',NULL),
(5,'LBN','WILAYAH PERSEKUTUAN LABUAN',2,'2018-05-02 11:57:20','2018-05-02 11:57:20',NULL),
(6,'MLK','MELAKA',1,'2018-05-02 11:57:20','2018-05-02 11:57:20',NULL),
(7,'NSN','NEGERI SEMBILAN',1,'2018-05-02 11:57:20','2018-05-02 11:57:20',NULL),
(8,'PHG','PAHANG',1,'2018-05-02 11:57:20','2018-05-02 11:57:20',NULL),
(9,'PJY','WILAYAH PERSEKUTUAN PUTRA JAYA',1,'2018-05-02 11:57:20','2018-05-02 11:57:20',NULL),
(10,'PLS','PERLIS',1,'2018-05-02 11:57:20','2018-05-02 11:57:20',NULL),
(11,'PNG','PULAU PINANG',1,'2018-05-02 11:57:20','2018-05-02 11:57:20',NULL),
(12,'PRK','PERAK',1,'2018-05-02 11:57:20','2018-05-02 11:57:20',NULL),
(13,'SBH','SABAH',2,'2018-05-02 11:57:20','2018-05-02 11:57:20',NULL),
(14,'SGR','SELANGOR',1,'2018-05-02 11:57:20','2018-05-02 11:57:20',NULL),
(15,'SRW','SARAWAK',2,'2018-05-02 11:57:20','2018-05-02 11:57:20',NULL),
(16,'TRG','TERENGGANU',1,'2018-05-02 11:57:20','2018-05-02 11:57:20',NULL);

/*Table structure for table `menus` */


CREATE TABLE `menus` (
  `id` int(10) unsigned NOT NULL AUTO_INCREMENT,
  `parent_id` int(10) unsigned DEFAULT NULL,
  `title` varchar(255) NOT NULL,
  `label` varchar(255) NOT NULL,
  `url` text NOT NULL,
  `order` int(11) NOT NULL,
  `created_at` timestamp NULL DEFAULT NULL,
  `updated_at` timestamp NOT NULL DEFAULT CURRENT_TIMESTAMP ON UPDATE CURRENT_TIMESTAMP,
  `deleted_at` timestamp NULL DEFAULT NULL,
  PRIMARY KEY (`id`)
) ENGINE=InnoDB AUTO_INCREMENT=6 DEFAULT CHARSET=latin1;

/*Data for the table `menus` */

insert  into `menus`(`id`,`parent_id`,`title`,`label`,`url`,`order`,`created_at`,`updated_at`,`deleted_at`) values 
(1,NULL,'test','test','google.com',0,NULL,'2018-07-13 12:44:08','2018-07-13 04:44:08'),
(2,1,'test','ting','testing.com',0,NULL,'2018-07-13 12:44:05','2018-07-13 04:44:04'),
(3,NULL,'test','ting','google.com',0,NULL,'2018-07-16 16:13:47',NULL),
(4,NULL,'tang','tang','otoworkz.my',2,NULL,'2018-07-16 16:13:48',NULL),
(5,NULL,'tung','tung','web.com',1,NULL,'2018-07-16 16:13:48',NULL);

/*Table structure for table `migrations` */


CREATE TABLE `migrations` (
  `id` int(10) unsigned NOT NULL AUTO_INCREMENT,
  `migration` varchar(255) COLLATE utf8_unicode_ci NOT NULL,
  `batch` int(11) NOT NULL,
  PRIMARY KEY (`id`)
) ENGINE=InnoDB AUTO_INCREMENT=7 DEFAULT CHARSET=utf8 COLLATE=utf8_unicode_ci ROW_FORMAT=DYNAMIC;

/*Data for the table `migrations` */

insert  into `migrations`(`id`,`migration`,`batch`) values 
(1,'2014_10_12_000000_create_users_table',1),
(2,'2014_10_12_100000_create_password_resets_table',1),
(3,'2017_08_29_064643_create_admins_table',1),
(4,'2017_09_07_041931_create_employees_table',1),
(5,'2018_04_02_142137_create_permission_tables',2),
(6,'2018_04_07_170349_create_audits_table',3);

/*Data for the table `password_resets` */

/*Table structure for table `permissions` */


CREATE TABLE `permissions` (
  `id` int(10) unsigned NOT NULL AUTO_INCREMENT,
  `name` varchar(255) COLLATE utf8_unicode_ci NOT NULL,
  `description` text COLLATE utf8_unicode_ci,
  `namespace` varchar(255) COLLATE utf8_unicode_ci DEFAULT NULL,
  `controller` varchar(100) COLLATE utf8_unicode_ci DEFAULT NULL,
  `function` varchar(100) COLLATE utf8_unicode_ci DEFAULT NULL,
  `parent_menu` int(11) NOT NULL DEFAULT '0',
  `sort` int(11) NOT NULL,
  `created_at` timestamp NULL DEFAULT NULL,
  `updated_at` timestamp NULL DEFAULT NULL,
  PRIMARY KEY (`id`),
  UNIQUE KEY `permissions_name_unique` (`name`)
) ENGINE=InnoDB AUTO_INCREMENT=152 DEFAULT CHARSET=utf8 COLLATE=utf8_unicode_ci ROW_FORMAT=DYNAMIC COMMENT='ACL related';

/*Data for the table `permissions` */

insert  into `permissions`(`id`,`name`,`description`,`namespace`,`controller`,`function`,`parent_menu`,`sort`,`created_at`,`updated_at`) values 
(13,'home','Dashboard Pengguna','App\\Http\\Controllers','HomeController','index',1,0,NULL,'2018-12-17 15:02:13'),
(14,'administration','Pengurusan Pentadbiran','administration','AdminController','na',1,2,NULL,NULL),
(15,'admin.dashboard','Dashboard Pentadbir','App\\Modules\\Admin\\Controllers','AdminController','index',1,1,NULL,NULL),
(16,'user.index','Pengurusan Pengguna','App\\Http\\Controllers\\Controller','UserController','index',0,3,NULL,'2018-04-25 13:46:50'),
(17,'admin.roles','Pengurusan Peranan','App\\Modules\\Admin\\Controllers','RoleController','index',0,7,NULL,'2019-03-21 16:51:51'),
(18,'admin.permission','Pengurusan Permission','App\\Http\\Controllers\\Controller','PermissionController','index',0,8,NULL,'2019-03-21 16:51:51'),
(19,'admin.menus','Pengurusan Menu','App\\Modules\\Admin\\Controllers','MenuController','index',0,9,NULL,'2019-03-21 16:51:51'),
(20,'admin.logs','Log Sistem','Rap2hpoutre\\LaravelLogViewer','LogViewerController','index',0,10,NULL,'2019-03-21 16:51:51'),
(21,'admin.config','Konfigurasi Sistem','App\\Modules\\Admin\\Controllers','AdminController','configuration',0,11,NULL,'2019-03-21 16:51:51'),
(22,'admin.auditrail','Log Aktiviti Pengguna','App\\Modules\\Admin\\Controllers','AdminController','auditTrail',0,12,NULL,'2019-03-21 16:51:51'),
(29,'user.disable','Nyahaktif Pengguna','App\\Modules\\Admin\\Controllers','UserController','disableUser',0,4,'2018-04-30 06:58:17','2018-04-30 06:58:17'),
(30,'user.enable','Pengaktifan Pengguna','App\\Modules\\Admin\\Controllers','UserController','enableUser',0,5,'2018-04-30 06:59:02','2018-04-30 06:59:02'),
(101,'data','Pengurusan Data Rujukan','App\\Modules\\Admin\\Controllers','DataManagementController','na',1,14,'2018-11-10 13:06:34','2019-03-21 16:51:51'),
(104,'data.jawatan.index','Senarai Jawatan','App\\Modules\\Admin\\Controllers','DataManagementController','jawatanindex',0,25,'2018-11-17 14:59:47','2020-10-08 19:16:04'),
(108,'proses.permohonan','Pengurusan Permohonan','App\\Modules\\Permohonan\\Controllers','na','na',1,27,'2018-11-25 23:08:46','2020-10-08 19:16:04'),
(110,'report.index','Laporan','App\\Modules\\Report\\Controller','ReportController','index',1,41,NULL,'2020-10-08 19:16:04'),
(121,'user.changerole','Tukar Peranan Pengguna','na','na','na',0,13,'2018-12-11 01:41:13','2019-03-21 16:51:51'),
(123,'data.announcement.index','Pengumuman','App\\Modules\\Admin\\Controllers','DataManagementController','announcementindex',0,26,'2019-02-26 20:34:56','2020-10-08 19:16:04'),
(124,'data.gred.index','Senarai Gred','App\\Modules\\Admin\\Controllers','DataManagementController','gredindex',0,19,'2019-03-21 01:14:43','2020-10-08 19:16:04'),
(126,'data.allocation.index','Senarai Peruntukan','App\\Modules\\Admin\\Controllers','DataManagementController','allocationindex',0,22,'2019-03-21 01:18:52','2020-10-08 19:16:04'),
(128,'data.unit.index','Senarai Unit Bahagian','App\\Modules\\Admin\\Controllers','DataManagementController','unitbahagianindex',0,24,'2019-03-21 01:21:11','2020-10-08 19:16:04'),
(129,'user.limitupdate','Had Kemaskini Profil','na','na','na',0,6,'2019-03-22 00:51:51','2019-03-22 00:51:51'),
(130,'proses.permohonan.baru','Permohonan Baru','App\\Modules\\Permohonan\\Controllers','na','na',0,28,'2019-03-22 01:04:46','2020-10-08 19:16:04'),
(131,'proses.permohonan.lulus','Melulus Permohonan (Kurang RM10,000)','App\\Modules\\Permohonan\\Controllers','na','na',0,33,'2019-03-22 01:06:15','2020-10-08 19:16:04'),
(132,'proses.permohonan.sokong','Menyokong Permohonan','App\\Modules\\Permohonan\\Controllers','na','na',0,29,'2019-03-22 01:15:41','2020-10-08 19:16:04'),
(133,'data.pembangunan.index','Senarai Jenis Pembangunan','App\\Modules\\Admin\\Controllers','DataManagementController','pembangunanindex',0,21,'2019-04-13 06:40:02','2020-10-08 19:16:04'),
(134,'report.expensessummary.index','Laporan Rumusan Perbelanjaan','App\\Modules\\Report\\Controller','ReportController','expensessummary',0,42,'2019-10-07 13:11:45','2020-10-08 19:16:04'),
(136,'proses.permohonan.semak','Menyemak Permohonan (Operasi)','App\\Modules\\Permohonan\\Controllers','na','na',0,30,'2020-05-28 04:19:52','2020-10-08 19:16:04'),
(137,'proses.permohonan.selesai','Pengesahan Bahagian Kewangan','App\\Modules\\Permohonan\\Controllers','na','na',0,36,'2020-07-23 00:51:28','2020-10-08 19:16:04'),
(138,'proses.permohonan.caridokumen','Carian Dokumen Permohonan','App\\Modules\\Permohonan\\Controllers','na','na',0,38,'2020-07-23 03:05:46','2020-10-08 19:16:04'),
(140,'proses.permohonan.lulus2','Melulus Permohonan (RM10,001-RM20,000)','App\\Modules\\Permohonan\\Controllers','na','na',0,34,'2020-09-11 19:24:45','2020-10-08 19:16:04'),
(141,'proses.permohonan.lulus3','Melulus Permohonan (Lebih RM20,000)','App\\Modules\\Permohonan\\Controllers','na','na',0,35,'2020-09-11 19:25:49','2020-10-08 19:16:04'),
(143,'proses.permohonan.semak2','Menyemak Permohonan (Pembangunan)','App\\Modules\\Permohonan\\Controllers','na','na',0,31,'2020-09-11 20:06:32','2020-10-08 19:16:04'),
(144,'proses.permohonan.invois','Semakan Invois Permohonan','App\\Modules\\Permohonan\\Controllers','na','na',0,32,'2020-09-13 20:37:29','2020-10-08 19:16:04'),
(145,'data.suballocation.index','Senarai Sub Peruntukan','App\\Modules\\Admin\\Controllers','DataManagementController','suballocationindex',0,17,'2020-09-14 09:49:15','2020-10-08 19:16:04'),
(146,'proses.permohonan.asetalih','Senarai Permohonan Aset Alih','App\\Modules\\Permohonan\\Controllers','na','na',0,39,'2020-09-21 22:36:01','2020-10-08 19:16:04'),
(147,'proses.permohonan.uploadfile','Senarai Keputusan Mesyuarat Sebut Harga / Lembaga Perolehan','App\\Modules\\Permohonan\\Controllers','na','na',0,37,'2020-09-22 01:46:13','2020-10-08 19:16:04'),
(148,'data.meetingtype.index','Senarai Jenis Mesyuarat','App\\Modules\\Admin\\Controllers','DataManagementController','meetingtypeindex',0,18,'2020-10-08 00:23:09','2020-10-08 19:16:04'),
(149,'data.assettype.index','Senarai Sub Kategori Aset','App\\Modules\\Admin\\Controllers','DataManagementController','assettypeindex',0,16,'2020-10-08 10:17:49','2020-10-08 19:16:04'),
(150,'proses.permohonan.searchall','Carian Semua Permohonan','App\\Modules\\Permohonan\\Controllers','na','na',0,40,'2020-10-08 11:17:32','2020-10-08 19:16:04'),
(151,'data.asset.index','Senarai Kategori Aset','App\\Modules\\Admin\\Controllers','DataManagementController','assetindex',0,15,'2020-10-09 03:16:04','2020-10-09 03:16:04');

/*Table structure for table `permissions_copy` */


CREATE TABLE `permissions_copy` (
  `id` int(10) unsigned NOT NULL AUTO_INCREMENT,
  `name` varchar(255) COLLATE utf8_unicode_ci NOT NULL,
  `description` text COLLATE utf8_unicode_ci,
  `namespace` varchar(255) COLLATE utf8_unicode_ci DEFAULT NULL,
  `controller` varchar(100) COLLATE utf8_unicode_ci DEFAULT NULL,
  `function` varchar(100) COLLATE utf8_unicode_ci DEFAULT NULL,
  `parent_menu` int(11) NOT NULL DEFAULT '0',
  `sort` int(11) NOT NULL,
  `created_at` timestamp NULL DEFAULT NULL,
  `updated_at` timestamp NULL DEFAULT NULL,
  PRIMARY KEY (`id`),
  UNIQUE KEY `permissions_name_unique` (`name`)
) ENGINE=InnoDB AUTO_INCREMENT=137 DEFAULT CHARSET=utf8 COLLATE=utf8_unicode_ci ROW_FORMAT=DYNAMIC COMMENT='ACL related';

/*Data for the table `permissions_copy` */

insert  into `permissions_copy`(`id`,`name`,`description`,`namespace`,`controller`,`function`,`parent_menu`,`sort`,`created_at`,`updated_at`) values 
(13,'home','Dashboard Pengguna','App\\Http\\Controllers','HomeController','index',1,0,NULL,'2018-12-17 15:02:13'),
(14,'administration','Pengurusan Pentadbiran','administration','AdminController','na',1,2,NULL,NULL),
(15,'admin.dashboard','Dashboard Pentadbir','App\\Modules\\Admin\\Controllers','AdminController','index',1,1,NULL,NULL),
(16,'user.index','Pengurusan Pengguna','App\\Http\\Controllers\\Controller','UserController','index',0,3,NULL,'2018-04-25 13:46:50'),
(17,'admin.roles','Pengurusan Peranan','App\\Modules\\Admin\\Controllers','RoleController','index',0,7,NULL,'2019-03-21 16:51:51'),
(18,'admin.permission','Pengurusan Permission','App\\Http\\Controllers\\Controller','PermissionController','index',0,8,NULL,'2019-03-21 16:51:51'),
(19,'admin.menus','Pengurusan Menu','App\\Modules\\Admin\\Controllers','MenuController','index',0,9,NULL,'2019-03-21 16:51:51'),
(20,'admin.logs','Log Sistem','Rap2hpoutre\\LaravelLogViewer','LogViewerController','index',0,10,NULL,'2019-03-21 16:51:51'),
(21,'admin.config','Konfigurasi Sistem','App\\Modules\\Admin\\Controllers','AdminController','configuration',0,11,NULL,'2019-03-21 16:51:51'),
(22,'admin.auditrail','Log Aktiviti Pengguna','App\\Modules\\Admin\\Controllers','AdminController','auditTrail',0,12,NULL,'2019-03-21 16:51:51'),
(29,'user.disable','Nyahaktif Pengguna','App\\Modules\\Admin\\Controllers','UserController','disableUser',0,4,'2018-04-30 06:58:17','2018-04-30 06:58:17'),
(30,'user.enable','Pengaktifan Pengguna','App\\Modules\\Admin\\Controllers','UserController','enableUser',0,5,'2018-04-30 06:59:02','2018-04-30 06:59:02'),
(101,'data','Pengurusan Data Rujukan','App\\Modules\\Admin\\Controllers','DataManagementController','na',1,14,'2018-11-10 13:06:34','2019-03-21 16:51:51'),
(104,'data.jawatan.index','Senarai Jawatan','App\\Modules\\Admin\\Controllers','DataManagementController','jawatanindex',0,21,'2018-11-17 14:59:47','2019-04-12 22:40:02'),
(108,'proses.permohonan','Pengurusan Permohonan','App\\Modules\\Permohonan\\Controllers','na','na',1,23,'2018-11-25 23:08:46','2019-04-12 22:40:02'),
(110,'report.index','Laporan','App\\Modules\\Report\\Controller','ReportController','index',1,28,NULL,'2020-05-27 20:19:52'),
(121,'user.changerole','Tukar Peranan Pengguna','na','na','na',0,13,'2018-12-11 01:41:13','2019-03-21 16:51:51'),
(123,'data.announcement.index','Pengumuman','App\\Modules\\Admin\\Controllers','DataManagementController','announcementindex',0,22,'2019-02-26 20:34:56','2019-04-12 22:40:02'),
(124,'data.gred.index','Senarai Gred','App\\Modules\\Admin\\Controllers','DataManagementController','gredindex',0,15,'2019-03-21 01:14:43','2019-03-21 16:51:51'),
(125,'data.location.index','Senarai Destinasi Penerbangan','App\\Modules\\Admin\\Controllers','DataManagementController','locationindex',0,16,'2019-03-21 01:17:41','2019-03-21 16:51:51'),
(126,'data.allocation.index','Senarai Peruntukan','App\\Modules\\Admin\\Controllers','DataManagementController','allocationindex',0,18,'2019-03-21 01:18:52','2019-04-12 22:40:02'),
(127,'data.flightcompany.index','Senarai Syarikat Penerbangan','App\\Modules\\Admin\\Controllers','DataManagementController','flightcompanyindex',0,19,'2019-03-21 01:20:19','2019-04-12 22:40:02'),
(128,'data.unit.index','Senarai Unit Bahagian','App\\Modules\\Admin\\Controllers','DataManagementController','unitbahagianindex',0,20,'2019-03-21 01:21:11','2019-04-12 22:40:02'),
(129,'user.limitupdate','Had Kemaskini Profil','na','na','na',0,6,'2019-03-22 00:51:51','2019-03-22 00:51:51'),
(130,'proses.permohonan.baru','Permohonan Baru','App\\Modules\\Permohonan\\Controllers','na','na',0,24,'2019-03-22 01:04:46','2019-04-12 22:40:02'),
(131,'proses.permohonan.lulus','Melulus Permohonan','App\\Modules\\Permohonan\\Controllers','na','na',0,27,'2019-03-22 01:06:15','2020-05-27 20:19:52'),
(132,'proses.permohonan.sokong','Menyokong Permohonan','App\\Modules\\Permohonan\\Controllers','na','na',0,25,'2019-03-22 01:15:41','2019-04-12 22:40:02'),
(133,'data.pembangunan.index','Senarai Jenis Pembangunan','App\\Modules\\Admin\\Controllers','DataManagementController','pembangunanindex',0,17,'2019-04-13 06:40:02','2019-04-13 06:40:02'),
(134,'report.expensessummary.index','Laporan Rumusan Perbelanjaan','App\\Modules\\Report\\Controller','ReportController','expensessummary',0,29,'2019-10-07 13:11:45','2020-05-27 20:19:52'),
(136,'proses.permohonan.semak','Menyemak Permohonan','App\\Modules\\Permohonan\\Controllers','na','na',0,26,'2020-05-28 04:19:52','2020-05-28 04:19:52');

/*Table structure for table `permissions_old` */


CREATE TABLE `permissions_old` (
  `id` int(10) unsigned NOT NULL AUTO_INCREMENT,
  `name` varchar(255) COLLATE utf8_unicode_ci NOT NULL,
  `description` text COLLATE utf8_unicode_ci,
  `namespace` varchar(255) COLLATE utf8_unicode_ci DEFAULT NULL,
  `controller` varchar(100) COLLATE utf8_unicode_ci DEFAULT NULL,
  `function` varchar(100) COLLATE utf8_unicode_ci DEFAULT NULL,
  `parent_menu` int(11) NOT NULL DEFAULT '0',
  `sort` int(11) NOT NULL,
  `created_at` timestamp NULL DEFAULT NULL,
  `updated_at` timestamp NULL DEFAULT NULL,
  PRIMARY KEY (`id`),
  UNIQUE KEY `permissions_name_unique` (`name`)
) ENGINE=InnoDB AUTO_INCREMENT=139 DEFAULT CHARSET=utf8 COLLATE=utf8_unicode_ci ROW_FORMAT=DYNAMIC COMMENT='ACL related';

/*Data for the table `permissions_old` */

insert  into `permissions_old`(`id`,`name`,`description`,`namespace`,`controller`,`function`,`parent_menu`,`sort`,`created_at`,`updated_at`) values 
(13,'home','Dashboard Pengguna','App\\Http\\Controllers','HomeController','index',1,0,NULL,'2018-12-17 15:02:13'),
(14,'administration','Pengurusan Pentadbiran','administration','AdminController','na',1,2,NULL,NULL),
(15,'admin.dashboard','Dashboard Pentadbir','App\\Modules\\Admin\\Controllers','AdminController','index',1,1,NULL,NULL),
(16,'user.index','Pengurusan Pengguna','App\\Http\\Controllers\\Controller','UserController','index',0,3,NULL,'2018-04-25 13:46:50'),
(17,'admin.roles','Pengurusan Peranan','App\\Modules\\Admin\\Controllers','RoleController','index',0,7,NULL,'2019-03-21 16:51:51'),
(18,'admin.permission','Pengurusan Permission','App\\Http\\Controllers\\Controller','PermissionController','index',0,8,NULL,'2019-03-21 16:51:51'),
(19,'admin.menus','Pengurusan Menu','App\\Modules\\Admin\\Controllers','MenuController','index',0,9,NULL,'2019-03-21 16:51:51'),
(20,'admin.logs','Log Sistem','Rap2hpoutre\\LaravelLogViewer','LogViewerController','index',0,10,NULL,'2019-03-21 16:51:51'),
(21,'admin.config','Konfigurasi Sistem','App\\Modules\\Admin\\Controllers','AdminController','configuration',0,11,NULL,'2019-03-21 16:51:51'),
(22,'admin.auditrail','Log Aktiviti Pengguna','App\\Modules\\Admin\\Controllers','AdminController','auditTrail',0,12,NULL,'2019-03-21 16:51:51'),
(29,'user.disable','Nyahaktif Pengguna','App\\Modules\\Admin\\Controllers','UserController','disableUser',0,4,'2018-04-30 06:58:17','2018-04-30 06:58:17'),
(30,'user.enable','Pengaktifan Pengguna','App\\Modules\\Admin\\Controllers','UserController','enableUser',0,5,'2018-04-30 06:59:02','2018-04-30 06:59:02'),
(101,'data','Pengurusan Data Rujukan','App\\Modules\\Admin\\Controllers','DataManagementController','na',1,14,'2018-11-10 13:06:34','2019-03-21 16:51:51'),
(104,'data.jawatan.index','Senarai Jawatan','App\\Modules\\Admin\\Controllers','DataManagementController','jawatanindex',0,21,'2018-11-17 14:59:47','2019-04-12 22:40:02'),
(108,'proses.permohonan','Pengurusan Permohonan','App\\Modules\\Permohonan\\Controllers','na','na',1,23,'2018-11-25 23:08:46','2019-04-12 22:40:02'),
(110,'report.index','Laporan','App\\Modules\\Report\\Controller','ReportController','index',1,30,NULL,'2020-07-22 19:05:46'),
(121,'user.changerole','Tukar Peranan Pengguna','na','na','na',0,13,'2018-12-11 01:41:13','2019-03-21 16:51:51'),
(123,'data.announcement.index','Pengumuman','App\\Modules\\Admin\\Controllers','DataManagementController','announcementindex',0,22,'2019-02-26 20:34:56','2019-04-12 22:40:02'),
(124,'data.gred.index','Senarai Gred','App\\Modules\\Admin\\Controllers','DataManagementController','gredindex',0,15,'2019-03-21 01:14:43','2019-03-21 16:51:51'),
(125,'data.location.index','Senarai Destinasi Penerbangan','App\\Modules\\Admin\\Controllers','DataManagementController','locationindex',0,16,'2019-03-21 01:17:41','2019-03-21 16:51:51'),
(126,'data.allocation.index','Senarai Peruntukan','App\\Modules\\Admin\\Controllers','DataManagementController','allocationindex',0,18,'2019-03-21 01:18:52','2019-04-12 22:40:02'),
(127,'data.flightcompany.index','Senarai Syarikat Penerbangan','App\\Modules\\Admin\\Controllers','DataManagementController','flightcompanyindex',0,19,'2019-03-21 01:20:19','2019-04-12 22:40:02'),
(128,'data.unit.index','Senarai Unit Bahagian','App\\Modules\\Admin\\Controllers','DataManagementController','unitbahagianindex',0,20,'2019-03-21 01:21:11','2019-04-12 22:40:02'),
(129,'user.limitupdate','Had Kemaskini Profil','na','na','na',0,6,'2019-03-22 00:51:51','2019-03-22 00:51:51'),
(130,'proses.permohonan.baru','Permohonan Baru','App\\Modules\\Permohonan\\Controllers','na','na',0,24,'2019-03-22 01:04:46','2019-04-12 22:40:02'),
(131,'proses.permohonan.lulus','Melulus Permohonan (Bawah RM10,000)','App\\Modules\\Permohonan\\Controllers','na','na',0,27,'2019-03-22 01:06:15','2020-05-27 20:19:52'),
(132,'proses.permohonan.sokong','Menyokong Permohonan','App\\Modules\\Permohonan\\Controllers','na','na',0,25,'2019-03-22 01:15:41','2019-04-12 22:40:02'),
(133,'data.pembangunan.index','Senarai Jenis Pembangunan','App\\Modules\\Admin\\Controllers','DataManagementController','pembangunanindex',0,17,'2019-04-13 06:40:02','2019-04-13 06:40:02'),
(134,'report.expensessummary.index','Laporan Rumusan Perbelanjaan','App\\Modules\\Report\\Controller','ReportController','expensessummary',0,31,'2019-10-07 13:11:45','2020-07-22 19:05:46'),
(136,'proses.permohonan.semak','Menyemak Permohonan','App\\Modules\\Permohonan\\Controllers','na','na',0,26,'2020-05-28 04:19:52','2020-05-28 04:19:52'),
(137,'proses.permohonan.selesai','Pengesahan Bahagian Kewangan','App\\Modules\\Permohonan\\Controllers','na','na',0,28,'2020-07-23 00:51:28','2020-07-23 00:51:28'),
(138,'proses.permohonan.caridokumen','Carian Dokumen Permohonan','App\\Modules\\Permohonan\\Controllers','na','na',0,29,'2020-07-23 03:05:46','2020-07-23 03:05:46');

/*Table structure for table `permohonan` */


CREATE TABLE `permohonan` (
  `permohonan_id` bigint(11) NOT NULL AUTO_INCREMENT,
  `permohonan_no` varchar(30) DEFAULT NULL,
  `unit_bahagian_id` int(11) DEFAULT NULL,
  `allocation_id` int(11) DEFAULT NULL,
  `sub_allocation_id` int(11) DEFAULT NULL,
  `procurement_type` int(11) NOT NULL DEFAULT '0' COMMENT '0-bukan aset alih,1-aset alih',
  `asset_id` int(11) DEFAULT NULL,
  `asset_type_id` int(11) DEFAULT NULL,
  `post_type` int(11) NOT NULL DEFAULT '0' COMMENT '0-post, 1-byhand',
  `permohonan_nobilbom` varchar(30) DEFAULT NULL,
  `supplier_id` int(11) DEFAULT NULL,
  `supplier_code` varchar(20) DEFAULT NULL,
  `supplier_name` varchar(100) DEFAULT NULL,
  `supplier_address_1` varchar(100) DEFAULT NULL,
  `supplier_address_2` varchar(100) DEFAULT NULL,
  `supplier_address_3` varchar(100) DEFAULT NULL,
  `supplier_postcode` char(5) DEFAULT NULL,
  `district_id` int(11) DEFAULT NULL,
  `state_id` int(11) DEFAULT NULL,
  `supplier_contactno` varchar(50) DEFAULT NULL,
  `supplier_email` varchar(50) DEFAULT NULL,
  `supplier_kod_peruntukan_1` varchar(20) DEFAULT NULL,
  `supplier_kod_peruntukan_2` varchar(20) DEFAULT NULL,
  `supplier_kod_peruntukan_3` varchar(20) DEFAULT NULL,
  `permohonan_no_pesanan` varchar(20) DEFAULT NULL,
  `is_enough` int(11) DEFAULT '0' COMMENT 'allocation is enough',
  `perolehan_tajuk` text,
  `perolehan_asap` int(11) NOT NULL DEFAULT '0',
  `perolehan_date` date DEFAULT NULL,
  `perolehan_lokasi` varchar(100) DEFAULT NULL,
  `permohonan_gross_amount` decimal(10,2) NOT NULL DEFAULT '0.00',
  `permohonan_sst_percentage` decimal(10,2) NOT NULL DEFAULT '0.00',
  `permohonan_has_sst` int(1) NOT NULL DEFAULT '0',
  `permohonan_sst_amount` decimal(10,2) NOT NULL DEFAULT '0.00',
  `permohonan_final_amount` decimal(10,2) NOT NULL DEFAULT '0.00',
  `justifikasi_remarks` text,
  `pemohon_id` int(11) DEFAULT NULL,
  `submitted_date` datetime DEFAULT NULL,
  `permohonan_catatan` text,
  `approver_remarks` text,
  `approver_id` int(11) DEFAULT NULL,
  `approved_date` datetime DEFAULT NULL,
  `approver2_remarks` text,
  `approver2_id` int(11) DEFAULT NULL,
  `approved2_date` datetime DEFAULT NULL,
  `checked_remarks` text,
  `checked_by` int(11) DEFAULT NULL,
  `checked_date` datetime DEFAULT NULL,
  `prepared_remarks` text,
  `prepared_by` int(11) DEFAULT NULL,
  `prepared_date` datetime DEFAULT NULL,
  `completed_remarks` text,
  `completed_by` int(11) DEFAULT NULL,
  `completed_date` datetime DEFAULT NULL,
  `lpo_no` varchar(20) DEFAULT NULL,
  `lpo_remarks` text,
  `lpo_by` int(11) DEFAULT NULL,
  `lpo_date` datetime DEFAULT NULL,
  `invoice_no` varchar(20) DEFAULT NULL,
  `invoice_remarks` text,
  `invoice_by` int(11) DEFAULT NULL,
  `invoice_date` datetime DEFAULT NULL,
  `final_remarks` text,
  `final_by` int(11) DEFAULT NULL,
  `final_date` datetime DEFAULT NULL,
  `closed_remarks` text,
  `closed_by` int(11) DEFAULT NULL,
  `closed_date` datetime DEFAULT NULL,
  `status` char(1) NOT NULL DEFAULT 'N' COMMENT 'D-Draft,N-new,S-support,A-approve,R-reject,C-complete,U-perlukemaskini',
  `created_by` int(11) NOT NULL,
  `created_at` timestamp NULL DEFAULT NULL,
  `updated_at` timestamp NOT NULL DEFAULT CURRENT_TIMESTAMP,
  `deleted_at` timestamp NULL DEFAULT NULL,
  PRIMARY KEY (`permohonan_id`),
  KEY `idx_permohonan_allocation_id` (`allocation_id`),
  KEY `idx_permohonan_pembangunan_id` (`unit_bahagian_id`),
  KEY `idx_permohonan_no` (`permohonan_no`),
  KEY `idx_permohonan_status` (`status`),
  KEY `idx_permohonan_pemohon_id` (`pemohon_id`),
  KEY `idx_permohonan_created_by` (`created_by`),
  KEY `idx_permohonan_suballocation_id` (`sub_allocation_id`)
) ENGINE=InnoDB AUTO_INCREMENT=12 DEFAULT CHARSET=latin1;

/*Data for the table `permohonan` */

insert  into `permohonan`(`permohonan_id`,`permohonan_no`,`unit_bahagian_id`,`allocation_id`,`sub_allocation_id`,`procurement_type`,`asset_id`,`asset_type_id`,`post_type`,`permohonan_nobilbom`,`supplier_id`,`supplier_code`,`supplier_name`,`supplier_address_1`,`supplier_address_2`,`supplier_address_3`,`supplier_postcode`,`district_id`,`state_id`,`supplier_contactno`,`supplier_email`,`supplier_kod_peruntukan_1`,`supplier_kod_peruntukan_2`,`supplier_kod_peruntukan_3`,`permohonan_no_pesanan`,`is_enough`,`perolehan_tajuk`,`perolehan_asap`,`perolehan_date`,`perolehan_lokasi`,`permohonan_gross_amount`,`permohonan_sst_percentage`,`permohonan_has_sst`,`permohonan_sst_amount`,`permohonan_final_amount`,`justifikasi_remarks`,`pemohon_id`,`submitted_date`,`permohonan_catatan`,`approver_remarks`,`approver_id`,`approved_date`,`approver2_remarks`,`approver2_id`,`approved2_date`,`checked_remarks`,`checked_by`,`checked_date`,`prepared_remarks`,`prepared_by`,`prepared_date`,`completed_remarks`,`completed_by`,`completed_date`,`lpo_no`,`lpo_remarks`,`lpo_by`,`lpo_date`,`invoice_no`,`invoice_remarks`,`invoice_by`,`invoice_date`,`final_remarks`,`final_by`,`final_date`,`closed_remarks`,`closed_by`,`closed_date`,`status`,`created_by`,`created_at`,`updated_at`,`deleted_at`) values 
(1,'CPD_PROC000008',1,2,13,0,NULL,NULL,0,NULL,NULL,NULL,'ABC Sdn Bhd','No 3 jalan budu',NULL,NULL,'23100',636,16,NULL,NULL,NULL,NULL,NULL,NULL,0,'pohon 1st time',0,'2020-09-30','Malaysia Productivity 321',32000.00,6.00,1,1920.00,33920.00,NULL,249,'2020-09-10 03:39:31','test',NULL,79,NULL,NULL,NULL,NULL,NULL,NULL,NULL,NULL,NULL,NULL,NULL,NULL,NULL,NULL,NULL,NULL,NULL,NULL,NULL,NULL,NULL,NULL,NULL,NULL,NULL,NULL,NULL,'D',249,'2020-09-10 02:30:36','2020-09-13 00:33:31','2020-09-12 17:06:19'),
(2,'CPD_PROC000009',1,2,25,0,NULL,NULL,0,NULL,NULL,'BEKAL056','ABC Group SDN BHD','NO 3 JALAN KEBUN DI TEPI PADANG',NULL,NULL,'43100',1200,14,NULL,NULL,'KOD0022','KOD0023','KOD0024','INV101011',1,'Program Belia',0,'2020-09-29','Jalan Kebun, Shah Alam',7804.60,6.00,1,468.28,8272.88,NULL,249,'2020-09-13 01:36:23',NULL,'sokong',79,'2020-09-13 02:31:32',NULL,NULL,NULL,'good dah ni',171,'2020-09-13 05:06:27',NULL,171,'2020-09-13 05:45:03',NULL,131,'2020-09-13 05:57:39','INV35326','test LPO',171,'2020-09-13 06:09:47','INV3728281','KAU BUKAN TERBAIK',249,'2020-09-14 02:26:28','bereh doh',171,'2020-09-14 02:52:16','berehh lagi',5,'2020-09-14 03:44:39','L',249,'2020-09-13 01:08:56','2020-09-14 05:27:31',NULL),
(3,'CPD_PROC000010',1,1,2,1,NULL,NULL,0,NULL,NULL,'KODPEM011','abc 456 bhd','test alamat',NULL,NULL,'21000',593,16,NULL,NULL,'KODPER011',NULL,NULL,'NPJ6532',1,'test data 1',0,'2020-09-30','Malaysia Productivity',10999.00,6.00,1,659.94,11658.94,NULL,249,'2020-09-14 05:50:11',NULL,NULL,79,'2020-09-14 05:58:59',NULL,NULL,NULL,NULL,171,'2020-09-14 06:01:37',NULL,171,'2020-09-16 02:14:36',NULL,66,'2020-09-16 02:16:32',NULL,NULL,NULL,NULL,NULL,NULL,NULL,NULL,NULL,NULL,NULL,NULL,NULL,NULL,'H',249,'2020-09-13 02:05:58','2020-09-16 02:16:45',NULL),
(4,'CPD_PROC000011',1,1,4,1,NULL,NULL,0,NULL,NULL,'KODPEM010','fine bhd','test alamat',NULL,NULL,'41000',1155,14,NULL,NULL,'KODPER654',NULL,NULL,'NPJ672',1,'tajuk b',0,'2020-09-29','Malaysia Productivity',13456.00,0.00,0,0.00,13456.00,NULL,249,'2020-09-14 05:52:50',NULL,NULL,79,'2020-09-14 05:59:07',NULL,NULL,NULL,NULL,171,'2020-09-14 06:01:27',NULL,172,'2020-09-14 06:04:50',NULL,66,'2020-09-16 02:16:32',NULL,NULL,NULL,NULL,NULL,NULL,NULL,NULL,NULL,NULL,NULL,NULL,NULL,NULL,'H',249,'2020-09-14 05:52:50','2020-09-16 02:16:41',NULL),
(5,'CPD_PROC000012',1,1,6,0,NULL,NULL,0,NULL,NULL,'KODPEM009','test bhd','alamat 1213',NULL,NULL,'32000',972,12,NULL,NULL,'KODPER080',NULL,NULL,'NPJ667',1,'tajuk c',0,'2020-09-28','Malaysia Productivity',16499.90,6.00,1,989.99,17489.89,NULL,249,'2020-09-14 05:54:18',NULL,NULL,79,'2020-09-14 05:59:18',NULL,NULL,NULL,NULL,171,'2020-09-14 06:01:17',NULL,172,'2020-09-14 06:04:23',NULL,66,'2020-09-16 02:16:32',NULL,NULL,NULL,NULL,NULL,NULL,NULL,NULL,NULL,NULL,NULL,NULL,NULL,NULL,'H',249,'2020-09-14 05:54:18','2020-09-16 02:16:38',NULL),
(6,'CPD_PROCP0013',1,2,19,0,NULL,NULL,0,NULL,NULL,'KOD6721','bekalan sdn bhd','ok juga tu',NULL,NULL,'43100',1200,14,NULL,NULL,'KODPER8813',NULL,NULL,'PESJAB8922',1,'mee sup',0,'2020-09-30','Bilik ICT, Malaysia Productivity Corporation',11000.00,6.00,1,660.00,11660.00,NULL,249,'2020-09-18 15:16:35',NULL,NULL,79,'2020-09-19 00:09:52',NULL,NULL,NULL,NULL,171,'2020-09-19 00:18:35',NULL,172,'2020-09-19 00:20:14',NULL,66,'2020-09-19 00:29:58',NULL,NULL,NULL,NULL,NULL,NULL,NULL,NULL,NULL,NULL,NULL,NULL,NULL,NULL,'H',249,'2020-09-18 15:16:35','2020-09-19 00:29:58',NULL),
(7,'O20200002',1,1,13,1,NULL,NULL,0,NULL,NULL,NULL,'aset alih sdn bhd','alih jalan alah',NULL,NULL,'42100',1183,14,NULL,NULL,NULL,NULL,NULL,NULL,0,'test aset alih',0,'2020-09-29','Malaysia Productivity Corporation 2',3400.00,0.00,0,0.00,3400.00,NULL,249,'2020-09-21 23:05:23',NULL,NULL,79,'2020-09-30 00:32:43',NULL,NULL,NULL,NULL,NULL,NULL,NULL,NULL,NULL,NULL,NULL,NULL,NULL,NULL,NULL,NULL,NULL,NULL,NULL,NULL,NULL,NULL,NULL,NULL,NULL,NULL,'S',249,'2020-09-21 23:05:23','2020-09-30 00:32:43',NULL),
(8,'CPD_PROC0014',1,1,4,1,NULL,NULL,0,NULL,NULL,'bekal008','abu bakar berhad','no 7 lorong 7',NULL,NULL,'42000',1181,14,NULL,NULL,'kodper0017',NULL,NULL,'testpesanan',1,'test one flow',0,'2020-09-16','Malaysia Productivity Corporation',23000.00,6.00,1,1380.00,24380.00,NULL,249,'2020-09-23 13:08:01',NULL,NULL,79,'2020-09-23 13:11:52',NULL,NULL,NULL,NULL,171,'2020-09-23 13:13:01',NULL,172,'2020-09-23 13:13:54',NULL,9,'2020-09-23 13:14:36',NULL,NULL,NULL,NULL,NULL,NULL,NULL,NULL,NULL,NULL,NULL,NULL,NULL,NULL,'H',249,'2020-09-23 12:47:13','2020-09-23 13:14:36',NULL),
(9,'0003/2020',1,1,4,0,NULL,NULL,0,NULL,NULL,NULL,'pembekal lala 1234','alamat 2',NULL,NULL,'34100',1010,12,'0176214561','email@gmail.com',NULL,NULL,NULL,NULL,0,'test bukan aset alih',0,'2020-10-28','Malaysia Productivity Corporation bukan alih',8601.80,6.00,1,516.11,9117.91,NULL,249,'2020-10-06 23:14:05',NULL,NULL,79,'2020-10-06 23:22:12',NULL,NULL,NULL,NULL,NULL,NULL,NULL,NULL,NULL,NULL,NULL,NULL,NULL,NULL,NULL,NULL,NULL,NULL,NULL,NULL,NULL,NULL,NULL,NULL,NULL,NULL,'S',249,'2020-10-06 23:14:05','2020-10-06 23:22:13',NULL),
(10,'P0003/20',1,2,16,1,NULL,NULL,0,NULL,NULL,NULL,'aset alih sdn bhd','jalan aset alih',NULL,NULL,'24000',640,16,NULL,NULL,NULL,NULL,NULL,NULL,0,'test aset alih',0,'2020-10-30','Malaysia Productivity Corporation aset alih',23100.00,0.00,0,0.00,23100.00,NULL,249,'2020-10-07 01:10:23',NULL,NULL,79,'2020-10-07 01:11:35',NULL,268,'2020-10-07 01:12:49',NULL,NULL,NULL,NULL,NULL,NULL,NULL,NULL,NULL,NULL,NULL,NULL,NULL,NULL,NULL,NULL,NULL,NULL,NULL,NULL,NULL,NULL,NULL,'S',249,'2020-10-06 23:18:03','2020-10-07 01:12:49',NULL),
(11,'0004/20',1,1,11,1,5,9,0,NULL,NULL,'KODPEMBEKAL009','di sinar suria bhd','yang jelas ternyata',NULL,NULL,'42000',1181,14,'017652234','gugur@gmail.com','0011XX11-NPCX-A35501',NULL,NULL,'NOPES-008',1,'test skali lalu',0,'2020-10-22','Malaysia Productivity Corporation',12812.40,6.00,1,768.74,13581.14,'test justifikasion',249,'2020-10-09 13:42:08',NULL,NULL,79,'2020-10-09 13:43:20',NULL,268,'2020-10-09 13:46:30',NULL,171,'2020-10-09 22:32:22',NULL,172,'2020-10-09 22:37:50',NULL,66,'2020-10-09 22:41:17','NOPES-008','test wow',172,'2020-10-09 22:52:06','INV21110101','saje je',249,'2020-10-09 23:03:47',NULL,NULL,NULL,NULL,NULL,NULL,'M',249,'2020-10-09 04:36:51','2020-10-09 23:03:47',NULL);

/*Table structure for table `permohonan_audit_trail` */


CREATE TABLE `permohonan_audit_trail` (
  `permohonan_audit_trail_id` bigint(20) NOT NULL AUTO_INCREMENT,
  `permohonan_id` bigint(20) NOT NULL,
  `status` char(1) NOT NULL,
  `remarks` text,
  `created_by` int(11) NOT NULL,
  `created_at` timestamp NULL DEFAULT NULL ON UPDATE CURRENT_TIMESTAMP,
  `updated_at` timestamp NOT NULL DEFAULT CURRENT_TIMESTAMP,
  `deleted_at` timestamp NULL DEFAULT NULL,
  PRIMARY KEY (`permohonan_audit_trail_id`)
) ENGINE=InnoDB AUTO_INCREMENT=92 DEFAULT CHARSET=latin1;

/*Data for the table `permohonan_audit_trail` */

insert  into `permohonan_audit_trail`(`permohonan_audit_trail_id`,`permohonan_id`,`status`,`remarks`,`created_by`,`created_at`,`updated_at`,`deleted_at`) values 
(1,1,'N','test',249,'2020-09-13 01:06:19','2020-09-10 03:39:31','2020-09-12 17:06:19'),
(4,2,'N',NULL,249,'2020-09-13 01:36:24','2020-09-13 01:36:24',NULL),
(5,2,'N',NULL,249,'2020-09-13 02:25:24','2020-09-13 02:25:24',NULL),
(6,2,'R','test tolak',79,'2020-09-13 02:26:43','2020-09-13 02:26:43',NULL),
(7,2,'S','sokong',79,'2020-09-13 02:31:32','2020-09-13 02:31:32',NULL),
(8,2,'U','ntah la kenapa',171,'2020-09-13 04:04:02','2020-09-13 04:04:02',NULL),
(9,2,'Z',NULL,249,'2020-09-13 04:13:07','2020-09-13 04:13:07',NULL),
(10,2,'P','good dah ni',171,'2020-09-13 05:06:27','2020-09-13 05:06:27',NULL),
(11,2,'A','good',172,'2020-09-13 05:19:41','2020-09-13 05:19:41',NULL),
(12,2,'A','good 456',172,'2020-09-13 05:24:25','2020-09-13 05:24:25',NULL),
(13,2,'A','bagus skali skip',171,'2020-09-13 05:26:00','2020-09-13 05:26:00',NULL),
(14,2,'Q','saje xnak kasi lulus',131,'2020-09-13 05:39:54','2020-09-13 05:39:54',NULL),
(15,2,'A',NULL,171,'2020-09-13 05:45:03','2020-09-13 05:45:03',NULL),
(16,2,'H',NULL,131,'2020-09-13 05:57:39','2020-09-13 05:57:39',NULL),
(17,2,'C','test LPO',171,'2020-09-13 06:09:47','2020-09-13 06:09:47',NULL),
(18,2,'M','utk semakan pct',249,'2020-09-13 20:22:29','2020-09-13 20:22:30',NULL),
(19,2,'G','semak la semula',171,'2020-09-14 02:09:02','2020-09-14 02:09:02',NULL),
(20,2,'G','semak la semula semak la',171,'2020-09-14 02:10:39','2020-09-14 02:10:39',NULL),
(21,2,'V','KAU BUKAN TERBAIK',249,'2020-09-14 02:26:28','2020-09-14 02:26:28',NULL),
(22,2,'F','bereh doh',171,'2020-09-14 02:52:16','2020-09-14 02:52:16',NULL),
(23,2,'K','done',5,'2020-09-14 03:40:43','2020-09-14 03:40:43',NULL),
(24,2,'L','berehh lagi',5,'2020-09-14 03:44:39','2020-09-14 03:44:39',NULL),
(25,2,'J',NULL,5,'2020-09-14 04:48:42','2020-09-14 04:48:42',NULL),
(26,2,'B',NULL,171,'2020-09-14 04:58:31','2020-09-14 04:58:31',NULL),
(27,2,'T','test update pembekal',171,'2020-09-14 05:27:31','2020-09-14 05:27:31',NULL),
(28,3,'N',NULL,249,'2020-09-14 05:50:11','2020-09-14 05:50:11',NULL),
(29,4,'N',NULL,249,'2020-09-14 05:52:50','2020-09-14 05:52:50',NULL),
(30,5,'N',NULL,249,'2020-09-14 05:54:19','2020-09-14 05:54:19',NULL),
(31,3,'S',NULL,79,'2020-09-14 05:58:59','2020-09-14 05:58:59',NULL),
(32,4,'S',NULL,79,'2020-09-14 05:59:07','2020-09-14 05:59:07',NULL),
(33,5,'S',NULL,79,'2020-09-14 05:59:18','2020-09-14 05:59:18',NULL),
(34,5,'P',NULL,171,'2020-09-14 06:01:17','2020-09-14 06:01:17',NULL),
(35,4,'P',NULL,171,'2020-09-14 06:01:27','2020-09-14 06:01:27',NULL),
(36,3,'P',NULL,171,'2020-09-14 06:01:37','2020-09-14 06:01:37',NULL),
(37,5,'A',NULL,172,'2020-09-14 06:04:23','2020-09-14 06:04:23',NULL),
(38,4,'A',NULL,172,'2020-09-14 06:04:50','2020-09-14 06:04:50',NULL),
(39,3,'A',NULL,172,'2020-09-14 06:05:09','2020-09-14 06:05:09',NULL),
(40,5,'H','test lulus',66,'2020-09-16 02:10:08','2020-09-16 02:10:08',NULL),
(41,4,'H','test lulus',66,'2020-09-16 02:10:08','2020-09-16 02:10:12',NULL),
(42,3,'Q','silap la ni',66,'2020-09-16 02:12:51','2020-09-16 02:12:51',NULL),
(43,3,'A',NULL,171,'2020-09-16 02:14:36','2020-09-16 02:14:36',NULL),
(44,3,'H','cun',66,'2020-09-16 02:15:10','2020-09-16 02:15:10',NULL),
(45,5,'H',NULL,66,'2020-09-16 02:16:32','2020-09-16 02:16:32',NULL),
(46,3,'H',NULL,66,'2020-09-16 02:16:32','2020-09-16 02:16:35',NULL),
(47,5,'H',NULL,66,'2020-09-16 02:16:32','2020-09-16 02:16:38',NULL),
(48,4,'H',NULL,66,'2020-09-16 02:16:32','2020-09-16 02:16:41',NULL),
(49,3,'H',NULL,66,'2020-09-16 02:16:32','2020-09-16 02:16:45',NULL),
(50,6,'N',NULL,249,'2020-09-18 15:16:35','2020-09-18 15:16:35',NULL),
(51,6,'S',NULL,79,'2020-09-19 00:09:52','2020-09-19 00:09:52',NULL),
(52,6,'T',NULL,171,'2020-09-19 00:18:15','2020-09-19 00:18:15',NULL),
(53,6,'P',NULL,171,'2020-09-19 00:18:35','2020-09-19 00:18:35',NULL),
(54,6,'A',NULL,172,'2020-09-19 00:20:14','2020-09-19 00:20:14',NULL),
(55,6,'H',NULL,66,'2020-09-19 00:29:58','2020-09-19 00:29:58',NULL),
(56,7,'N',NULL,249,'2020-09-21 23:05:23','2020-09-21 23:05:23',NULL),
(57,7,'N',NULL,249,'2020-09-21 23:15:59','2020-09-21 23:15:59',NULL),
(58,8,'N',NULL,249,'2020-09-23 13:08:01','2020-09-23 13:08:01',NULL),
(59,8,'S',NULL,79,'2020-09-23 13:11:52','2020-09-23 13:11:52',NULL),
(60,8,'P',NULL,171,'2020-09-23 13:13:01','2020-09-23 13:13:01',NULL),
(61,8,'A',NULL,172,'2020-09-23 13:13:54','2020-09-23 13:13:54',NULL),
(62,8,'H',NULL,9,'2020-09-23 13:14:36','2020-09-23 13:14:36',NULL),
(63,7,'S',NULL,79,'2020-09-30 00:30:41','2020-09-30 00:30:41',NULL),
(64,7,'S',NULL,79,'2020-09-30 00:31:33','2020-09-30 00:31:33',NULL),
(65,7,'S',NULL,79,'2020-09-30 00:32:17','2020-09-30 00:32:17',NULL),
(66,7,'S',NULL,79,'2020-09-30 00:32:43','2020-09-30 00:32:43',NULL),
(67,9,'N',NULL,249,'2020-10-06 23:14:05','2020-10-06 23:14:05',NULL),
(68,10,'N',NULL,249,'2020-10-06 23:18:03','2020-10-06 23:18:03',NULL),
(69,9,'S',NULL,79,'2020-10-06 23:22:12','2020-10-06 23:22:13',NULL),
(70,10,'Y',NULL,79,'2020-10-07 00:14:28','2020-10-07 00:14:28',NULL),
(71,10,'W','sila kemaskini molek2 deh',268,'2020-10-07 00:46:57','2020-10-07 00:46:57',NULL),
(72,10,'N',NULL,249,'2020-10-07 01:10:23','2020-10-07 01:10:23',NULL),
(73,10,'Y',NULL,79,'2020-10-07 01:11:35','2020-10-07 01:11:35',NULL),
(74,10,'S',NULL,268,'2020-10-07 01:12:49','2020-10-07 01:12:49',NULL),
(76,11,'N',NULL,249,'2020-10-09 13:42:08','2020-10-09 13:42:08',NULL),
(77,11,'Y',NULL,79,'2020-10-09 13:43:20','2020-10-09 13:43:20',NULL),
(78,11,'S',NULL,268,'2020-10-09 13:46:30','2020-10-09 13:46:30',NULL),
(79,11,'Z',NULL,249,'2020-10-09 22:13:31','2020-10-09 22:13:31',NULL),
(80,11,'Z',NULL,171,'2020-10-09 22:23:54','2020-10-09 22:23:54',NULL),
(81,11,'P',NULL,171,'2020-10-09 22:32:22','2020-10-09 22:32:22',NULL),
(82,11,'Z',NULL,171,'2020-10-09 22:34:00','2020-10-09 22:34:00',NULL),
(83,11,'Z',NULL,172,'2020-10-09 22:35:36','2020-10-09 22:35:36',NULL),
(84,11,'A',NULL,172,'2020-10-09 22:37:50','2020-10-09 22:37:50',NULL),
(85,11,'Z',NULL,172,'2020-10-09 22:39:12','2020-10-09 22:39:12',NULL),
(86,11,'H',NULL,66,'2020-10-09 22:41:17','2020-10-09 22:41:17',NULL),
(87,11,'Z',NULL,172,'2020-10-09 22:42:30','2020-10-09 22:42:30',NULL),
(88,11,'C','test wow',172,'2020-10-09 22:52:06','2020-10-09 22:52:06',NULL),
(89,11,'Z',NULL,172,'2020-10-09 22:55:16','2020-10-09 22:55:16',NULL),
(90,11,'Z',NULL,172,'2020-10-09 22:57:44','2020-10-09 22:57:44',NULL),
(91,11,'M','saje je',249,'2020-10-09 23:03:47','2020-10-09 23:03:47',NULL);

/*Table structure for table `permohonan_checklist` */


CREATE TABLE `permohonan_checklist` (
  `permohonan_checklist_id` bigint(11) NOT NULL AUTO_INCREMENT,
  `permohonan_id` bigint(11) NOT NULL,
  `tiga_sebut_harga` int(1) NOT NULL DEFAULT '0',
  `keratan_minit_bom` int(1) NOT NULL DEFAULT '0',
  `anggaran_belanja_bom` int(1) NOT NULL DEFAULT '0',
  `sijil_gst` int(1) NOT NULL DEFAULT '0',
  `justifikasi` int(1) NOT NULL DEFAULT '0',
  `justifikasi_remarks` text,
  `penginapan_tiket` int(1) NOT NULL DEFAULT '0',
  `senarai_nama_penginap` int(1) NOT NULL DEFAULT '0' COMMENT 'penginapan_tiket',
  `senarai_nama_tiket` int(1) NOT NULL DEFAULT '0' COMMENT 'penginapan_tiket',
  `lantikan` int(1) NOT NULL DEFAULT '0',
  `kelulusan_mof` int(1) NOT NULL DEFAULT '0' COMMENT 'lantikan',
  `plps` int(1) NOT NULL DEFAULT '0' COMMENT 'lantikan',
  `surat_setuju_terima` int(1) NOT NULL DEFAULT '0' COMMENT 'lantikan',
  `surat_lantikan_perunding` int(1) NOT NULL DEFAULT '0' COMMENT 'lantikan',
  `jadual_pembayaran` int(1) NOT NULL DEFAULT '0' COMMENT 'lantikan',
  `terms_of_reference` int(1) NOT NULL DEFAULT '0' COMMENT 'lantikan',
  `borang_lampiran_b` int(1) NOT NULL DEFAULT '0' COMMENT 'lantikan',
  `invois` int(1) NOT NULL DEFAULT '0' COMMENT 'lantikan',
  `perolehan_sebut_hargab` int(1) NOT NULL DEFAULT '0',
  `sst` int(1) NOT NULL DEFAULT '0' COMMENT 'perolehan_sebut_hargab',
  `keputusan_perolehan` int(1) NOT NULL DEFAULT '0' COMMENT 'perolehan_sebut_hargab',
  `surat_lantikan_sebut_hargab` int(1) NOT NULL DEFAULT '0' COMMENT 'perolehan_sebut_hargab',
  `teknikal_selenggara` int(1) NOT NULL DEFAULT '0',
  `laporan_selenggara_sah` int(1) NOT NULL DEFAULT '0' COMMENT 'teknikal_selenggara',
  `kontrak_salinan` int(1) NOT NULL DEFAULT '0' COMMENT 'teknikal_selenggara',
  `makanan` int(1) NOT NULL DEFAULT '0',
  `senarai_peserta` int(1) NOT NULL DEFAULT '0' COMMENT 'makanan',
  `tentatif_program` int(1) NOT NULL DEFAULT '0' COMMENT 'makanan',
  `created_at` timestamp NULL DEFAULT NULL,
  `updated_at` timestamp NOT NULL DEFAULT CURRENT_TIMESTAMP,
  `deleted_at` timestamp NULL DEFAULT NULL,
  PRIMARY KEY (`permohonan_checklist_id`)
) ENGINE=InnoDB DEFAULT CHARSET=latin1;

/*Data for the table `permohonan_checklist` */

/*Table structure for table `permohonan_detail` */


CREATE TABLE `permohonan_detail` (
  `permohonan_detail_id` bigint(11) NOT NULL AUTO_INCREMENT,
  `permohonan_id` bigint(11) NOT NULL,
  `is_main` int(11) NOT NULL DEFAULT '0',
  `main_id` bigint(11) DEFAULT NULL COMMENT 'permohonan_detail_id',
  `permohonan_item` text,
  `quantity` int(11) NOT NULL DEFAULT '0',
  `price_perunit` decimal(10,2) NOT NULL DEFAULT '0.00',
  `price_total` decimal(10,2) NOT NULL DEFAULT '0.00',
  `created_at` timestamp NULL DEFAULT NULL ON UPDATE CURRENT_TIMESTAMP,
  `updated_at` timestamp NOT NULL DEFAULT CURRENT_TIMESTAMP,
  `deleted_at` timestamp NULL DEFAULT NULL,
  PRIMARY KEY (`permohonan_detail_id`)
) ENGINE=InnoDB AUTO_INCREMENT=66 DEFAULT CHARSET=latin1;

/*Data for the table `permohonan_detail` */

insert  into `permohonan_detail`(`permohonan_detail_id`,`permohonan_id`,`is_main`,`main_id`,`permohonan_item`,`quantity`,`price_perunit`,`price_total`,`created_at`,`updated_at`,`deleted_at`) values 
(1,1,1,NULL,'item 1',1,32000.00,32000.00,'2020-09-10 03:31:02','2020-09-10 03:30:48','2020-09-09 19:31:02'),
(2,1,1,NULL,'item 1',1,32000.00,32000.00,'2020-09-10 03:31:13','2020-09-10 03:31:02','2020-09-09 19:31:13'),
(3,1,1,NULL,'item 1',1,32000.00,32000.00,'2020-09-10 03:39:31','2020-09-10 03:31:13','2020-09-09 19:39:31'),
(4,1,1,NULL,'item 1',1,32000.00,32000.00,'2020-09-13 00:33:31','2020-09-10 03:39:31','2020-09-12 16:33:31'),
(6,1,1,NULL,'item 1',1,32000.00,32000.00,'2020-09-13 01:06:19','2020-09-13 00:33:31','2020-09-12 17:06:19'),
(7,2,1,NULL,'Item ABC 1',2,3400.50,6801.00,'2020-09-13 01:36:24','2020-09-13 01:22:36','2020-09-12 17:36:24'),
(8,2,0,7,'SUB ITEM ABC 1 A',0,0.00,0.00,'2020-09-13 01:36:24','2020-09-13 01:22:36','2020-09-12 17:36:24'),
(9,2,0,7,'SUB ITEM ABC 1 B',0,0.00,0.00,'2020-09-13 01:36:24','2020-09-13 01:22:36','2020-09-12 17:36:24'),
(10,2,1,NULL,'ITEM ABC 2',4,250.90,1003.60,'2020-09-13 01:36:24','2020-09-13 01:22:36','2020-09-12 17:36:24'),
(19,2,1,NULL,'Item ABC 1',2,3400.50,6801.00,'2020-09-13 02:25:24','2020-09-13 01:36:24','2020-09-12 18:25:24'),
(20,2,0,19,'SUB ITEM ABC 1 A',0,0.00,0.00,'2020-09-13 02:25:24','2020-09-13 01:36:24','2020-09-12 18:25:24'),
(21,2,0,19,'SUB ITEM ABC 1 B',0,0.00,0.00,'2020-09-13 02:25:24','2020-09-13 01:36:24','2020-09-12 18:25:24'),
(22,2,1,NULL,'ITEM ABC 2',4,250.90,1003.60,'2020-09-13 02:25:24','2020-09-13 01:36:24','2020-09-12 18:25:24'),
(23,2,1,NULL,'Item ABC 1',2,3400.50,6801.00,'2020-09-13 03:59:18','2020-09-13 02:25:24','2020-09-12 19:59:18'),
(24,2,0,23,'SUB ITEM ABC 1 A',0,0.00,0.00,'2020-09-13 03:59:18','2020-09-13 02:25:24','2020-09-12 19:59:18'),
(25,2,0,23,'SUB ITEM ABC 1 B',0,0.00,0.00,'2020-09-13 03:59:18','2020-09-13 02:25:24','2020-09-12 19:59:18'),
(26,2,1,NULL,'ITEM ABC 2',4,250.90,1003.60,'2020-09-13 03:59:18','2020-09-13 02:25:24','2020-09-12 19:59:18'),
(27,2,1,NULL,'Item ABC 1',2,3400.50,6801.00,'2020-09-13 04:01:35','2020-09-13 03:59:18','2020-09-12 20:01:35'),
(28,2,0,27,'SUB ITEM ABC 1 A',0,0.00,0.00,'2020-09-13 04:01:35','2020-09-13 03:59:18','2020-09-12 20:01:35'),
(29,2,0,27,'SUB ITEM ABC 1 B',0,0.00,0.00,'2020-09-13 04:01:35','2020-09-13 03:59:18','2020-09-12 20:01:35'),
(30,2,1,NULL,'ITEM ABC 2',4,250.90,1003.60,'2020-09-13 04:01:35','2020-09-13 03:59:18','2020-09-12 20:01:35'),
(31,2,1,NULL,'ITEM ABC 4',1,432.00,432.00,'2020-09-13 04:01:35','2020-09-13 03:59:18','2020-09-12 20:01:35'),
(32,2,1,NULL,'Item ABC 1',2,3400.50,6801.00,'2020-09-13 04:13:07','2020-09-13 04:01:35','2020-09-12 20:13:07'),
(33,2,0,32,'SUB ITEM ABC 1 A',0,0.00,0.00,'2020-09-13 04:13:07','2020-09-13 04:01:35','2020-09-12 20:13:07'),
(34,2,0,32,'SUB ITEM ABC 1 B',0,0.00,0.00,'2020-09-13 04:13:07','2020-09-13 04:01:35','2020-09-12 20:13:07'),
(35,2,1,NULL,'ITEM ABC 2',4,250.90,1003.60,'2020-09-13 04:13:07','2020-09-13 04:01:35','2020-09-12 20:13:07'),
(36,2,1,NULL,'ITEM ABC 4',1,432.00,432.00,'2020-09-13 04:13:07','2020-09-13 04:01:35','2020-09-12 20:13:07'),
(37,2,1,NULL,'Item ABC 1',2,3400.50,6801.00,'2020-09-13 04:13:07','2020-09-13 04:13:07',NULL),
(38,2,0,37,'SUB ITEM ABC 1 A',0,0.00,0.00,'2020-09-13 04:13:07','2020-09-13 04:13:07',NULL),
(39,2,0,37,'SUB ITEM ABC 1 B',0,0.00,0.00,'2020-09-13 04:13:07','2020-09-13 04:13:07',NULL),
(40,2,1,NULL,'ITEM ABC 2',4,250.90,1003.60,'2020-09-13 04:13:07','2020-09-13 04:13:07',NULL),
(41,3,1,NULL,'item a1',1,10999.00,10999.00,'2020-09-14 05:50:11','2020-09-14 05:50:11',NULL),
(42,4,1,NULL,'item b5',1,13456.00,13456.00,'2020-09-14 05:52:50','2020-09-14 05:52:50',NULL),
(43,5,1,NULL,'item d',1,16499.90,16499.90,'2020-09-14 05:54:19','2020-09-14 05:54:19',NULL),
(44,6,1,NULL,'Hai la malehnya',1,11000.00,11000.00,'2020-09-18 15:16:35','2020-09-18 15:16:35',NULL),
(45,7,1,NULL,'item AB',1,3400.00,3400.00,'2020-09-21 23:15:59','2020-09-21 23:05:23','2020-09-21 15:15:59'),
(46,7,1,NULL,'item AB',1,3400.00,3400.00,'2020-09-21 23:15:59','2020-09-21 23:15:59',NULL),
(47,8,1,NULL,'test maklumat',1,23000.00,23000.00,'2020-09-23 13:08:01','2020-09-23 13:08:01',NULL),
(48,9,1,NULL,'bukan aset alih',2,4300.90,8601.80,'2020-10-06 23:14:05','2020-10-06 23:14:05',NULL),
(49,10,1,NULL,'alih aset ke mana2',1,23100.00,23100.00,'2020-10-07 00:57:37','2020-10-06 23:18:03','2020-10-06 16:57:37'),
(50,10,1,NULL,'alih aset ke mana2',1,23100.00,23100.00,'2020-10-07 01:02:50','2020-10-07 00:57:37','2020-10-06 17:02:50'),
(51,10,1,NULL,'alih aset ke mana2',1,23100.00,23100.00,'2020-10-07 01:10:23','2020-10-07 01:02:50','2020-10-06 17:10:23'),
(52,10,1,NULL,'alih aset ke mana2',1,23100.00,23100.00,'2020-10-07 01:10:23','2020-10-07 01:10:23',NULL),
(54,11,1,NULL,'jiwaku',3,3200.80,9602.40,'2020-10-09 13:42:08','2020-10-09 13:41:41','2020-10-09 05:42:08'),
(55,11,1,NULL,'jiwaku',3,3200.80,9602.40,'2020-10-09 21:58:04','2020-10-09 13:42:08','2020-10-09 13:58:04'),
(56,11,1,NULL,'jiwaku',3,3200.80,9602.40,'2020-10-09 22:13:31','2020-10-09 21:58:04','2020-10-09 14:13:31'),
(57,11,1,NULL,'jiwaku',3,3200.80,9602.40,'2020-10-09 22:23:54','2020-10-09 22:13:31','2020-10-09 14:23:54'),
(58,11,1,NULL,'jiwaku',3,3200.80,9602.40,'2020-10-09 22:34:00','2020-10-09 22:23:54','2020-10-09 14:34:00'),
(59,11,1,NULL,'jiwaku',3,3200.80,9602.40,'2020-10-09 22:35:36','2020-10-09 22:34:00','2020-10-09 14:35:36'),
(60,11,1,NULL,'jiwaku',3,3200.80,9602.40,'2020-10-09 22:39:12','2020-10-09 22:35:36','2020-10-09 14:39:12'),
(61,11,1,NULL,'jiwaku',3,3200.80,9602.40,'2020-10-09 22:42:30','2020-10-09 22:39:12','2020-10-09 14:42:30'),
(62,11,1,NULL,'jiwaku',3,3200.80,9602.40,'2020-10-09 22:55:16','2020-10-09 22:42:30','2020-10-09 14:55:16'),
(63,11,1,NULL,'jiwaku',3,3200.80,9602.40,'2020-10-09 22:57:44','2020-10-09 22:55:16','2020-10-09 14:57:44'),
(64,11,1,NULL,'jiwaku',3,3200.80,9602.40,'2020-10-09 22:57:44','2020-10-09 22:57:44',NULL),
(65,11,1,NULL,'aphal',1,3210.00,3210.00,'2020-10-09 22:57:44','2020-10-09 22:57:44',NULL);

/*Table structure for table `ref_akademik` */


CREATE TABLE `ref_akademik` (
  `akademik_id` int(11) NOT NULL AUTO_INCREMENT,
  `akademik_desc` varchar(200) NOT NULL,
  `is_active` char(1) NOT NULL DEFAULT '1',
  `created_at` timestamp NULL DEFAULT NULL,
  `updated_at` timestamp NULL DEFAULT CURRENT_TIMESTAMP,
  `deleted_at` timestamp NULL DEFAULT NULL,
  PRIMARY KEY (`akademik_id`)
) ENGINE=InnoDB DEFAULT CHARSET=latin1;

/*Data for the table `ref_akademik` */

/*Table structure for table `ref_alasan` */


CREATE TABLE `ref_alasan` (
  `alasan_id` int(11) NOT NULL AUTO_INCREMENT,
  `alasan_desc` varchar(300) NOT NULL,
  `is_active` char(1) NOT NULL DEFAULT '1',
  `created_at` timestamp NULL DEFAULT NULL,
  `updated_at` timestamp NOT NULL DEFAULT CURRENT_TIMESTAMP,
  `deleted_at` timestamp NULL DEFAULT NULL,
  PRIMARY KEY (`alasan_id`)
) ENGINE=InnoDB AUTO_INCREMENT=18 DEFAULT CHARSET=latin1;

/*Data for the table `ref_alasan` */

insert  into `ref_alasan`(`alasan_id`,`alasan_desc`,`is_active`,`created_at`,`updated_at`,`deleted_at`) values 
(1,'Cuti Rehat','0','2018-12-01 08:04:36','2018-12-01 08:04:36','2019-01-14 02:52:31'),
(2,'Cuti Sakit','0','2018-12-01 08:04:36','2018-12-01 08:04:36','2019-01-14 02:52:46'),
(3,'Menghadiri Mesyuarat','0','2018-12-01 08:04:36','2018-12-01 08:04:36','2019-01-14 02:59:28'),
(4,'Kerja Lebih Masa','0','2018-12-01 08:04:36','2018-12-01 08:04:36','2019-01-14 02:54:14'),
(5,'Cuti Bersalin','0','2018-12-01 08:04:36','2018-12-01 08:04:36','2019-01-14 02:52:59'),
(6,'Menghadiri Kursus','0','2018-12-01 08:04:36','2018-12-01 08:04:36','2019-01-14 02:59:10'),
(7,'Tersalah Punch','0','2018-12-01 08:04:36','2018-12-01 08:04:36','2019-01-14 02:58:31'),
(8,'Cuti Tanpa Rekod','1','2018-12-01 08:04:37','2018-12-01 08:04:37','2019-01-14 02:55:00'),
(9,'Cuti Tanpa Gaji','0','2018-12-01 08:04:37','2018-12-01 08:04:37','2019-01-14 02:53:39'),
(10,'Mesy. Sasaran Kerja Tahunan','1','2018-12-01 08:04:37','2018-12-01 08:04:37','2019-01-14 02:53:12'),
(11,'Alasan Lewat Diterima','1','2018-12-01 08:04:37','2018-12-01 08:04:37',NULL),
(12,'Pelepasan Waktu Bertugas','1','2018-12-01 08:04:37','2018-12-01 08:04:37','2019-01-14 02:59:21'),
(13,'Cuti Kecemasan','1','2018-12-01 08:04:37','2018-12-01 08:04:37','2019-01-14 02:53:51'),
(14,'Cuti Tahunan','1','2018-12-01 08:04:37','2018-12-01 08:04:37','2019-01-14 02:54:26'),
(15,'Cuti Isteri Bersalin','1','2018-12-01 08:04:37','2018-12-01 08:04:37','2019-01-14 02:54:00'),
(16,'Alasan Pulang Awal Diterima','1','2018-12-01 08:04:37','2018-12-01 08:04:37',NULL),
(17,'Alasan Tidak Lengkap','1','2019-01-14 10:58:50','2019-01-14 10:58:50',NULL);

/*Table structure for table `ref_allocation` */


CREATE TABLE `ref_allocation` (
  `allocation_id` int(11) NOT NULL AUTO_INCREMENT,
  `allocation_code` char(10) DEFAULT NULL,
  `allocation_desc` varchar(255) DEFAULT NULL,
  `running_no` int(11) NOT NULL DEFAULT '0',
  `created_by` int(11) DEFAULT NULL,
  `updated_by` int(11) DEFAULT NULL,
  `created_at` timestamp NULL DEFAULT NULL,
  `updated_at` timestamp NOT NULL DEFAULT CURRENT_TIMESTAMP,
  `deleted_at` timestamp NULL DEFAULT NULL,
  PRIMARY KEY (`allocation_id`)
) ENGINE=InnoDB AUTO_INCREMENT=3 DEFAULT CHARSET=latin1;

/*Data for the table `ref_allocation` */

insert  into `ref_allocation`(`allocation_id`,`allocation_code`,`allocation_desc`,`running_no`,`created_by`,`updated_by`,`created_at`,`updated_at`,`deleted_at`) values 
(1,'O','OPERASI',4,2,46,'2019-03-22 03:41:34','2019-04-12 04:19:11',NULL),
(2,'P','PEMBANGUNAN',3,2,46,'2019-03-22 03:41:45','2019-04-12 04:54:00',NULL);

/*Table structure for table `ref_asset` */


CREATE TABLE `ref_asset` (
  `asset_id` int(11) NOT NULL AUTO_INCREMENT,
  `asset_category` int(11) DEFAULT '0' COMMENT '0-bukan alih, 1-alih',
  `asset_desc` varchar(255) DEFAULT NULL,
  `created_by` int(11) DEFAULT NULL,
  `updated_by` int(11) DEFAULT NULL,
  `created_at` timestamp NOT NULL DEFAULT CURRENT_TIMESTAMP,
  `updated_at` timestamp NOT NULL DEFAULT CURRENT_TIMESTAMP,
  `deleted_at` timestamp NULL DEFAULT NULL,
  PRIMARY KEY (`asset_id`)
) ENGINE=InnoDB AUTO_INCREMENT=40 DEFAULT CHARSET=latin1;

/*Data for the table `ref_asset` */

insert  into `ref_asset`(`asset_id`,`asset_category`,`asset_desc`,`created_by`,`updated_by`,`created_at`,`updated_at`,`deleted_at`) values 
(1,1,'ALAT KELENGKAPAN KOMPUTER DAN LETRONIK',2,172,'2020-10-08 18:22:59','2020-10-09 03:25:44',NULL),
(2,1,'ALAT KELENGKAPAN LETRIK',2,2,'2020-10-08 18:22:59','2020-10-08 18:22:59',NULL),
(3,1,'ALAT KELENGKAPAN MESIN',2,2,'2020-10-08 18:22:59','2020-10-08 18:22:59',NULL),
(4,1,'ALAT KELENGKAPAN PEJABAT,PERABOT DAN LENGKAPAN',2,2,'2020-10-08 18:22:59','2020-10-08 18:22:59',NULL),
(5,1,'ALAT KELENGKAPAN PENYIARAN DAAN PERHUBUNGAN',2,2,'2020-10-08 18:22:59','2020-10-08 18:22:59',NULL),
(6,1,'BANGUNAN',2,2,'2020-10-08 18:22:59','2020-10-08 18:22:59',NULL),
(7,1,'INTANGIBLE ASSET',2,2,'2020-10-08 18:22:59','2020-10-08 18:22:59',NULL),
(8,1,'KEMUDAHAN',2,2,'2020-10-08 18:22:59','2020-10-08 18:22:59',NULL),
(9,1,'KENDERAAN',2,2,'2020-10-08 18:22:59','2020-10-08 18:22:59',NULL),
(10,1,'TANAH',2,2,'2020-10-08 18:22:59','2020-10-08 18:22:59',NULL),
(11,1,'UBAHSUAI',2,2,'2020-10-08 18:22:59','2020-10-08 18:22:59',NULL),
(12,0,'ALAT - ALAT GANTI',2,2,'2020-10-08 18:22:59','2020-10-08 18:22:59',NULL),
(13,0,'BAHAN TENUNAN DAN BARANG - BARANG PAKAIAN',2,2,'2020-10-08 18:22:59','2020-10-08 18:22:59',NULL),
(14,0,'BAYARAN PEKERJA SEMENTARA DAN SAMBILAN ',2,2,'2020-10-08 18:22:59','2020-10-08 18:22:59',NULL),
(15,0,'BEKALAN DAN BAHAN FOTOGRAFI',2,2,'2020-10-08 18:22:59','2020-10-08 18:22:59',NULL),
(16,0,'BEKALAN PEJABAT',2,2,'2020-10-08 18:22:59','2020-10-08 18:22:59',NULL),
(17,0,'BEKALAN RIADAH',2,2,'2020-10-08 18:22:59','2020-10-08 18:22:59',NULL),
(18,0,'BELANJAN AKRU',2,2,'2020-10-08 18:22:59','2020-10-08 18:22:59',NULL),
(19,0,'KERAIAN, HOSPITALITI DAN HONORARIUM',2,2,'2020-10-08 18:22:59','2020-10-08 18:22:59',NULL),
(20,0,'PENGANGKUTAN  BARANG- BARANG PEJABAT',2,2,'2020-10-08 18:22:59','2020-10-08 18:22:59',NULL),
(21,0,'PENGANGKUTAN BARANG-BARANG UNTUK KAKITANGAN AWAM DALAM NEGERI',2,2,'2020-10-08 18:22:59','2020-10-08 18:22:59',NULL),
(22,0,'PENYELENGGARAAN ALAT KELENGKAPAN ELEKTRIK',2,2,'2020-10-08 18:22:59','2020-10-08 18:22:59',NULL),
(23,0,'PENYELENGGARAAN ALAT KELENGKAPAN KOMPUTER DAN LETRONIK',2,2,'2020-10-08 18:22:59','2020-10-08 18:22:59',NULL),
(24,0,'PENYELENGGARAAN ALAT KELENGKAPAN MESIN',2,2,'2020-10-08 18:22:59','2020-10-08 18:22:59',NULL),
(25,0,'PENYELENGGARAAN ALAT KELENGKAPAN PEJABAT, PERABOT DAN LENGKAPAN',2,2,'2020-10-08 18:22:59','2020-10-08 18:22:59',NULL),
(26,0,'PENYELENGGARAAN ALAT KELENGKAPAN PENYIARAN DAN PERHUBUNGAN',2,2,'2020-10-08 18:22:59','2020-10-08 18:22:59',NULL),
(27,0,'PENYELENGGARAAN ASET - ASET LAIN',2,2,'2020-10-08 18:22:59','2020-10-08 18:22:59',NULL),
(28,0,'PENYELENGGARAAN BANGUNAN ',2,2,'2020-10-08 18:22:59','2020-10-08 18:22:59',NULL),
(29,0,'PENYELENGGARAAN KENDERAAN',2,2,'2020-10-08 18:22:59','2020-10-08 18:22:59',NULL),
(30,0,'PERBELANJAAN PERJALANAN DAN SARA HIDUP KAKIKTANGAN DI LUAR NEGARA',2,2,'2020-10-08 18:22:59','2020-10-08 18:22:59',NULL),
(31,0,'PERBELANJAAN PERJALANAN DAN SARA HIDUP KAKITANGAN DALAM NEGERI',2,2,'2020-10-08 18:22:59','2020-10-08 18:22:59',NULL),
(32,0,'PERHUBUNGAN ',2,2,'2020-10-08 18:22:59','2020-10-08 18:22:59',NULL),
(33,0,'PERKHIDMATAN PERCETAKAN DAN MENJILID YANG DIBELI',2,2,'2020-10-08 18:22:59','2020-10-08 18:22:59',NULL),
(34,0,'PERKHIDMATAN YANG DIBELI',2,2,'2020-10-08 18:22:59','2020-10-08 18:22:59',NULL),
(35,0,'PETROLEUM, BAHAN-BAHAN KELUARAN PETROLEUM DAN BAHAN PEMBAKAR',2,2,'2020-10-08 18:22:59','2020-10-08 18:22:59',NULL),
(36,0,'PROJEK PEMBANGUNAN',2,2,'2020-10-08 18:22:59','2020-10-08 18:22:59',NULL),
(37,0,'SEWA ALAT KELENGKAPAN PEJABAT, PERABOT DAN LENGKAPAN',2,2,'2020-10-08 18:22:59','2020-10-08 18:22:59',NULL),
(38,0,'SEWA BANGUNAN',2,2,'2020-10-08 18:22:59','2020-10-08 18:22:59',NULL),
(39,0,'UTILITI',2,2,'2020-10-08 18:22:59','2020-10-08 18:22:59',NULL);

/*Table structure for table `ref_asset_type` */


CREATE TABLE `ref_asset_type` (
  `asset_type_id` int(11) NOT NULL AUTO_INCREMENT,
  `asset_id` int(11) DEFAULT NULL,
  `asset_category` int(11) DEFAULT '0' COMMENT '0-bukan alih, 1-alih',
  `asset_type_code` varchar(50) DEFAULT NULL,
  `asset_type_type` varchar(100) DEFAULT NULL,
  `asset_type_desc` varchar(255) DEFAULT NULL,
  `created_by` int(11) DEFAULT NULL,
  `updated_by` int(11) DEFAULT NULL,
  `created_at` timestamp NOT NULL DEFAULT CURRENT_TIMESTAMP,
  `updated_at` timestamp NOT NULL DEFAULT CURRENT_TIMESTAMP,
  `deleted_at` timestamp NULL DEFAULT NULL,
  PRIMARY KEY (`asset_type_id`)
) ENGINE=InnoDB AUTO_INCREMENT=153 DEFAULT CHARSET=latin1;

/*Data for the table `ref_asset_type` */

insert  into `ref_asset_type`(`asset_type_id`,`asset_id`,`asset_category`,`asset_type_code`,`asset_type_type`,`asset_type_desc`,`created_by`,`updated_by`,`created_at`,`updated_at`,`deleted_at`) values 
(1,10,1,'A31101','Tanah','TANAH PEJABAT',2,2,'2020-10-08 10:56:31','2020-10-08 10:56:31',NULL),
(2,6,1,'A32101','Bangunan','BANGUNAN PEJABAT',2,2,'2020-10-08 10:56:31','2020-10-08 10:56:31',NULL),
(3,8,1,'A33101','Kemudahan','KEMUDAHAN',2,2,'2020-10-08 10:56:31','2020-10-08 10:56:31',NULL),
(4,9,1,'A34101','Kenderaan','KENDERAAN BERMOTOR',2,2,'2020-10-08 10:56:31','2020-10-08 10:56:31',NULL),
(5,4,1,'A35101','4','PERABOT DAN KELENGKAPAN PEJABAT 1',2,172,'2020-10-08 10:56:31','2020-10-08 18:54:52',NULL),
(6,3,1,'A35201','Alat Kelengkapan Mesin','MESIN DAN ALAT KELENGKAPAN  PEJABAT',2,2,'2020-10-08 10:56:31','2020-10-08 10:56:31',NULL),
(7,1,1,'A35301','Alat Kelengkapan Komputer dan Letronik','KOMPUTER DAN ALAT KELENGKAPAN',2,2,'2020-10-08 10:56:31','2020-10-08 10:56:31',NULL),
(8,2,1,'A35401','Alat Kelengkapan Letrik','HAWA DINGIN, PENYEJUK, PEMANAS DAN ALAT KELENGKAPAN',2,2,'2020-10-08 10:56:31','2020-10-08 10:56:31',NULL),
(9,5,1,'A35501','Alat Kelengkapan Penyiaran daan Perhubungan','TELEFON DAN MESIN FAX/PA SYSTEM',2,2,'2020-10-08 10:56:31','2020-10-08 10:56:31',NULL),
(10,11,1,'A35601','Ubahsuai','UBAHSUAI',2,2,'2020-10-08 10:56:31','2020-10-08 10:56:31',NULL),
(11,7,1,'A35701','Intangible Asset','INTANGIBLE ASSET',2,2,'2020-10-08 10:56:31','2020-10-08 10:56:31',NULL),
(12,18,0,'L91106','Belanjan Akru','MTCP',2,2,'2020-10-08 10:57:17','2020-10-08 10:57:17',NULL),
(13,18,0,'L91107','Belanjan Akru','PKW',2,2,'2020-10-08 10:57:18','2020-10-08 10:57:18',NULL),
(14,18,0,'L91108','Belanjan Akru','APO',2,2,'2020-10-08 10:57:18','2020-10-08 10:57:18',NULL),
(15,18,0,'L91109','Belanjan Akru','NQN',2,2,'2020-10-08 10:57:18','2020-10-08 10:57:18',NULL),
(16,18,0,'L91111','Belanjan Akru','EKS/SMIDEC KEMAHIRAN',2,2,'2020-10-08 10:57:18','2020-10-08 10:57:18',NULL),
(17,18,0,'L91112','Belanjan Akru','BEST PRACTICE EPU/CLMV',2,2,'2020-10-08 10:57:18','2020-10-08 10:57:18',NULL),
(18,18,0,'L91113','Belanjan Akru','BEST PRACTICE JICA/CLMV',2,2,'2020-10-08 10:57:18','2020-10-08 10:57:18',NULL),
(19,18,0,'L91114','Belanjan Akru','MTCP-COLOMBO',2,2,'2020-10-08 10:57:18','2020-10-08 10:57:18',NULL),
(20,18,0,'L91115','Belanjan Akru','JODC',2,2,'2020-10-08 10:57:18','2020-10-08 10:57:18',NULL),
(21,18,0,'L91116','Belanjan Akru','SMIDEC KORIDOR',2,2,'2020-10-08 10:57:18','2020-10-08 10:57:18',NULL),
(22,18,0,'L91117','Belanjan Akru','PEMANDU (PBPR)',2,2,'2020-10-08 10:57:18','2020-10-08 10:57:18',NULL),
(23,18,0,'L91118','Belanjan Akru','DMSTIC REG. ENHNCE C',2,2,'2020-10-08 10:57:18','2020-10-08 10:57:18',NULL),
(24,18,0,'L91119','Belanjan Akru','BPU (MITI) - GROOM BIG',2,2,'2020-10-08 10:57:18','2020-10-08 10:57:18',NULL),
(25,18,0,'L91120','Belanjan Akru','PP VENDOR 2014',2,2,'2020-10-08 10:57:18','2020-10-08 10:57:18',NULL),
(26,18,0,'L91121','Belanjan Akru','SRI-CSL',2,2,'2020-10-08 10:57:18','2020-10-08 10:57:18',NULL),
(27,36,0,'L91801','Projek Pembangunan','IBU PEJABAT TAMBAHAN',2,2,'2020-10-08 10:57:18','2020-10-08 10:57:18',NULL),
(28,36,0,'L91802','Projek Pembangunan','INSTITUT PERHOTELAN',2,2,'2020-10-08 10:57:18','2020-10-08 10:57:18',NULL),
(29,36,0,'L91803','Projek Pembangunan','PROJEK BANK DUNIA',2,2,'2020-10-08 10:57:18','2020-10-08 10:57:18',NULL),
(30,36,0,'L91804','Projek Pembangunan','PROJEK RND',2,2,'2020-10-08 10:57:18','2020-10-08 10:57:18',NULL),
(31,36,0,'L91805','Projek Pembangunan','PUSAT MAKLUMAT GALAKAN',2,2,'2020-10-08 10:57:18','2020-10-08 10:57:18',NULL),
(32,36,0,'L91806','Projek Pembangunan','WILAYAH UTARA',2,2,'2020-10-08 10:57:18','2020-10-08 10:57:18',NULL),
(33,36,0,'L91807','Projek Pembangunan','PEMBANGUNAN W. SELATAN',2,2,'2020-10-08 10:57:18','2020-10-08 10:57:18',NULL),
(34,36,0,'L91808','Projek Pembangunan','PEMBANGUNAN W. SARAWAK',2,2,'2020-10-08 10:57:18','2020-10-08 10:57:18',NULL),
(35,36,0,'L91809','Projek Pembangunan','HRD',2,2,'2020-10-08 10:57:18','2020-10-08 10:57:18',NULL),
(36,36,0,'L91810','Projek Pembangunan','PENYELIDIKAN',2,2,'2020-10-08 10:57:18','2020-10-08 10:57:18',NULL),
(37,36,0,'L91811','Projek Pembangunan','INFRASTRUKTUR',2,2,'2020-10-08 10:57:18','2020-10-08 10:57:18',NULL),
(38,36,0,'L91812','Projek Pembangunan','PENGURUSAN',2,2,'2020-10-08 10:57:19','2020-10-08 10:57:19',NULL),
(39,36,0,'L91813','Projek Pembangunan','PINJAMAN KENDERAAN',2,2,'2020-10-08 10:57:19','2020-10-08 10:57:19',NULL),
(40,36,0,'L91814','Projek Pembangunan','PINJAMAN KOMPUTER',2,2,'2020-10-08 10:57:19','2020-10-08 10:57:19',NULL),
(41,31,0,'P21101','Perbelanjaan Perjalanan dan Sara Hidup Kakitangan Dalam Negeri','TAMBANG PERJALANAN, TOP-UP TOUCH N GO',2,2,'2020-10-08 10:57:19','2020-10-08 10:57:19',NULL),
(42,31,0,'P21102','Perbelanjaan Perjalanan dan Sara Hidup Kakitangan Dalam Negeri','HOTEL, LOJING DAN ELAUN MAKAN',2,2,'2020-10-08 10:57:19','2020-10-08 10:57:19',NULL),
(43,31,0,'P21199','Perbelanjaan Perjalanan dan Sara Hidup Kakitangan Dalam Negeri','LAIN - LAIN PERBELANJAAN PERJALANAN',2,2,'2020-10-08 10:57:19','2020-10-08 10:57:19',NULL),
(44,30,0,'P21201','Perbelanjaan Perjalanan dan Sara Hidup Kakiktangan Di Luar Negara','TAMBANG PERJALANAN',2,2,'2020-10-08 10:57:19','2020-10-08 10:57:19',NULL),
(45,30,0,'P21202','Perbelanjaan Perjalanan dan Sara Hidup Kakiktangan Di Luar Negara','HOTEL, LOJING DAN ELAUN MAKAN',2,2,'2020-10-08 10:57:19','2020-10-08 10:57:19',NULL),
(46,30,0,'P21203','Perbelanjaan Perjalanan dan Sara Hidup Kakiktangan Di Luar Negara','BAYARAN LAIN',2,2,'2020-10-08 10:57:19','2020-10-08 10:57:19',NULL),
(47,30,0,'P21299','Perbelanjaan Perjalanan dan Sara Hidup Kakiktangan Di Luar Negara','LAIN-LAIN PERBELANJ',2,2,'2020-10-08 10:57:19','2020-10-08 10:57:19',NULL),
(48,30,0,'P21301','Perbelanjaan Perjalanan dan Sara Hidup Kakiktangan Di Luar Negara','PERJALANAN LUAR NEGARA',2,2,'2020-10-08 10:57:19','2020-10-08 10:57:19',NULL),
(49,30,0,'P22101','Perbelanjaan Perjalanan dan Sara Hidup Kakiktangan Di Luar Negara','PERPINDAHAN BARANG P',2,2,'2020-10-08 10:57:19','2020-10-08 10:57:19',NULL),
(50,30,0,'P22102','Perbelanjaan Perjalanan dan Sara Hidup Kakiktangan Di Luar Negara','ELAUN PINDAHAN',2,2,'2020-10-08 10:57:19','2020-10-08 10:57:19',NULL),
(51,30,0,'P22199','Perbelanjaan Perjalanan dan Sara Hidup Kakiktangan Di Luar Negara','PENGANGKUTAN LAIN',2,2,'2020-10-08 10:57:19','2020-10-08 10:57:19',NULL),
(52,30,0,'P22701','Perbelanjaan Perjalanan dan Sara Hidup Kakiktangan Di Luar Negara','PENGANGKUTAN BARANG',2,2,'2020-10-08 10:57:19','2020-10-08 10:57:19',NULL),
(53,30,0,'P22702','Perbelanjaan Perjalanan dan Sara Hidup Kakiktangan Di Luar Negara','POS & BUNGKUSAN',2,2,'2020-10-08 10:57:19','2020-10-08 10:57:19',NULL),
(54,30,0,'P22799','Perbelanjaan Perjalanan dan Sara Hidup Kakiktangan Di Luar Negara','BAYARAN - BAYARAN LAIN',2,2,'2020-10-08 10:57:19','2020-10-08 10:57:19',NULL),
(55,21,0,'P22101','Pengangkutan Barang-barang Untuk Kakitangan Awam Dalam Negeri','PERPINDAHAN BARANG PEGAWAI',2,2,'2020-10-08 10:57:19','2020-10-08 10:57:19',NULL),
(56,21,0,'P22102','Pengangkutan Barang-barang Untuk Kakitangan Awam Dalam Negeri','ELAUN PINDAHAN',2,2,'2020-10-08 10:57:19','2020-10-08 10:57:19',NULL),
(57,21,0,'P22199','Pengangkutan Barang-barang Untuk Kakitangan Awam Dalam Negeri','PENGANGKUTAN LAIN',2,2,'2020-10-08 10:57:19','2020-10-08 10:57:19',NULL),
(58,20,0,'P22701','Pengangkutan  Barang- barang Pejabat','PENGANGKUTAN BARANG PEJABAT, EXCESS BAGGAGE',2,2,'2020-10-08 10:57:20','2020-10-08 10:57:20',NULL),
(59,20,0,'P22702','Pengangkutan  Barang- barang Pejabat','POS & BUNGKUSAN',2,2,'2020-10-08 10:57:20','2020-10-08 10:57:20',NULL),
(60,20,0,'P22799','Pengangkutan  Barang- barang Pejabat','BAYARAN - BAYARAN LAIN',2,2,'2020-10-08 10:57:20','2020-10-08 10:57:20',NULL),
(61,32,0,'P23101','Perhubungan ','POS',2,2,'2020-10-08 10:57:20','2020-10-08 10:57:20',NULL),
(62,32,0,'P23102','Perhubungan ','TELEFON',2,2,'2020-10-08 10:57:20','2020-10-08 10:57:20',NULL),
(63,32,0,'P23103','Perhubungan ','FAX DAN TELEX, PAGER',2,2,'2020-10-08 10:57:20','2020-10-08 10:57:20',NULL),
(64,32,0,'P23104','Perhubungan ','INTERNET - JARING, MIMOS, TALIAN SUWA',2,2,'2020-10-08 10:57:20','2020-10-08 10:57:20',NULL),
(65,32,0,'P23199','Perhubungan ','PERKHIDMATAN PERHUBUNGAN YANG LAIN',2,2,'2020-10-08 10:57:20','2020-10-08 10:57:20',NULL),
(66,39,0,'P23201','Utiliti','ELEKTRIK',2,2,'2020-10-08 10:57:20','2020-10-08 10:57:20',NULL),
(67,39,0,'P23202','Utiliti','AIR',2,2,'2020-10-08 10:57:20','2020-10-08 10:57:20',NULL),
(68,39,0,'P23299','Utiliti','PERKHIDMATAN UTILITI YANG LAIN',2,2,'2020-10-08 10:57:20','2020-10-08 10:57:20',NULL),
(69,38,0,'P24201','Sewa Bangunan','SEWA BANGUNAN PEJABAT',2,2,'2020-10-08 10:57:20','2020-10-08 10:57:20',NULL),
(70,38,0,'P24202','Sewa Bangunan','SEWA BANGUNAN KEDIAMAN',2,2,'2020-10-08 10:57:20','2020-10-08 10:57:20',NULL),
(71,38,0,'P24299','Sewa Bangunan','SEWA BANGUNAN LAIN LAIN (BAYARAN PARKING BULANAN)',2,2,'2020-10-08 10:57:20','2020-10-08 10:57:20',NULL),
(72,37,0,'P24501','Sewa Alat Kelengkapan Pejabat, Perabot dan Lengkapan','SEWA PERABOT ALAT KELENGKAPAN PEJABAT',2,2,'2020-10-08 10:57:20','2020-10-08 10:57:20',NULL),
(73,37,0,'P24502','Sewa Alat Kelengkapan Pejabat, Perabot dan Lengkapan','SEWA MESIN DAN LENGKAPAN',2,2,'2020-10-08 10:57:20','2020-10-08 10:57:20',NULL),
(74,37,0,'P24503','Sewa Alat Kelengkapan Pejabat, Perabot dan Lengkapan','SEWA MESIN FOTOSTAT',2,2,'2020-10-08 10:57:20','2020-10-08 10:57:20',NULL),
(75,37,0,'P24504','Sewa Alat Kelengkapan Pejabat, Perabot dan Lengkapan','SEWA KENDERAAN',2,2,'2020-10-08 10:57:20','2020-10-08 10:57:20',NULL),
(76,37,0,'P24505','Sewa Alat Kelengkapan Pejabat, Perabot dan Lengkapan','SEWA BILIK SEMINAR/KURSUS - PAMERAN',2,2,'2020-10-08 10:57:20','2020-10-08 10:57:20',NULL),
(77,12,0,'P26101','Alat - alat Ganti','ALAT GANTI MESIN CETAK',2,2,'2020-10-08 10:57:20','2020-10-08 10:57:20',NULL),
(78,12,0,'P26102','Alat - alat Ganti','ALAT GANTI KENDERAAN',2,2,'2020-10-08 10:57:20','2020-10-08 10:57:20',NULL),
(79,35,0,'P26201','Petroleum, Bahan-bahan Keluaran Petroleum dan Bahan Pembakar','MINYAK PETROL',2,2,'2020-10-08 10:57:20','2020-10-08 10:57:20',NULL),
(80,35,0,'P26202','Petroleum, Bahan-bahan Keluaran Petroleum dan Bahan Pembakar','MINYAK PELINCIR & GRIS',2,2,'2020-10-08 10:57:20','2020-10-08 10:57:20',NULL),
(81,16,0,'P27101','Bekalan Pejabat','SURAT KHABAR, DAN MAJALAH',2,2,'2020-10-08 10:57:20','2020-10-08 10:57:20',NULL),
(82,16,0,'P27102','Bekalan Pejabat','BEKALAN PEJABAT',2,2,'2020-10-08 10:57:20','2020-10-08 10:57:20',NULL),
(83,16,0,'P27103','Bekalan Pejabat','BEKALAN KOMPUTER',2,2,'2020-10-08 10:57:20','2020-10-08 10:57:20',NULL),
(84,16,0,'P27104','Bekalan Pejabat','BUKU PERPUSTAKAAN',2,2,'2020-10-08 10:57:20','2020-10-08 10:57:20',NULL),
(85,16,0,'P27105','Bekalan Pejabat','BAHAN KURSUS / SEMINAR',2,2,'2020-10-08 10:57:20','2020-10-08 10:57:20',NULL),
(86,16,0,'P27106','Bekalan Pejabat','PERABOT DAN LENGKAPAN PEJABAT < RM 1,000.00 - CARPET, LANGSIR, WHITE BOARD - HAND DRYER',2,2,'2020-10-08 10:57:21','2020-10-08 10:57:21',NULL),
(87,16,0,'P27107','Bekalan Pejabat','BEKALAN DAN ALAT GANTI',2,2,'2020-10-08 10:57:21','2020-10-08 10:57:21',NULL),
(88,16,0,'P27108','Bekalan Pejabat','BEKAL BAHAN PROMOSI - BAJU , BUNTING',2,2,'2020-10-08 10:57:21','2020-10-08 10:57:21',NULL),
(89,16,0,'P27199','Bekalan Pejabat','BEKALAN -BEKALAN PEJABAT YANG LAIN',2,2,'2020-10-08 10:57:21','2020-10-08 10:57:21',NULL),
(90,17,0,'P27301','Bekalan Riadah','ALAT - ALAT GYMNASIUM',2,2,'2020-10-08 10:57:21','2020-10-08 10:57:21',NULL),
(91,17,0,'P27302','Bekalan Riadah','ALAT ALAT SUKAN DAN OLAHRAGA',2,2,'2020-10-08 10:57:21','2020-10-08 10:57:21',NULL),
(92,17,0,'P27303','Bekalan Riadah','ALAT - ALAT MUZIK',2,2,'2020-10-08 10:57:21','2020-10-08 10:57:21',NULL),
(93,17,0,'P27399','Bekalan Riadah','ALAT - ALAT LAIN',2,2,'2020-10-08 10:57:21','2020-10-08 10:57:21',NULL),
(94,15,0,'P27501','Bekalan dan Bahan Fotografi','BEKALAN DAN BAHAN UNTUK FILEM FOTOGRAFI, PLATES, X - RAY, FILEM MIKRO ',2,2,'2020-10-08 10:57:21','2020-10-08 10:57:21',NULL),
(95,15,0,'P27599','Bekalan dan Bahan Fotografi','BEKALAN DAN BAHAN FOTOGRAFI YANG LAIN',2,2,'2020-10-08 10:57:21','2020-10-08 10:57:21',NULL),
(96,13,0,'P27601','Bahan Tenunan Dan Barang - barang Pakaian','PAKAIAN SERAGAM',2,2,'2020-10-08 10:57:21','2020-10-08 10:57:21',NULL),
(97,13,0,'P27699','Bahan Tenunan Dan Barang - barang Pakaian','PAKAIAN -PAKAIAN YANG LAIN',2,2,'2020-10-08 10:57:21','2020-10-08 10:57:21',NULL),
(98,28,0,'P28101','Penyelenggaraan Bangunan ','BANGUNAN PEJABAT DAN RUMAH REHAT  - PEST CONTROL, PEMADAM API, TANGKI AIR, CAT , CUCIBANGUNAN',2,2,'2020-10-08 10:57:21','2020-10-08 10:57:21',NULL),
(99,28,0,'P28102','Penyelenggaraan Bangunan ','KAWASAN PEJABAT',2,2,'2020-10-08 10:57:21','2020-10-08 10:57:21',NULL),
(100,28,0,'P28199','Penyelenggaraan Bangunan ','BANGUNAN - BANGUNAN LAIN',2,2,'2020-10-08 10:57:21','2020-10-08 10:57:21',NULL),
(101,25,0,'P28201','Penyelenggaraan Alat Kelengkapan Pejabat, Perabot dan Lengkapan','PERABOT ALAT KELENGKAPAN  PEJABAT',2,2,'2020-10-08 10:57:21','2020-10-08 10:57:21',NULL),
(102,25,0,'P28299','Penyelenggaraan Alat Kelengkapan Pejabat, Perabot dan Lengkapan','PERABOT DAN LENGKAPAN YANG LAIN',2,2,'2020-10-08 10:57:21','2020-10-08 10:57:21',NULL),
(103,24,0,'P28301','Penyelenggaraan Alat Kelengkapan Mesin','MESIN DAN ALAT KELENGKAPAN PEJABAT',2,2,'2020-10-08 10:57:21','2020-10-08 10:57:21',NULL),
(104,24,0,'P28399','Penyelenggaraan Alat Kelengkapan Mesin','ALAT -ALAT KELENGKAPAN MESIN YANG LAIN',2,2,'2020-10-08 10:57:21','2020-10-08 10:57:21',NULL),
(105,23,0,'P28401','Penyelenggaraan Alat Kelengkapan Komputer dan Letronik','KOMPUTER DAN LETRONIK',2,2,'2020-10-08 10:57:21','2020-10-08 10:57:21',NULL),
(106,22,0,'P28501','Penyelenggaraan Alat Kelengkapan Elektrik','HAWA DINGIN UTAMA',2,2,'2020-10-08 10:57:21','2020-10-08 10:57:21',NULL),
(107,22,0,'P28502','Penyelenggaraan Alat Kelengkapan Elektrik','HAWA DINGIN INDIVIDU',2,2,'2020-10-08 10:57:21','2020-10-08 10:57:21',NULL),
(108,22,0,'P28503','Penyelenggaraan Alat Kelengkapan Elektrik','ALAT -ALAT KELENGKAPAN ',2,2,'2020-10-08 10:57:21','2020-10-08 10:57:21',NULL),
(109,22,0,'P28599','Penyelenggaraan Alat Kelengkapan Elektrik','ALAT -ALAT KELENGKAPAN ELEKTRIK YANG LAIN',2,2,'2020-10-08 10:57:21','2020-10-08 10:57:21',NULL),
(110,26,0,'P28601','Penyelenggaraan Alat Kelengkapan Penyiaran dan Perhubungan','TELEFON DAN MESIN FAX',2,2,'2020-10-08 10:57:21','2020-10-08 10:57:21',NULL),
(111,26,0,'P28699','Penyelenggaraan Alat Kelengkapan Penyiaran dan Perhubungan','ALAT -ALAT KELENGKAPAN PERHUBUNGAN YANG LAIN',2,2,'2020-10-08 10:57:21','2020-10-08 10:57:21',NULL),
(112,29,0,'P28701','Penyelenggaraan Kenderaan','KENDERAAN',2,2,'2020-10-08 10:57:21','2020-10-08 10:57:21',NULL),
(113,27,0,'P28901','Penyelenggaraan Aset - aset Lain','ALAT KELENGKAPAN FOTOGRAFI',2,2,'2020-10-08 10:57:21','2020-10-08 10:57:21',NULL),
(114,27,0,'P28902','Penyelenggaraan Aset - aset Lain','ALAT KELENGKAPAN MUZIK',2,2,'2020-10-08 10:57:21','2020-10-08 10:57:21',NULL),
(115,27,0,'P28999','Penyelenggaraan Aset - aset Lain','ALAT - ALAT LAIN',2,2,'2020-10-08 10:57:21','2020-10-08 10:57:21',NULL),
(116,27,0,'P28899','Penyelenggaraan Aset - aset Lain','PENY ALAT LAIN',2,2,'2020-10-08 10:57:21','2020-10-08 10:57:21',NULL),
(117,34,0,'P29101','Perkhidmatan Yang Dibeli','PERKHIDMATAN PERUBATAN',2,2,'2020-10-08 10:57:21','2020-10-08 10:57:21',NULL),
(118,34,0,'P29102','Perkhidmatan Yang Dibeli','PERKHIDMATAN PERAKAUNAN DAN AUDITAN',2,2,'2020-10-08 10:57:21','2020-10-08 10:57:21',NULL),
(119,34,0,'P29103','Perkhidmatan Yang Dibeli','PERKHIDMATAN PERUNDANGAN - STEM HASIL',2,2,'2020-10-08 10:57:21','2020-10-08 10:57:21',NULL),
(120,34,0,'P29104','Perkhidmatan Yang Dibeli','PERKHIDMATAN LATIHAN KAKITANGAN',2,2,'2020-10-08 10:57:21','2020-10-08 10:57:21',NULL),
(121,34,0,'P29105','Perkhidmatan Yang Dibeli','PERKHIDMATAN PAKAR RUNDING PERNIAGAAN DAN PENGURUSAN',2,2,'2020-10-08 10:57:21','2020-10-08 10:57:21',NULL),
(122,34,0,'P29106','Perkhidmatan Yang Dibeli','PERKHIDMATAN PENSYARAH JEMPUTAN',2,2,'2020-10-08 10:57:21','2020-10-08 10:57:21',NULL),
(123,34,0,'P29107','Perkhidmatan Yang Dibeli','PERKHIDMATAN KOMPUTER DAN PROSESAN DATA',2,2,'2020-10-08 10:57:21','2020-10-08 10:57:21',NULL),
(124,34,0,'P29108','Perkhidmatan Yang Dibeli','PERKHIDMATAN FOTOGRAFI , BLUE-PRINTING DAN FILEM MIKRO',2,2,'2020-10-08 10:57:21','2020-10-08 10:57:21',NULL),
(125,34,0,'P29109','Perkhidmatan Yang Dibeli','PERKHIDMATAN PENGELUARAN DAN PENYEBARAN TAYANGAN GAMBAR , PITA VIDEO, RADIO, TV PROD., LAGU, CUCI GAMBAR,  ASTRO',2,2,'2020-10-08 10:57:21','2020-10-08 10:57:21',NULL),
(126,34,0,'P29110','Perkhidmatan Yang Dibeli','PERKHIDMATAN PENGIKLANAN',2,2,'2020-10-08 10:57:21','2020-10-08 10:57:21',NULL),
(127,34,0,'P29111','Perkhidmatan Yang Dibeli','PERKHIDMATAN PERLINDUNGAN DAN KESELAMATAN - (RENEW LESEN, JAGA, INSURAN KEBAKARAN/INSURAN PERJALANAN KE LUAR NEGARA)',2,2,'2020-10-08 10:57:21','2020-10-08 10:57:21',NULL),
(128,34,0,'P29112','Perkhidmatan Yang Dibeli','PERKHIDMATAN PENTERJEMAHAN DAN PENAFSIRAN/PENULISAN',2,2,'2020-10-08 10:57:21','2020-10-08 10:57:21',NULL),
(129,34,0,'P29113','Perkhidmatan Yang Dibeli','PERKHIDMATAN DOBI',2,2,'2020-10-08 10:57:21','2020-10-08 10:57:21',NULL),
(130,34,0,'P29114','Perkhidmatan Yang Dibeli','INSURAN & CUKAI JALAN / KENDERAAN PEJABAT (RENEW ROAD TAX) * GUNA UTK INSURAN & CUKAI JALAN/KENDERAAN PEJABAT TERMASUK DI WILAYAH',2,2,'2020-10-08 10:57:21','2020-10-08 10:57:21',NULL),
(131,34,0,'P29115','Perkhidmatan Yang Dibeli','ELAUN MESYUARAT / BOD / PANEL',2,2,'2020-10-08 10:57:21','2020-10-08 10:57:21',NULL),
(132,34,0,'P29116','Perkhidmatan Yang Dibeli','YURAN AUDIT - KHAS UNTUK AUDIT',2,2,'2020-10-08 10:57:21','2020-10-08 10:57:21',NULL),
(133,34,0,'P29117','Perkhidmatan Yang Dibeli','YURAN LAIN (PERPUSTAKAAN, BENCHMARKING, DLL.)',2,2,'2020-10-08 10:57:21','2020-10-08 10:57:21',NULL),
(134,34,0,'P29199','Perkhidmatan Yang Dibeli','PERKHIDMATAN YANG LAIN - BANK CHARGE, SONITACT,TENAGA KERJA/PLATE NO.KERETA BARU',2,2,'2020-10-08 10:57:21','2020-10-08 10:57:21',NULL),
(135,33,0,'P29201','Perkhidmatan Percetakan dan Menjilid Yang Dibeli','PERCETAKAN PENERBITAN    - ARTWORD, APR',2,2,'2020-10-08 10:57:21','2020-10-08 10:57:21',NULL),
(136,33,0,'P29202','Perkhidmatan Percetakan dan Menjilid Yang Dibeli','PERCETAKAN BORANG DAN ALAT TULIS  -  KAD NAMA, COVER SIJIL, STICKER, BROCHURE, PLANNER, POSTER',2,2,'2020-10-08 10:57:21','2020-10-08 10:57:21',NULL),
(137,33,0,'P29203','Perkhidmatan Percetakan dan Menjilid Yang Dibeli','BACAAN METER MESIN FOTOSTAT',2,2,'2020-10-08 10:57:21','2020-10-08 10:57:21',NULL),
(138,33,0,'P29299','Perkhidmatan Percetakan dan Menjilid Yang Dibeli','BAYARAN - BAYARAN PERKHIDMATAN PERCETAKAN YANG LAIN - JILID, MATEL PLATE, BINDING',2,2,'2020-10-08 10:57:21','2020-10-08 10:57:21',NULL),
(139,14,0,'P29301','Bayaran Pekerja Sementara dan Sambilan ','UPAHAN',2,2,'2020-10-08 10:57:21','2020-10-08 10:57:21',NULL),
(140,14,0,'P29302','Bayaran Pekerja Sementara dan Sambilan ','ELAUN , TERMASUK ELAUN LEBIH MASA',2,2,'2020-10-08 10:57:21','2020-10-08 10:57:21',NULL),
(141,14,0,'P29303','Bayaran Pekerja Sementara dan Sambilan ','SUMBANGAN BERKANUN',2,2,'2020-10-08 10:57:21','2020-10-08 10:57:21',NULL),
(142,14,0,'P29304','Bayaran Pekerja Sementara dan Sambilan ','BONUS GAJI HARI',2,2,'2020-10-08 10:57:21','2020-10-08 10:57:21',NULL),
(143,14,0,'P29305','Bayaran Pekerja Sementara dan Sambilan ','BONUS G/HARI T/DULU',2,2,'2020-10-08 10:57:21','2020-10-08 10:57:21',NULL),
(144,14,0,'P29399','Bayaran Pekerja Sementara dan Sambilan ','BAYARAN - BAYARAN LAIN',2,2,'2020-10-08 10:57:21','2020-10-08 10:57:21',NULL),
(145,19,0,'P29401','Keraian, Hospitaliti dan Honorarium','MAKAN DAN MINUM - ORANG JEMPUTAN',2,2,'2020-10-08 10:57:21','2020-10-08 10:57:21',NULL),
(146,19,0,'P29402','Keraian, Hospitaliti dan Honorarium','PENGINAPAN - ORANG JEMPUTAN/PESERTA KURSUS',2,2,'2020-10-08 10:57:21','2020-10-08 10:57:21',NULL),
(147,19,0,'P29403','Keraian, Hospitaliti dan Honorarium','PENGANGKUTAN/INSURAN - ORANG JEMPUTAN/PESERTA KURSUS',2,2,'2020-10-08 10:57:22','2020-10-08 10:57:22',NULL),
(148,19,0,'P29404','Keraian, Hospitaliti dan Honorarium','HONORARIUM, SAGUHATI DAN HADIAH - ORANG JEMPUTAN PERDIEM APO - E264',2,2,'2020-10-08 10:57:22','2020-10-08 10:57:22',NULL),
(149,19,0,'P29405','Keraian, Hospitaliti dan Honorarium','KERAIAN PEJABAT',2,2,'2020-10-08 10:57:22','2020-10-08 10:57:22',NULL),
(150,19,0,'P29406','Keraian, Hospitaliti dan Honorarium','HONORARIUM, SAGUHATI DAN HADIAH - KAKITANGAN PEJABAT, DINNER, TQ DAUN KELADI, MASKOT',2,2,'2020-10-08 10:57:22','2020-10-08 10:57:22',NULL),
(151,19,0,'P29407','Keraian, Hospitaliti dan Honorarium','MAKAN DAN MINUM - PESERTA KURSUS, SEMINAR, WORKSHOP, BAND',2,2,'2020-10-08 10:57:22','2020-10-08 10:57:22',NULL),
(152,19,0,'P29408','Keraian, Hospitaliti dan Honorarium','KERAIAN MESYUARAT DALAMAN',2,2,'2020-10-08 10:57:22','2020-10-08 10:57:22',NULL);

/*Table structure for table `ref_card` */


CREATE TABLE `ref_card` (
  `card_id` int(11) NOT NULL AUTO_INCREMENT,
  `card_desc` varchar(20) DEFAULT NULL,
  `card_color` varchar(20) NOT NULL,
  `created_at` timestamp NULL DEFAULT NULL,
  `updated_at` timestamp NOT NULL DEFAULT CURRENT_TIMESTAMP,
  `deleted_at` timestamp NULL DEFAULT NULL,
  PRIMARY KEY (`card_id`)
) ENGINE=InnoDB AUTO_INCREMENT=4 DEFAULT CHARSET=latin1;

/*Data for the table `ref_card` */

insert  into `ref_card`(`card_id`,`card_desc`,`card_color`,`created_at`,`updated_at`,`deleted_at`) values 
(1,'Kuning','#FFFF00','2018-11-26 01:16:20','2018-11-25 22:50:57',NULL),
(2,'Hijau','#00FF00','2018-11-26 01:16:24','2018-11-25 22:51:07',NULL),
(3,'Merah','#FF0000','2018-11-26 01:16:28','2018-11-25 22:51:15',NULL);

/*Table structure for table `ref_cawangan` */


CREATE TABLE `ref_cawangan` (
  `cawangan_id` int(11) NOT NULL AUTO_INCREMENT,
  `cawangan_desc` varchar(255) NOT NULL,
  `created_by` int(11) DEFAULT NULL,
  `updated_by` int(11) DEFAULT NULL,
  `created_at` timestamp NULL DEFAULT NULL,
  `updated_at` timestamp NOT NULL DEFAULT CURRENT_TIMESTAMP,
  `deleted_at` timestamp NULL DEFAULT NULL,
  PRIMARY KEY (`cawangan_id`)
) ENGINE=InnoDB DEFAULT CHARSET=latin1;

/*Data for the table `ref_cawangan` */

/*Table structure for table `ref_flight_company` */


CREATE TABLE `ref_flight_company` (
  `flight_company_id` int(11) NOT NULL AUTO_INCREMENT,
  `flight_company_desc` varchar(100) NOT NULL,
  `flight_company_url` varchar(200) NOT NULL,
  `flight_company_luggage_quota` decimal(10,2) NOT NULL DEFAULT '0.00',
  `created_by` int(11) DEFAULT NULL,
  `updated_by` int(11) DEFAULT NULL,
  `created_at` timestamp NULL DEFAULT NULL,
  `updated_at` timestamp NOT NULL DEFAULT CURRENT_TIMESTAMP,
  `deleted_at` timestamp NULL DEFAULT NULL,
  PRIMARY KEY (`flight_company_id`)
) ENGINE=InnoDB AUTO_INCREMENT=7 DEFAULT CHARSET=latin1;

/*Data for the table `ref_flight_company` */

insert  into `ref_flight_company`(`flight_company_id`,`flight_company_desc`,`flight_company_url`,`flight_company_luggage_quota`,`created_by`,`updated_by`,`created_at`,`updated_at`,`deleted_at`) values 
(1,'MAS','https://www.malaysiaairlines.com',20.00,2,2,'2019-03-20 21:34:10','2019-03-20 21:31:37',NULL),
(2,'AIR ASIA','https://www.airasia.com',15.00,2,2,'2019-03-20 21:34:28','2019-03-20 21:31:42',NULL),
(3,'MALINDO AIR','https://www.malindoair.com/',20.00,2,2,'2019-03-20 21:35:09','2019-03-20 21:31:54',NULL),
(4,'FIREFLY','https://www.airpaz.com',20.00,2,2,'2019-03-20 21:35:11','2019-03-20 21:32:02',NULL),
(5,'LATAM AIRLINES','https://www.latam.com',20.00,71,46,'2019-08-10 00:02:56','2020-02-28 16:33:10',NULL),
(6,'FIJI AIRWAYS','https://www.fijiairways.com/',20.00,46,46,'2020-02-28 16:32:56','2020-02-28 16:32:56',NULL);

/*Table structure for table `ref_gred` */


CREATE TABLE `ref_gred` (
  `gred_id` int(11) NOT NULL AUTO_INCREMENT,
  `gred_desc` varchar(20) NOT NULL,
  `is_active` char(1) NOT NULL DEFAULT '1',
  `created_by` int(11) DEFAULT NULL,
  `updated_by` int(11) DEFAULT NULL,
  `created_at` timestamp NULL DEFAULT NULL,
  `updated_at` timestamp NULL DEFAULT CURRENT_TIMESTAMP,
  `deleted_at` timestamp NULL DEFAULT NULL,
  PRIMARY KEY (`gred_id`)
) ENGINE=InnoDB AUTO_INCREMENT=32 DEFAULT CHARSET=latin1;

/*Data for the table `ref_gred` */

insert  into `ref_gred`(`gred_id`,`gred_desc`,`is_active`,`created_by`,`updated_by`,`created_at`,`updated_at`,`deleted_at`) values 
(1,'B22','1',2,2,'2019-03-28 15:32:43','2019-03-28 15:32:43',NULL),
(2,'E29/E32','1',2,2,'2019-03-28 15:32:43','2019-03-28 15:32:43',NULL),
(3,'E41','1',2,2,'2019-03-28 15:32:43','2019-03-28 15:32:43',NULL),
(4,'E44','1',2,2,'2019-03-28 15:32:43','2019-03-28 15:32:43',NULL),
(5,'E48','1',2,2,'2019-03-28 15:32:43','2019-03-28 15:32:43',NULL),
(6,'E52','1',2,2,'2019-03-28 15:32:43','2019-03-28 15:32:43',NULL),
(7,'E54','1',2,2,'2019-03-28 15:32:43','2019-03-28 15:32:43',NULL),
(8,'FA29','1',2,2,'2019-03-28 15:32:43','2019-03-28 15:32:43',NULL),
(9,'H11','1',2,2,'2019-03-28 15:32:43','2019-03-28 15:32:43',NULL),
(10,'H19','1',2,2,'2019-03-28 15:32:43','2019-03-28 15:32:43',NULL),
(11,'J22','1',2,2,'2019-03-28 15:32:43','2019-03-28 15:32:43',NULL),
(12,'JA29/JA36','1',2,2,'2019-03-28 15:32:43','2019-03-28 15:32:43',NULL),
(13,'JUSA A/VU5','1',2,2,'2019-03-28 15:32:43','2019-03-28 15:32:43',NULL),
(14,'JUSA B/VU6','1',2,2,'2019-03-28 15:32:43','2019-03-28 15:32:43',NULL),
(15,'JUSA C/VU7','1',2,2,'2019-03-28 15:32:43','2019-03-28 15:32:43',NULL),
(16,'N11','1',2,2,'2019-03-28 15:32:43','2019-03-28 15:32:43',NULL),
(17,'N14','1',2,2,'2019-03-28 15:32:43','2019-03-28 15:32:43',NULL),
(18,'N19','1',2,2,'2019-03-28 15:32:43','2019-03-28 15:32:43',NULL),
(19,'N22','1',2,2,'2019-03-28 15:32:43','2019-03-28 15:32:43',NULL),
(20,'N26','1',2,2,'2019-03-28 15:32:43','2019-03-28 15:32:43',NULL),
(21,'N28','1',2,2,'2019-03-28 15:32:43','2019-03-28 15:32:43',NULL),
(22,'N29','1',2,2,'2019-03-28 15:32:43','2019-03-28 15:32:43',NULL),
(23,'N30','1',2,2,'2019-03-28 15:32:43','2019-03-28 15:32:43',NULL),
(24,'N32','1',2,2,'2019-03-28 15:32:43','2019-03-28 15:32:43',NULL),
(25,'S32','1',2,2,'2019-03-28 15:32:43','2019-03-28 15:32:43',NULL),
(26,'S41','1',2,2,'2019-03-28 15:32:43','2019-03-28 15:32:43',NULL),
(27,'W29','1',2,2,'2019-03-28 15:32:43','2019-03-28 15:32:43',NULL),
(28,'WA41','1',2,2,'2019-03-28 15:32:43','2019-03-28 15:32:43',NULL),
(29,'WA44','1',2,2,'2019-03-28 15:32:43','2019-03-28 15:32:43',NULL),
(30,'WA48','1',2,2,'2019-03-28 15:32:43','2019-03-28 15:32:43',NULL),
(31,'F41','1',2,2,'2019-03-31 20:54:05','2019-03-31 20:54:05',NULL);

/*Table structure for table `ref_jabatan` */


CREATE TABLE `ref_jabatan` (
  `jabatan_id` int(11) NOT NULL AUTO_INCREMENT,
  `jabatan_desc` varchar(200) NOT NULL,
  `is_active` char(1) NOT NULL DEFAULT '1',
  `created_at` timestamp NULL DEFAULT NULL,
  `updated_at` timestamp NULL DEFAULT CURRENT_TIMESTAMP,
  `deleted_at` timestamp NULL DEFAULT NULL,
  PRIMARY KEY (`jabatan_id`)
) ENGINE=InnoDB AUTO_INCREMENT=36 DEFAULT CHARSET=latin1;

/*Data for the table `ref_jabatan` */

insert  into `ref_jabatan`(`jabatan_id`,`jabatan_desc`,`is_active`,`created_at`,`updated_at`,`deleted_at`) values 
(2,'JABATAN KHIDMAT PENGURUSAN','1','2019-01-01 15:48:01','2019-01-01 15:48:01',NULL),
(3,'JABATAN TEKNOLOGI MAKLUMAT','1','2019-01-01 15:48:01','2019-01-01 15:48:01',NULL),
(4,'BAHAGIAN PENGURUSAN HARTA','1','2019-01-01 15:48:01','2019-01-01 15:48:01',NULL),
(5,'JABATAN PENILAIAN & PENGURUSAN HARTA','1','2019-01-01 15:48:01','2019-01-01 15:48:01',NULL),
(6,'JABATAN PERBENDAHARAAN','1','2019-01-01 15:48:01','2019-01-01 15:48:01',NULL),
(7,'JABATAN PERUNDANGAN','1','2019-01-01 15:48:01','2019-01-01 15:48:01',NULL),
(8,'JABATAN KORPORAT','1','2019-01-01 15:48:01','2019-01-01 15:48:01',NULL),
(9,'JABATAN PERANCANG BANDAR','1','2019-01-01 15:48:01','2019-01-01 15:48:01',NULL),
(10,'JABATAN KEJURUTERAAN','1','2019-01-01 15:48:01','2019-01-01 15:48:01',NULL),
(11,'JABATAN BANGUNAN','1','2019-01-01 15:48:01','2019-01-01 15:48:01',NULL),
(13,'PEJABAT YANG DIPERTUA / TIMBALAN YANG DIPERTUA','1','2019-01-01 15:48:01','2019-01-01 15:48:01',NULL),
(14,'BAHAGIAN KEMUDAHAN AWAM','1','2019-01-01 15:48:01','2019-01-01 15:48:01',NULL),
(16,'JABATAN LANDSKAP','1','2019-01-01 15:48:01','2019-01-01 15:48:01',NULL),
(17,'BAHAGIAN URUSETIA','1','2019-01-01 15:48:01','2019-01-01 15:48:01',NULL),
(18,'UNIT NURSERY','1','2019-01-01 15:48:01','2019-01-01 15:48:01',NULL),
(19,'JABATAN AUDIT DALAM','1','2019-01-01 15:48:01','2019-01-01 15:48:01',NULL),
(20,'UNIT BENGKEL RAWANG','1','2019-01-01 15:48:01','2019-01-01 15:48:01',NULL),
(22,'JABATAN PUSAT SETEMPAT (OSC)','1','2019-01-01 15:48:01','2019-01-01 15:48:01',NULL),
(23,'JABATAN PENGUATKUASA & KESELAMATAN','1','2019-01-01 15:48:01','2019-01-01 15:48:01',NULL),
(24,'JABATAN KONTRAK DAN UKUR BAHAN','1','2019-01-01 15:48:01','2019-01-01 15:48:01',NULL),
(25,'JABATAN PELESENAN','1','2019-01-01 15:48:01','2019-01-01 15:48:01',NULL),
(26,'BAHAGIAN HASIL','1','2019-01-01 15:48:01','2019-01-01 15:48:01',NULL),
(29,'BAHAGIAN KESELAMATAN','1','2019-01-01 15:48:01','2019-01-01 15:48:01',NULL),
(32,'UNIT URUS SELENGGARA BANGUNAN','1','2019-01-01 15:48:01','2019-01-01 15:48:01',NULL),
(33,'JABATAN PEMBANGUNAN MASYARAKAT','1','2019-01-01 15:48:01','2019-01-01 15:48:01',NULL),
(34,'JABATAN PENGURUSAN SISA PEPEJAL & KESIHATAN','1','2019-01-01 15:48:01','2019-01-01 15:48:01',NULL),
(35,'JABATAN PESURUHJAYA BANGUNAN (COB)','1','2019-01-01 15:48:01','2019-01-01 15:48:01',NULL);

/*Table structure for table `ref_jawatan` */


CREATE TABLE `ref_jawatan` (
  `jawatan_id` int(11) NOT NULL AUTO_INCREMENT,
  `jawatan_desc` varchar(255) NOT NULL,
  `is_active` int(1) NOT NULL DEFAULT '1',
  `created_by` int(11) DEFAULT NULL,
  `updated_by` int(11) DEFAULT NULL,
  `created_at` timestamp NULL DEFAULT NULL,
  `updated_at` timestamp NOT NULL DEFAULT CURRENT_TIMESTAMP,
  `deleted_at` timestamp NULL DEFAULT NULL,
  PRIMARY KEY (`jawatan_id`)
) ENGINE=InnoDB AUTO_INCREMENT=34 DEFAULT CHARSET=latin1;

/*Data for the table `ref_jawatan` */

insert  into `ref_jawatan`(`jawatan_id`,`jawatan_desc`,`is_active`,`created_by`,`updated_by`,`created_at`,`updated_at`,`deleted_at`) values 
(1,'Ahli Fotografi',1,2,2,'2019-03-28 15:28:12','2019-03-28 15:28:12',NULL),
(2,'Akauntan',1,2,2,'2019-03-28 15:28:12','2019-03-28 15:28:12',NULL),
(3,'Akauntan Kanan',1,2,2,'2019-03-28 15:28:12','2019-03-28 15:28:12',NULL),
(4,'Ketua Akauntan',1,2,2,'2019-03-28 15:28:12','2019-03-28 15:28:12',NULL),
(5,'Ketua Pengarah',1,2,2,'2019-03-28 15:28:12','2019-03-28 15:28:12',NULL),
(6,'Pegawai Khidmat Pelanggan',1,2,2,'2019-03-28 15:28:12','2019-03-29 21:28:28',NULL),
(7,'Pemandu Kenderaan',1,2,2,'2019-03-28 15:28:12','2019-03-28 15:28:12',NULL),
(8,'Pembantu Awam',1,2,2,'2019-03-28 15:28:12','2019-03-28 15:28:12',NULL),
(9,'Pembantu Kemahiran',1,2,2,'2019-03-28 15:28:12','2019-03-28 15:28:12',NULL),
(10,'Pembantu Operasi',1,2,2,'2019-03-28 15:28:12','2019-03-28 15:28:12',NULL),
(11,'Pembantu Penerbitan (KUP)',1,2,2,'2019-03-28 15:28:12','2019-03-28 15:28:12',NULL),
(12,'Pembantu Setiausaha Pejabat',1,2,2,'2019-03-28 15:28:12','2019-03-28 15:28:12',NULL),
(13,'Pembantu Setiausaha Pejabat (KUP)',1,2,2,'2019-03-28 15:28:12','2019-03-28 15:28:12',NULL),
(14,'Pembantu Tadbir (P/O)',1,2,2,'2019-03-28 15:28:12','2019-03-28 15:28:12',NULL),
(15,'Pembantu Tadbir (P/O) (KUP)',1,2,2,'2019-03-28 15:28:12','2019-03-28 15:28:12',NULL),
(16,'Pembantu Tadbir (P/O) KUP',1,2,2,'2019-03-28 15:28:12','2019-03-28 15:28:12',NULL),
(17,'Pengarah',1,2,2,'2019-03-28 15:28:12','2019-03-28 15:28:12',NULL),
(18,'Pengurus',1,2,2,'2019-03-28 15:28:12','2019-03-28 15:28:12',NULL),
(19,'Pengurus Kanan',1,2,2,'2019-03-28 15:28:12','2019-03-28 15:28:12',NULL),
(20,'Penjaga Jentera Eletrik',1,2,2,'2019-03-28 15:28:12','2019-03-28 15:28:12',NULL),
(21,'Penolong Akauntan',1,2,2,'2019-03-28 15:28:12','2019-03-28 15:28:12',NULL),
(22,'Penolong Jurutera',1,2,2,'2019-03-28 15:28:12','2019-03-28 15:28:12',NULL),
(23,'Penolong Jurutera (KUP)',1,2,2,'2019-03-28 15:28:12','2019-03-28 15:28:12',NULL),
(24,'Penolong Pegawai Perangkaan (KUP)',1,2,2,'2019-03-28 15:28:12','2019-03-28 15:28:12',NULL),
(25,'Penolong Pegawai Tadbir',1,2,2,'2019-03-28 15:28:12','2019-03-28 15:28:12',NULL),
(26,'Penolong Pegawai Teknologi Maklumat',1,2,2,'2019-03-28 15:28:12','2019-03-28 15:28:12',NULL),
(27,'Penolong Pengurus',1,2,2,'2019-03-28 15:28:12','2019-03-28 15:28:12',NULL),
(28,'Penolong Pustakawan (KUP)',1,2,2,'2019-03-28 15:28:12','2019-03-28 15:28:12',NULL),
(29,'Pustakawan',1,2,2,'2019-03-28 15:28:12','2019-03-28 15:28:12',NULL),
(30,'Setiausaha Pejabat ',1,2,2,'2019-03-28 15:28:12','2019-03-28 15:28:12',NULL),
(31,'Setiausaha Pejabat (KUP)',1,2,2,'2019-03-28 15:28:12','2019-03-28 15:28:12',NULL),
(32,'Timbalan Ketua Pengarah',1,2,2,'2019-03-28 15:28:12','2019-03-28 15:28:12',NULL),
(33,'Timbalan Pengarah',1,2,2,'2019-03-28 15:28:12','2019-03-28 15:28:12',NULL);

/*Table structure for table `ref_jenis_penerbangan` */


CREATE TABLE `ref_jenis_penerbangan` (
  `jenis_penerbangan_id` int(11) NOT NULL AUTO_INCREMENT,
  `jenis_penerbangan_desc` varchar(255) NOT NULL,
  `created_at` timestamp NULL DEFAULT NULL,
  `updated_at` timestamp NOT NULL DEFAULT CURRENT_TIMESTAMP,
  `deleted_at` timestamp NULL DEFAULT NULL,
  PRIMARY KEY (`jenis_penerbangan_id`)
) ENGINE=InnoDB AUTO_INCREMENT=4 DEFAULT CHARSET=latin1;

/*Data for the table `ref_jenis_penerbangan` */

insert  into `ref_jenis_penerbangan`(`jenis_penerbangan_id`,`jenis_penerbangan_desc`,`created_at`,`updated_at`,`deleted_at`) values 
(1,'PERGI','2019-03-22 03:57:17','2019-03-22 03:57:17',NULL),
(2,'BALIK','2019-03-22 03:57:20','2019-03-22 03:57:20',NULL),
(3,'PERGI & BALIK','2019-03-22 03:57:34','2019-03-22 03:57:34',NULL);

/*Table structure for table `ref_kalendar` */


CREATE TABLE `ref_kalendar` (
  `kalendar_id` int(11) NOT NULL AUTO_INCREMENT,
  `kalendar_date` date NOT NULL COMMENT 'simpan event date dlm bentuk yyyy-mm-dd',
  `kalendar_desc` longtext NOT NULL,
  `is_active` char(1) NOT NULL DEFAULT '1',
  `created_at` timestamp NULL DEFAULT NULL,
  `updated_at` timestamp NULL DEFAULT CURRENT_TIMESTAMP,
  `deleted_at` timestamp NULL DEFAULT NULL,
  PRIMARY KEY (`kalendar_id`)
) ENGINE=InnoDB DEFAULT CHARSET=latin1;

/*Data for the table `ref_kalendar` */

/*Table structure for table `ref_location` */


CREATE TABLE `ref_location` (
  `location_id` int(11) NOT NULL AUTO_INCREMENT,
  `location_code` varchar(10) DEFAULT NULL,
  `location_desc` varchar(255) DEFAULT NULL,
  `created_by` int(11) DEFAULT NULL,
  `updated_by` int(11) DEFAULT NULL,
  `created_at` timestamp NULL DEFAULT NULL,
  `updated_at` timestamp NOT NULL DEFAULT CURRENT_TIMESTAMP,
  `deleted_at` timestamp NULL DEFAULT NULL,
  PRIMARY KEY (`location_id`)
) ENGINE=InnoDB AUTO_INCREMENT=40 DEFAULT CHARSET=latin1;

/*Data for the table `ref_location` */

insert  into `ref_location`(`location_id`,`location_code`,`location_desc`,`created_by`,`updated_by`,`created_at`,`updated_at`,`deleted_at`) values 
(1,'KUL','KUALA LUMPUR',2,2,'2019-03-20 21:40:51','2019-03-20 21:40:51',NULL),
(2,'LGK','LANGKAWI',2,2,'2019-03-20 21:40:51','2019-03-20 21:40:51',NULL),
(3,'KCH','KUCHING',2,2,'2019-03-20 21:40:51','2019-03-20 21:40:51',NULL),
(4,'PEN','PENANG',2,2,'2019-03-20 21:40:51','2019-03-20 21:40:51',NULL),
(5,'BKI','KOTA KINABALU',2,2,'2019-03-20 21:40:51','2019-03-20 21:40:51',NULL),
(6,'JHB','JOHOR BAHRU',2,2,'2019-03-20 21:40:51','2019-03-20 21:40:51',NULL),
(7,'SZB','SUBANG',2,2,'2019-03-20 21:40:51','2019-03-20 21:40:51',NULL),
(8,'AOR','ALOR SETAR',2,2,'2019-03-20 21:40:51','2019-03-20 21:40:51',NULL),
(9,'KBR','KOTA BHARU',2,2,'2019-03-20 21:40:51','2019-03-20 21:40:51',NULL),
(10,'TGG','KUALA TERENGGANU',2,2,'2019-03-20 21:40:51','2019-03-20 21:40:51',NULL),
(11,'IPH','IPOH',2,2,'2019-03-20 21:40:51','2019-03-20 21:40:51',NULL),
(12,'KUA','KUANTAN',2,2,'2019-03-20 21:40:51','2019-03-20 21:40:51',NULL),
(13,'SBW','SIBU',2,2,'2019-03-20 21:40:51','2019-03-20 21:40:51',NULL),
(14,'SDK','SANDAKAN',2,2,'2019-03-20 21:40:51','2019-03-20 21:40:51',NULL),
(15,'TWU','TAWAU',2,2,'2019-03-20 21:40:51','2019-03-20 21:40:51',NULL),
(16,'MYY','MIRI',2,2,'2019-03-20 21:40:51','2019-03-20 21:40:51',NULL),
(17,'LDU','LAHAD DATU',46,46,'2019-05-11 02:39:19','2019-05-11 02:39:19',NULL),
(18,'SIN','CANGI, SINGAPORE',46,46,'2019-05-21 21:12:58','2019-06-20 22:13:08',NULL),
(19,'XSP','SELETAR, SINGAPORE',46,46,'2019-06-20 22:12:45','2019-06-20 22:13:21',NULL),
(20,'MZV','MULU, SARAWAK',46,46,'2019-07-16 00:39:59','2019-07-16 00:39:59',NULL),
(21,'LBU','LABUAN',46,46,'2019-07-16 00:40:17','2019-07-16 00:40:17',NULL),
(22,'PEK','BEIJING, CHINA',46,46,'2019-08-07 20:26:23','2019-08-07 20:26:23',NULL),
(23,'LHR','LONDON, UNITED KINGDOM',46,46,'2019-08-08 20:44:01','2019-08-10 00:09:08',NULL),
(24,'SYD','SYDNEY, AU',46,46,'2019-08-10 00:04:43','2019-08-10 00:09:45',NULL),
(25,'SCL','SANTIAGO, CHILE',46,46,'2019-08-10 00:17:03','2019-08-10 00:17:03',NULL),
(26,'PMC','PUERTO MONTT, CHILE',46,46,'2019-08-10 00:18:58','2019-08-10 00:18:58',NULL),
(27,'BTU','BINTULU, SARAWAK',46,46,'2019-08-28 23:45:34','2019-08-28 23:45:34',NULL),
(28,'TPE','TAIPEI , TAIWAN CHINA',46,46,'2019-10-01 03:13:36','2019-10-01 03:13:36',NULL),
(29,'CTU','CHENGDU, CHINA',46,46,'2019-10-01 20:23:49','2019-10-01 20:23:49',NULL),
(30,'LMN','LIMBANG, SARAWAK',53,53,'2019-10-01 22:58:07','2019-10-01 22:58:07',NULL),
(31,'MKM','MUKAH, SARAWAK',53,53,'2019-10-01 22:59:14','2019-10-01 22:59:14',NULL),
(32,'VTE','VIENTIANE, LAOS',71,71,'2019-10-08 05:09:34','2019-10-08 05:09:34',NULL),
(33,'BKK','SURVARNABHUMI AIRPORT, THAILAND',71,71,'2019-10-08 05:14:16','2019-10-08 05:14:16',NULL),
(34,'DMK','DON MUEANG INTERNATIONAL AIRPORT, THAILAND',71,71,'2019-10-08 05:15:28','2019-10-08 05:15:28',NULL),
(35,'ICN','SEOUL, KOREA',46,46,'2019-11-13 23:16:13','2019-11-13 23:16:13',NULL),
(36,'CDG','PARIS, CHARLES DE GAULLE',46,46,'2019-11-20 23:59:01','2019-11-20 23:59:01',NULL),
(37,'NRT','TOKYO, JEPUN',46,46,'2020-01-11 05:11:36','2020-01-11 05:11:36',NULL),
(38,'MEL','MELBOURNE, AUSTRALIA',46,46,'2020-02-28 16:20:52','2020-02-28 16:20:52',NULL),
(39,'NAN','NADI,FIJI',46,46,'2020-02-28 16:21:22','2020-02-28 16:21:22',NULL);

/*Table structure for table `ref_meeting_type` */


CREATE TABLE `ref_meeting_type` (
  `meeting_type_id` int(11) NOT NULL AUTO_INCREMENT,
  `meeting_type_desc` varchar(255) DEFAULT NULL,
  `running_no` int(11) NOT NULL DEFAULT '0',
  `created_by` int(11) DEFAULT NULL,
  `updated_by` int(11) DEFAULT NULL,
  `created_at` timestamp NOT NULL DEFAULT CURRENT_TIMESTAMP,
  `updated_at` timestamp NOT NULL DEFAULT CURRENT_TIMESTAMP,
  `deleted_at` timestamp NULL DEFAULT NULL,
  PRIMARY KEY (`meeting_type_id`)
) ENGINE=InnoDB AUTO_INCREMENT=3 DEFAULT CHARSET=latin1;

/*Data for the table `ref_meeting_type` */

insert  into `ref_meeting_type`(`meeting_type_id`,`meeting_type_desc`,`running_no`,`created_by`,`updated_by`,`created_at`,`updated_at`,`deleted_at`) values 
(1,'MESYUARAT SEBUT HARGA A',3,171,171,'2020-10-08 00:32:53','2020-10-08 00:43:15',NULL),
(2,'MESYUARAT SEBUT HARGA B',3,171,171,'2020-10-08 00:43:00','2020-10-08 00:43:29',NULL);

/*Table structure for table `ref_payment_method` */


CREATE TABLE `ref_payment_method` (
  `payment_method_id` int(11) NOT NULL AUTO_INCREMENT,
  `payment_method_desc` varchar(150) NOT NULL,
  `created_at` timestamp NULL DEFAULT NULL,
  `updated_at` timestamp NOT NULL DEFAULT CURRENT_TIMESTAMP,
  `deleted_at` timestamp NULL DEFAULT NULL,
  PRIMARY KEY (`payment_method_id`)
) ENGINE=InnoDB AUTO_INCREMENT=3 DEFAULT CHARSET=latin1;

/*Data for the table `ref_payment_method` */

insert  into `ref_payment_method`(`payment_method_id`,`payment_method_desc`,`created_at`,`updated_at`,`deleted_at`) values 
(1,'Kad Kredit','2019-03-24 03:32:36','2019-03-24 03:32:36',NULL),
(2,'Waran','2019-03-24 03:32:43','2019-03-24 03:32:43',NULL);

/*Table structure for table `ref_pembangunan` */


CREATE TABLE `ref_pembangunan` (
  `pembangunan_id` int(11) NOT NULL AUTO_INCREMENT,
  `pembangunan_desc` varchar(255) DEFAULT NULL,
  `created_by` int(11) DEFAULT NULL,
  `updated_by` int(11) DEFAULT NULL,
  `created_at` timestamp NULL DEFAULT NULL,
  `updated_at` timestamp NOT NULL DEFAULT CURRENT_TIMESTAMP,
  `deleted_at` timestamp NULL DEFAULT NULL,
  PRIMARY KEY (`pembangunan_id`)
) ENGINE=InnoDB AUTO_INCREMENT=33 DEFAULT CHARSET=latin1;

/*Data for the table `ref_pembangunan` */

insert  into `ref_pembangunan`(`pembangunan_id`,`pembangunan_desc`,`created_by`,`updated_by`,`created_at`,`updated_at`,`deleted_at`) values 
(1,'NPDIR',2,2,'2019-03-22 03:39:55','2019-03-22 03:39:55',NULL),
(2,'PPE',2,2,'2019-03-22 03:40:05','2019-03-22 03:40:05','2019-04-15 15:21:08'),
(3,'MBR',2,2,'2019-03-22 03:40:09','2019-03-22 03:40:09',NULL),
(4,'PTPS',2,2,'2019-03-22 03:40:22','2019-03-22 03:40:22',NULL),
(5,'TEST123 DDDD',355,355,'2019-04-13 07:06:59','2019-04-13 07:07:06','2019-04-12 23:07:10'),
(6,'T5-MPB',46,46,'2019-04-15 23:21:35','2019-04-15 23:21:35',NULL),
(7,'NTM',46,46,'2019-04-15 23:21:55','2019-04-15 23:21:55',NULL),
(8,'PKP',46,46,'2019-04-15 23:22:04','2019-04-15 23:22:04',NULL),
(9,'SPN TOURISM',46,46,'2019-04-15 23:22:29','2019-04-15 23:22:29',NULL),
(10,'SPN RETAIL',46,46,'2019-04-15 23:24:16','2019-04-15 23:24:16',NULL),
(11,'SPN CHEMICAL',46,46,'2019-04-15 23:24:40','2019-04-15 23:24:40',NULL),
(12,'SPN E & E',46,46,'2019-04-15 23:24:59','2019-04-15 23:24:59',NULL),
(13,'SPN M & E',46,46,'2019-04-15 23:25:15','2019-04-15 23:25:15',NULL),
(14,'SPN AGROFOOD',46,46,'2019-04-15 23:25:34','2019-04-15 23:25:34',NULL),
(15,'SPN HEALTHCARE',46,46,'2019-04-15 23:25:44','2019-04-15 23:25:44',NULL),
(16,'SPN PROF SERV',46,46,'2019-04-15 23:26:01','2019-04-15 23:26:01',NULL),
(17,'SPN ICT',46,46,'2019-04-15 23:26:21','2019-04-15 23:26:21',NULL),
(18,'SPPE',46,46,'2019-07-27 03:20:19','2019-07-27 03:20:19',NULL),
(19,'CCI',46,46,'2019-07-27 04:53:35','2019-07-27 04:53:35',NULL),
(20,'KLEMS - TFP',46,46,'2019-07-27 04:53:52','2019-07-27 04:53:52',NULL),
(21,'EIIP',46,46,'2019-07-27 04:54:02','2019-07-27 04:54:02',NULL),
(22,'MPB-EEPN',46,46,'2019-07-27 04:54:21','2019-07-27 04:54:21',NULL),
(23,'MPB-CCPPN',46,46,'2019-07-27 04:56:50','2019-07-27 04:56:50',NULL),
(24,'MPB-RFBPN',46,46,'2019-07-27 04:57:08','2019-07-27 04:57:08',NULL),
(25,'MPB-TPN',46,46,'2019-07-27 04:57:27','2019-07-27 04:57:27',NULL),
(26,'MPB AFPN',46,46,'2019-07-27 04:57:41','2019-07-27 04:57:41',NULL),
(27,'MPB MEPN',46,46,'2019-07-27 04:57:54','2019-07-27 04:57:54',NULL),
(28,'MPB PS',46,46,'2019-07-27 04:58:05','2019-07-27 04:58:05',NULL),
(29,'MPB PH',46,46,'2019-07-27 04:58:16','2019-07-27 04:58:16',NULL),
(30,'MPB ICTPN',46,46,'2019-10-30 22:27:13','2019-10-30 22:27:13',NULL),
(31,'HRD',46,46,'2019-11-12 22:09:57','2019-11-12 22:09:57',NULL),
(32,'BI (BEHAVIORAL INSIGHTS)',46,46,'2020-01-21 23:26:54','2020-01-21 23:26:54',NULL);

/*Table structure for table `ref_permohonan_doc` */


CREATE TABLE `ref_permohonan_doc` (
  `permohonan_doc_id` int(11) NOT NULL AUTO_INCREMENT,
  `permohonan_doc_desc` varchar(200) DEFAULT NULL,
  `sort` int(11) DEFAULT NULL,
  `active_status` int(11) NOT NULL DEFAULT '1',
  `created_at` timestamp NOT NULL DEFAULT CURRENT_TIMESTAMP,
  `updated_at` timestamp NOT NULL DEFAULT CURRENT_TIMESTAMP,
  `deleted_at` timestamp NULL DEFAULT NULL,
  PRIMARY KEY (`permohonan_doc_id`)
) ENGINE=InnoDB AUTO_INCREMENT=32 DEFAULT CHARSET=latin1;

/*Data for the table `ref_permohonan_doc` */

insert  into `ref_permohonan_doc`(`permohonan_doc_id`,`permohonan_doc_desc`,`sort`,`active_status`,`created_at`,`updated_at`,`deleted_at`) values 
(1,'BOM',4,1,'2020-07-23 18:13:10','2020-07-23 18:13:10',NULL),
(2,'LPO untuk Pembekal',1,1,'2020-07-23 18:13:19','2020-07-23 18:13:19',NULL),
(3,'Sebut Harga',5,1,'2020-07-23 18:13:29','2020-07-23 18:13:29',NULL),
(4,'Keratan Minit Kelulusan BOM',6,1,'2020-07-23 18:13:39','2020-07-23 18:13:39',NULL),
(5,'Anggaran perbelanjaan BOM yang diluluskan',7,1,'2020-07-23 18:13:48','2020-07-23 18:13:48',NULL),
(6,'Sijil GST (Wajib)',8,1,'2020-07-23 18:14:01','2020-07-23 18:14:01',NULL),
(7,'Lantikan perunding/ penceramah Tempatan/ Luar Negara (attachmentb)',12,0,'2020-07-23 18:14:44','2020-07-23 18:14:44',NULL),
(8,'Kelulusan Kementerian Kewangan (MOF)',13,1,'2020-07-23 18:14:54','2020-07-23 18:14:54',NULL),
(9,'PLPS',14,1,'2020-07-23 18:15:27','2020-07-23 18:15:27',NULL),
(10,'Surat Setuju Terima (SST) (Wajib)',15,1,'2020-07-23 18:15:36','2020-07-23 18:15:36',NULL),
(11,'Surat Lantikan (Wajib)',16,1,'2020-07-23 18:15:47','2020-07-23 18:15:47',NULL),
(12,'Jadual Pembayaran',17,1,'2020-07-23 18:15:54','2020-07-23 18:15:54',NULL),
(13,'Terms of Reference (TOR)',18,1,'2020-07-23 18:16:02','2020-07-23 18:16:02',NULL),
(14,'Borang Lampiran B (sekiranya menggunakan khidmat kakitangan kerajaan)',19,1,'2020-07-23 18:16:09','2020-07-23 18:16:09',NULL),
(15,'Invois (bagi bayaran yang dibuat secara telegraphic transfer (TT) kepada pembekal di luar negara)',20,1,'2020-07-23 18:16:20','2020-07-23 18:16:20',NULL),
(16,'Perolehan melalui Sebut harga B (> RM20K) / Sebut harga A (> RM50K) / Tender (>RM500K) (attachmentc)',21,0,'2020-07-23 18:16:29','2020-07-23 18:16:29',NULL),
(17,'Surat Setuju Terima (SST) (Perolehan melalui Sebut harga B (> RM20K) / Sebut harga A (> RM50K) / Tender (>RM500K))',22,1,'2020-07-23 18:16:41','2020-07-23 18:16:41',NULL),
(18,'Keputusan Mesyuarat sebut harga/ Lembaga Perolehan',23,1,'2020-07-23 18:16:50','2020-07-23 18:16:50',NULL),
(19,'Surat Lantikan (Perolehan melalui Sebut harga B (> RM20K) / Sebut harga A (> RM50K) / Tender (>RM500K))',24,1,'2020-07-23 18:16:57','2020-07-23 18:16:57',NULL),
(20,'Teknikal / Penyelenggaraan (attachmentd)',25,0,'2020-07-23 18:17:03','2020-07-23 18:17:03',NULL),
(21,'Laporan penyelenggaraan yang disahkan',26,1,'2020-07-23 18:17:11','2020-07-23 18:17:11',NULL),
(22,'Kontrak (Salinan)',27,1,'2020-07-23 18:17:17','2020-07-23 18:17:17',NULL),
(23,'Makanan (attachmente)',28,0,'2020-07-23 18:17:24','2020-07-23 18:17:24',NULL),
(24,'Senarai nama peserta bengkel/ ceramah/ taklimat',29,1,'2020-07-23 18:17:32','2020-07-23 18:17:32',NULL),
(25,'Tentatif program',30,1,'2020-07-23 18:17:40','2020-07-23 18:17:40',NULL),
(26,'Penginapan Hotel/Tiket Penerbangan (attachmenta)',9,0,'2020-07-23 18:14:09','2020-07-23 18:14:09',NULL),
(27,'Senarai Nama Penginap',10,1,'2020-07-23 18:14:24','2020-07-23 18:14:24',NULL),
(28,'Senarai Nama Tiket Kapal Terbang',11,1,'2020-07-23 18:14:40','2020-07-23 18:14:40',NULL),
(30,'LPO untuk Bhg Kewangan',2,1,'2020-07-23 18:17:53','2020-07-23 18:17:53',NULL),
(31,'Invoice untuk Bhg Kewangan',3,1,'2020-07-23 18:18:06','2020-07-23 18:18:06',NULL);

/*Table structure for table `ref_race` */


CREATE TABLE `ref_race` (
  `race_id` int(11) NOT NULL AUTO_INCREMENT,
  `race_desc` varchar(50) NOT NULL,
  `created_at` timestamp NULL DEFAULT NULL,
  `updated_at` timestamp NOT NULL DEFAULT CURRENT_TIMESTAMP,
  `deleted_at` timestamp NULL DEFAULT NULL,
  PRIMARY KEY (`race_id`,`updated_at`)
) ENGINE=InnoDB AUTO_INCREMENT=5 DEFAULT CHARSET=latin1;

/*Data for the table `ref_race` */

insert  into `ref_race`(`race_id`,`race_desc`,`created_at`,`updated_at`,`deleted_at`) values 
(1,'Melayu','2018-12-04 21:29:28','2018-12-04 21:29:07',NULL),
(2,'Cina','2018-12-04 21:29:31','2018-12-04 21:29:09',NULL),
(3,'India','2018-12-04 21:29:36','2018-12-04 21:29:13',NULL),
(4,'Lain-lain','2018-12-04 21:29:39','2018-12-04 21:29:18',NULL);

/*Table structure for table `ref_religion` */


CREATE TABLE `ref_religion` (
  `religion_id` int(11) NOT NULL AUTO_INCREMENT,
  `religion_desc` varchar(50) NOT NULL,
  `created_at` timestamp NULL DEFAULT NULL,
  `updated_at` timestamp NOT NULL DEFAULT CURRENT_TIMESTAMP,
  `deleted_at` timestamp NULL DEFAULT NULL,
  PRIMARY KEY (`religion_id`,`updated_at`)
) ENGINE=InnoDB AUTO_INCREMENT=6 DEFAULT CHARSET=latin1;

/*Data for the table `ref_religion` */

insert  into `ref_religion`(`religion_id`,`religion_desc`,`created_at`,`updated_at`,`deleted_at`) values 
(1,'Islam','2018-12-04 21:28:12','2018-12-04 21:28:12',NULL),
(2,'Kristian','2018-12-04 21:28:12','2018-12-04 21:28:19',NULL),
(3,'Buddha','2018-12-04 21:28:12','2018-12-04 21:28:22',NULL),
(4,'Hindu','2018-12-04 21:28:12','2018-12-04 21:28:26',NULL),
(5,'Lain-lain','2018-12-04 21:28:12','2018-12-04 21:28:43',NULL);

/*Table structure for table `ref_sub_allocation` */


CREATE TABLE `ref_sub_allocation` (
  `sub_allocation_id` int(11) NOT NULL AUTO_INCREMENT,
  `allocation_id` int(11) NOT NULL,
  `allocation_code` varchar(50) DEFAULT NULL,
  `sub_allocation_code` varchar(50) DEFAULT NULL,
  `sub_allocation_desc` varchar(255) DEFAULT NULL,
  `created_by` int(11) DEFAULT NULL,
  `updated_by` int(11) DEFAULT NULL,
  `created_at` timestamp NULL DEFAULT NULL,
  `updated_at` timestamp NOT NULL DEFAULT CURRENT_TIMESTAMP,
  `deleted_at` timestamp NULL DEFAULT NULL,
  PRIMARY KEY (`sub_allocation_id`)
) ENGINE=InnoDB AUTO_INCREMENT=82 DEFAULT CHARSET=latin1;

/*Data for the table `ref_sub_allocation` */

insert  into `ref_sub_allocation`(`sub_allocation_id`,`allocation_id`,`allocation_code`,`sub_allocation_code`,`sub_allocation_desc`,`created_by`,`updated_by`,`created_at`,`updated_at`,`deleted_at`) values 
(1,1,'0004XX10-NPCX','CCI','The Customer - Centric Initiative',2,2,'2020-10-08 15:13:07','2020-10-08 15:13:07',NULL),
(2,1,'0005XX10-NPCX','KLEMS-TFP','Capital, Labor, Energy, Material And Services - Total Factor Productivity',2,2,'2020-10-08 15:13:07','2020-10-08 15:13:07',NULL),
(3,1,'0007XX11-NPCX','MBR','Modern Business Regulation',2,2,'2020-10-08 15:13:07','2020-10-08 15:13:07',NULL),
(4,1,'0008XX11-NPCX','NPDIR','Pelaksanaan NPDIR bagi Kerajaan Negeri dan Kerajaan Tempatan',2,2,'2020-10-08 15:13:07','2020-10-08 15:13:07',NULL),
(5,1,'0006XX10-NPCX','EIIP','Enterprise Innovation Intervention Programmed',2,2,'2020-10-08 15:13:07','2020-10-08 15:13:07',NULL),
(6,1,'0009XX11-NPCX','SPPE-MPB','Skim Peningkatan Produktiviti Entepris Selaras Dengan Malaysia Prod Blueprint',2,2,'2020-10-08 15:13:07','2020-10-08 15:13:07',NULL),
(7,1,'0010XX11-NPCX','MPB-EEPN','Malaysia Productivity Blueprint - Electrical & Electronic',2,2,'2020-10-08 15:13:07','2020-10-08 15:13:07',NULL),
(8,1,'0011XX11-NPCX','MPB-CCPPN','Malaysia Productivity Blueprint - Chemicals & Chemical Products',2,2,'2020-10-08 15:13:07','2020-10-08 15:13:07',NULL),
(9,1,'0012XX11-NPCX','MPB-RFBPN','Malaysia Productivity Blueprint - Retail and F&B',2,2,'2020-10-08 15:13:07','2020-10-08 15:13:07',NULL),
(10,1,'0013XX11-NPCX','MPB-TPN','Malaysia Productivity Blueprint - Tourism Productivity Nexus',2,2,'2020-10-08 15:13:07','2020-10-08 15:13:07',NULL),
(11,1,'0014XX11-NPCX','MPB-AFPN','Malaysia Productivity Blueprint - Agrofood Productivity Nexus',2,2,'2020-10-08 15:13:07','2020-10-08 15:13:07',NULL),
(12,1,'0015XX11-NPCX','MPB-MEPN','Malaysia Productivity Blueprint - Machinery & Equipment Productivity Nexus',2,2,'2020-10-08 15:13:07','2020-10-08 15:13:07',NULL),
(13,1,'0016XX11-NPCX','MPB-PS','Malaysia Productivity Blueprint - Professional Services Productivity Nexus',2,2,'2020-10-08 15:13:07','2020-10-08 15:13:07',NULL),
(14,1,'0017XX11-NPCX','MPB-ICT','Malaysia Productivity Blueprint -ICT Productivity Nexus',2,2,'2020-10-08 15:13:07','2020-10-08 15:13:07',NULL),
(15,1,'0018XX11-NPCX','MPB-PH','Malaysia Productivity Blueprint - Private Healthcare Productivity Nexus',2,2,'2020-10-08 15:13:07','2020-10-08 15:13:07',NULL),
(16,1,'0019XX11-NPCX','T5 - MPB','Membentuk Mekanisme Pelaksanaan Yang Padu Selaras Dengan MPB-DMO',2,2,'2020-10-08 15:13:07','2020-10-08 15:13:07',NULL),
(17,1,'0020XX11-NPCX','PTPS','PROGRAM TRANSFORMASI PERATURAN SEDIA ADA',2,2,'2020-10-08 15:13:07','2020-10-08 15:13:07',NULL),
(18,1,'0021XX11-NPCX','NTM','Memudahkan Peraturan Perniagaan Perdagangan Antarabangsa',2,2,'2020-10-08 15:13:07','2020-10-08 15:13:07',NULL),
(19,1,'0023XX11-NPCX','PKP','Peningkatan Kualiti Peraturan',2,2,'2020-10-08 15:13:07','2020-10-08 15:13:07',NULL),
(20,2,'M-NPC-SS20','MTCP/TCTP/JICA','MTCP/TCTP/JICA',2,2,'2020-10-08 15:13:07','2020-10-08 15:13:07',NULL),
(21,2,'M-NPC-SS20','MTCP/PIP/COLOMBO','MTCP/PIP/COLOMBO',2,2,'2020-10-08 15:13:07','2020-10-08 15:13:07',NULL),
(22,2,'M-NPC-SS20','JODC','JODC',2,2,'2020-10-08 15:13:07','2020-10-08 15:13:07',NULL),
(23,2,'M-NPC-SS20','SMIDEC - KORIDOR','SMIDEC - KORIDOR',2,2,'2020-10-08 15:13:07','2020-10-08 15:13:07',NULL),
(24,2,'M-NPC-SS20','PEMANDU (PBPR)','PEMANDU (PBPR)',2,2,'2020-10-08 15:13:07','2020-10-08 15:13:07',NULL),
(25,2,'M-NPC-SS20','DOMESTIC REGULATIONS TO ENHANCE COMPETITIVENESS (O','DOMESTIC REGULATIONS TO ENHANCE COMPETITIVENESS (OREC)',2,2,'2020-10-08 15:13:07','2020-10-08 15:13:07',NULL),
(26,2,'M-NPC-SS20','PROGRAM GROOMBIG','PROGRAM GROOMBIG',2,2,'2020-10-08 15:13:07','2020-10-08 15:13:07',NULL),
(27,2,'M-NPC-SS20','PROGRAM PEMBANGUNAN VENDOR 2014 (PPV)','PROGRAM PEMBANGUNAN VENDOR 2014 (PPV)',2,2,'2020-10-08 15:13:07','2020-10-08 15:13:07',NULL),
(28,2,'M-NPC-SS20','PEMANDU (SRI-CSL)','PEMANDU (SRI-CSL)',2,2,'2020-10-08 15:13:07','2020-10-08 15:13:07',NULL),
(29,2,'U40S0000-PP40','PROGRAM SMECORP LEAN','PROGRAM SMECORP LEAN',2,2,'2020-10-08 15:13:07','2020-10-08 15:13:07',NULL),
(30,2,'U50S0000-PP50','PPKV-BEF','PPKV-BEF',2,2,'2020-10-08 15:13:07','2020-10-08 15:13:07',NULL),
(31,2,'U60S0000-PP60','INDUSTRY 4.0','PROGRAM-INDUSTRY 4WRD',2,2,'2020-10-08 15:13:07','2020-10-08 15:13:07',NULL),
(32,2,'U70S0000-PP70','PPRN','KAJIAN IMPAK PELAKSANAAN INISIATIF PUBLIC -PRIVATE RESEARCH NETWORK (PPRN)',2,2,'2020-10-08 15:13:07','2020-10-08 15:13:07',NULL),
(33,2,'U80S0000-PP80','HICoE','KAJIAN IMPAK PELAKSANAAN HIGHER - INSTITUTIONS CENTRE OF EXCELLENCE (HICOE)',2,2,'2020-10-08 15:13:07','2020-10-08 15:13:07',NULL),
(34,2,'U90S0000-PP90','AKI','ANUGERAH KECEMERLANGAN INDUSTRI (AKI)',2,2,'2020-10-08 15:13:07','2020-10-08 15:13:07',NULL),
(35,2,'M-NPC-SS20','PPV-MED','PPV-MED',2,2,'2020-10-08 15:13:07','2020-10-08 15:13:07',NULL),
(36,2,'U11S0000-RP10','JPA','KAJIAN PENGUKURAN PRODUKTIVITI PERKHIDMATAN AWAM (JPA)',2,2,'2020-10-08 15:13:07','2020-10-08 15:13:07',NULL),
(37,2,'U12S0000-PP10','MEDAC 2020-LEAN','KEMUDAHAN LATIHAN PROG PEMBANGUNAN KAPASITI VENDOR 2019-2020',2,2,'2020-10-08 15:13:07','2020-10-08 15:13:07',NULL),
(38,2,'U13S0000-RM10','HICoE (KEUSAHAWANAN)','KAJIAN IMPAK PERLAKSANAAN PROG KEUSAHAWANAN INSTITUSI PENDIDIKAN TINGGI',2,2,'2020-10-08 15:13:07','2020-10-08 15:13:07',NULL),
(39,2,'M-NPC-SS20','DBKL','KAJIAN PENGUKURAN PRESTASI (DBKL)',2,2,'2020-10-08 15:13:07','2020-10-08 15:13:07',NULL),
(40,2,'U14S0000-LP10','MEDAC 2020-KAIZEN','KEMUDAHAN LATIHAN PROG PEMBANGUNAN KAPASITI VENDOR 2019-2020',2,2,'2020-10-08 15:13:07','2020-10-08 15:13:07',NULL),
(41,2,'U15S0000-LP20','MEDAC 2020-I4.0','KEMUDAHAN LATIHAN PROG PEMBANGUNAN KAPASITI VENDOR 2019-2020',2,2,'2020-10-08 15:13:07','2020-10-08 15:13:07',NULL),
(42,2,'K001N016-NPCX','NTEx','Konvensyen Team Excellence Kebangsaan',2,2,'2020-10-08 15:13:07','2020-10-08 15:13:07',NULL),
(43,2,'K002N016-NPCX','RTEx (CRO)','Konvensyen Wilayah Tengah',2,2,'2020-10-08 15:13:07','2020-10-08 15:13:07',NULL),
(44,2,'K003N016-NPCX','MTEx (CRO)','Mini Konvensyen Wilayah Tengah',2,2,'2020-10-08 15:13:07','2020-10-08 15:13:07',NULL),
(45,2,'K004N016-WU0X','RTEx (NRO)','Konvensyen Team Excellence Wilayah Utara ',2,2,'2020-10-08 15:13:07','2020-10-08 15:13:07',NULL),
(46,2,'K005N016-JB0X','RTEx (SRO)','Konvensyen Team Excellence Wilayah Selatan',2,2,'2020-10-08 15:13:07','2020-10-08 15:13:07',NULL),
(47,2,'K015N016-KK0X','MTEx (SBO)','Mini Konvensyen Wilayah Sabah',2,2,'2020-10-08 15:13:07','2020-10-08 15:13:07',NULL),
(48,2,'K006N016-PT0X','RTEx (ECR)','Konvensyen Team Excellence Wilayah P. Timur',2,2,'2020-10-08 15:13:07','2020-10-08 15:13:07',NULL),
(49,2,'K007N016-KK0X','RTEx (SBO)','Konvensyen Team Excellence Sabah ',2,2,'2020-10-08 15:13:07','2020-10-08 15:13:07',NULL),
(50,2,'K008N016-SW0X','RTEx (SKO)','Konvensyen Team Excellence Sarawak',2,2,'2020-10-08 15:13:07','2020-10-08 15:13:07',NULL),
(51,2,'K011N016-JB0X','MTEx (SRO)','Mini Konvensyen Wilayah Selatan',2,2,'2020-10-08 15:13:07','2020-10-08 15:13:07',NULL),
(52,2,'K012N016-PT0X','MTEx (ECR)','Mini Konvensyen Wilayah Pantai Timur',2,2,'2020-10-08 15:13:07','2020-10-08 15:13:07',NULL),
(53,2,'K013N016-WU0X','MTEx (NRO)','Mini Konvensyen Wilayah Utara',2,2,'2020-10-08 15:13:07','2020-10-08 15:13:07',NULL),
(54,2,'K014N016-SW0X','MTEx (SKO)','Mini Konvensyen Wilayah Sarawak',2,2,'2020-10-08 15:13:07','2020-10-08 15:13:07',NULL),
(55,2,'K016N016-NPCX','PC','Productivity Conference',2,2,'2020-10-08 15:13:07','2020-10-08 15:13:07',NULL),
(56,2,'K017N016-NPCX','APIC','Annual Productivity & Innovation Conference',2,2,'2020-10-08 15:13:07','2020-10-08 15:13:07',NULL),
(57,2,'K018N016-NPCX','APQC','Asia Pacific Quality Conference',2,2,'2020-10-08 15:13:07','2020-10-08 15:13:07',NULL),
(58,2,'S001N016-NPCX','ICQCC','International Convention on Quality Control Circles',2,2,'2020-10-08 15:13:07','2020-10-08 15:13:07',NULL),
(59,2,'S003N009-NPCX','Study Mission','Study Mission ',2,2,'2020-10-08 15:13:07','2020-10-08 15:13:07',NULL),
(60,2,'S005N016-NPCX','IQPC','International Quality and Productivity Convention',2,2,'2020-10-08 15:13:07','2020-10-08 15:13:07',NULL),
(61,2,'M-NPC-JB0','Mengurus-MPC SRO','Mengurus-MPC Wilayah Selatan',2,2,'2020-10-08 15:13:07','2020-10-08 15:13:07',NULL),
(62,2,'M-NPC-WU0','Mengurus-MPC NRO','Mengurus-MPC Wilayah Utara',2,2,'2020-10-08 15:13:07','2020-10-08 15:13:07',NULL),
(63,2,'M-NPC-SW0','Mengurus-MPC SKO','Mengurus-MPC Sarawak',2,2,'2020-10-08 15:13:07','2020-10-08 15:13:07',NULL),
(64,2,'M-NPC-PT0','Mengurus-MPC ECR','Mengurus-MPC Wilayah Pantai Timur',2,2,'2020-10-08 15:13:07','2020-10-08 15:13:07',NULL),
(65,2,'M-NPC-KK0','Mengurus-MPC SBO','Mengurus-MPC Sabah',2,2,'2020-10-08 15:13:07','2020-10-08 15:13:07',NULL),
(66,2,'M-NPC-LP10','Mengurus-MPC CRO','Mengurus-MPC Wilayah Tengah',2,2,'2020-10-08 15:13:07','2020-10-08 15:13:07',NULL),
(67,2,'M-NPC-KP01','Mengurus-KP','Mengurus - Pejabat Ketua Pengarah',2,2,'2020-10-08 15:13:07','2020-10-08 15:13:07',NULL),
(68,2,'M-NPC-LB10','Mengurus-BE','Mengurus - Jabatan Kecemerlangan Perniagaan',2,2,'2020-10-08 15:13:07','2020-10-08 15:13:07',NULL),
(69,2,'M-NPC-PP10','Mengurus-CPD','Mengurus - Khidmat Pelanggan & Media',2,2,'2020-10-08 15:13:07','2020-10-08 15:13:07',NULL),
(70,2,'M-NPC-RK10','Mengurus-SR','Mengurus - MPC Sarawak',2,2,'2020-10-08 15:13:07','2020-10-08 15:13:07',NULL),
(71,2,'M-NPC-RM10','Mengurus-PCK','Mengurus-Pembangunan Prod & Daya Saing',2,2,'2020-10-08 15:13:07','2020-10-08 15:13:07',NULL),
(72,2,'M-NPC-RP10','Mengurus-DMO','Mengurus-Delivery Management Office',2,2,'2020-10-08 15:13:07','2020-10-08 15:13:07',NULL),
(73,2,'M-NPC-SS10','Mengurus-MSF','Mengurus-Khidmat Pengurusan & Kewangan',2,2,'2020-10-08 15:13:07','2020-10-08 15:13:07',NULL),
(74,2,'M-NPC-SS20','Mengurus-FIN','Mengurus-Unit Kewangan',2,2,'2020-10-08 15:13:07','2020-10-08 15:13:07',NULL),
(75,2,'M-NPC-SS30','Mengurus-PCT','Mengurus-Unit Perolehan',2,2,'2020-10-08 15:13:07','2020-10-08 15:13:07',NULL),
(76,2,'M-NPC-SS50','Mengurus-HRMD','Mengurus-Unit Pengurusan Sumber Manusia',2,2,'2020-10-08 15:13:07','2020-10-08 15:13:07',NULL),
(77,2,'M-NPC-SS60','Mengurus-MIT','Mengurus-Unit Pengurusan Teknologi Maklumat',2,2,'2020-10-08 15:13:07','2020-10-08 15:13:07',NULL),
(78,2,'M-NPC-TP02','Mengurus-TKP','Mengurus-Pejabat Timb. Ketua Pengarah',2,2,'2020-10-08 15:13:07','2020-10-08 15:13:07',NULL),
(79,2,'M-NPC-UP10','Mengurus-Urusetia Perbadanan','Mengurus-Urusetia Perbadanan',2,2,'2020-10-08 15:13:07','2020-10-08 15:13:07',NULL),
(80,2,'M-NPC-UP20','Mengurus-Unit Inovasi','Mengurus-Unit Inovasi',2,2,'2020-10-08 15:13:07','2020-10-08 15:13:07',NULL),
(81,2,'M-NPC-UP30','Mengurus-Unit Perhubungan Antarabangsa','Mengurus-Unit Perhubungan Antarabangsa',2,2,'2020-10-08 15:13:07','2020-10-08 15:13:07',NULL);

/*Table structure for table `ref_supplier` */


CREATE TABLE `ref_supplier` (
  `supplier_id` int(11) NOT NULL AUTO_INCREMENT,
  `supplier_code` varchar(50) NOT NULL,
  `supplier_name` varchar(100) NOT NULL,
  `supplier_regno` varchar(20) NOT NULL,
  `supplier_address_1` varchar(100) DEFAULT NULL,
  `supplier_address_2` varchar(100) DEFAULT NULL,
  `supplier_address_3` varchar(100) DEFAULT NULL,
  `supplier_postcode` char(5) DEFAULT NULL,
  `district_id` int(11) DEFAULT NULL,
  `state_id` int(11) DEFAULT NULL,
  `supplier_contact_person` varchar(100) DEFAULT NULL,
  `supplier_office_no` varchar(20) DEFAULT NULL,
  `supplier_mobile_no` varchar(20) DEFAULT NULL,
  `supplier_fax_no` varchar(20) DEFAULT NULL,
  `supplier_email` varchar(100) DEFAULT NULL,
  `supplier_account_no` varchar(50) DEFAULT NULL,
  `bank_id` int(11) DEFAULT NULL,
  `created_by` int(11) DEFAULT NULL,
  `created_at` timestamp NULL DEFAULT NULL ON UPDATE CURRENT_TIMESTAMP,
  `updated_by` int(11) DEFAULT NULL,
  `updated_at` timestamp NOT NULL DEFAULT CURRENT_TIMESTAMP,
  `deleted_by` int(11) DEFAULT NULL,
  `deleted_at` timestamp NULL DEFAULT NULL,
  PRIMARY KEY (`supplier_id`)
) ENGINE=InnoDB DEFAULT CHARSET=latin1;

/*Data for the table `ref_supplier` */

/*Table structure for table `ref_unit` */


CREATE TABLE `ref_unit` (
  `unit_id` int(11) NOT NULL AUTO_INCREMENT,
  `unit_desc` varchar(200) NOT NULL,
  `is_active` char(1) NOT NULL DEFAULT '1',
  `created_at` timestamp NULL DEFAULT NULL,
  `updated_at` timestamp NULL DEFAULT CURRENT_TIMESTAMP,
  `deleted_at` timestamp NULL DEFAULT NULL,
  PRIMARY KEY (`unit_id`)
) ENGINE=InnoDB DEFAULT CHARSET=latin1;

/*Data for the table `ref_unit` */

/*Table structure for table `ref_unit_bahagian` */


CREATE TABLE `ref_unit_bahagian` (
  `unit_bahagian_id` int(11) NOT NULL AUTO_INCREMENT,
  `parent_id` int(11) DEFAULT NULL,
  `unit_bahagian_desc` varchar(100) NOT NULL,
  `is_cawangan` int(11) NOT NULL DEFAULT '0',
  `running_no` int(11) NOT NULL DEFAULT '0',
  `created_by` int(11) DEFAULT NULL,
  `updated_by` int(11) DEFAULT NULL,
  `created_at` timestamp NULL DEFAULT NULL,
  `updated_at` timestamp NOT NULL DEFAULT CURRENT_TIMESTAMP,
  `deleted_at` timestamp NULL DEFAULT NULL,
  PRIMARY KEY (`unit_bahagian_id`)
) ENGINE=InnoDB AUTO_INCREMENT=13 DEFAULT CHARSET=latin1;

/*Data for the table `ref_unit_bahagian` */

insert  into `ref_unit_bahagian`(`unit_bahagian_id`,`parent_id`,`unit_bahagian_desc`,`is_cawangan`,`running_no`,`created_by`,`updated_by`,`created_at`,`updated_at`,`deleted_at`) values 
(0,NULL,'HQ',0,0,2,2,'2019-03-29 20:32:26','2019-03-29 20:32:28',NULL),
(1,0,'CPD',0,14,2,2,'2019-03-29 01:14:07','2019-03-29 01:14:07',NULL),
(2,0,'CRO',0,1,2,2,'2019-03-29 01:14:07','2019-03-29 01:14:07',NULL),
(3,0,'DGO',0,1,2,2,'2019-03-29 01:14:07','2019-03-29 01:14:07',NULL),
(4,0,'DMO',0,1,2,2,'2019-03-29 01:14:07','2019-03-29 01:14:07',NULL),
(5,0,'MSF',0,1,2,2,'2019-03-29 01:14:07','2019-03-29 01:14:07',NULL),
(6,0,'PCD',0,1,2,2,'2019-03-29 01:14:07','2019-03-29 01:14:07',NULL),
(7,0,'QED',0,1,2,2,'2019-03-29 01:14:07','2019-03-29 01:14:07',NULL),
(8,7,'ECR',1,1,2,2,'2019-03-29 01:14:07','2019-03-29 01:14:07',NULL),
(9,7,'NRO',1,1,2,2,'2019-03-29 01:14:07','2019-03-29 01:14:07',NULL),
(10,7,'SBO',1,1,2,2,'2019-03-29 01:14:07','2019-03-29 01:14:07',NULL),
(11,7,'SKO',1,1,2,2,'2019-03-29 01:14:07','2019-03-29 01:14:07',NULL),
(12,7,'SRO',1,1,2,2,'2019-03-29 01:14:07','2019-03-29 01:14:07',NULL);

/*Table structure for table `role_has_permissions` */


CREATE TABLE `role_has_permissions` (
  `permission_id` int(10) unsigned NOT NULL,
  `role_id` int(10) unsigned NOT NULL,
  PRIMARY KEY (`permission_id`,`role_id`),
  KEY `role_has_permissions_role_id_foreign` (`role_id`),
  CONSTRAINT `role_has_permissions_permission_id_foreign` FOREIGN KEY (`permission_id`) REFERENCES `permissions` (`id`) ON DELETE CASCADE,
  CONSTRAINT `role_has_permissions_role_id_foreign` FOREIGN KEY (`role_id`) REFERENCES `roles` (`id`) ON DELETE CASCADE
) ENGINE=InnoDB DEFAULT CHARSET=utf8 COLLATE=utf8_unicode_ci ROW_FORMAT=DYNAMIC COMMENT='ACL related';

/*Data for the table `role_has_permissions` */

insert  into `role_has_permissions`(`permission_id`,`role_id`) values 
(13,1),
(13,2),
(13,4),
(13,5),
(13,6),
(13,7),
(13,8),
(13,9),
(13,10),
(13,11),
(13,12),
(14,1),
(14,2),
(14,9),
(14,11),
(15,1),
(15,2),
(16,1),
(16,2),
(16,4),
(16,5),
(16,6),
(16,7),
(16,8),
(16,9),
(16,10),
(16,11),
(16,12),
(17,1),
(18,1),
(19,1),
(20,1),
(21,1),
(22,1),
(22,2),
(29,1),
(29,2),
(29,9),
(29,11),
(30,1),
(30,2),
(30,9),
(30,11),
(101,1),
(101,2),
(101,9),
(101,11),
(104,1),
(104,2),
(104,9),
(104,11),
(108,1),
(108,2),
(108,4),
(108,5),
(108,6),
(108,7),
(108,8),
(108,9),
(108,10),
(108,11),
(108,12),
(110,1),
(110,2),
(121,1),
(121,2),
(121,9),
(121,11),
(123,1),
(123,2),
(123,9),
(123,11),
(124,1),
(124,2),
(124,9),
(124,11),
(128,1),
(128,2),
(128,9),
(128,11),
(129,4),
(129,5),
(129,6),
(129,7),
(129,8),
(129,9),
(129,10),
(129,11),
(129,12),
(130,1),
(130,2),
(130,4),
(130,5),
(130,6),
(130,7),
(130,8),
(130,9),
(130,10),
(130,11),
(130,12),
(131,1),
(131,2),
(131,4),
(132,1),
(132,2),
(132,7),
(133,1),
(133,2),
(133,9),
(133,11),
(134,1),
(134,2),
(136,1),
(136,2),
(136,9),
(136,11),
(137,1),
(137,2),
(137,10),
(138,1),
(138,2),
(138,9),
(138,11),
(140,5),
(141,6),
(143,9),
(143,11),
(144,9),
(144,11),
(145,2),
(145,9),
(145,11),
(146,12),
(147,9),
(147,11),
(148,2),
(148,9),
(148,11),
(149,2),
(149,9),
(149,11),
(150,9),
(150,10),
(150,11),
(151,9),
(151,11);

/*Table structure for table `role_has_permissions_old` */


CREATE TABLE `role_has_permissions_old` (
  `permission_id` int(10) unsigned NOT NULL,
  `role_id` int(10) unsigned NOT NULL,
  PRIMARY KEY (`permission_id`,`role_id`),
  KEY `role_has_permissions_role_id_foreign` (`role_id`)
) ENGINE=InnoDB DEFAULT CHARSET=utf8 COLLATE=utf8_unicode_ci ROW_FORMAT=DYNAMIC COMMENT='ACL related';

/*Data for the table `role_has_permissions_old` */

insert  into `role_has_permissions_old`(`permission_id`,`role_id`) values 
(13,1),
(13,2),
(13,5),
(13,6),
(13,7),
(13,8),
(13,9),
(13,10),
(14,1),
(14,2),
(15,1),
(15,2),
(16,1),
(16,2),
(16,5),
(16,6),
(16,7),
(16,8),
(16,9),
(16,10),
(17,1),
(18,1),
(19,1),
(20,1),
(21,1),
(22,1),
(22,2),
(29,1),
(29,2),
(30,1),
(30,2),
(101,1),
(101,2),
(104,1),
(104,2),
(108,1),
(108,2),
(108,5),
(108,6),
(108,7),
(108,8),
(108,9),
(108,10),
(110,1),
(110,2),
(121,1),
(121,2),
(123,1),
(123,2),
(124,1),
(124,2),
(125,1),
(125,2),
(127,1),
(127,2),
(128,1),
(128,2),
(129,5),
(129,6),
(129,7),
(129,8),
(129,9),
(129,10),
(130,1),
(130,2),
(130,5),
(130,6),
(130,7),
(130,8),
(130,9),
(130,10),
(131,1),
(131,2),
(131,5),
(131,6),
(132,1),
(132,2),
(132,7),
(133,1),
(133,2),
(134,1),
(134,2),
(136,1),
(136,2),
(136,9),
(137,1),
(137,2),
(137,10),
(138,1),
(138,2),
(138,9);

/*Table structure for table `roles` */


CREATE TABLE `roles` (
  `id` int(10) unsigned NOT NULL AUTO_INCREMENT,
  `name` varchar(255) COLLATE utf8_unicode_ci NOT NULL,
  `description` longtext COLLATE utf8_unicode_ci,
  `is_bigamount_approver` int(1) NOT NULL DEFAULT '0',
  `sort` int(1) NOT NULL DEFAULT '11',
  `created_at` timestamp NULL DEFAULT NULL,
  `updated_at` timestamp NULL DEFAULT NULL,
  `deleted_at` timestamp NULL DEFAULT NULL,
  PRIMARY KEY (`id`),
  UNIQUE KEY `roles_name_unique` (`name`)
) ENGINE=InnoDB AUTO_INCREMENT=13 DEFAULT CHARSET=utf8 COLLATE=utf8_unicode_ci ROW_FORMAT=DYNAMIC COMMENT='ACL related';

/*Data for the table `roles` */

insert  into `roles`(`id`,`name`,`description`,`is_bigamount_approver`,`sort`,`created_at`,`updated_at`,`deleted_at`) values 
(1,'superadmin','Super System Administrator',0,1,'2018-04-03 21:56:05','2018-04-03 21:56:05',NULL),
(2,'admin','Pentadbir Sistem',0,2,'2018-04-03 21:56:55','2018-04-03 21:56:55',NULL),
(4,'deptdirector','Pengarah Bahagian MSF',0,9,'2020-09-11 18:34:35','2020-09-11 18:34:37',NULL),
(5,'vicedirector','Timbalan Ketua Pengarah',0,10,'2020-07-29 21:27:49','2020-07-29 21:27:53',NULL),
(6,'director','Ketua Pengarah',1,11,'2019-03-21 14:20:11','2019-03-21 14:20:14',NULL),
(7,'approver','Penyelia',0,4,'2019-03-21 14:20:14','2019-03-21 14:20:14',NULL),
(8,'officer','Pegawai',0,3,'2019-03-21 14:20:14','2019-03-21 14:20:14',NULL),
(9,'reviewer','Pegawai PCT - Reviewer',0,5,'2020-05-28 01:57:49','2020-05-28 01:57:54',NULL),
(10,'finance','Pegawai FIN',0,7,'2020-07-23 00:53:22','2020-07-23 00:53:25',NULL),
(11,'preparer','Pegawai PCT - Preparer',0,6,'2020-09-11 18:35:56','2020-09-11 18:35:59',NULL),
(12,'assetofficer','Pegawai Unit Aset',0,8,'2020-09-21 22:29:55','2020-09-21 22:30:52',NULL);

/*Table structure for table `roles_old` */


CREATE TABLE `roles_old` (
  `id` int(10) unsigned NOT NULL AUTO_INCREMENT,
  `name` varchar(255) COLLATE utf8_unicode_ci NOT NULL,
  `description` longtext COLLATE utf8_unicode_ci,
  `is_bigamount_approver` int(1) NOT NULL DEFAULT '0',
  `sort` int(1) NOT NULL DEFAULT '1',
  `created_at` timestamp NULL DEFAULT NULL,
  `updated_at` timestamp NULL DEFAULT NULL,
  `deleted_at` timestamp NULL DEFAULT NULL,
  PRIMARY KEY (`id`),
  UNIQUE KEY `roles_name_unique` (`name`)
) ENGINE=InnoDB AUTO_INCREMENT=11 DEFAULT CHARSET=utf8 COLLATE=utf8_unicode_ci ROW_FORMAT=DYNAMIC COMMENT='ACL related';

/*Data for the table `roles_old` */

insert  into `roles_old`(`id`,`name`,`description`,`is_bigamount_approver`,`sort`,`created_at`,`updated_at`,`deleted_at`) values 
(1,'superadmin','Super System Administrator',0,1,'2018-04-03 21:56:05','2018-04-03 21:56:05',NULL),
(2,'admin','Pentadbir Sistem',0,2,'2018-04-03 21:56:55','2018-04-03 21:56:55',NULL),
(5,'normaldirector','Pelulus',0,1,'2020-07-29 21:27:49','2020-07-29 21:27:53',NULL),
(6,'director','Pelulus',1,1,'2019-03-21 14:20:11','2019-03-21 14:20:14',NULL),
(7,'approver','Penyelia',0,1,'2019-03-21 14:20:14','2019-03-21 14:20:14',NULL),
(8,'officer','Pegawai',0,1,'2019-03-21 14:20:14','2019-03-21 14:20:14',NULL),
(9,'checker','Pegawai PCT',0,1,'2020-05-28 01:57:49','2020-05-28 01:57:54',NULL),
(10,'finance','Pegawai Kewangan',0,1,'2020-07-23 00:53:22','2020-07-23 00:53:25',NULL);

/*Table structure for table `scripts` */


CREATE TABLE `scripts` (
  `content` text
) ENGINE=InnoDB DEFAULT CHARSET=latin1;

/*Data for the table `scripts` */

insert  into `scripts`(`content`) values 
('w');

/*Table structure for table `upload` */


CREATE TABLE `upload` (
  `upload_id` int(11) NOT NULL AUTO_INCREMENT,
  `upload_model` varchar(50) DEFAULT NULL COMMENT '1-fromcomplaint,2-fromemergency',
  `upload_model_id` int(11) DEFAULT NULL,
  `upload_desc` varchar(255) DEFAULT NULL,
  `upload_path` varchar(50) NOT NULL,
  `upload_filename` varchar(200) NOT NULL,
  `upload_type` char(2) DEFAULT NULL,
  `upload_imagetype` varchar(20) DEFAULT NULL COMMENT 'thumbnail, feature, original',
  `upload_model_runningno` int(11) DEFAULT NULL,
  `upload_imageid` longtext COMMENT 'this will be used during delete action. this id generate based on encrypt filename',
  `upload_file_date` date DEFAULT NULL,
  `created_by` int(11) NOT NULL,
  `updated_by` int(11) DEFAULT NULL,
  `created_at` timestamp NULL DEFAULT NULL,
  `updated_at` timestamp NOT NULL DEFAULT CURRENT_TIMESTAMP,
  `deleted_at` timestamp NULL DEFAULT NULL,
  PRIMARY KEY (`upload_id`),
  KEY `idx_upload_upload_model` (`upload_model`),
  KEY `idx_upload_upload_model_id` (`upload_model_id`),
  KEY `idx_upload_upload_type` (`upload_type`)
) ENGINE=InnoDB AUTO_INCREMENT=84 DEFAULT CHARSET=latin1;

/*Data for the table `upload` */

insert  into `upload`(`upload_id`,`upload_model`,`upload_model_id`,`upload_desc`,`upload_path`,`upload_filename`,`upload_type`,`upload_imagetype`,`upload_model_runningno`,`upload_imageid`,`upload_file_date`,`created_by`,`updated_by`,`created_at`,`updated_at`,`deleted_at`) values 
(1,'PermohonanModel',1,'Ringkasan BOM & Jadual Perbelanjaan','/uploads/anggaranbom/','anggaranbom_20200909193936_1.pdf','5',NULL,NULL,NULL,NULL,249,NULL,'2020-09-10 03:39:36','2020-09-10 03:39:36','2020-09-12 17:06:19'),
(2,'PermohonanModel',1,'Keratan Minit BOM','/uploads/minitbom/','minitbom_20200909193936_1.pdf','4',NULL,NULL,NULL,NULL,249,NULL,'2020-09-10 03:39:36','2020-09-10 03:39:36','2020-09-12 17:06:19'),
(3,'PermohonanModel',1,'Keputusan Mesyuarat Sebut Harga / Lembaga Perolehan','/uploads/resultmeeting/','resultmeeting_20200909193936_1.pdf','18',NULL,NULL,NULL,NULL,249,NULL,'2020-09-10 03:39:36','2020-09-10 03:39:36','2020-09-12 17:06:19'),
(4,'PermohonanModel',1,'Dokumen test','/uploads/sokongan/','sokongan_20200909193936_1_1.pdf','3',NULL,NULL,NULL,NULL,249,NULL,'2020-09-10 03:39:36','2020-09-10 03:39:36','2020-09-12 17:06:19'),
(5,'PermohonanModel',1,'test 123','/uploads/sokongan/','sokongan_20200912163331_1_1.docx','3',NULL,NULL,NULL,NULL,249,NULL,'2020-09-13 00:33:31','2020-09-13 00:33:31','2020-09-12 17:06:19'),
(7,'PermohonanModel',2,'Ringkasan BOM & Jadual Perbelanjaan','/uploads/anggaranbom/','anggaranbom_20200912173628_2.pdf','5',NULL,NULL,NULL,NULL,249,NULL,'2020-09-13 01:36:28','2020-09-13 01:36:28','2020-09-12 18:25:24'),
(8,'PermohonanModel',2,'Keputusan Mesyuarat Sebut Harga / Lembaga Perolehan','/uploads/resultmeeting/','resultmeeting_20200912173628_2.docx','18',NULL,NULL,NULL,NULL,249,NULL,'2020-09-13 01:36:28','2020-09-13 01:36:28',NULL),
(9,'PermohonanModel',2,'Dokumen Sebut Harga','/uploads/sokongan/','sokongan_20200912173628_2_1.docx','3',NULL,NULL,NULL,NULL,249,NULL,'2020-09-13 01:36:28','2020-09-13 01:36:28',NULL),
(10,'PermohonanModel',2,'Ringkasan BOM & Jadual Perbelanjaan','/uploads/anggaranbom/','anggaranbom_20200912182524_2.docx','5',NULL,NULL,NULL,NULL,249,NULL,'2020-09-13 02:25:24','2020-09-13 02:25:24',NULL),
(11,'PermohonanModel',2,'no support','/uploads/sokongan/','sokongan_20200912182524_2_1.pdf','3',NULL,NULL,NULL,NULL,249,NULL,'2020-09-13 02:25:24','2020-09-13 02:25:24','2020-09-13 18:21:35'),
(12,'PermohonanModel',2,'Komen lagi','/uploads/sokongan/','sokongan_20200912195918_2_1.docx','3',NULL,NULL,NULL,NULL,249,NULL,'2020-09-13 03:59:18','2020-09-13 03:59:18','2020-09-13 18:22:26'),
(13,'PermohonanModel',2,'LPO Untuk Pembekal','/uploads/lpofile/','lpofile_20200912220947_2.pdf','2',NULL,NULL,NULL,NULL,171,NULL,'2020-09-13 06:09:47','2020-09-13 06:09:47',NULL),
(16,'PermohonanModel',2,'LPO Daripada Pembekal','/uploads/lpofilesupp/','lpofilesupplier_20200913122229_2.pdf','30',NULL,NULL,NULL,NULL,249,NULL,'2020-09-13 20:22:29','2020-09-13 20:22:29','2020-09-13 18:26:28'),
(17,'PermohonanModel',2,'Invois Daripada Pembekal','/uploads/invoicesupplier/','invoicesupplier_20200913122230_2.pdf','31',NULL,NULL,NULL,NULL,249,NULL,'2020-09-13 20:22:30','2020-09-13 20:22:30','2020-09-13 18:26:28'),
(18,'PermohonanModel',2,'SUPPORT DOC A','/uploads/sokongan/','sokongan_20200913122230_2_1.pdf','3',NULL,NULL,NULL,NULL,249,NULL,'2020-09-13 20:22:30','2020-09-13 20:22:30',NULL),
(19,'PermohonanModel',2,'LPO Daripada Pembekal','/uploads/lpofilesupp/','lpofilesupplier_20200913182628_2.pdf','30',NULL,NULL,NULL,NULL,249,NULL,'2020-09-14 02:26:28','2020-09-14 02:26:28',NULL),
(20,'PermohonanModel',2,'Invois Daripada Pembekal','/uploads/invoicesupplier/','invoicesupplier_20200913182628_2.pdf','31',NULL,NULL,NULL,NULL,249,NULL,'2020-09-14 02:26:28','2020-09-14 02:26:28',NULL),
(21,'PermohonanModel',2,'PEDIH','/uploads/sokongan/','sokongan_20200913182628_2_1.docx','3',NULL,NULL,NULL,NULL,249,NULL,'2020-09-14 02:26:28','2020-09-14 02:26:28',NULL),
(22,'PermohonanModel',2,'Bukti Pembayaran','/uploads/payment/','payment_20200913194043_2.pdf','32',NULL,NULL,NULL,NULL,5,NULL,'2020-09-14 03:40:43','2020-09-14 03:40:43','2020-09-13 19:44:39'),
(23,'PermohonanModel',2,'Bukti Pembayaran','/uploads/payment/','payment_20200913194439_2.pdf','32',NULL,NULL,NULL,NULL,5,NULL,'2020-09-14 03:44:39','2020-09-14 03:44:39',NULL),
(24,'PermohonanModel',3,'Ringkasan BOM & Jadual Perbelanjaan','/uploads/anggaranbom/','anggaranbom_20200913215017_3.pdf','5',NULL,NULL,NULL,NULL,249,NULL,'2020-09-14 05:50:17','2020-09-14 05:50:17',NULL),
(25,'PermohonanModel',3,'Keputusan Mesyuarat Sebut Harga / Lembaga Perolehan','/uploads/resultmeeting/','resultmeeting_20200913215017_3.pdf','18',NULL,NULL,NULL,NULL,249,NULL,'2020-09-14 05:50:17','2020-09-14 05:50:17',NULL),
(26,'PermohonanModel',4,'Ringkasan BOM & Jadual Perbelanjaan','/uploads/anggaranbom/','anggaranbom_20200913215256_4.pdf','5',NULL,NULL,NULL,NULL,249,NULL,'2020-09-14 05:52:56','2020-09-14 05:52:56',NULL),
(27,'PermohonanModel',4,'Keputusan Mesyuarat Sebut Harga / Lembaga Perolehan','/uploads/resultmeeting/','resultmeeting_20200913215256_4.pdf','18',NULL,NULL,NULL,NULL,249,NULL,'2020-09-14 05:52:56','2020-09-14 05:52:56',NULL),
(28,'PermohonanModel',5,'Ringkasan BOM & Jadual Perbelanjaan','/uploads/anggaranbom/','anggaranbom_20200913215424_5.pdf','5',NULL,NULL,NULL,NULL,249,NULL,'2020-09-14 05:54:24','2020-09-14 05:54:24',NULL),
(29,'PermohonanModel',5,'Keputusan Mesyuarat Sebut Harga / Lembaga Perolehan','/uploads/resultmeeting/','resultmeeting_20200913215424_5.pdf','18',NULL,NULL,NULL,NULL,249,NULL,'2020-09-14 05:54:24','2020-09-14 05:54:24',NULL),
(30,'PermohonanModel',6,'Ringkasan BOM & Jadual Perbelanjaan','/uploads/anggaranbom/','anggaranbom_20200918071638_6.pdf','5',NULL,NULL,NULL,NULL,249,NULL,'2020-09-18 15:16:38','2020-09-18 15:16:38',NULL),
(31,'PermohonanModel',6,'Keputusan Mesyuarat Sebut Harga / Lembaga Perolehan','/uploads/resultmeeting/','resultmeeting_20200918071638_6.pdf','18',NULL,NULL,NULL,NULL,249,NULL,'2020-09-18 15:16:38','2020-09-18 15:16:38',NULL),
(32,'PermohonanModel',6,'oh saye','/uploads/sokongan/','sokongan_20200918071638_6_1.pdf','3',NULL,NULL,NULL,NULL,249,NULL,'2020-09-18 15:16:38','2020-09-18 15:16:38',NULL),
(33,'PermohonanModel',7,'Ringkasan BOM & Jadual Perbelanjaan','/uploads/anggaranbom/','anggaranbom_20200921150532_7.pdf','5',NULL,NULL,NULL,NULL,249,NULL,'2020-09-21 23:05:32','2020-09-21 23:05:32',NULL),
(34,'PermohonanModel',7,'Keputusan Mesyuarat Sebut Harga / Lembaga Perolehan','/uploads/resultmeeting/','resultmeeting_20200921150532_7.pdf','18',NULL,NULL,NULL,NULL,249,NULL,'2020-09-21 23:05:32','2020-09-21 23:05:32',NULL),
(35,'PermohonanModel',7,'test update','/uploads/sokongan/','sokongan_20200921151559_7_1.pdf','3',NULL,NULL,NULL,NULL,249,NULL,'2020-09-21 23:15:59','2020-09-21 23:15:59',NULL),
(36,NULL,NULL,'Mesyuarat Sebut Harga A - 1/2019','/uploads/uploadpct/','mesyuaratsebuthargaa-1_2019_20200922082613_pct.pdf','40',NULL,NULL,NULL,'2020-09-21',171,NULL,'2020-09-22 16:26:13','2020-09-22 16:26:13','2020-09-22 08:33:07'),
(37,NULL,NULL,'mesyuarat sebut harga b - 2/2018','/uploads/uploadpct/','mesyuarat-sebut-harga-b---2_2018_20200922082805_pct.pdf','40',NULL,NULL,NULL,'2020-09-17',171,NULL,'2020-09-22 16:28:05','2020-09-22 16:28:05','2020-09-22 08:32:07'),
(38,NULL,NULL,'Mesyuarat Sebut Harga A - 1/2019','/uploads/uploadpct/','mesyuaratsebuthargaa-1_2019_20200922083413_pct.pdf','40',NULL,NULL,NULL,'2020-09-16',171,NULL,'2020-09-22 16:34:13','2020-09-22 16:34:13','2020-10-07 17:18:07'),
(39,NULL,NULL,'Mesyuarat Sebut Harga B - 1/2019','/uploads/uploadpct/','mesyuaratsebuthargab-1_2019_20200922083434_pct.pdf','40',NULL,NULL,NULL,'2020-09-19',171,NULL,'2020-09-22 16:34:34','2020-09-22 16:34:34','2020-10-07 17:18:13'),
(40,NULL,NULL,'Keputusan Mesyuarat ABC - 2/2019','/uploads/uploadpct/','keputusanmesyuaratabc-2_2019_20200922105105_pct.pdf','40',NULL,NULL,NULL,'2020-09-21',172,NULL,'2020-09-22 18:51:05','2020-09-22 18:51:05','2020-10-07 17:18:18'),
(53,'PermohonanModel',8,'Mesyuarat Sebut Harga A - 1/2019','/uploads/resultmeeting/','resultmeeting_20200923050215_8_0.pdf','18',NULL,NULL,NULL,NULL,249,NULL,'2020-09-23 13:02:15','2020-09-23 13:02:15',NULL),
(54,'PermohonanModel',8,'Mesyuarat Sebut Harga B - 1/2019','/uploads/resultmeeting/','resultmeeting_20200923050215_8_1.pdf','18',NULL,NULL,NULL,NULL,249,NULL,'2020-09-23 13:02:15','2020-09-23 13:02:15','2020-09-23 05:04:00'),
(55,'PermohonanModel',8,'Keputusan Mesyuarat ABC - 2/2019','/uploads/resultmeeting/','resultmeeting_20200923050215_8_2.pdf','18',NULL,NULL,NULL,NULL,249,NULL,'2020-09-23 13:02:15','2020-09-23 13:02:15',NULL),
(56,'PermohonanModel',8,'Ringkasan BOM & Jadual Perbelanjaan','/uploads/anggaranbom/','anggaranbom_20200923050811_8.pdf','5',NULL,NULL,NULL,NULL,249,NULL,'2020-09-23 13:08:11','2020-09-23 13:08:11',NULL),
(57,'PermohonanModel',8,'Keratan Minit BOM','/uploads/minitbom/','minitbom_20200923050811_8.pdf','4',NULL,NULL,NULL,NULL,249,NULL,'2020-09-23 13:08:11','2020-09-23 13:08:11',NULL),
(58,'PermohonanModel',9,'Ringkasan BOM & Jadual Perbelanjaan','/uploads/anggaranbom/','anggaranbom_20201006151409_9.pdf','5',NULL,NULL,NULL,NULL,249,NULL,'2020-10-06 23:14:09','2020-10-06 23:14:09',NULL),
(59,'PermohonanModel',9,'Keratan Minit BOM','/uploads/minitbom/','minitbom_20201006151409_9.pdf','4',NULL,NULL,NULL,NULL,249,NULL,'2020-10-06 23:14:09','2020-10-06 23:14:09',NULL),
(60,'PermohonanModel',9,'Mesyuarat Sebut Harga A - 1/2019','/uploads/resultmeeting/','keputusansebutharga_20201006151409_9_0.pdf','18',NULL,NULL,NULL,NULL,249,NULL,'2020-10-06 23:14:09','2020-10-06 23:14:09',NULL),
(61,'PermohonanModel',9,'Keputusan Mesyuarat ABC - 2/2019','/uploads/resultmeeting/','keputusansebutharga_20201006151409_9_1.pdf','18',NULL,NULL,NULL,NULL,249,NULL,'2020-10-06 23:14:09','2020-10-06 23:14:09',NULL),
(62,'PermohonanModel',9,'sokongan 1','/uploads/sokongan/','sokongan_20201006151409_9_1.pdf','3',NULL,NULL,NULL,NULL,249,NULL,'2020-10-06 23:14:09','2020-10-06 23:14:09',NULL),
(63,'PermohonanModel',9,'sokongan 2','/uploads/sokongan/','sokongan_20201006151409_9_2.pdf','3',NULL,NULL,NULL,NULL,249,NULL,'2020-10-06 23:14:09','2020-10-06 23:14:09',NULL),
(64,'PermohonanModel',10,'Ringkasan BOM & Jadual Perbelanjaan','/uploads/anggaranbom/','anggaranbom_20201006151810_10.pdf','5',NULL,NULL,NULL,NULL,249,NULL,'2020-10-06 23:18:10','2020-10-06 23:18:10',NULL),
(65,'PermohonanModel',10,'Keratan Minit BOM','/uploads/minitbom/','minitbom_20201006151810_10.pdf','4',NULL,NULL,NULL,NULL,249,NULL,'2020-10-06 23:18:10','2020-10-06 23:18:10',NULL),
(66,'PermohonanModel',10,'sokongan 1','/uploads/sokongan/','sokongan_20201006170250_10_1.pdf','3',NULL,NULL,NULL,NULL,249,NULL,'2020-10-07 01:02:50','2020-10-07 01:02:50',NULL),
(67,'RefMeetingTypeModel',1,'MESYUARAT SEBUT HARGA A Bil 1/2020','/uploads/uploadpct/','mesyuaratsebuthargaa_bil_1_2020_20201007172459_pct.pdf','40',NULL,1,NULL,'2020-10-01',171,171,'2020-10-08 01:24:59','2020-10-08 01:24:59',NULL),
(68,'RefMeetingTypeModel',1,'MESYUARAT SEBUT HARGA A Bil 2/2020','/uploads/uploadpct/','mesyuaratsebuthargaa_bil_2_2020_20201007174458_pct.pdf','40',NULL,2,NULL,'2020-10-09',171,171,'2020-10-08 01:44:58','2020-10-08 01:44:58',NULL),
(69,'RefMeetingTypeModel',2,'MESYUARAT SEBUT HARGA B Bil 1/2020','/uploads/uploadpct/','mesyuaratsebuthargab_bil_1_2020_20201007174800_pct.pdf','40',NULL,1,NULL,'2020-10-13',171,171,'2020-10-08 01:48:00','2020-10-08 01:48:00',NULL),
(70,'RefMeetingTypeModel',2,'MESYUARAT SEBUT HARGA B Bil 2/2020','/uploads/uploadpct/','mesyuaratsebuthargab_bil_2_2020_20201007185008_pct.pdf','40',NULL,2,NULL,'2020-10-11',171,171,'2020-10-08 01:51:05','2020-10-08 02:50:08',NULL),
(71,'RefMeetingTypeModel',2,'MESYUARAT SEBUT HARGA B Bil 3/2020','/uploads/uploadpct/','mesyuaratsebuthargab_bil_3_2020_20201007183443_pct.pdf','40',NULL,3,NULL,'2020-10-11',171,171,'2020-10-08 02:34:43','2020-10-08 02:34:43','2020-10-07 18:45:54'),
(72,'RefMeetingTypeModel',2,'MESYUARAT SEBUT HARGA B Bil 3/2020','/uploads/uploadpct/','mesyuaratsebuthargab_bil_3_2020_20201007184649_pct.pdf','40',NULL,3,NULL,'2020-10-17',171,171,'2020-10-08 02:46:49','2020-10-08 02:46:49',NULL),
(73,'RefMeetingTypeModel',1,'MESYUARAT SEBUT HARGA A Bil 3/2020','/uploads/uploadpct/','mesyuaratsebuthargaa_bil_3_2020_20201007185055_pct.pdf','40',NULL,3,NULL,'2020-10-16',171,171,'2020-10-08 02:50:55','2020-10-08 02:50:55',NULL),
(74,'PermohonanModel',11,'Ringkasan BOM & Jadual Perbelanjaan','/uploads/anggaranbom/','anggaranbom_20201009054141_11.pdf','5',NULL,NULL,NULL,NULL,249,NULL,'2020-10-09 13:41:41','2020-10-09 13:41:41',NULL),
(75,'PermohonanModel',11,'Keratan Minit BOM','/uploads/minitbom/','minitbom_20201009054141_11.pdf','4',NULL,NULL,NULL,NULL,249,NULL,'2020-10-09 13:41:41','2020-10-09 13:41:41',NULL),
(76,'PermohonanModel',11,'LPO Untuk Pembekal','/uploads/lpofile/','lpofile_20201009145206_11.pdf','2',NULL,NULL,NULL,NULL,172,NULL,'2020-10-09 22:52:06','2020-10-09 22:52:06',NULL),
(77,'PermohonanModel',11,'MESYUARAT SEBUT HARGA A Bil 3/2020','/uploads/resultmeeting/','keputusansebutharga_20201009145516_11_0.pdf','18',NULL,NULL,NULL,NULL,172,NULL,'2020-10-09 22:55:16','2020-10-09 22:55:16',NULL),
(78,'PermohonanModel',11,'MESYUARAT SEBUT HARGA A Bil 1/2020','/uploads/resultmeeting/','keputusansebutharga_20201009145516_11_1.pdf','18',NULL,NULL,NULL,NULL,172,NULL,'2020-10-09 22:55:16','2020-10-09 22:55:16',NULL),
(79,'PermohonanModel',11,'sokokng 1','/uploads/sokongan/','sokongan_20201009145516_11_1.pdf','3',NULL,NULL,NULL,NULL,172,NULL,'2020-10-09 22:55:16','2020-10-09 22:55:16',NULL),
(80,'PermohonanModel',11,'LPO Daripada Pembekal','/uploads/lpofilesupp/','lpofilesupplier_20201009150347_11.pdf','30',NULL,NULL,NULL,NULL,249,NULL,'2020-10-09 23:03:47','2020-10-09 23:03:47',NULL),
(81,'PermohonanModel',11,'Invois Daripada Pembekal','/uploads/invoicesupplier/','invoicesupplier_20201009150347_11.pdf','31',NULL,NULL,NULL,NULL,249,NULL,'2020-10-09 23:03:47','2020-10-09 23:03:47',NULL),
(82,'PermohonanModel',11,'aphela 4','/uploads/sokongan/','sokongan_20201009150347_11_1.pdf','3',NULL,NULL,NULL,NULL,249,NULL,'2020-10-09 23:03:47','2020-10-09 23:03:47',NULL),
(83,'PermohonanModel',11,'aphela 5','/uploads/sokongan/','sokongan_20201009150347_11_2.pdf','3',NULL,NULL,NULL,NULL,249,NULL,'2020-10-09 23:03:47','2020-10-09 23:03:47',NULL);

/*Table structure for table `user_has_permissions` */


CREATE TABLE `user_has_permissions` (
  `user_id` int(10) unsigned NOT NULL,
  `permission_id` int(10) unsigned NOT NULL,
  PRIMARY KEY (`user_id`,`permission_id`),
  KEY `user_has_permissions_permission_id_foreign` (`permission_id`),
  CONSTRAINT `user_has_permissions_permission_id_foreign` FOREIGN KEY (`permission_id`) REFERENCES `permissions` (`id`) ON DELETE CASCADE,
  CONSTRAINT `user_has_permissions_user_id_foreign` FOREIGN KEY (`user_id`) REFERENCES `users` (`id`) ON DELETE CASCADE
) ENGINE=InnoDB DEFAULT CHARSET=utf8 COLLATE=utf8_unicode_ci ROW_FORMAT=DYNAMIC COMMENT='ACL related';

/*Data for the table `user_has_permissions` */

/*Table structure for table `user_has_roles` */


CREATE TABLE `user_has_roles` (
  `role_id` int(10) unsigned NOT NULL,
  `user_id` int(10) unsigned NOT NULL,
  PRIMARY KEY (`role_id`,`user_id`),
  KEY `user_has_roles_user_id_foreign` (`user_id`),
  CONSTRAINT `user_has_roles_role_id_foreign` FOREIGN KEY (`role_id`) REFERENCES `roles` (`id`) ON DELETE CASCADE,
  CONSTRAINT `user_has_roles_user_id_foreign` FOREIGN KEY (`user_id`) REFERENCES `users` (`id`) ON DELETE CASCADE
) ENGINE=InnoDB DEFAULT CHARSET=utf8 COLLATE=utf8_unicode_ci ROW_FORMAT=DYNAMIC COMMENT='ACL related';

/*Data for the table `user_has_roles` */

insert  into `user_has_roles`(`role_id`,`user_id`) values 
(1,1),
(2,1),
(2,2),
(2,21),
(2,46),
(2,53),
(2,71),
(2,106),
(2,123),
(2,196),
(2,213),
(2,221),
(2,243),
(2,289),
(2,292),
(2,347),
(2,355),
(4,131),
(5,66),
(5,284),
(5,304),
(6,9),
(6,129),
(7,36),
(7,39),
(7,49),
(7,79),
(7,99),
(7,141),
(7,143),
(7,216),
(7,242),
(7,252),
(7,255),
(7,264),
(7,285),
(7,297),
(7,307),
(7,356),
(8,3),
(8,4),
(8,6),
(8,7),
(8,8),
(8,10),
(8,11),
(8,12),
(8,13),
(8,14),
(8,15),
(8,16),
(8,17),
(8,18),
(8,19),
(8,20),
(8,22),
(8,23),
(8,24),
(8,25),
(8,26),
(8,27),
(8,28),
(8,29),
(8,30),
(8,31),
(8,32),
(8,33),
(8,34),
(8,35),
(8,37),
(8,38),
(8,40),
(8,41),
(8,42),
(8,43),
(8,44),
(8,45),
(8,47),
(8,48),
(8,50),
(8,51),
(8,52),
(8,54),
(8,55),
(8,56),
(8,57),
(8,58),
(8,59),
(8,60),
(8,61),
(8,62),
(8,63),
(8,64),
(8,65),
(8,67),
(8,68),
(8,69),
(8,70),
(8,72),
(8,73),
(8,74),
(8,75),
(8,76),
(8,77),
(8,78),
(8,80),
(8,81),
(8,82),
(8,83),
(8,84),
(8,85),
(8,86),
(8,87),
(8,88),
(8,89),
(8,90),
(8,91),
(8,92),
(8,93),
(8,94),
(8,95),
(8,96),
(8,97),
(8,98),
(8,100),
(8,101),
(8,102),
(8,103),
(8,104),
(8,105),
(8,107),
(8,108),
(8,109),
(8,110),
(8,111),
(8,112),
(8,113),
(8,114),
(8,115),
(8,116),
(8,117),
(8,118),
(8,119),
(8,120),
(8,121),
(8,122),
(8,124),
(8,125),
(8,126),
(8,127),
(8,128),
(8,130),
(8,132),
(8,133),
(8,134),
(8,135),
(8,136),
(8,137),
(8,138),
(8,139),
(8,140),
(8,142),
(8,144),
(8,145),
(8,146),
(8,147),
(8,148),
(8,149),
(8,150),
(8,151),
(8,152),
(8,153),
(8,154),
(8,155),
(8,156),
(8,157),
(8,158),
(8,159),
(8,160),
(8,161),
(8,162),
(8,163),
(8,164),
(8,165),
(8,166),
(8,167),
(8,168),
(8,169),
(8,170),
(8,173),
(8,174),
(8,175),
(8,176),
(8,177),
(8,178),
(8,179),
(8,180),
(8,181),
(8,182),
(8,183),
(8,184),
(8,185),
(8,186),
(8,187),
(8,188),
(8,189),
(8,190),
(8,191),
(8,192),
(8,193),
(8,194),
(8,195),
(8,197),
(8,198),
(8,199),
(8,200),
(8,201),
(8,202),
(8,203),
(8,204),
(8,205),
(8,206),
(8,207),
(8,208),
(8,209),
(8,210),
(8,211),
(8,212),
(8,214),
(8,215),
(8,217),
(8,218),
(8,219),
(8,220),
(8,222),
(8,223),
(8,224),
(8,225),
(8,226),
(8,227),
(8,228),
(8,229),
(8,230),
(8,231),
(8,232),
(8,233),
(8,234),
(8,235),
(8,236),
(8,237),
(8,238),
(8,239),
(8,240),
(8,241),
(8,244),
(8,245),
(8,246),
(8,247),
(8,248),
(8,249),
(8,250),
(8,251),
(8,253),
(8,254),
(8,256),
(8,257),
(8,258),
(8,259),
(8,260),
(8,261),
(8,262),
(8,263),
(8,265),
(8,266),
(8,267),
(8,269),
(8,270),
(8,271),
(8,272),
(8,273),
(8,274),
(8,275),
(8,276),
(8,277),
(8,278),
(8,279),
(8,280),
(8,281),
(8,282),
(8,283),
(8,286),
(8,287),
(8,288),
(8,290),
(8,291),
(8,293),
(8,294),
(8,295),
(8,296),
(8,298),
(8,299),
(8,300),
(8,301),
(8,302),
(8,303),
(8,305),
(8,306),
(8,308),
(8,309),
(8,310),
(8,311),
(8,312),
(8,313),
(8,314),
(8,315),
(8,316),
(8,317),
(8,318),
(8,319),
(8,320),
(8,321),
(8,322),
(8,323),
(8,324),
(8,325),
(8,326),
(8,327),
(8,328),
(8,329),
(8,330),
(8,331),
(8,332),
(8,333),
(8,334),
(8,335),
(8,336),
(8,337),
(8,338),
(8,339),
(8,340),
(8,341),
(8,342),
(8,343),
(8,344),
(8,345),
(8,346),
(8,348),
(8,349),
(8,350),
(8,351),
(8,352),
(8,353),
(8,354),
(8,357),
(8,358),
(8,359),
(8,360),
(8,361),
(8,362),
(8,363),
(8,364),
(8,365),
(8,366),
(8,367),
(8,368),
(8,369),
(8,370),
(8,371),
(8,372),
(8,373),
(8,374),
(8,375),
(8,376),
(8,377),
(8,378),
(8,379),
(8,380),
(8,381),
(9,171),
(10,5),
(11,172),
(12,268);

/*Table structure for table `users_detail` */


CREATE TABLE `users_detail` (
  `users_detail_id` int(11) NOT NULL AUTO_INCREMENT,
  `user_id` int(11) NOT NULL,
  `salutation_id` int(11) DEFAULT '1',
  `gender_id` int(11) DEFAULT '1',
  `users_detail_name` varchar(100) NOT NULL,
  `users_detail_staffno` varchar(20) NOT NULL,
  `users_detail_fileno` varchar(20) DEFAULT NULL COMMENT 'enrich no',
  `users_detail_idno` varchar(16) NOT NULL,
  `users_detail_passport` varchar(20) DEFAULT NULL,
  `users_detail_address1` varchar(100) DEFAULT NULL,
  `users_detail_address2` varchar(100) DEFAULT NULL,
  `users_detail_address3` varchar(100) DEFAULT NULL,
  `users_detail_postcode` char(5) DEFAULT NULL,
  `district_id` int(11) DEFAULT NULL,
  `state_id` int(11) DEFAULT NULL,
  `users_detail_mobileno` varchar(12) DEFAULT NULL,
  `users_detail_homeno` varchar(12) DEFAULT NULL,
  `users_detail_workno` varchar(12) DEFAULT NULL,
  `users_detail_email` varchar(100) DEFAULT NULL,
  `users_detail_isinternal` char(1) NOT NULL DEFAULT '0',
  `cawangan_id` int(11) DEFAULT NULL,
  `unit_bahagian_id` int(11) DEFAULT NULL,
  `jawatan_id` int(11) DEFAULT NULL,
  `gred_id` int(11) DEFAULT NULL,
  `manager_id` int(11) DEFAULT NULL COMMENT 'user_id',
  `race_id` int(11) DEFAULT '1',
  `religion_id` int(11) DEFAULT '1',
  `created_at` timestamp NULL DEFAULT NULL,
  `updated_at` timestamp NOT NULL DEFAULT CURRENT_TIMESTAMP,
  `deleted_at` timestamp NULL DEFAULT NULL,
  PRIMARY KEY (`users_detail_id`),
  KEY `idx_userdetail_user_id` (`user_id`),
  KEY `idx_userdetail_unit_bahagian_id` (`unit_bahagian_id`),
  KEY `idx_userdetail_jawatan_id` (`jawatan_id`),
  KEY `idx_userdetail_gred_id` (`gred_id`),
  KEY `idx_userdetail_manager_id` (`manager_id`)
) ENGINE=InnoDB AUTO_INCREMENT=543 DEFAULT CHARSET=latin1;

/*Data for the table `users_detail` */

insert  into `users_detail`(`users_detail_id`,`user_id`,`salutation_id`,`gender_id`,`users_detail_name`,`users_detail_staffno`,`users_detail_fileno`,`users_detail_idno`,`users_detail_passport`,`users_detail_address1`,`users_detail_address2`,`users_detail_address3`,`users_detail_postcode`,`district_id`,`state_id`,`users_detail_mobileno`,`users_detail_homeno`,`users_detail_workno`,`users_detail_email`,`users_detail_isinternal`,`cawangan_id`,`unit_bahagian_id`,`jawatan_id`,`gred_id`,`manager_id`,`race_id`,`religion_id`,`created_at`,`updated_at`,`deleted_at`) values 
(3,3,1,1,'Ab. Razak Salleh ','2112',NULL,'620310035231',NULL,NULL,NULL,NULL,NULL,NULL,NULL,NULL,NULL,NULL,'razaksalleh@mpc.gov.my','0',NULL,5,23,12,36,1,1,'2019-03-29 18:11:45','2019-03-29 18:11:45',NULL),
(4,4,1,1,'ABANG NURFADLI ABANG YUSUF','1602','','881113136047','','','','',NULL,NULL,NULL,NULL,NULL,NULL,'nurfadli@mpc.gov.my','0',NULL,11,27,3,264,1,1,'2019-08-19 20:57:24','2019-08-19 20:57:24',NULL),
(5,5,1,1,'ABDOLLAH TALIB','2113','','641129055193','','','','',NULL,NULL,NULL,NULL,NULL,NULL,'dollah@mpc.gov.my','0',NULL,3,14,21,39,1,1,'2020-07-23 00:55:54','2020-07-23 00:55:54',NULL),
(6,6,1,1,'Abdul Hadi Ishak','2971',NULL,'810825045057',NULL,NULL,NULL,NULL,NULL,NULL,NULL,NULL,NULL,NULL,'hadi@mpc.gov.my','0',NULL,5,15,19,36,1,1,'2019-03-29 18:11:45','2019-03-29 18:11:45',NULL),
(7,7,1,1,'Abdul Hakim bin Mohamad Sharif','3043',NULL,'840515145893',NULL,NULL,NULL,NULL,NULL,NULL,NULL,NULL,NULL,NULL,'hakim@mpc.gov.my','0',NULL,5,8,9,36,1,1,'2019-03-29 18:11:45','2019-03-29 18:11:45',NULL),
(8,8,1,1,'Abdul Karim Abdul Halim','2970',NULL,'810328145225',NULL,NULL,NULL,NULL,NULL,NULL,NULL,NULL,NULL,NULL,'karim@mpc.gov.my','0',NULL,5,10,16,36,1,1,'2019-03-29 18:11:45','2019-03-29 18:11:45',NULL),
(9,9,1,1,'DATO\' ABDUL LATIF BIN HAJI ABU SEMAN','1179','069136863','610529065073','A38040968','','','',NULL,NULL,NULL,'0192817473',NULL,NULL,'abdullatif@mpc.gov.my','0',NULL,6,32,14,131,1,1,'2020-02-03 22:31:27','2020-02-03 22:31:27',NULL),
(10,10,1,1,'ABDUL LATIF HUSSEIN','2061','','600723135435','','','','',NULL,NULL,NULL,NULL,NULL,NULL,'abdullatifh@mpc.gov.my','0',NULL,11,23,12,36,1,1,'2019-09-10 21:19:34','2019-09-10 21:19:34',NULL),
(11,11,1,1,'Abdul Malek Mohamad Aripin','1407',NULL,'690206045185',NULL,NULL,NULL,NULL,NULL,NULL,NULL,NULL,NULL,NULL,'malek@mpc.gov.my','0',NULL,2,18,4,242,1,1,'2019-03-29 18:11:45','2019-03-29 18:11:45',NULL),
(12,12,1,1,'Abdul Quyun Mansor','3114',NULL,'850207065305',NULL,NULL,NULL,NULL,NULL,NULL,NULL,NULL,NULL,NULL,'quyun@mpc.gov.my','0',NULL,5,10,16,36,1,1,'2019-03-29 18:11:45','2019-03-29 18:11:45',NULL),
(13,13,1,1,'ABIGAIL SUBATRA A/P ANBALAKAN','1589','325625075','850106055140','A37752301','Mpc','','',NULL,NULL,NULL,'0125396594',NULL,NULL,'abigail@mpc.gov.my','0',NULL,1,27,3,79,1,1,'2019-10-01 23:05:45','2019-10-01 23:05:45',NULL),
(14,14,1,1,'Adlina Snawi','1434',NULL,'781031075342',NULL,NULL,NULL,NULL,NULL,NULL,NULL,NULL,NULL,NULL,'adlina@mpc.gov.my','0',NULL,9,27,3,99,1,1,'2019-03-29 18:11:45','2019-03-29 18:11:45',NULL),
(15,15,1,1,'Ahmad Fathan Abdul Rahim','1652',NULL,'860818355343',NULL,NULL,NULL,NULL,NULL,NULL,NULL,NULL,NULL,NULL,'fathan@mpc.gov.my','0',NULL,9,27,3,99,1,1,'2019-03-29 18:11:45','2019-03-29 18:11:45',NULL),
(16,16,1,1,'AHMAD HARRIS ABDULLAH','1495','307206491','790805115235','','','','',NULL,NULL,NULL,'0123155978',NULL,NULL,'harris@mpc.gov.my','0',NULL,6,18,4,39,1,1,'2019-11-29 06:44:06','2019-11-29 06:44:06',NULL),
(17,17,1,1,'Aiman Zakwan Zahari','1594',NULL,'891020015691',NULL,NULL,NULL,NULL,NULL,NULL,NULL,NULL,NULL,NULL,'aiman@mpc.gov.my','0',NULL,6,27,3,307,1,1,'2019-03-29 18:11:45','2019-03-29 18:11:45',NULL),
(18,18,1,1,'Aizulhisham Mat Menan','3013',NULL,'801211105313',NULL,NULL,NULL,NULL,NULL,NULL,NULL,NULL,NULL,NULL,'aizul@mpc.gov.my','0',NULL,5,25,22,36,1,1,'2019-03-29 18:11:45','2019-03-29 18:11:45',NULL),
(19,19,1,1,'AKMAR ASHAARI','2990','','790723075671','','','','',NULL,NULL,NULL,NULL,NULL,NULL,'akmar@mpc.gov.my','0',NULL,5,14,20,36,1,1,'2019-04-24 02:06:27','2019-04-24 02:06:27',NULL),
(20,20,1,1,'Al Hisyam Abdul Halim','1565',NULL,'780407145421',NULL,NULL,NULL,NULL,NULL,NULL,NULL,NULL,NULL,NULL,'alhisyam@mpc.gov.my','0',NULL,1,27,3,79,1,1,'2019-03-29 18:11:45','2019-03-29 18:11:45',NULL),
(21,21,1,1,'ALUYAH SUHAILI','2123','','630805135268','','','','',NULL,NULL,NULL,NULL,NULL,NULL,'alluyah@mpc.gov.my','0',NULL,11,16,20,264,1,1,'2019-08-19 21:29:39','2019-08-19 21:29:39',NULL),
(22,22,1,1,'Amirul Qamar Zakaria','3113',NULL,'870118086399',NULL,NULL,NULL,NULL,NULL,NULL,NULL,NULL,NULL,NULL,'amirulqamar@mpc.gov.my','0',NULL,5,22,12,36,1,1,'2019-03-29 18:11:45','2019-03-29 18:11:45',NULL),
(23,23,1,1,'Anis Marina Abd. Wahab','1591',NULL,'850708145936',NULL,NULL,NULL,NULL,NULL,NULL,NULL,NULL,NULL,NULL,'anis@mpc.gov.my','0',NULL,6,27,3,307,1,1,'2019-03-29 18:11:45','2019-03-29 18:11:45',NULL),
(24,24,1,1,'ASMAHAN OTHMAN','1429','','730601715226','','','','',NULL,NULL,NULL,'0133633353',NULL,NULL,'asmahan@mpc.gov.my','0',NULL,7,18,4,141,1,1,'2019-07-03 03:53:47','2019-07-03 03:53:47',NULL),
(25,25,1,1,'ASMAWADI MOHAMED','1501','329308125','800318035293','','','','',NULL,NULL,NULL,'0192726733',NULL,NULL,'asmawadi@mpc.gov.my','0',NULL,2,19,5,242,1,1,'2019-10-10 20:46:56','2019-10-10 20:46:56',NULL),
(26,26,1,1,'ATHIRAH ISHAK','1657','MH32599788','890925035094','','No 22, Jalan Pjs 1/2b,','Taman Perangsang','','46000',1235,14,'0193331371',NULL,NULL,'athirah@mpc.gov.my','0',NULL,6,27,3,39,1,1,'2019-04-11 21:53:58','2019-04-11 21:53:58',NULL),
(27,27,1,1,'Ati Djam Seri Montoi','1433',NULL,'721110125470',NULL,NULL,NULL,NULL,NULL,NULL,NULL,NULL,NULL,NULL,'atidjam@mpc.gov.my','0',NULL,7,18,4,141,1,1,'2019-03-29 18:11:45','2019-03-29 18:11:45',NULL),
(28,28,1,1,'Awang Udin Kanda ','2124',NULL,'620807125523',NULL,NULL,NULL,NULL,NULL,NULL,NULL,NULL,NULL,NULL,'awangudin@mpc.gov.my','0',NULL,10,10,16,72,1,1,'2019-03-29 18:11:45','2019-03-29 18:11:45',NULL),
(29,29,1,1,'AZHANI ISMAIL','1424','MH01467911','740621715142','A40088429','','','',NULL,NULL,NULL,'0163549115',NULL,NULL,'azhani@mpc.gov.my','0',NULL,4,18,4,304,1,1,'2019-10-23 03:54:11','2019-10-23 03:54:11',NULL),
(30,30,1,1,'Azimah Adnan','1531',NULL,'820910105084',NULL,NULL,NULL,NULL,NULL,NULL,NULL,NULL,NULL,NULL,'azimah@mpc.gov.my','0',NULL,4,18,4,304,1,1,'2019-03-29 18:11:45','2019-03-29 18:11:45',NULL),
(31,31,1,1,'AZIRA MOHAMED HODZAI','1580','','871121295452','','','','',NULL,NULL,NULL,'0179841606',NULL,NULL,'azira@mpc.gov.my','0',NULL,5,27,3,36,1,1,'2019-07-19 04:14:15','2019-07-19 04:14:15',NULL),
(32,32,1,1,'Azizan Omar ','2069',NULL,'590613055315',NULL,NULL,NULL,NULL,NULL,NULL,NULL,NULL,NULL,NULL,'azizan@mpc.gov.my','0',NULL,5,10,17,36,1,1,'2019-03-29 18:11:45','2019-03-29 18:11:45',NULL),
(33,33,1,1,'AZLAN KASSIM','1197','','600518106299','','','','',NULL,NULL,NULL,NULL,NULL,NULL,'azk@mpc.gov.my','0',NULL,8,33,6,304,1,1,'2020-01-06 23:58:08','2020-01-06 23:58:08',NULL),
(34,34,1,1,'Azlin Mohd Alias    ','1462',NULL,'771102145856',NULL,NULL,NULL,NULL,NULL,NULL,NULL,NULL,NULL,NULL,'azlin@mpc.gov.my','0',NULL,4,18,4,304,1,1,'2019-03-29 18:11:45','2019-03-29 18:11:45',NULL),
(35,35,1,1,'Bahar Musa ','2051',NULL,'591116055239',NULL,NULL,NULL,NULL,NULL,NULL,NULL,NULL,NULL,NULL,'bahar@mpc.gov.my','0',NULL,2,10,16,242,1,1,'2019-03-29 18:11:45','2019-03-29 18:11:45',NULL),
(36,36,1,1,'BURHANUDDIN SAIDIN','1199','016599273','601103085419','A51979098','No. 8, Jln Pjs 1/2b','Tmn Perangsang','','46000',1235,14,'0192381199','0192381199',NULL,'bob@mpc.gov.my','0',NULL,6,17,7,304,1,1,'2020-02-21 16:18:20','2020-02-21 16:18:20',NULL),
(37,37,1,1,'CHAM YIN HWA','1572','305455813','850809045416','A51536464','','','','47800',1328,14,'0176813528',NULL,NULL,'cham@mpc.gov.my','0',NULL,6,27,3,39,1,1,'2019-05-21 22:29:32','2019-05-21 22:29:32',NULL),
(38,38,1,1,'DARUL ADIZUL ISHAK','1556','','821110105937','','','','',NULL,NULL,NULL,NULL,NULL,NULL,'daruladizul@mpc.gov.my','0',NULL,10,27,3,41,1,1,'2020-01-24 03:29:47','2020-01-24 03:29:47',NULL),
(39,39,1,1,'DR. DAUD TALIB','1277','251150664','650523015733','','Lot 36203, Jalan Angsana, Kampung Sg. Ramal Dalam 43000 Kajang Selangor Darul Ehsan','','','43000',1197,14,'0196583266','0196583266',NULL,'daud@mpc.gov.my','0',NULL,6,17,7,9,1,1,'2019-04-18 21:19:15','2019-04-18 21:19:15',NULL),
(40,40,1,1,'EAMIZAN HASIM','1340','','671215106089','','','','',NULL,NULL,NULL,NULL,NULL,NULL,'eamizan@mpc.gov.my','0',NULL,3,19,5,9,1,1,'2019-09-29 01:25:09','2019-09-29 01:25:09',NULL),
(41,41,1,1,'EDWARD BINTY','1435','MH06400394','750707125521','','','','',NULL,NULL,NULL,'0138793417',NULL,NULL,'edward@mpc.gov.my','0',NULL,10,18,4,66,1,1,'2020-02-03 22:40:10','2020-02-03 22:40:10',NULL),
(42,42,1,1,'Ellma Eddiahwati Musa','3067',NULL,'760622145362',NULL,NULL,NULL,NULL,NULL,NULL,NULL,NULL,NULL,NULL,'ellma@mpc.gov.my','0',NULL,6,30,22,9,1,1,'2019-03-29 18:11:45','2019-03-29 18:11:45',NULL),
(43,43,1,1,'Faizul Mohamed','2995',NULL,'730506015053',NULL,NULL,NULL,NULL,NULL,NULL,NULL,NULL,NULL,NULL,'faizul@mpc.gov.my','0',NULL,12,7,9,255,1,1,'2019-03-29 18:11:45','2019-03-29 18:11:45',NULL),
(44,44,1,1,'Fara Salinda Ayu Halim ','3072',NULL,'790904085772',NULL,NULL,NULL,NULL,NULL,NULL,NULL,NULL,NULL,NULL,'farasalinda@mpc.gov.my','0',NULL,3,15,18,129,1,1,'2019-03-29 18:11:45','2019-03-29 18:11:45',NULL),
(45,45,1,1,'FARA SURAYA HANI BINTI HALIM','3014','','780714085668','','Perbadanan Produktiviti Malaysia (mpc)','Lorong Produktiviti, Off Jalan Sultan','','46200',1239,14,'+60196790070',NULL,NULL,'fara@mpc.gov.my','0',NULL,4,13,19,304,1,1,'2019-04-25 00:33:23','2019-04-25 00:33:23',NULL),
(46,46,1,1,'FARAH DIYANA DERMA DEWA','3115','','820812105056','','','','',NULL,NULL,NULL,'0173969800',NULL,NULL,'diyana@mpc.gov.my','0',NULL,5,14,18,36,1,1,'2019-04-08 21:40:56','2019-04-08 21:40:56',NULL),
(47,47,1,1,'Farah Sazarina Othman','2964',NULL,'811203015456',NULL,NULL,NULL,NULL,NULL,NULL,NULL,NULL,NULL,NULL,'farah@mpc.gov.my','0',NULL,5,15,19,36,1,1,'2019-03-29 18:11:45','2019-03-29 18:11:45',NULL),
(48,48,1,1,'Farhan Abdullah','3044',NULL,'730617105449',NULL,NULL,NULL,NULL,NULL,NULL,NULL,NULL,NULL,NULL,'farhan@mpc.gov.my','0',NULL,3,7,9,129,1,1,'2019-03-29 18:11:45','2019-03-29 18:11:45',NULL),
(49,49,1,1,'FARIDAH TAJU RAHIM','1451','','760308065380','','','','',NULL,NULL,NULL,NULL,NULL,NULL,'faridah_tr@mpc.gov.my','0',NULL,8,18,4,66,1,1,'2020-01-14 00:04:14','2020-01-14 00:04:14',NULL),
(50,50,1,1,'Fauziah Ahmad Nawawi','2973',NULL,'790625105398',NULL,NULL,NULL,NULL,NULL,NULL,NULL,NULL,NULL,NULL,'fauziahnawawi@mpc.gov.my','0',NULL,5,14,18,36,1,1,'2019-03-29 18:11:45','2019-03-29 18:11:45',NULL),
(51,51,1,1,'FAUZIAH MANAF','2563','','660107065028','','','','',NULL,NULL,NULL,'0132258779','0132258779',NULL,'fauziah@mpc.gov.my','0',NULL,6,12,19,39,1,1,'2019-09-20 00:03:40','2019-09-20 00:03:40',NULL),
(52,52,1,1,'FAUZIAH SAKIMAN','2659','','720323015326','','','','',NULL,NULL,NULL,NULL,NULL,NULL,'fauziahsakiman@mpc.gov.my','0',NULL,12,14,19,255,1,1,'2019-04-16 20:31:14','2019-04-16 20:31:14',NULL),
(53,53,1,1,'FIZALAWATI AMIN','3078','310841860','810813135258','K53743648','Lot 894, Lorong Demak Laut 3a,','Jalan Bako, Taman Perindustrian Demak Laut','','93050',2538,15,'012-8722756',NULL,NULL,'fizalawati@mpc.gov.my','0',NULL,11,12,18,264,1,1,'2019-10-01 23:03:59','2019-10-01 23:03:59',NULL),
(54,54,1,1,'HAFIZA ATHA AHMAD','1496','','811010105092','','','','',NULL,NULL,NULL,'0189544092',NULL,NULL,'hafiza@mpc.gov.my','0',NULL,11,18,4,264,1,1,'2020-01-09 01:12:56','2020-01-09 01:12:56',NULL),
(55,55,1,1,'HAFIZAH SITH','1418','','790329016120','','','','',NULL,NULL,NULL,NULL,NULL,NULL,'hafizahsith@mpc.gov.my','0',NULL,4,18,4,307,1,1,'2019-04-18 21:40:40','2019-04-18 21:40:40',NULL),
(56,56,1,1,'Hafizoh Md. Aris','1497',NULL,'780402025746',NULL,NULL,NULL,NULL,NULL,NULL,NULL,NULL,NULL,NULL,'hafizoh@mpc.gov.my','0',NULL,6,27,3,9,1,1,'2019-03-29 18:11:45','2019-03-29 18:11:45',NULL),
(57,57,1,1,'Hairul Mizan Hamdan ','2997',NULL,'770222015947',NULL,NULL,NULL,NULL,NULL,NULL,NULL,NULL,NULL,NULL,'hairul@mpc.gov.my','0',NULL,12,20,11,255,1,1,'2019-03-29 18:11:45','2019-03-29 18:11:45',NULL),
(58,58,1,1,'HALIMAHTON SAADIAH LET','1409','','730930085368','','','','',NULL,NULL,NULL,NULL,NULL,NULL,'halimahton@mpc.gov.my','0',NULL,4,18,4,304,1,1,'2019-06-26 23:23:08','2019-06-26 23:23:08',NULL),
(59,59,1,1,'Hamzaly Zakaria','2998',NULL,'680617105825',NULL,NULL,NULL,NULL,NULL,NULL,NULL,NULL,NULL,NULL,'hamzaly@mpc.gov.my','0',NULL,5,8,9,36,1,1,'2019-03-29 18:11:45','2019-03-29 18:11:45',NULL),
(60,60,1,1,'HANISAH RAMLI','1529','316250896','840523105736','A34970132','No 5, Jalan Tanjung Agas 30/189','Taman Sri Murni, Jalan Kebun','','40460',1084,14,'0126554909',NULL,NULL,'hanisah@mpc.gov.my','0',NULL,4,27,3,285,1,1,'2019-11-19 01:07:05','2019-11-19 01:07:05',NULL),
(61,61,1,1,'Hasbullah Abdul Hamid ','3083',NULL,'800114025253',NULL,NULL,NULL,NULL,NULL,NULL,NULL,NULL,NULL,NULL,'hasbullah@mpc.gov.my','0',NULL,5,23,12,36,1,1,'2019-03-29 18:11:45','2019-03-29 18:11:45',NULL),
(62,62,1,1,'Haslizayanti Othman','1526',NULL,'810117065348',NULL,NULL,NULL,NULL,NULL,NULL,NULL,NULL,NULL,NULL,'haslizayanti@mpc.gov.my','0',NULL,6,27,3,307,1,1,'2019-03-29 18:11:45','2019-03-29 18:11:45',NULL),
(63,63,1,1,'Hazwani Nadiah Ismail','1525',NULL,'820913035624',NULL,NULL,NULL,NULL,NULL,NULL,NULL,NULL,NULL,NULL,'hazwani@mpc.gov.my','0',NULL,8,27,3,33,1,1,'2019-03-29 18:11:45','2019-03-29 18:11:45',NULL),
(64,64,1,1,'Hillina Abdul Karim','1457',NULL,'760325105284',NULL,NULL,NULL,NULL,NULL,NULL,NULL,NULL,NULL,NULL,'hillina@mpc.gov.my','0',NULL,5,3,29,36,1,1,'2019-03-29 18:11:45','2019-03-29 18:11:45',NULL),
(65,65,1,1,'Hishamuddin Hassan','3037',NULL,'811203025531',NULL,NULL,NULL,NULL,NULL,NULL,NULL,NULL,NULL,NULL,'hishammudin@mpc.gov.my','0',NULL,9,10,16,99,1,1,'2019-03-29 18:11:45','2019-03-29 18:11:45',NULL),
(66,66,1,1,'AB. RAHIM YUSOFF','1192','','601217035145','','','','',NULL,NULL,NULL,'0192342212',NULL,NULL,'abrahim@mpc.gov.my','0',NULL,7,32,15,9,1,1,'2020-09-12 23:34:25','2020-09-12 23:34:25',NULL),
(67,67,1,1,'Ab. Rashid Omar','1331',NULL,'660801045393',NULL,NULL,NULL,NULL,NULL,NULL,NULL,NULL,NULL,NULL,'abrash@mpc.gov.my','0',NULL,6,19,5,9,1,1,'2019-03-29 18:11:45','2019-03-29 18:11:45',NULL),
(68,68,1,1,'HUDA ATIQAH SAMSIR','1644','MH31346842','881028015128','','','','',NULL,NULL,NULL,'0137261950',NULL,NULL,'atiqah@mpc.gov.my','0',NULL,1,27,3,79,1,1,'2019-04-29 23:11:08','2019-04-29 23:11:08',NULL),
(69,69,1,1,'Ilyana Norsaidah Ab Rahman','1638',NULL,'910911035478',NULL,NULL,NULL,NULL,NULL,NULL,NULL,NULL,NULL,NULL,'ilyana@mpc.gov.my','0',NULL,6,27,3,39,1,1,'2019-03-29 18:11:45','2019-03-29 18:11:45',NULL),
(70,70,1,1,'Ingrid Ng Edy','1609',NULL,'871121495040',NULL,NULL,NULL,NULL,NULL,NULL,NULL,NULL,NULL,NULL,'ingrid@mpc.gov.my','0',NULL,10,27,3,72,1,1,'2019-03-29 18:11:45','2019-03-29 18:11:45',NULL),
(71,71,1,1,'ISRAM AZHAR','3047','','820324105479','','Lot 325a Jalan Simpang Balak, Kg. Simpang Balak,','','','43000',1197,14,'0163900444',NULL,NULL,'isram@mpc.gov.my','0',NULL,5,25,24,36,1,1,'2019-08-09 00:26:13','2019-08-09 00:26:13',NULL),
(72,72,1,1,'IZANI ISHAK','1275','','630610035689','','','','',NULL,NULL,NULL,NULL,NULL,NULL,'izani@mpc.gov.my','0',NULL,7,33,6,216,1,1,'2020-02-10 14:28:06','2020-02-10 14:28:06',NULL),
(73,73,1,1,'Izzul Ikhwan Ishak','1659',NULL,'910610105989',NULL,NULL,NULL,NULL,NULL,NULL,NULL,NULL,NULL,NULL,'izzul@mpc.gov.my','0',NULL,6,27,3,307,1,1,'2019-03-29 18:11:45','2019-03-29 18:11:45',NULL),
(74,74,1,1,'Jauza Juhairah Jimmy Abdullah','3141',NULL,'920127126324',NULL,NULL,NULL,NULL,NULL,NULL,NULL,NULL,NULL,NULL,'jacqueline@mpc.gov.my','0',NULL,6,14,18,307,1,1,'2019-03-29 18:11:45','2019-03-29 18:11:45',NULL),
(75,75,1,1,'JAYALETCHUMI KRISHNAN','1488','','780507025152','','','','',NULL,NULL,NULL,NULL,NULL,NULL,'jaya@mpc.gov.my','0',NULL,7,27,3,141,1,1,'2020-01-03 04:32:30','2020-01-03 04:32:30',NULL),
(76,76,1,1,'JERRY SHAHNIZAL AB AZIZ','1503','276928083','830808146065','','','','',NULL,NULL,NULL,NULL,NULL,NULL,'jerry@mpc.gov.my','0',NULL,6,18,4,78,1,1,'2019-09-14 02:36:38','2019-09-14 02:36:38',NULL),
(77,77,1,1,'Josffa Ismail','1408',NULL,'780215075975',NULL,NULL,NULL,NULL,NULL,NULL,NULL,NULL,NULL,NULL,'josffa@mpc.gov.my','0',NULL,4,18,4,304,1,1,'2019-03-29 18:11:45','2019-03-29 18:11:45',NULL),
(78,78,1,1,'KABIR AHMAD MOHD JAMIL','1170','','600101025303','','','','',NULL,NULL,NULL,NULL,NULL,NULL,'kabir@mpc.gov.my','0',NULL,6,17,7,356,1,1,'2020-01-06 22:48:26','2020-01-06 22:48:26',NULL),
(79,79,1,1,'KAMARUDDIN MOHAMAD','1183','','610718115105','','','','',NULL,NULL,NULL,NULL,NULL,NULL,'dinmohd@mpc.gov.my','0',NULL,1,17,7,129,1,1,'2019-04-18 21:29:00','2019-04-18 21:29:00',NULL),
(80,80,1,1,'Kamaruzaman Ramli ','3103',NULL,'830308115035',NULL,NULL,NULL,NULL,NULL,NULL,NULL,NULL,NULL,NULL,'kamaruzamanr@mpc.gov.my','0',NULL,8,23,12,33,1,1,'2019-03-29 18:11:45','2019-03-29 18:11:45',NULL),
(81,81,1,1,'KARTIN HASLINDA CHE MAT','1450','MH31599211','760304035264','','','','','15538',392,3,'0126621555','097416261',NULL,'haslinda@mpc.gov.my','0',NULL,8,27,3,33,1,1,'2019-09-25 04:34:11','2019-09-25 04:34:11',NULL),
(82,82,1,1,'Kasturi Devi a/p Appanna','1546',NULL,'810525085890',NULL,NULL,NULL,NULL,NULL,NULL,NULL,NULL,NULL,NULL,'kasturi@mpc.gov.my','0',NULL,9,27,3,99,1,1,'2019-03-29 18:11:45','2019-03-29 18:11:45',NULL),
(83,83,1,1,'Khairil Afi Adnan','3156',NULL,'871003065189',NULL,NULL,NULL,NULL,NULL,NULL,NULL,NULL,NULL,NULL,'KhairilAfi@mpc.gov.my','0',NULL,3,14,18,129,1,1,'2019-03-29 18:11:45','2019-03-29 18:11:45',NULL),
(84,84,1,1,'Khalidatul Asrin Abd. Aziz','1483',NULL,'800112025794',NULL,NULL,NULL,NULL,NULL,NULL,NULL,NULL,NULL,NULL,'asrin@mpc.gov.my','0',NULL,6,18,4,39,1,1,'2019-03-29 18:11:45','2019-03-29 18:11:45',NULL),
(85,85,1,1,'KHATIJAH RAHMAT','1606','311739713','840710135404','','','','',NULL,NULL,NULL,NULL,NULL,NULL,'khatijah@mpc.gov.my','0',NULL,11,27,3,264,1,1,'2019-10-01 23:02:45','2019-10-01 23:02:45',NULL),
(86,86,1,1,'KHIDZIR BIN AHMAD','1534','308311662','780830105611','A51848727','No. 30 Jalan Ss5d/3','Kelana Jaya','','47301',1315,14,'0126641144',NULL,NULL,'khidzir@mpc.gov.my','0',NULL,6,18,4,78,1,1,'2019-10-17 08:23:53','2019-10-17 08:23:53',NULL),
(87,87,1,1,'Datin Latchumy Prabha','1316',NULL,'620517015246',NULL,NULL,NULL,NULL,NULL,NULL,NULL,NULL,NULL,NULL,'prabha@mpc.gov.my','0',NULL,1,19,5,79,1,1,'2019-03-29 18:11:45','2019-03-29 18:11:45',NULL),
(88,88,1,1,'LEE WAN SWANEE','1573','310671955','850915035756','','','','',NULL,NULL,NULL,'0129630567',NULL,NULL,'swanee@mpc.gov.my','0',NULL,6,27,3,78,1,1,'2019-09-20 06:27:50','2019-09-20 06:27:50',NULL),
(89,89,1,1,'LEE WAN WEI','1585','MH30971191','860814595008','A52758340','','','',NULL,NULL,NULL,NULL,NULL,NULL,'wanwei@mpc.gov.my','0',NULL,4,27,3,304,1,1,'2019-10-03 23:46:47','2019-10-03 23:46:47',NULL),
(90,90,1,1,'LIYANA OTHMAN','1656','300167162','900703137438','','','','',NULL,NULL,NULL,'0109668895',NULL,NULL,'liyana@mpc.gov.my','0',NULL,11,27,3,264,1,1,'2019-10-01 23:16:52','2019-10-01 23:16:52',NULL),
(91,91,1,1,'Mahadi Hasbullah','1486',NULL,'760815035303',NULL,NULL,NULL,NULL,NULL,NULL,NULL,NULL,NULL,NULL,'mahadi@mpc.gov.my','0',NULL,8,18,4,33,1,1,'2019-03-29 18:11:45','2019-03-29 18:11:45',NULL),
(92,92,1,1,'MARIATUL AF-IDA BT MOHD TAJUL ARIFFIN','1390','0153985','750712085034','','B10-01, Apartment Kinrara Mas,','Jalan Mas 1','Bukit Jalil','58200',1607,4,'0169975254',NULL,NULL,'mariatul@mpc.gov.my','0',NULL,4,18,4,285,1,1,'2019-11-26 23:06:21','2019-11-26 23:06:21',NULL),
(93,93,1,1,'Marina Maulad Ismail','3074',NULL,'860329145038',NULL,NULL,NULL,NULL,NULL,NULL,NULL,NULL,NULL,NULL,'marina@mpc.gov.my','0',NULL,2,15,18,242,1,1,'2019-03-29 18:11:45','2019-03-29 18:11:45',NULL),
(94,94,1,1,'Marziah Ahmad','1349',NULL,'650411065218',NULL,NULL,NULL,NULL,NULL,NULL,NULL,NULL,NULL,NULL,'marziahahmad@mpc.gov.my','0',NULL,7,27,3,141,1,1,'2019-03-29 18:11:45','2019-03-29 18:11:45',NULL),
(95,95,1,1,'Mashitanor Zainudin','3087',NULL,'761019055308',NULL,NULL,NULL,NULL,NULL,NULL,NULL,NULL,NULL,NULL,'mashitanor@mpc.gov.my','0',NULL,5,6,18,36,1,1,'2019-03-29 18:11:45','2019-03-29 18:11:45',NULL),
(96,96,1,1,'MASWANI ISMAIL','3095','','810316035600','','','','',NULL,NULL,NULL,NULL,NULL,NULL,'maswani@mpc.gov.my','0',NULL,8,15,18,49,1,1,'2020-01-14 00:04:42','2020-01-14 00:04:42',NULL),
(97,97,1,1,'Dr. Mazlina Shafii','1373',NULL,'720731086000',NULL,NULL,NULL,NULL,NULL,NULL,NULL,NULL,NULL,NULL,'eyna@mpc.gov.my','0',NULL,4,19,5,304,1,1,'2019-03-29 18:11:45','2019-03-29 18:11:45',NULL),
(98,98,1,1,'Maznee Abd. Halim','1318',NULL,'661204115036',NULL,NULL,NULL,NULL,NULL,NULL,NULL,NULL,NULL,NULL,'maznee@mpc.gov.my','0',NULL,7,19,5,216,1,1,'2019-03-29 18:11:45','2019-03-29 18:11:45',NULL),
(99,99,1,1,'DR. MAZRINA MOHD. IBRAMSAH','1393','','741207075594','','','','',NULL,NULL,NULL,NULL,NULL,NULL,'mazrina@mpc.gov.my','0',NULL,9,33,6,66,1,1,'2019-04-18 21:26:12','2019-04-18 21:26:12',NULL),
(100,100,1,1,'Mazuan Salleh','1512',NULL,'810105125067',NULL,NULL,NULL,NULL,NULL,NULL,NULL,NULL,NULL,NULL,'mazuan@mpc.gov.my','0',NULL,12,27,3,255,1,1,'2019-03-29 18:11:45','2019-03-29 18:11:45',NULL),
(101,101,1,1,'Mazuin Dahlan       ','1445',NULL,'790417145328',NULL,NULL,NULL,NULL,NULL,NULL,NULL,NULL,NULL,NULL,'mazuin@mpc.gov.my','0',NULL,6,18,4,307,1,1,'2019-03-29 18:11:45','2019-03-29 18:11:45',NULL),
(102,102,1,1,'MD SHUBRI ISMAIL','1175','','591223075331','','','','',NULL,NULL,NULL,NULL,NULL,NULL,'shubri@mpc.gov.my','0',NULL,2,33,6,242,1,1,'2019-04-23 04:03:36','2019-04-23 04:03:36',NULL),
(103,103,1,1,'Md Zainuri Juri','1404',NULL,'741122017053',NULL,NULL,NULL,NULL,NULL,NULL,NULL,NULL,NULL,NULL,'zainuri@mpc.gov.my','0',NULL,7,18,4,141,1,1,'2019-03-29 18:11:45','2019-03-29 18:11:45',NULL),
(104,104,1,1,'Megat Amirul Saifulnizam Megat Kamarul Bahrin ','1504',NULL,'820702115739',NULL,NULL,NULL,NULL,NULL,NULL,NULL,NULL,NULL,NULL,'megatamirul@mpc.gov.my','0',NULL,12,18,4,255,1,1,'2019-03-29 18:11:45','2019-03-29 18:11:45',NULL),
(105,105,1,1,'Melissa Ahmad Arshad','1411',NULL,'761210105270',NULL,NULL,NULL,NULL,NULL,NULL,NULL,NULL,NULL,NULL,'melissa@mpc.gov.my','0',NULL,6,27,3,39,1,1,'2019-03-29 18:11:45','2019-03-29 18:11:45',NULL),
(106,106,1,1,'Mimi Hasnita Ahmad','2994',NULL,'761108065348',NULL,NULL,NULL,NULL,NULL,NULL,NULL,NULL,NULL,NULL,'mimi@mpc.gov.my','0',NULL,8,30,22,33,1,1,'2019-03-29 18:11:45','2019-03-29 18:11:45',NULL),
(107,107,1,1,'Minhana Yahaya','3016',NULL,'790514145178',NULL,NULL,NULL,NULL,NULL,NULL,NULL,NULL,NULL,NULL,'minhana@mpc.gov.my','0',NULL,5,30,22,36,1,1,'2019-03-29 18:11:45','2019-03-29 18:11:45',NULL),
(108,108,1,1,'MOHAMAD AZROL MOHAMAD DALI','1423','251086850','750930015683','','No.41, Jalan Bidara 7,','Saujana Utama 3,','','47000',1302,14,'+60197712132',NULL,NULL,'mdazrol@mpc.gov.my','0',NULL,6,19,5,9,1,1,'2019-06-26 04:15:13','2019-06-26 04:15:13',NULL),
(109,109,1,1,'Mohamad Hafizi Abd Rashid','3093',NULL,'880905025009',NULL,NULL,NULL,NULL,NULL,NULL,NULL,NULL,NULL,NULL,'hafizi@mpc.gov.my','0',NULL,5,26,8,36,1,1,'2019-03-29 18:11:45','2019-03-29 18:11:45',NULL),
(110,110,1,1,'MOHAMAD MUZAFFAR ABDUL HAMID','1391','','740919017603','','','','',NULL,NULL,NULL,'0165410641',NULL,NULL,'muzaffar@mpc.gov.my','0',NULL,6,19,5,39,1,1,'2019-04-22 22:31:44','2019-04-22 22:31:44',NULL),
(111,111,1,1,'Mohamad Nor Bolhi','1507',NULL,'790607135681',NULL,NULL,NULL,NULL,NULL,NULL,NULL,NULL,NULL,NULL,'mohamadnor@mpc.gov.my','0',NULL,7,27,3,216,1,1,'2019-03-29 18:11:45','2019-03-29 18:11:45',NULL),
(112,112,1,1,'MOHAMAD NORJAYADI TAMAM','1421','067073112','741205135725','','No.6, Lorong Semariang 7a, Taman Seri Sena','','','93050',2538,15,'0168602156',NULL,NULL,'norjayadi@mpc.gov.my','0',NULL,4,19,5,304,1,1,'2019-10-23 04:38:26','2019-10-23 04:38:26',NULL),
(113,113,1,1,'MOHAMAD SAHRIL AHMAD PUZI','1505','','821115085445','','','','',NULL,NULL,NULL,'0193007289',NULL,NULL,'sahril@mpc.gov.my','0',NULL,9,18,4,99,1,1,'2019-05-18 00:23:49','2019-05-18 00:23:49',NULL),
(114,114,1,1,'Mohammad Afdhan Fauzi  ','3118',NULL,'860427565669',NULL,NULL,NULL,NULL,NULL,NULL,NULL,NULL,NULL,NULL,'afdhan@mpc.gov.my','0',NULL,5,22,12,36,1,1,'2019-03-29 18:11:45','2019-03-29 18:11:45',NULL),
(115,115,1,1,'Mohammad Khairul Hakimin Zainoor','1516',NULL,'830111015487',NULL,NULL,NULL,NULL,NULL,NULL,NULL,NULL,NULL,NULL,'mkhairul@mpc.gov.my','0',NULL,6,18,4,307,1,1,'2019-03-29 18:11:45','2019-03-29 18:11:45',NULL),
(116,116,1,1,'Mohammed Alamin Rehan','1454',NULL,'790113065169',NULL,NULL,NULL,NULL,NULL,NULL,NULL,NULL,NULL,NULL,'alamin@mpc.gov.my','0',NULL,6,19,5,39,1,1,'2019-03-29 18:11:45','2019-03-29 18:11:45',NULL),
(117,117,1,1,'Mohd Amirol Md. Khair','1648',NULL,'900309026107',NULL,NULL,NULL,NULL,NULL,NULL,NULL,NULL,NULL,NULL,'amirol@mpc.gov.my','0',NULL,3,27,3,129,1,1,'2019-03-29 18:11:45','2019-03-29 18:11:45',NULL),
(118,118,1,1,'Mohd Azhar Zainuddin','1542',NULL,'810110105773',NULL,NULL,NULL,NULL,NULL,NULL,NULL,NULL,NULL,NULL,'mohdazhar@mpc.gov.my','0',NULL,8,27,3,33,1,1,'2019-03-29 18:11:45','2019-03-29 18:11:45',NULL),
(119,119,1,1,'Mohd. Azrul Kamis ','2782',NULL,'770526025423',NULL,NULL,NULL,NULL,NULL,NULL,NULL,NULL,NULL,NULL,'mohdazrul@mpc.gov.my','0',NULL,5,10,16,36,1,1,'2019-03-29 18:11:45','2019-03-29 18:11:45',NULL),
(120,120,1,1,'Mohd. Azwan Mohd. Salleh','1453',NULL,'730926075271',NULL,NULL,NULL,NULL,NULL,NULL,NULL,NULL,NULL,NULL,'azwan@mpc.gov.my','0',NULL,5,19,5,36,1,1,'2019-03-29 18:11:45','2019-03-29 18:11:45',NULL),
(121,121,1,1,'MOHD FAIZOL ABD. RAHMAN','1593','312942954','841110115033','','','','',NULL,NULL,NULL,NULL,NULL,NULL,'mohdfaizol@mpc.gov.my','0',NULL,2,27,3,252,1,1,'2020-03-11 08:44:01','2020-03-11 08:44:01',NULL),
(122,122,1,1,'Mohd Faizzul Shahir','3110',NULL,'860917436181',NULL,NULL,NULL,NULL,NULL,NULL,NULL,NULL,NULL,NULL,'faizzul@mpc.gov.my','0',NULL,5,23,12,36,1,1,'2019-03-29 18:11:45','2019-03-29 18:11:45',NULL),
(123,123,1,1,'MOHD HILMI BIN MOHD IDRIS','1489','','790308105095','','C-6-12, Pangsapuri Anggun','Jalan 4/1','Seksyen 4','43650',1208,14,'0192882539',NULL,NULL,'hilmi@mpc.gov.my','0',NULL,5,18,4,36,1,1,'2019-10-10 22:31:07','2019-10-10 22:31:07',NULL),
(124,124,1,1,'MOHD HISYAM HATIMTAI','1406','MH32392020','780321105277','A38670517','Perbadanan Produktiviti Malaysia','Pejabat Wilayah Selatan','','46200',1239,14,'+60164454097',NULL,NULL,'mohdhisyam.hatimtai@gmail.com','0',NULL,6,18,4,255,1,1,'2020-03-02 14:07:24','2020-03-02 14:07:24',NULL),
(125,125,1,1,'Mohd. Khairil Anuar Amir Hamzah ','1513',NULL,'840225025017',NULL,NULL,NULL,NULL,NULL,NULL,NULL,NULL,NULL,NULL,'khairil@mpc.gov.my','0',NULL,9,18,4,99,1,1,'2019-03-29 18:11:45','2019-03-29 18:11:45',NULL),
(126,126,1,1,'MOHD. KHAIRIZAL KHAHIDIR','1508','','830405055353','','','','',NULL,NULL,NULL,NULL,NULL,NULL,'khairizal@mpc.gov.my','0',NULL,2,18,4,242,1,1,'2019-07-11 00:10:34','2019-07-11 00:10:34',NULL),
(127,127,1,1,'Mohd. Khairul Nazir Nawi','1456',NULL,'770220025957',NULL,NULL,NULL,NULL,NULL,NULL,NULL,NULL,NULL,NULL,'khairul@mpc.gov.my','0',NULL,2,18,4,242,1,1,'2019-03-29 18:11:45','2019-03-29 18:11:45',NULL),
(128,128,1,1,'Mohd Nizam Ali','3056',NULL,'791128145297',NULL,NULL,NULL,NULL,NULL,NULL,NULL,NULL,NULL,NULL,'nizam@mpc.gov.my','0',NULL,5,14,18,36,1,1,'2019-03-29 18:11:45','2019-03-29 18:11:45',NULL),
(129,129,1,1,'Dato\' Mohd Razali Hussain','1176',NULL,'590826115385',NULL,NULL,NULL,NULL,NULL,NULL,NULL,NULL,NULL,NULL,'mrazali@mpc.gov.my','0',NULL,3,5,13,36,1,1,'2019-04-01 02:45:27','2019-03-29 18:11:45',NULL),
(130,130,1,1,'Mohd. Wafi Arip','1473',NULL,'770212105551',NULL,NULL,NULL,NULL,NULL,NULL,NULL,NULL,NULL,NULL,'wafi@mpc.gov.my','0',NULL,7,27,3,141,1,1,'2019-03-29 18:11:45','2019-03-29 18:11:45',NULL),
(131,131,1,1,'MOHD YAZID ABDUL MAJID','1455','307097276','790310105537','','28, Jalan Alam Suria 16/23','','','42300',1185,14,'0123041478',NULL,NULL,'yazidmajid@mpc.gov.my','0',NULL,5,17,7,9,1,1,'2020-09-12 23:32:18','2020-09-12 23:32:18',NULL),
(132,132,1,1,'MOHD ZULKIFLY CHE MOHD RAWAWI','1613','313666931','830910035265','A40874881','No 114 Jalan Dm 3/3,','Taman Desa Mas,','Bandar Country Homes','48000',1332,14,'+60199876723','+60199876723',NULL,'mohdzulkifly@mpc.gov.my','0',NULL,6,27,3,78,1,1,'2019-05-24 00:19:49','2019-05-24 00:19:49',NULL),
(133,133,1,1,'Mohd. Azuar Md. Sidek','2989',NULL,'750514105065',NULL,NULL,NULL,NULL,NULL,NULL,NULL,NULL,NULL,NULL,'azuar@mpc.gov.my','0',NULL,5,7,9,36,1,1,'2019-03-29 18:11:45','2019-03-29 18:11:45',NULL),
(134,134,1,1,'Mohd. Hosni Mamat @ Ariffin','1577',NULL,'840528115511',NULL,NULL,NULL,NULL,NULL,NULL,NULL,NULL,NULL,NULL,'hosni@mpc.gov.my','0',NULL,8,27,3,33,1,1,'2019-03-29 18:11:45','2019-03-29 18:11:45',NULL),
(135,135,1,1,'Mohd. Hykal Mohd. Halim','3071',NULL,'840415015223',NULL,NULL,NULL,NULL,NULL,NULL,NULL,NULL,NULL,NULL,'hykal@mpc.gov.my','0',NULL,5,25,22,36,1,1,'2019-03-29 18:11:45','2019-03-29 18:11:45',NULL),
(136,136,1,1,'Mohd. Riduan Daud','3007',NULL,'830906045057',NULL,NULL,NULL,NULL,NULL,NULL,NULL,NULL,NULL,NULL,'riduan@mpc.gov.my','0',NULL,5,10,16,36,1,1,'2019-03-29 18:11:45','2019-03-29 18:11:45',NULL),
(137,137,1,1,'Mohd. Rosdi Mohd Kauzi','3046',NULL,'750423035989',NULL,NULL,NULL,NULL,NULL,NULL,NULL,NULL,NULL,NULL,'rosdi@mpc.gov.my','0',NULL,5,7,9,36,1,1,'2019-03-29 18:11:45','2019-03-29 18:11:45',NULL),
(138,138,1,1,'Mohd. Shapri Ismail ','2054',NULL,'600813085945',NULL,NULL,NULL,NULL,NULL,NULL,NULL,NULL,NULL,NULL,'shapri@mpc.gov.my','0',NULL,5,11,19,36,1,1,'2019-03-29 18:11:45','2019-03-29 18:11:45',NULL),
(139,139,1,1,'MOHD SUZLEZAN SUPU','1443','MH60214548','781219125145','','C8-03,blok C, Appt Bayu Suria, Off Jalan Meranti, Taman Impian Ehsan,','','','43300',1203,14,'+60193168136',NULL,NULL,'suzlezan@mpc.gov.my','0',NULL,5,19,5,36,1,1,'2019-10-10 22:27:42','2019-10-10 22:27:42',NULL),
(140,140,1,1,'Mohd. Syarif Samsudin','2967',NULL,'800305075173',NULL,NULL,NULL,NULL,NULL,NULL,NULL,NULL,NULL,NULL,'syarif@mpc.gov.my','0',NULL,9,7,9,99,1,1,'2019-03-29 18:11:45','2019-03-29 18:11:45',NULL),
(141,141,1,1,'MOHD. ZAKI BIN IBRAHIM','1319','','610119035197','','','','',NULL,NULL,NULL,'0192200822',NULL,NULL,'zaki@mpc.gov.my','0',NULL,7,17,7,66,1,1,'2020-01-08 07:13:26','2020-01-08 07:13:26',NULL),
(142,142,1,1,'MOHD. ZAMROS YUSOF','2132','','670705055347','','','','',NULL,NULL,NULL,NULL,NULL,NULL,'zamros@mpc.gov.my','0',NULL,11,10,16,264,1,1,'2019-08-19 21:31:01','2019-08-19 21:31:01',NULL),
(143,143,1,1,'MOKHZANI ARIS MOHD. YUSOFF','1397','','730308105015','','','','',NULL,NULL,NULL,NULL,NULL,NULL,'mokhzani@mpc.gov.my','0',NULL,10,33,6,66,1,1,'2020-02-28 10:21:13','2020-02-28 10:21:13',NULL),
(144,144,1,1,'Muhamad Afiq Piramli','1653',NULL,'901211036379',NULL,NULL,NULL,NULL,NULL,NULL,NULL,NULL,NULL,NULL,'afiq@mpc.gov.my','0',NULL,7,27,3,216,1,1,'2019-03-29 18:11:45','2019-03-29 18:11:45',NULL),
(145,145,1,1,'MUHAMAD RIZUWAN ABU BAKAR','3132','','860512465355','','','','',NULL,NULL,NULL,'0199296015',NULL,NULL,'muhamadrizuwan@mpc.gov.my','0',NULL,1,14,18,79,1,1,'2019-10-09 21:18:43','2019-10-09 21:18:43',NULL),
(146,146,1,1,'Mohammad Shahaizal Abu Talib','3004',NULL,'780218025869',NULL,NULL,NULL,NULL,NULL,NULL,NULL,NULL,NULL,NULL,'shahaizal@mpc.gov.my','0',NULL,5,10,16,36,1,1,'2019-03-29 18:11:45','2019-03-29 18:11:45',NULL),
(147,147,1,1,'Muhamad Zain Musa ','2068',NULL,'611224055477',NULL,NULL,NULL,NULL,NULL,NULL,NULL,NULL,NULL,NULL,'zain@mpc.gov.my','0',NULL,1,1,1,79,1,1,'2019-03-29 18:11:45','2019-03-29 18:11:45',NULL),
(148,148,1,1,'Muhamad Zamri Zainol ','2991',NULL,'690427075433',NULL,NULL,NULL,NULL,NULL,NULL,NULL,NULL,NULL,NULL,'zamri@mpc.gov.my','0',NULL,9,9,10,99,1,1,'2019-03-29 18:11:45','2019-03-29 18:11:45',NULL),
(149,149,1,1,'Muhammad Afzani Ahmad ','3003',NULL,'811125145705',NULL,NULL,NULL,NULL,NULL,NULL,NULL,NULL,NULL,NULL,'afzani@mpc.gov.my','0',NULL,5,23,12,36,1,1,'2019-03-29 18:11:45','2019-03-29 18:11:45',NULL),
(150,150,1,1,'Muhammaad Aidil Razak','3159',NULL,'910418035597',NULL,NULL,NULL,NULL,NULL,NULL,NULL,NULL,NULL,NULL,'aidil@mpc.gov.my','0',NULL,5,10,16,36,1,1,'2019-03-29 18:11:45','2019-03-29 18:11:45',NULL),
(151,151,1,1,'Muhammad Fazre Zulhelmi Fizwan','1595',NULL,'881014566439',NULL,NULL,NULL,NULL,NULL,NULL,NULL,NULL,NULL,NULL,'fazre@mpc.gov.my','0',NULL,4,27,3,304,1,1,'2019-03-29 18:11:45','2019-03-29 18:11:45',NULL),
(152,152,1,1,'Mohammad Hafiz Sabaruddin','1517',NULL,'830408065477',NULL,NULL,NULL,NULL,NULL,NULL,NULL,NULL,NULL,NULL,'hafiz@mpc.gov.my','0',NULL,12,27,3,255,1,1,'2019-03-29 18:11:45','2019-03-29 18:11:45',NULL),
(153,153,1,1,'MUHAMMAD HISHAM NORDIN','1598','317000202','881113565247','','Malaysia Productivity Corporation','Lorong Produktiviti','Jalan Sultan','46200',NULL,NULL,'0133943802',NULL,NULL,'mhisham@mpc.gov.my','0',NULL,4,27,3,304,1,1,'2019-11-22 22:16:44','2019-11-22 22:16:44',NULL),
(154,154,1,1,'Muhammad Idham Mohd Zain','1405',NULL,'731006035511',NULL,NULL,NULL,NULL,NULL,NULL,NULL,NULL,NULL,NULL,'idham@mpc.gov.my','0',NULL,2,27,3,242,1,1,'2019-03-29 18:11:45','2019-03-29 18:11:45',NULL),
(155,155,1,1,'Muhammad Muizzuddin Muhamad','3157',NULL,'910330036237',NULL,NULL,NULL,NULL,NULL,NULL,NULL,NULL,NULL,NULL,'muiz@mpc.gov.my','0',NULL,5,9,10,36,1,1,'2019-03-29 18:11:45','2019-03-29 18:11:45',NULL),
(156,156,1,1,'MUHAMMAD SUFFIAN AHMAD','1447','311148596','790617145859','','','','',NULL,NULL,NULL,'0173617611',NULL,NULL,'suffian@mpc.gov.my','0',NULL,7,18,4,216,1,1,'2019-07-23 21:48:52','2019-07-23 21:48:52',NULL),
(157,157,1,1,'MUHASLIZAWATI MOHD BAKRI','1547','','820619035746','','','','',NULL,NULL,NULL,NULL,NULL,NULL,'muhaslizawati@mpc.gov.my','0',NULL,8,27,3,33,1,1,'2019-09-18 01:41:25','2019-09-18 01:41:25',NULL),
(158,158,1,1,'Muhd. Adha Abd. Hamid','1523',NULL,'830918105555',NULL,NULL,NULL,NULL,NULL,NULL,NULL,NULL,NULL,NULL,'adha@mpc.gov.my','0',NULL,6,18,4,39,1,1,'2019-03-29 18:11:45','2019-03-29 18:11:45',NULL),
(159,159,1,1,'Nahdatul Faeizin Norman','1631',NULL,'901028015094',NULL,NULL,NULL,NULL,NULL,NULL,NULL,NULL,NULL,NULL,'nahdatul@mpc.gov.my','0',NULL,12,27,3,255,1,1,'2019-03-29 18:11:45','2019-03-29 18:11:45',NULL),
(160,160,1,1,'Nazahiah Mohamad','1475',NULL,'790525075056',NULL,NULL,NULL,NULL,NULL,NULL,NULL,NULL,NULL,NULL,'nazahiah@mpc.gov.my','0',NULL,6,27,3,39,1,1,'2019-03-29 18:11:45','2019-03-29 18:11:45',NULL),
(161,161,1,1,'Nazeri Ariffin Madon','1633',NULL,'860804235965',NULL,NULL,NULL,NULL,NULL,NULL,NULL,NULL,NULL,NULL,'nazeri@mpc.gov.my','0',NULL,8,27,3,33,1,1,'2019-03-29 18:11:45','2019-03-29 18:11:45',NULL),
(162,162,1,1,'Nazilah Ahmad','1530',NULL,'830710016190',NULL,NULL,NULL,NULL,NULL,NULL,NULL,NULL,NULL,NULL,'nazilah@mpc.gov.my','0',NULL,12,27,3,255,1,1,'2019-03-29 18:11:45','2019-03-29 18:11:45',NULL),
(163,163,1,1,'NIK FAIZAL NIK AHMAD','1414','','690320035423','','','','',NULL,NULL,NULL,NULL,NULL,NULL,'nikfaizal@mpc.gov.my','0',NULL,3,19,5,9,1,1,'2019-09-29 01:26:12','2019-09-29 01:26:12',NULL),
(164,164,1,1,'Nik Nazarina Nek Mohamed','1651',NULL,'891121146332',NULL,NULL,NULL,NULL,NULL,NULL,NULL,NULL,NULL,NULL,'nazarina@mpc.gov.my','0',NULL,4,27,3,304,1,1,'2019-03-29 18:11:45','2019-03-29 18:11:45',NULL),
(165,165,1,1,'NIK ROSDI NIK YUSOFF','1165','062960914','591022035333','','B-4-1 Apartment Fairville','Usj 21 Subang Jaya','','47200',1313,14,'0139278088','097441001',NULL,'nikrosdi@mpc.gov.my','0',NULL,7,33,6,216,1,1,'2019-05-02 09:28:10','2019-05-02 09:28:10',NULL),
(166,166,1,1,'Noor Aishah Hassan','1461',NULL,'781121145260',NULL,NULL,NULL,NULL,NULL,NULL,NULL,NULL,NULL,NULL,'noor_aishah@mpc.gov.my','0',NULL,6,18,4,39,1,1,'2019-03-29 18:11:45','2019-03-29 18:11:45',NULL),
(167,167,1,1,'Noor Anariza Hassan ','2968',NULL,'760121075060',NULL,NULL,NULL,NULL,NULL,NULL,NULL,NULL,NULL,NULL,'anariza@mpc.gov.my','0',NULL,5,28,25,36,1,1,'2019-03-29 18:11:45','2019-03-29 18:11:45',NULL),
(168,168,1,1,'Noor Asmawati Hussin ','3041',NULL,'820725085480',NULL,NULL,NULL,NULL,NULL,NULL,NULL,NULL,NULL,NULL,'asmawati@mpc.gov.my','0',NULL,6,12,18,9,1,1,'2019-03-29 18:11:45','2019-03-29 18:11:45',NULL),
(169,169,1,1,'Noor Aziah Othman','2945',NULL,'790928075448',NULL,NULL,NULL,NULL,NULL,NULL,NULL,NULL,NULL,NULL,'noraziah@mpc.gov.my','0',NULL,2,15,19,242,1,1,'2019-03-29 18:11:45','2019-03-29 18:11:45',NULL),
(170,170,1,1,'NOOR AZMAN HASSAN','2957','','770211036515','','','','',NULL,NULL,NULL,'0132689899',NULL,NULL,'azman@mpc.gov.my','0',NULL,5,26,8,36,1,1,'2019-06-24 21:45:31','2019-06-24 21:45:31',NULL),
(171,171,1,1,'Noor Hazilah Abdullah','3069',NULL,'820318035814',NULL,NULL,NULL,NULL,NULL,NULL,NULL,NULL,NULL,NULL,'hazilah@mpc.gov.my','0',NULL,8,14,19,33,1,1,'2019-03-29 18:11:45','2019-03-29 18:11:45',NULL),
(172,172,1,1,'NOOR IZZATI KAMIS','1620','','900629145658','','','','',NULL,NULL,NULL,'0122867346',NULL,NULL,'noorizzati@mpc.gov.my','0',NULL,1,27,3,79,1,1,'2020-09-13 00:10:01','2020-09-13 00:10:01',NULL),
(173,173,1,1,'Noor Mohammad Farhan Nor Azman','3124',NULL,'881216566111',NULL,NULL,NULL,NULL,NULL,NULL,NULL,NULL,NULL,NULL,'mfarhan@mpc.gov.my','0',NULL,5,27,3,36,1,1,'2019-03-29 18:11:45','2019-03-29 18:11:45',NULL),
(174,174,1,1,'NOOR RAHIDAH ABDUL RAZAK','3057','','830505045048','','','','',NULL,NULL,NULL,NULL,NULL,NULL,'rahidah@mpc.gov.my','0',NULL,3,15,18,9,1,1,'2019-09-11 02:07:04','2019-09-11 02:07:04',NULL),
(175,175,1,1,'Noor Salfarina Jamaludin','1532',NULL,'830202045278',NULL,NULL,NULL,NULL,NULL,NULL,NULL,NULL,NULL,NULL,'salfarina@mpc.gov.my','0',NULL,6,27,3,307,1,1,'2019-03-29 18:11:45','2019-03-29 18:11:45',NULL),
(176,176,1,1,'Noorsamsinar Sum Abdullah','2075',NULL,'610608105088',NULL,NULL,NULL,NULL,NULL,NULL,NULL,NULL,NULL,NULL,'noorsamsi@mpc.gov.my','0',NULL,2,25,24,242,1,1,'2019-03-29 18:11:45','2019-03-29 18:11:45',NULL),
(177,177,1,1,'NOR ADIRA ADNAN','1627','MH31570559','870504295260','','','','',NULL,NULL,NULL,'0179860758',NULL,NULL,'noradira@mpc.gov.my','0',NULL,4,27,3,285,1,1,'2020-02-12 10:25:24','2020-02-12 10:25:24',NULL),
(178,178,1,1,'Nor Aishah Hassan','1399',NULL,'740928085894',NULL,NULL,NULL,NULL,NULL,NULL,NULL,NULL,NULL,NULL,'shah@mpc.gov.my','0',NULL,6,19,5,9,1,1,'2019-03-29 18:11:45','2019-03-29 18:11:45',NULL),
(179,179,1,1,'Nor Akma Che Wan Naman','1645',NULL,'890101035104',NULL,NULL,NULL,NULL,NULL,NULL,NULL,NULL,NULL,NULL,'norakma@mpc.gov.my','0',NULL,6,27,3,307,1,1,'2019-03-29 18:11:45','2019-03-29 18:11:45',NULL),
(180,180,1,1,'Nor Azmi Yahaya','2139',NULL,'600102065139',NULL,NULL,NULL,NULL,NULL,NULL,NULL,NULL,NULL,NULL,'norazmi@mpc.gov.my','0',NULL,5,14,20,36,1,1,'2019-03-29 18:11:45','2019-03-29 18:11:45',NULL),
(181,181,1,1,'Nor Eshah Abd. Raman ','2134',NULL,'620113065052',NULL,NULL,NULL,NULL,NULL,NULL,NULL,NULL,NULL,NULL,'noreshah@mpc.gov.my','0',NULL,3,15,18,129,1,1,'2019-03-29 18:11:45','2019-03-29 18:11:45',NULL),
(182,182,1,1,'Nor Fadilah Zulkifli Muhamad','3158',NULL,'941219036070',NULL,NULL,NULL,NULL,NULL,NULL,NULL,NULL,NULL,NULL,'NorFadilah@mpc.gov.my','0',NULL,5,14,18,36,1,1,'2019-03-29 18:11:45','2019-03-29 18:11:45',NULL),
(183,183,1,1,'NOR FAZILA HASHIM','1351','','660129086196','','','','',NULL,NULL,NULL,NULL,NULL,NULL,'ila@mpc.gov.my','0',NULL,4,33,6,304,1,1,'2020-02-12 18:21:10','2020-02-12 18:21:10',NULL),
(184,184,1,1,'Nor Hafizah Mohd Arop','1329',NULL,'681203105352',NULL,NULL,NULL,NULL,NULL,NULL,NULL,NULL,NULL,NULL,'hafizah@mpc.gov.my','0',NULL,4,19,5,304,1,1,'2019-03-29 18:11:45','2019-03-29 18:11:45',NULL),
(185,185,1,1,'Nor Halisa Mohamad Halil ','1386',NULL,'730228125374',NULL,NULL,NULL,NULL,NULL,NULL,NULL,NULL,NULL,NULL,'halisa@mpc.gov.my','0',NULL,4,18,4,304,1,1,'2019-03-29 18:11:45','2019-03-29 18:11:45',NULL),
(186,186,1,1,'Nor Hasimah Ab. Rahman','2074',NULL,'610823105654',NULL,NULL,NULL,NULL,NULL,NULL,NULL,NULL,NULL,NULL,'hasimah@mpc.gov.my','0',NULL,2,14,19,242,1,1,'2019-03-29 18:11:45','2019-03-29 18:11:45',NULL),
(187,187,1,1,'Nor Idayuniza Rahmat','1419',NULL,'781012145720',NULL,NULL,NULL,NULL,NULL,NULL,NULL,NULL,NULL,NULL,'ayu@mpc.gov.my','0',NULL,2,18,4,242,1,1,'2019-03-29 18:11:45','2019-03-29 18:11:45',NULL),
(188,188,1,1,'NOR IZZATI NORHISAM','1538','MH30846478','850514105100','','Taman Wira Permai','','','40460',1084,14,'0126688724','0351665496',NULL,'izzati@mpc.gov.my','0',NULL,4,18,4,304,1,1,'2019-07-29 23:48:12','2019-07-29 23:48:12',NULL),
(189,189,1,1,'NOR ROBAAYAH MOHD. NOOR','1290','','660915085430','','','','',NULL,NULL,NULL,NULL,NULL,NULL,'nrmn@mpc.gov.my','0',NULL,4,33,6,304,1,1,'2019-04-17 04:44:02','2019-04-17 04:44:02',NULL),
(190,190,1,1,'Nor Surayya Abd. Samad','1385',NULL,'751119145758',NULL,NULL,NULL,NULL,NULL,NULL,NULL,NULL,NULL,NULL,'surayya@mpc.gov.my','0',NULL,6,18,4,39,1,1,'2019-03-29 18:11:45','2019-03-29 18:11:45',NULL),
(191,191,1,1,'NOR ZAIRISHAM ZAKARIA','2668','','681118015811','','','','',NULL,NULL,NULL,NULL,NULL,NULL,'norzairisham@mpc.gov.my','0',NULL,5,10,17,36,1,1,'2019-10-10 21:28:49','2019-10-10 21:28:49',NULL),
(192,192,1,1,'NORA\'IN AHMAD KAMIL','1367','','690916016290','','','','',NULL,NULL,NULL,'0196328140','0333242248',NULL,'norain@mpc.gov.my','0',NULL,6,18,4,307,1,1,'2019-11-23 05:03:10','2019-11-23 05:03:10',NULL),
(193,193,1,1,'Norafidah Ramli                                                                              ','2951',NULL,'770815016494',NULL,NULL,NULL,NULL,NULL,NULL,NULL,NULL,NULL,NULL,'norafidah@mpc.gov.my','0',NULL,2,14,18,242,1,1,'2019-03-29 18:11:45','2019-03-29 18:11:45',NULL),
(194,194,1,1,'Noraniza Daud','2987',NULL,'821008065262',NULL,NULL,NULL,NULL,NULL,NULL,NULL,NULL,NULL,NULL,'noraniza@mpc.gov.my','0',NULL,1,15,19,79,1,1,'2019-03-29 18:11:45','2019-03-29 18:11:45',NULL),
(195,195,1,1,'NORASHIKIN ABDUL SHUKOR','3051','','820722086154','','Perbadanan Produktiviti Malaysia (mpc)','Tingkat 2, Menara Maa','No. 6, Lorong Api-api 1','88000',2139,13,'+60125843044',NULL,NULL,'shikin@mpc.gov.my','0',NULL,6,12,18,307,1,1,'2020-01-24 03:28:27','2020-01-24 03:28:27',NULL),
(196,196,1,1,'NORASHIMA HAMZAH','1533','','771210115582','','','','',NULL,NULL,NULL,'0192679988',NULL,NULL,'norashima@mpc.gov.my','0',NULL,5,27,3,36,1,1,'2019-10-22 02:40:13','2019-10-22 02:40:13',NULL),
(197,197,1,1,'Norazlina Tun Ibrahim','1518',NULL,'800222145850',NULL,NULL,NULL,NULL,NULL,NULL,NULL,NULL,NULL,NULL,'norazlina@mpc.gov.my','0',NULL,5,18,4,36,1,1,'2019-03-29 18:11:45','2019-03-29 18:11:45',NULL),
(198,198,1,1,'Nordieana Nordin','2955',NULL,'790206105078',NULL,NULL,NULL,NULL,NULL,NULL,NULL,NULL,NULL,NULL,'deana@mpc.gov.my','0',NULL,7,12,18,36,1,1,'2019-03-29 18:11:45','2019-03-29 18:11:45',NULL),
(199,199,1,1,'Norfaizah Abdul Rahman','1358',NULL,'720531065416',NULL,NULL,NULL,NULL,NULL,NULL,NULL,NULL,NULL,NULL,'faizah@mpc.gov.my','0',NULL,7,27,3,141,1,1,'2019-03-29 18:11:45','2019-03-29 18:11:45',NULL),
(200,200,1,1,'Norhaida Roslan ','3094',NULL,'830513035616',NULL,NULL,NULL,NULL,NULL,NULL,NULL,NULL,NULL,NULL,'norhaida@mpc.gov.my','0',NULL,8,15,18,33,1,1,'2019-03-29 18:11:45','2019-03-29 18:11:45',NULL),
(201,201,1,1,'Norhanida Ahmad Puad ','2954',NULL,'800929085038',NULL,NULL,NULL,NULL,NULL,NULL,NULL,NULL,NULL,NULL,'norhanida@mpc.gov.my','0',NULL,5,15,18,36,1,1,'2019-03-29 18:11:45','2019-03-29 18:11:45',NULL),
(202,202,1,1,'Norhaniza Hamir','1436',NULL,'790131086326',NULL,NULL,NULL,NULL,NULL,NULL,NULL,NULL,NULL,NULL,'norhaniza@mpc.gov.my','0',NULL,1,18,4,79,1,1,'2019-03-29 18:11:45','2019-03-29 18:11:45',NULL),
(203,203,1,1,'NORHASIMAH IBRAHIM','1422','MH01484100','750420105494','A 38583195','Lot 11 Jalan 7','Kampung Melayu','','68100',1688,14,'0173910849','0361884793',NULL,'norhasimah@mpc.gov.my','0',NULL,1,19,5,79,1,1,'2019-07-23 23:51:58','2019-07-23 23:51:58',NULL),
(204,204,1,1,'Norhayati Harun ','2823',NULL,'741211025426',NULL,NULL,NULL,NULL,NULL,NULL,NULL,NULL,NULL,NULL,'norhayatiharun@mpc.gov.my','0',NULL,9,23,12,99,1,1,'2019-03-29 18:11:45','2019-03-29 18:11:45',NULL),
(205,205,1,1,'Norhisam Ahmad ','2066',NULL,'590121085147',NULL,NULL,NULL,NULL,NULL,NULL,NULL,NULL,NULL,NULL,'norhisam@mpc.gov.my','0',NULL,5,23,12,36,1,1,'2019-03-29 18:11:45','2019-03-29 18:11:45',NULL),
(206,206,1,1,'Norhuda Abdullah','3000',NULL,'810924075016',NULL,NULL,NULL,NULL,NULL,NULL,NULL,NULL,NULL,NULL,'norhuda@mpc.gov.my','0',NULL,9,14,19,99,1,1,'2019-03-29 18:11:45','2019-03-29 18:11:45',NULL),
(207,207,1,1,'NORIJAH JUEN','3009','MH20372678','760715135972','','Blok 3, C3-3-6','Hartana Apartment,','Jalan Demak Laut','93050',2538,15,'0138140335',NULL,NULL,'norijah@mpc.gov.my','0',NULL,11,6,19,264,1,1,'2019-08-19 21:31:47','2019-08-19 21:31:47',NULL),
(208,208,1,1,'Norkamila Shahrudin ','3018',NULL,'810301106066',NULL,NULL,NULL,NULL,NULL,NULL,NULL,NULL,NULL,NULL,'norkamila@mpc.gov.my','0',NULL,12,6,18,255,1,1,'2019-03-29 18:11:45','2019-03-29 18:11:45',NULL),
(209,209,1,1,'Norliana Mahmud        ','1466',NULL,'770521075034',NULL,NULL,NULL,NULL,NULL,NULL,NULL,NULL,NULL,NULL,'norliana@mpc.gov.my','0',NULL,2,27,3,242,1,1,'2019-03-29 18:11:45','2019-03-29 18:11:45',NULL),
(210,210,1,1,'Norliza Ahmad  ','1460',NULL,'761213035482',NULL,NULL,NULL,NULL,NULL,NULL,NULL,NULL,NULL,NULL,'norlizaahmad@mpc.gov.my','0',NULL,6,18,4,39,1,1,'2019-03-29 18:11:45','2019-03-29 18:11:45',NULL),
(211,211,1,1,'Norliza Rosli ','3075',NULL,'850306055196',NULL,NULL,NULL,NULL,NULL,NULL,NULL,NULL,NULL,NULL,'norlizarosli@mpc.gov.my','0',NULL,5,15,18,36,1,1,'2019-03-29 18:11:45','2019-03-29 18:11:45',NULL),
(212,212,1,1,'Norul Hasila Abdullah','1548',NULL,'830714065344',NULL,NULL,NULL,NULL,NULL,NULL,NULL,NULL,NULL,NULL,'norulhasila@mpc.gov.my','0',NULL,1,27,3,79,1,1,'2019-03-29 18:11:45','2019-03-29 18:11:45',NULL),
(213,213,1,1,'Norwahidah Abdullah ','3006',NULL,'800603035364',NULL,NULL,NULL,NULL,NULL,NULL,NULL,NULL,NULL,NULL,'norwahidah@mpc.gov.my','0',NULL,12,12,18,255,1,1,'2019-03-29 18:11:45','2019-03-29 18:11:45',NULL),
(214,214,1,1,'Norwahizan bt Mohamed','3008',NULL,'781117035608',NULL,NULL,NULL,NULL,NULL,NULL,NULL,NULL,NULL,NULL,'norwahizan@mpc.gov.my','0',NULL,5,8,9,36,1,1,'2019-03-29 18:11:45','2019-03-29 18:11:45',NULL),
(215,215,1,1,'NORZIAH KABIL','3022','203715223','741111135206','K50871162','Lot 894, Lorong Demak Laut 3a','Taman Perindustrian Demak Laut','Jalan Bako, Petra Jaya','93050',2538,15,'0198442393',NULL,NULL,'norziah@mpc.gov.my','0',NULL,11,14,18,264,1,1,'2019-08-19 21:32:44','2019-08-19 21:32:44',NULL),
(216,216,1,1,'NORZIRIN ARIFFIN','1291','','640927075362','','','','',NULL,NULL,NULL,NULL,NULL,NULL,'zirin@mpc.gov.my','0',NULL,7,17,7,129,1,1,'2019-04-17 05:05:53','2019-04-17 05:05:53',NULL),
(217,217,1,1,'Nur Jihan Ramli ','3024',NULL,'820215065332',NULL,NULL,NULL,NULL,NULL,NULL,NULL,NULL,NULL,NULL,'nurjihan@mpc.gov.my','0',NULL,8,6,18,33,1,1,'2019-03-29 18:11:45','2019-03-29 18:11:45',NULL),
(218,218,1,1,'Nur \'Amirah Shaaban','3146',NULL,'911229075316',NULL,NULL,NULL,NULL,NULL,NULL,NULL,NULL,NULL,NULL,'nuramirah@mpc.gov.my','0',NULL,3,14,18,129,1,1,'2019-03-29 18:11:45','2019-03-29 18:11:45',NULL),
(219,219,1,1,'NUR FAIZAH TASMAN','1554','','820719015320','','','','',NULL,NULL,NULL,'0133759729',NULL,NULL,'nurfaizah@mpc.gov.my','0',NULL,3,27,3,129,1,1,'2019-07-16 00:18:13','2019-07-16 00:18:13',NULL),
(220,220,1,1,'Nur Fatimah Mohd Zaki','1588',NULL,'890703085766',NULL,NULL,NULL,NULL,NULL,NULL,NULL,NULL,NULL,NULL,'nurfatimah@mpc.gov.my','0',NULL,4,27,3,304,1,1,'2019-03-29 18:11:45','2019-03-29 18:11:45',NULL),
(221,221,1,1,'NUR HAFIZAH HALIMUDDIN','3038','','830829145870','','','','',NULL,NULL,NULL,NULL,NULL,NULL,'nurhafizah@mpc.gov.my','0',NULL,12,12,18,255,1,1,'2019-04-16 20:29:32','2019-04-16 20:29:32',NULL),
(222,222,1,1,'Nur Hanim Abd Ghani','1463',NULL,'760301145732',NULL,NULL,NULL,NULL,NULL,NULL,NULL,NULL,NULL,NULL,'hanim@mpc.gov.my','0',NULL,5,19,5,36,1,1,'2019-03-29 18:11:45','2019-03-29 18:11:45',NULL),
(223,223,1,1,'Nur Rafidah Zulkifl','1615',NULL,'880707086492',NULL,NULL,NULL,NULL,NULL,NULL,NULL,NULL,NULL,NULL,'nurrafidah@mpc.gov.my','0',NULL,7,27,3,216,1,1,'2019-03-29 18:11:45','2019-03-29 18:11:45',NULL),
(224,224,1,1,'Nur Sulia Saari ','1502',NULL,'830512145776',NULL,NULL,NULL,NULL,NULL,NULL,NULL,NULL,NULL,NULL,'sulia@mpc.gov.my','0',NULL,3,18,4,129,1,1,'2019-03-29 18:11:45','2019-03-29 18:11:45',NULL),
(225,225,1,1,'Nur Syafina Anuar','1522',NULL,'830628105688',NULL,NULL,NULL,NULL,NULL,NULL,NULL,NULL,NULL,NULL,'syafina@mpc.gov.my','0',NULL,4,27,3,304,1,1,'2019-03-29 18:11:45','2019-03-29 18:11:45',NULL),
(226,226,1,1,'Nur Syahrina Muhamad Nor','1557',NULL,'830726146360',NULL,NULL,NULL,NULL,NULL,NULL,NULL,NULL,NULL,NULL,'syahrina@mpc.gov.my','0',NULL,7,27,3,216,1,1,'2019-03-29 18:11:45','2019-03-29 18:11:45',NULL),
(227,227,1,1,'NURAIZAH HARUN @ HARRON','1578','MH32119482','831217015586','','','','',NULL,NULL,NULL,'0173872284',NULL,NULL,'nuraizah@mpc.gov.my','0',NULL,6,27,3,307,1,1,'2019-11-22 22:53:53','2019-11-22 22:53:53',NULL),
(228,228,1,1,'Nurfayunie Pakhrururzi','1647',NULL,'880219145668',NULL,NULL,NULL,NULL,NULL,NULL,NULL,NULL,NULL,NULL,'nurfayunie@mpc.gov.my','0',NULL,3,27,3,129,1,1,'2019-03-29 18:11:45','2019-03-29 18:11:45',NULL),
(229,229,1,1,'NURFAZILA HAJI ZULAIHI','1605','','900802136836','','','','',NULL,NULL,NULL,NULL,NULL,NULL,'nurfazila@mpc.gov.my','0',NULL,11,27,3,264,1,1,'2019-08-19 20:55:23','2019-08-19 20:55:23',NULL),
(230,230,1,1,'Nursyahida Muhamad Aszahari','3121',NULL,'890921146168',NULL,NULL,NULL,NULL,NULL,NULL,NULL,NULL,NULL,NULL,'nursyahida@mpc.gov.my','0',NULL,9,27,3,99,1,1,'2019-03-29 18:11:45','2019-03-29 18:11:45',NULL),
(231,231,1,1,'Nurul Ain Alia  Abdullah Zawawi','1583',NULL,'860805435694',NULL,NULL,NULL,NULL,NULL,NULL,NULL,NULL,NULL,NULL,'alia@mpc.gov.my','0',NULL,6,27,3,307,1,1,'2019-03-29 18:11:45','2019-03-29 18:11:45',NULL),
(232,232,1,1,'Nurul Farahaton Najihan Jusoh','1634',NULL,'900430115822',NULL,NULL,NULL,NULL,NULL,NULL,NULL,NULL,NULL,NULL,'farahaton@mpc.gov.my','0',NULL,6,27,3,39,1,1,'2019-03-29 18:11:45','2019-03-29 18:11:45',NULL),
(233,233,1,1,'NURUL FATIHAH MOHD AZLAN','1576','','860509295922','','','','',NULL,NULL,NULL,NULL,NULL,NULL,'nurulfatihah@mpc.gov.my','0',NULL,5,27,3,36,1,1,'2019-04-16 20:41:17','2019-04-16 20:41:17',NULL),
(234,234,1,1,'Nurul Nadia Zainal Adnan','3133',NULL,'870825565508',NULL,NULL,NULL,NULL,NULL,NULL,NULL,NULL,NULL,NULL,'nurulnadia@mpc.gov.my','0',NULL,1,12,18,79,1,1,'2019-03-29 18:11:45','2019-03-29 18:11:45',NULL),
(235,235,1,1,'Nurul Sazrina Mohd Shukor','1520',NULL,'830322105028',NULL,NULL,NULL,NULL,NULL,NULL,NULL,NULL,NULL,NULL,'sazrina@mpc.gov.my','0',NULL,5,29,26,36,1,1,'2019-03-29 18:11:45','2019-03-29 18:11:45',NULL),
(236,236,1,1,'NURUL SYAMIMI ISMAIL','1574','','850926035516','','','','',NULL,NULL,NULL,NULL,NULL,NULL,'syamimi@mpc.gov.my','0',NULL,6,27,3,284,1,1,'2020-02-03 22:55:48','2020-02-03 22:55:48',NULL),
(237,237,1,1,'NURZARINA JAAFAR','2992','','800509075538','','','','',NULL,NULL,NULL,NULL,NULL,NULL,'nurzarina@mpc.gov.my','0',NULL,9,30,22,99,1,1,'2019-04-16 20:20:43','2019-04-16 20:20:43',NULL),
(238,238,1,1,'Omi Kalsom Osman','2060',NULL,'590905085292',NULL,NULL,NULL,NULL,NULL,NULL,NULL,NULL,NULL,NULL,'omi@mpc.gov.my','0',NULL,5,14,20,36,1,1,'2019-03-29 18:11:45','2019-03-29 18:11:45',NULL),
(239,239,1,1,'OSMAN ZAIDAN','2996','','680925135225','','','','',NULL,NULL,NULL,NULL,NULL,NULL,'osmanzaidan@mpc.gov.my','0',NULL,11,7,9,264,1,1,'2019-08-19 21:35:16','2019-08-19 21:35:16',NULL),
(240,240,1,1,'RABIATUL HANA ISHAK','1610','310360562','901211146770','','','','',NULL,NULL,NULL,'0147169285',NULL,NULL,'rabiatulhana@mpc.gov.my','0',NULL,4,27,3,304,1,1,'2019-09-26 22:23:28','2019-09-26 22:23:28',NULL),
(241,241,1,1,'Rahayu Abd. Rahman','3085',NULL,'821114115518',NULL,NULL,NULL,NULL,NULL,NULL,NULL,NULL,NULL,NULL,'RahayuR@mpc.gov.my','0',NULL,8,14,18,33,1,1,'2019-03-29 18:11:45','2019-03-29 18:11:45',NULL),
(242,242,1,1,'DR. RAHMAT MD. SMAIL','1186','','600302045271','','','','',NULL,NULL,NULL,NULL,NULL,NULL,'rahmat@mpc.gov.my','0',NULL,2,17,7,129,1,1,'2019-04-17 05:07:48','2019-04-17 05:07:48',NULL),
(243,243,1,1,'RAINAH OSMAN','3020','','731111125252','','','','',NULL,NULL,NULL,NULL,NULL,NULL,'rainah@mpc.gov.my','0',NULL,10,6,18,41,1,1,'2020-01-24 03:29:15','2020-01-24 03:29:15',NULL),
(244,244,1,1,'Raja Ainul Bismi Raja Abd. Hadi','1509',NULL,'831026086234',NULL,NULL,NULL,NULL,NULL,NULL,NULL,NULL,NULL,NULL,'rajaainul@mpc.gov.my','0',NULL,1,18,4,79,1,1,'2019-03-29 18:11:45','2019-03-29 18:11:45',NULL),
(245,245,1,1,'Ramale Yusoff','2146',NULL,'640510035445',NULL,NULL,NULL,NULL,NULL,NULL,NULL,NULL,NULL,NULL,'ramale@mpc.gov.my','0',NULL,5,10,16,36,1,1,'2019-03-29 18:11:45','2019-03-29 18:11:45',NULL),
(246,246,1,1,'Ramlan Sainan','2067',NULL,'610228105027',NULL,NULL,NULL,NULL,NULL,NULL,NULL,NULL,NULL,NULL,'ramlan@mpc.gov.my','0',NULL,2,10,17,242,1,1,'2019-03-29 18:11:45','2019-03-29 18:11:45',NULL),
(247,247,1,1,'ROSELEENA HASHIM','1306','069415032','650318035284','A40195054','No 38 Jalan Pjs 10/3','Taman Subang Indah','Petaling Jaya','46100',1237,14,'0192648143',NULL,NULL,'leena@mpc.gov.my','0',NULL,3,33,6,9,1,1,'2019-09-10 23:27:34','2019-09-10 23:27:34',NULL),
(248,248,1,1,'Roslah Md Yusof','2105',NULL,'610210105328',NULL,NULL,NULL,NULL,NULL,NULL,NULL,NULL,NULL,NULL,'roslah@mpc.gov.my','0',NULL,6,31,23,78,1,1,'2019-03-29 18:11:45','2019-03-29 18:11:45',NULL),
(249,249,1,1,'ROSLI MAT DOM','2098','','610314055177','','','','',NULL,NULL,NULL,NULL,NULL,NULL,'rosli@mpc.gov.my','0',NULL,1,14,20,297,1,1,'2020-02-14 09:58:34','2020-02-14 09:58:34',NULL),
(250,250,1,1,'Roslinda Abdul Hamid','1493',NULL,'770706065860',NULL,NULL,NULL,NULL,NULL,NULL,NULL,NULL,NULL,NULL,'lynda@mpc.gov.my','0',NULL,7,27,3,141,1,1,'2019-03-29 18:11:45','2019-03-29 18:11:45',NULL),
(251,251,1,1,'Roslinda Ahmad','2977',NULL,'780922105002',NULL,NULL,NULL,NULL,NULL,NULL,NULL,NULL,NULL,NULL,'roslinda@mpc.gov.my','0',NULL,7,30,22,264,1,1,'2019-03-29 18:11:45','2019-03-29 18:11:45',NULL),
(252,252,1,1,'ROSMI  ABDULLAH','1274','301713860','630525035473','A51286075','','','',NULL,NULL,NULL,NULL,NULL,NULL,'rosmi@mpc.gov.my','0',NULL,7,17,7,66,1,1,'2020-01-25 04:56:20','2020-01-25 04:56:20',NULL),
(253,253,1,1,'Rosmiza Rosly','1374',NULL,'721031065086',NULL,NULL,NULL,NULL,NULL,NULL,NULL,NULL,NULL,NULL,'iza@mpc.gov.my','0',NULL,6,19,5,9,1,1,'2019-03-29 18:11:45','2019-03-29 18:11:45',NULL),
(254,254,1,1,'Rosniwati Abdullah','2783',NULL,'760405075492',NULL,NULL,NULL,NULL,NULL,NULL,NULL,NULL,NULL,NULL,'rosniwati@mpc.gov.my','0',NULL,1,6,18,79,1,1,'2019-03-29 18:11:45','2019-03-29 18:11:45',NULL),
(255,255,1,1,'ROZIANA OTHMAN','1289','','660928015060','','','','',NULL,NULL,NULL,NULL,NULL,NULL,'ogie@mpc.gov.my','0',NULL,12,33,6,66,1,1,'2019-04-18 21:28:01','2019-04-18 21:28:01',NULL),
(256,256,1,1,'Rozitah Ma\'al         ','1400',NULL,'730323145672',NULL,NULL,NULL,NULL,NULL,NULL,NULL,NULL,NULL,NULL,'rozitah@mpc.gov.my','0',NULL,7,18,4,141,1,1,'2019-03-29 18:11:45','2019-03-29 18:11:45',NULL),
(257,257,1,1,'RUSDI MUDA','1312','','650803035157','','','','',NULL,NULL,NULL,NULL,NULL,NULL,'rusdi@mpc.gov.my','0',NULL,8,19,5,33,1,1,'2019-07-03 21:04:02','2019-07-03 21:04:02',NULL),
(258,258,1,1,'SABRI HASAN','1458','','750708035595','','','','',NULL,NULL,NULL,NULL,NULL,NULL,'sabri@mpc.gov.my','0',NULL,2,18,4,252,1,1,'2019-04-17 04:45:20','2019-04-17 04:45:20',NULL),
(259,259,1,1,'SAFARWAN BIN MOHD SUHAIMI','1596','310673215','890306146107','','','','',NULL,NULL,NULL,'0194434801',NULL,NULL,'safarwan@mpc.gov.my','0',NULL,11,27,3,264,1,1,'2019-10-10 00:32:07','2019-10-10 00:32:07',NULL),
(260,260,1,1,'Safiah Mitri ','3080',NULL,'830413125884',NULL,NULL,NULL,NULL,NULL,NULL,NULL,NULL,NULL,NULL,'safiah@mpc.gov.my','0',NULL,3,15,18,129,1,1,'2019-03-29 18:11:45','2019-03-29 18:11:45',NULL),
(261,261,1,1,'Safniwati Jasri','1392',NULL,'760217715026',NULL,NULL,NULL,NULL,NULL,NULL,NULL,NULL,NULL,NULL,'safniwati@mpc.gov.my','0',NULL,7,18,4,216,1,1,'2019-03-29 18:11:45','2019-03-29 18:11:45',NULL),
(262,262,1,1,'SAFURA ABDUL MALEK','1579','MH08064589','860904525900','','','','',NULL,NULL,NULL,'0128920999',NULL,NULL,'safura@mpc.gov.my','0',NULL,4,18,4,285,1,1,'2020-02-13 12:12:32','2020-02-13 12:12:32',NULL),
(263,263,1,1,'SALIZA SAARI','1415','','770801066220','','','','',NULL,NULL,NULL,NULL,NULL,NULL,'saliza@mpc.gov.my','0',NULL,2,33,6,242,1,1,'2019-04-17 04:44:35','2019-04-17 04:44:35',NULL),
(264,264,1,1,'SARIMAH MISMAN','1311','','640414107066','','61,jalan Kp 2/15 Seksyen 2','Taman Kota Perdana','Bandar Putra Permai',NULL,NULL,NULL,'0196291662',NULL,NULL,'sarimah@mpc.gov.my','0',NULL,11,17,7,9,1,1,'2020-01-08 07:14:57','2020-01-08 07:14:57',NULL),
(265,265,1,1,'SAWIAH ABDUL SAMAD','1339','303487660','680101045120','','','','',NULL,NULL,NULL,'0183814621',NULL,NULL,'sawiah@mpc.gov.my','0',NULL,6,33,6,307,1,1,'2019-11-26 03:31:56','2019-11-26 03:31:56',NULL),
(266,266,1,1,'Semawi Zakaria','1370',NULL,'630328085527',NULL,NULL,NULL,NULL,NULL,NULL,NULL,NULL,NULL,NULL,'semawi@mpc.gov.my','0',NULL,2,18,4,242,1,1,'2019-03-29 18:11:45','2019-03-29 18:11:45',NULL),
(267,267,1,1,'Shafirul Izwar Saad','2999',NULL,'810418025235',NULL,NULL,NULL,NULL,NULL,NULL,NULL,NULL,NULL,NULL,'shafirul@mpc.gov.my','0',NULL,9,14,18,99,1,1,'2019-03-29 18:11:45','2019-03-29 18:11:45',NULL),
(268,268,1,1,'Shahidah Samsudin ','1558',NULL,'820526145858',NULL,NULL,NULL,NULL,NULL,NULL,NULL,NULL,NULL,NULL,'shahidah@mpc.gov.my','0',NULL,4,27,3,304,1,1,'2019-03-29 18:11:45','2019-03-29 18:11:45',NULL),
(269,269,1,1,'Shahriza Bahari  ','1428',NULL,'751226145016',NULL,NULL,NULL,NULL,NULL,NULL,NULL,NULL,NULL,NULL,'shahriza@mpc.gov.my','0',NULL,6,18,4,39,1,1,'2019-03-29 18:11:45','2019-03-29 18:11:45',NULL),
(270,270,1,1,'DR. SHAIK ROSLINAH BUX','1320','','630619106404','','','','',NULL,NULL,NULL,NULL,NULL,NULL,'roslinahbux@mpc.gov.my','0',NULL,4,33,6,304,1,1,'2019-04-17 04:46:27','2019-04-17 04:46:27',NULL),
(271,271,1,1,'Shanthini Tamadoram','1592',NULL,'800528145896',NULL,NULL,NULL,NULL,NULL,NULL,NULL,NULL,NULL,NULL,'shanthini@mpc.gov.my','0',NULL,6,27,3,307,1,1,'2019-03-29 18:11:45','2019-03-29 18:11:45',NULL),
(272,272,1,1,'Sharipah Mazina Syed Mohammed','1322',NULL,'660228035028',NULL,NULL,NULL,NULL,NULL,NULL,NULL,NULL,NULL,NULL,'sharipah@mpc.gov.my','0',NULL,1,19,5,79,1,1,'2019-03-29 18:11:45','2019-03-29 18:11:45',NULL),
(273,273,1,1,'Sharizal Samsudin','2978',NULL,'800809085025',NULL,NULL,NULL,NULL,NULL,NULL,NULL,NULL,NULL,NULL,'sharizal@mpc.gov.my','0',NULL,5,10,16,36,1,1,'2019-03-29 18:11:45','2019-03-29 18:11:45',NULL),
(274,274,1,1,'SHEZLINA ZAKARIA','1377','','720408025822','','','','',NULL,NULL,NULL,NULL,NULL,NULL,'shez@mpc.gov.my','0',NULL,1,33,6,79,1,1,'2019-04-17 04:46:57','2019-04-17 04:46:57',NULL),
(275,275,1,1,'Siti Aslindah Ahmad  ','3054',NULL,'830813125234',NULL,NULL,NULL,NULL,NULL,NULL,NULL,NULL,NULL,NULL,'sitiaslindah@mpc.gov.my','0',NULL,1,15,18,79,1,1,'2019-03-29 18:11:45','2019-03-29 18:11:45',NULL),
(276,276,1,1,'Siti Rahayu Md. Desa','3052',NULL,'750514075062',NULL,NULL,NULL,NULL,NULL,NULL,NULL,NULL,NULL,NULL,'rahayu@mpc.gov.my','0',NULL,5,14,19,36,1,1,'2019-03-29 18:11:45','2019-03-29 18:11:45',NULL),
(277,277,1,1,'Siti Rawaida Shariff','3076',NULL,'840604075284',NULL,NULL,NULL,NULL,NULL,NULL,NULL,NULL,NULL,NULL,'rawaida@mpc.gov.my','0',NULL,5,21,27,36,1,1,'2019-03-29 18:11:45','2019-03-29 18:11:45',NULL),
(278,278,1,1,'Siti Sakinah Mohd Zaki','1654',NULL,'890129035608',NULL,NULL,NULL,NULL,NULL,NULL,NULL,NULL,NULL,NULL,'sakinah@mpc.gov.my','0',NULL,12,27,3,255,1,1,'2019-03-29 18:11:45','2019-03-29 18:11:45',NULL),
(279,279,1,1,'Siti Salia Azizan','1562',NULL,'770502025592',NULL,NULL,NULL,NULL,NULL,NULL,NULL,NULL,NULL,NULL,'salia@mpc.gov.my','0',NULL,5,2,28,36,1,1,'2019-03-29 18:11:45','2019-03-29 18:11:45',NULL),
(280,280,1,1,'Siti Salmiah Yahaya','2135',NULL,'641101065170',NULL,NULL,NULL,NULL,NULL,NULL,NULL,NULL,NULL,NULL,'siti@mpc.gov.my','0',NULL,5,14,19,36,1,1,'2019-03-29 18:11:45','2019-03-29 18:11:45',NULL),
(281,281,1,1,'SITI SYAFIQAH AHMAD','1586','MH31045616','891122146000','A50377080','','','',NULL,NULL,NULL,'0184066193',NULL,NULL,'syafiqah@mpc.gov.my','0',NULL,3,27,3,79,1,1,'2019-06-25 21:52:33','2019-06-25 21:52:33',NULL),
(282,282,1,1,'Siti Zaharah Mohamed','3039',NULL,'860913235390',NULL,NULL,NULL,NULL,NULL,NULL,NULL,NULL,NULL,NULL,'zaharah@mpc.gov.my','0',NULL,5,6,18,36,1,1,'2019-03-29 18:11:45','2019-03-29 18:11:45',NULL),
(283,283,1,1,'Siti Zurianah Othman','1528',NULL,'780808045202',NULL,NULL,NULL,NULL,NULL,NULL,NULL,NULL,NULL,NULL,'zurianah@mpc.gov.my','0',NULL,6,27,3,39,1,1,'2019-03-29 18:11:45','2019-03-29 18:11:45',NULL),
(284,284,1,1,'SUGUMAR A/L SAMINATHAN','1353','','650711025373','','','','',NULL,NULL,NULL,NULL,NULL,NULL,'sugumar@mpc.gov.my','0',NULL,6,33,7,9,1,1,'2020-02-03 22:46:27','2020-02-03 22:46:27',NULL),
(285,285,1,1,'SUHAIMI HAMAD','1209','','610920035475','','','','',NULL,NULL,NULL,NULL,NULL,NULL,'suhaimi@mpc.gov.my','0',NULL,4,17,7,304,1,1,'2020-01-08 07:15:19','2020-01-08 07:15:19',NULL),
(286,286,1,1,'Suhaimi Robini','2988',NULL,'821006015819',NULL,NULL,NULL,NULL,NULL,NULL,NULL,NULL,NULL,NULL,'suhaimi_robini@mpc.gov.my','0',NULL,5,14,18,36,1,1,'2019-03-29 18:11:45','2019-03-29 18:11:45',NULL),
(287,287,1,1,'DR. SURIATI ZAINAL ABIDIN','1378','','720615045084','','','','',NULL,NULL,NULL,NULL,NULL,NULL,'ati@mpc.gov.my','0',NULL,6,19,5,284,1,1,'2020-02-03 22:55:21','2020-02-03 22:55:21',NULL),
(288,288,1,1,'Suzana Ismail','2941',NULL,'730505035706',NULL,NULL,NULL,NULL,NULL,NULL,NULL,NULL,NULL,NULL,'suzana@mpc.gov.my','0',NULL,2,18,4,242,1,1,'2019-03-29 18:11:45','2019-03-29 18:11:45',NULL),
(289,289,1,1,'SYAIRAH ZAIMAH SHAFIEE','3143','','860504387326','','','','',NULL,NULL,NULL,NULL,NULL,NULL,'syairah@mpc.gov.my','0',NULL,9,14,18,99,1,1,'2019-11-26 03:45:40','2019-11-26 03:45:40',NULL),
(290,290,1,1,'Syed Mohammad Fitri Syed Abdul Rahim ','2979',NULL,'780905065205',NULL,NULL,NULL,NULL,NULL,NULL,NULL,NULL,NULL,NULL,'smfitri@mpc.gov.my','0',NULL,5,24,2,36,1,1,'2019-03-29 18:11:45','2019-03-29 18:11:45',NULL),
(291,291,1,1,'SYED MOHD. AL-KHAFIEZ SHAH SYED MOHD. AZAM SHAH','2966','','800531145133','','','','',NULL,NULL,NULL,NULL,NULL,NULL,'syed@mpc.gov.my','0',NULL,5,27,3,36,1,1,'2019-09-12 02:26:36','2019-09-12 02:26:36',NULL),
(292,292,1,1,'THEA JUMINITA CHEONG KIAM','2119','','611123125392','','','','',NULL,NULL,NULL,NULL,NULL,NULL,'thea@mpc.gov.my','0',NULL,10,14,19,41,1,1,'2020-01-24 03:28:51','2020-01-24 03:28:51',NULL),
(293,293,1,1,'Umi Kalsom Osman','2082',NULL,'610102045102',NULL,NULL,NULL,NULL,NULL,NULL,NULL,NULL,NULL,NULL,'umi@mpc.gov.my','0',NULL,7,31,23,66,1,1,'2019-03-29 18:11:45','2019-03-29 18:11:45',NULL),
(294,294,1,1,'VIMALA A/P R.MUNIANDY','1567','','830708146260','','','','',NULL,NULL,NULL,'0122435208','0122435208',NULL,'vimala@mpc.gov.my','0',NULL,1,27,3,78,1,1,'2019-10-23 21:55:18','2019-10-23 21:55:18',NULL),
(295,295,1,1,'WAILA MOHD. NASIR','1381','','730621106022','','','','',NULL,NULL,NULL,NULL,NULL,NULL,'waila@mpc.gov.my','0',NULL,11,19,5,264,1,1,'2019-08-19 22:01:04','2019-08-19 22:01:04',NULL),
(296,296,1,1,'WAN FARID WAN HAMAD @ WAN AHMAD','1587','','791024105661','','C-6-20, Level 6, Block C, Masreca19','','','63200',1684,14,'+60163841467',NULL,NULL,'wanfarid@mpc.gov.my','0',NULL,3,27,3,9,1,1,'2019-09-29 01:25:44','2019-09-29 01:25:44',NULL),
(297,297,1,1,'WAN FAZLIN NADIA WAN OSMAN','1417','309836715','791126015974','','','','',NULL,NULL,NULL,'0123884464',NULL,NULL,'nadia@mpc.gov.my','0',NULL,6,17,7,9,1,1,'2020-02-03 22:46:02','2020-02-03 22:46:02',NULL),
(298,298,1,1,'Wan Khairunnisa Azmi','1569',NULL,'860225295576',NULL,NULL,NULL,NULL,NULL,NULL,NULL,NULL,NULL,NULL,'khairunnisa@mpc.gov.my','0',NULL,5,27,3,36,1,1,'2019-03-29 18:11:45','2019-03-29 18:11:45',NULL),
(299,299,1,1,'WAN NORHANI WAN KHALID','1536','','640706115164','','','','',NULL,NULL,NULL,'0196664016',NULL,NULL,'wannorhani@mpc.gov.my','0',NULL,5,4,30,36,1,1,'2019-07-08 19:49:28','2019-07-08 19:49:28',NULL),
(300,300,1,1,'WAN ROZITA HUSSAIN','2959','','770518065820','','','','',NULL,NULL,NULL,NULL,NULL,NULL,'wanrozita@mpc.gov.my','0',NULL,3,30,23,129,1,1,'2019-07-02 00:07:04','2019-07-02 00:07:04',NULL),
(301,301,1,1,'Wan Yusnaini Wan Yaacob   ','1403',NULL,'710502035534',NULL,NULL,NULL,NULL,NULL,NULL,NULL,NULL,NULL,NULL,'yusnaini@mpc.gov.my','0',NULL,7,18,4,216,1,1,'2019-03-29 18:11:45','2019-03-29 18:11:45',NULL),
(302,302,1,1,'Wan Zainulhaq Thaniah Che Haron','3091',NULL,'710129035076',NULL,NULL,NULL,NULL,NULL,NULL,NULL,NULL,NULL,NULL,'WanZainulhaq@mpc.gov.my','0',NULL,5,6,18,36,1,1,'2019-03-29 18:11:45','2019-03-29 18:11:45',NULL),
(303,303,1,1,'ZAFFRULLA BIN HUSSEIN','1379','MH31484961','691003035395','A51979816','No 17','Jalan Spektrum U16/13b','','40160',1078,14,'+60133413195','0133413195',NULL,'zaff@mpc.gov.my','0',NULL,6,19,5,307,1,1,'2019-10-19 04:49:04','2019-10-19 04:49:04',NULL),
(304,304,1,1,'ZAHID ISMAIL','1315','081875426','660320075225','','No. 35, Jalan Suadamai 11/5','Bandar Tun Hussein Onn','','43200',1201,14,'0192796198',NULL,NULL,'zahid@mpc.gov.my','0',NULL,4,17,7,9,1,1,'2020-09-12 23:51:53','2020-09-12 23:51:53',NULL),
(305,305,1,1,'Zaidah Hassan','3017',NULL,'810614065568',NULL,NULL,NULL,NULL,NULL,NULL,NULL,NULL,NULL,NULL,'zaidah@mpc.gov.my','0',NULL,6,30,22,9,1,1,'2019-03-29 18:11:45','2019-03-29 18:11:45',NULL),
(306,306,1,1,'Zaini Haron','2993',NULL,'830119105073',NULL,NULL,NULL,NULL,NULL,NULL,NULL,NULL,NULL,NULL,'zainiharon@mpc.gov.my','0',NULL,8,10,16,33,1,1,'2019-03-29 18:11:45','2019-03-29 18:11:45',NULL),
(307,307,1,1,'DATIN ZAINON BAKAR','1280','601462396','630524106620','A36811501','No 30 Jalan Tun Teja 35/2a','Alam Impian Seksyen 35','','40470',1085,14,NULL,'0351670707',NULL,'zaiba63@gmail.com','0',NULL,6,17,7,9,1,1,'2020-01-08 07:13:51','2020-01-08 07:13:51',NULL),
(308,308,1,1,'ZAINUDIN ELIAS','1296','','650322015235','','','','',NULL,NULL,NULL,NULL,NULL,NULL,'zainudine@mpc.gov.my','0',NULL,2,33,6,66,1,1,'2019-04-17 04:55:12','2019-04-17 04:55:12',NULL),
(309,309,1,1,'Zaiton Nordin','2136',NULL,'621101065316',NULL,NULL,NULL,NULL,NULL,NULL,NULL,NULL,NULL,NULL,'zainordin@mpc.gov.my','0',NULL,3,14,19,129,1,1,'2019-03-29 18:11:45','2019-03-29 18:11:45',NULL),
(310,310,1,1,'ZAKI JAAFAR','1341','314867210','670719035611','A39749933','45, Jln Bj14','Taman Balakong Jaya','','43300',1203,14,'0122694835','0389594835',NULL,'zeck@mpc.gov.my','0',NULL,6,19,5,304,1,1,'2020-01-29 01:33:40','2020-01-29 01:33:40',NULL),
(311,311,1,1,'Zawiyah Abd Manaf','3111',NULL,'871012235530',NULL,NULL,NULL,NULL,NULL,NULL,NULL,NULL,NULL,NULL,'zawiyahmanaf@mpc.gov.my','0',NULL,5,14,18,36,1,1,'2019-03-29 18:11:45','2019-03-29 18:11:45',NULL),
(312,312,1,1,'Zubir Zainuddin','2283',NULL,'720327055077',NULL,NULL,NULL,NULL,NULL,NULL,NULL,NULL,NULL,NULL,'zack@mpc.gov.my','0',NULL,5,10,16,36,1,1,'2019-03-29 18:11:45','2019-03-29 18:11:45',NULL),
(313,313,1,1,'Zul Ezwan Muhamad','1511',NULL,'810122015257',NULL,NULL,NULL,NULL,NULL,NULL,NULL,NULL,NULL,NULL,'zulezwan@mpc.gov.my','0',NULL,12,27,3,255,1,1,'2019-03-29 18:11:45','2019-03-29 18:11:45',NULL),
(314,314,1,1,'ZULAIFAH OMAR','1307','','631016015006','','','','',NULL,NULL,NULL,NULL,NULL,NULL,'xue@mpc.gov.my','0',NULL,4,33,6,304,1,1,'2019-04-17 04:48:34','2019-04-17 04:48:34',NULL),
(315,315,1,1,'Zunaidah Awang Nawi','2972',NULL,'820911035882',NULL,NULL,NULL,NULL,NULL,NULL,NULL,NULL,NULL,NULL,'zunaidah@mpc.gov.my','0',NULL,5,14,19,36,1,1,'2019-03-29 18:11:45','2019-03-29 18:11:45',NULL),
(316,316,1,1,'Zuraidi Zainol   ','1500',NULL,'830428095219',NULL,NULL,NULL,NULL,NULL,NULL,NULL,NULL,NULL,NULL,'zuraidi@mpc.gov.my','0',NULL,5,18,4,36,1,1,'2019-03-29 18:11:45','2019-03-29 18:11:45',NULL),
(317,317,1,1,'ZURAINI SUBKI','1658','','820829035744','','','','',NULL,NULL,NULL,NULL,NULL,NULL,'zuraini@mpc.gov.my','0',NULL,11,27,3,264,1,1,'2019-08-19 20:58:49','2019-08-19 20:58:49',NULL),
(318,318,1,1,'Zurianti Nor Azian Mohd. Nafi','3148',NULL,'880229065872',NULL,NULL,NULL,NULL,NULL,NULL,NULL,NULL,NULL,NULL,'zurianti@mpc.gov.my','0',NULL,5,14,18,36,1,1,'2019-03-29 18:11:45','2019-03-29 18:11:45',NULL),
(319,319,1,1,'ABDUL RAHMAN KAMIS','1699','','911019085241','','','','',NULL,NULL,NULL,'0133693243',NULL,NULL,'arahman@mpc.gov.my','0',NULL,4,27,3,304,1,1,'2019-04-18 03:41:51','2019-04-18 03:41:51',NULL),
(320,320,1,1,'Aimi Zahira Azami','3154',NULL,'891008026064',NULL,NULL,NULL,NULL,NULL,NULL,NULL,NULL,NULL,NULL,'aimizahira@mpc.gov.my','0',NULL,8,14,18,33,1,1,'2019-03-29 18:11:45','2019-03-29 18:11:45',NULL),
(321,321,1,1,'Anis Syafiqah Ayob','3161',NULL,'910208095030',NULL,NULL,NULL,NULL,NULL,NULL,NULL,NULL,NULL,NULL,'anissyafiqah@mpc.gov.my','0',NULL,7,27,3,66,1,1,'2019-03-29 18:11:45','2019-03-29 18:11:45',NULL),
(322,322,1,1,'Jerrecy Elsie P. Tojipun','3099',NULL,'841208125352',NULL,NULL,NULL,NULL,NULL,NULL,NULL,NULL,NULL,NULL,'jerrecy@mpc.gov.my','0',NULL,10,14,18,72,1,1,'2019-03-29 18:11:45','2019-03-29 18:11:45',NULL),
(323,323,1,1,'Mohamad Amirul Arif Sahimi','3128',NULL,'910408036123',NULL,NULL,NULL,NULL,NULL,NULL,NULL,NULL,NULL,NULL,'mohamad@mpc.gov.my','0',NULL,8,14,18,33,1,1,'2019-03-29 18:11:45','2019-03-29 18:11:45',NULL),
(324,324,1,1,'Mohammad Fadzrul Faridz Hazni','1678',NULL,'930527045223',NULL,NULL,NULL,NULL,NULL,NULL,NULL,NULL,NULL,NULL,'mfadzrul@mpc.gov.my','0',NULL,5,27,3,36,1,1,'2019-03-29 18:11:45','2019-03-29 18:11:45',NULL),
(325,325,1,1,'Mohd Aizuddin Noor Azman','1674',NULL,'890129085541',NULL,NULL,NULL,NULL,NULL,NULL,NULL,NULL,NULL,NULL,'aizuddin@mpc.gov.my','0',NULL,6,27,3,9,1,1,'2019-03-29 18:11:45','2019-03-29 18:11:45',NULL),
(326,326,1,1,'MOHD MUJAHID MOHD YUSOFF','1662','','900521036193','','','','',NULL,NULL,NULL,'0194490379',NULL,NULL,'mujahid@mpc.gov.my','0',NULL,7,27,3,216,1,1,'2020-02-06 14:16:04','2020-02-06 14:16:04',NULL),
(327,327,1,1,'Muhammad Adib Fitrie Mukhtar','1676',NULL,'910416036107',NULL,NULL,NULL,NULL,NULL,NULL,NULL,NULL,NULL,NULL,'adibfitrie@mpc.gov.my','0',NULL,4,27,3,285,1,1,'2019-03-29 18:11:45','2019-03-29 18:11:45',NULL),
(328,328,1,1,'Muhammad Azrull Nazreen','1683',NULL,'940822015325',NULL,NULL,NULL,NULL,NULL,NULL,NULL,NULL,NULL,NULL,'azrullnazreen@mpc.gov.my','0',NULL,4,27,3,304,1,1,'2019-03-29 18:11:45','2019-03-29 18:11:45',NULL),
(329,329,1,1,'Muhammad Firdaus Yahya','1693',NULL,'940723015733',NULL,NULL,NULL,NULL,NULL,NULL,NULL,NULL,NULL,NULL,'firdaus@mpc.gov.my','0',NULL,4,27,3,304,1,1,'2019-03-29 18:11:45','2019-03-29 18:11:45',NULL),
(330,330,1,1,'MUHAMMAD HANIF CHE WAN NAMAN','1685','323906332','950913035929','','','','',NULL,NULL,NULL,'0194707856',NULL,NULL,'hanif@mpc.gov.my','0',NULL,6,27,3,39,1,1,'2019-04-18 04:29:31','2019-04-18 04:29:31',NULL),
(331,331,1,1,'Muhammad Imazakwan Abdul Razak','1696',NULL,'930213145205',NULL,NULL,NULL,NULL,NULL,NULL,NULL,NULL,NULL,NULL,'imazakwan@mpc.gov.my','0',NULL,2,27,3,242,1,1,'2019-03-29 18:11:45','2019-03-29 18:11:45',NULL),
(332,332,1,1,'Muhammad Zarul Naim Zul Haddi','1677',NULL,'941218085225',NULL,NULL,NULL,NULL,NULL,NULL,NULL,NULL,NULL,NULL,'zarulnaim@mpc.gov.my','0',NULL,6,27,3,9,1,1,'2019-03-29 18:11:45','2019-03-29 18:11:45',NULL),
(333,333,1,1,'Munira Abd Razak','3150',NULL,'821219105244',NULL,NULL,NULL,NULL,NULL,NULL,NULL,NULL,NULL,NULL,'muniraabd@mpc.gov.my','0',NULL,12,14,18,255,1,1,'2019-03-29 18:11:45','2019-03-29 18:11:45',NULL),
(334,334,1,1,'Nadiah Jamal','1668',NULL,'930416105414',NULL,NULL,NULL,NULL,NULL,NULL,NULL,NULL,NULL,NULL,'nadiah@mpc.gov.my','0',NULL,6,27,3,9,1,1,'2019-03-29 18:11:45','2019-03-29 18:11:45',NULL),
(335,335,1,1,'Naratul Nurhaniza Rusli','3169',NULL,'940209146298',NULL,NULL,NULL,NULL,NULL,NULL,NULL,NULL,NULL,NULL,'naratul@mpc.gov.my','0',NULL,5,14,18,36,1,1,'2019-03-29 18:11:45','2019-03-29 18:11:45',NULL),
(336,336,1,1,'Nasuha Misri','1671',NULL,'930827016256',NULL,NULL,NULL,NULL,NULL,NULL,NULL,NULL,NULL,NULL,'nasuha@mpc.gov.my','0',NULL,6,27,3,9,1,1,'2019-03-29 18:11:45','2019-03-29 18:11:45',NULL),
(337,337,1,1,'NIK HANEEZ AMIZAN NIK ROSDI','1661','328214633','920718895010','A51451598','B-4-1, Fairville Apartment,','Jalan Usj 22/1, Usj 21,','','47630',1325,14,'+60197181804',NULL,NULL,'nikhaneez@mpc.gov.my','0',NULL,1,27,3,79,1,1,'2019-07-09 02:17:29','2019-07-09 02:17:29',NULL),
(338,338,1,1,'Noorazlin Mohd Nasir','1695',NULL,'930103085678',NULL,NULL,NULL,NULL,NULL,NULL,NULL,NULL,NULL,NULL,'noorazlin@mpc.gov.my','0',NULL,6,27,3,9,1,1,'2019-03-29 18:11:45','2019-03-29 18:11:45',NULL),
(339,339,1,1,'Nur Asyikin Setapa','1670',NULL,'920609035740',NULL,NULL,NULL,NULL,NULL,NULL,NULL,NULL,NULL,NULL,'nurasyikin@mpc.gov.my','0',NULL,6,27,3,9,1,1,'2019-03-29 18:11:45','2019-03-29 18:11:45',NULL),
(340,340,1,1,'Nur Farhana Zaibidi','3168',NULL,'871216015126',NULL,NULL,NULL,NULL,NULL,NULL,NULL,NULL,NULL,NULL,'nurfarhana@mpc.gov.my','0',NULL,5,14,18,36,1,1,'2019-03-29 18:11:45','2019-03-29 18:11:45',NULL),
(341,341,1,1,'Nurain Syafiqah Norazman','1692',NULL,'930624016096',NULL,NULL,NULL,NULL,NULL,NULL,NULL,NULL,NULL,NULL,'nurainsyafiqah@mpc.gov.my','0',NULL,5,27,3,36,1,1,'2019-03-29 18:11:45','2019-03-29 18:11:45',NULL),
(342,342,1,1,'Nurezyan Sofea Zairul Mujahidin','1700',NULL,'940312015130',NULL,NULL,NULL,NULL,NULL,NULL,NULL,NULL,NULL,NULL,'nurezyansofea@mpc.gov.my','0',NULL,4,27,3,304,1,1,'2019-03-29 18:11:45','2019-03-29 18:11:45',NULL),
(343,343,1,1,'NURFARIHA AHMAD','1698','','951130136162','','','','',NULL,NULL,NULL,NULL,NULL,NULL,'nurfariha@mpc.gov.my','0',NULL,10,27,3,41,1,1,'2020-01-11 04:24:37','2020-01-11 04:24:37',NULL),
(344,344,1,1,'Nurul Husna Abdul Rashid','1690',NULL,'920422086556',NULL,NULL,NULL,NULL,NULL,NULL,NULL,NULL,NULL,NULL,'nurulhusna@mpc.gov.my','0',NULL,7,27,3,242,1,1,'2019-03-29 18:11:45','2019-03-29 18:11:45',NULL),
(345,345,1,1,'Rabiatul Adawiyah Arzahar','3164',NULL,'970504145308',NULL,NULL,NULL,NULL,NULL,NULL,NULL,NULL,NULL,NULL,'rabiatuladawiyah@mpc.gov.my','0',NULL,2,14,18,242,1,1,'2019-03-29 18:11:45','2019-03-29 18:11:45',NULL),
(346,346,1,1,'Rozainy Elyza Rosli','1667',NULL,'940817146750',NULL,NULL,NULL,NULL,NULL,NULL,NULL,NULL,NULL,NULL,'rozainy@mpc.gov.my','0',NULL,3,27,3,129,1,1,'2019-03-29 18:11:45','2019-03-29 18:11:45',NULL),
(347,347,1,1,'SHAZYMIN MAZLAN','3163','','930205075796','','','','',NULL,NULL,NULL,NULL,NULL,NULL,'shazymin@mpc.gov.my','0',NULL,9,14,18,99,1,1,'2019-04-16 20:19:18','2019-04-16 20:19:18',NULL),
(348,348,1,1,'Siti Hajar Ismail','1686',NULL,'930122085702',NULL,NULL,NULL,NULL,NULL,NULL,NULL,NULL,NULL,NULL,'sitihajar@mpc.gov.my','0',NULL,4,27,3,304,1,1,'2019-03-29 18:11:45','2019-03-29 18:11:45',NULL),
(349,349,1,1,'SITI NUR SYUHAIDA MOHD SALLEH','1705','329581873','960416115070','','Jalan Loji Air','Kampung Bukit Bunga','','22010',621,16,'01119773745',NULL,NULL,'syuhaidasalleh96@gmail.com','0',NULL,6,27,3,9,1,1,'2019-10-26 01:16:57','2019-10-26 01:16:57',NULL),
(350,350,1,1,'Siti Nuraini Ab Halim','3167',NULL,'921013065046',NULL,NULL,NULL,NULL,NULL,NULL,NULL,NULL,NULL,NULL,'sitinuraini@mpc.gov.my','0',NULL,5,21,27,36,1,1,'2019-03-29 18:11:45','2019-03-29 18:11:45',NULL),
(351,351,1,1,'SITI ROHANA RUBAIDI','1666','','910516106408','','','','',NULL,NULL,NULL,'0192313877',NULL,NULL,'rohana@mpc.gov.my','0',NULL,6,27,3,307,1,1,'2019-08-05 22:39:15','2019-08-05 22:39:15',NULL),
(352,352,1,1,'SITI ZAHARAH IBRAHIM','1702','','830226045192','','','','',NULL,NULL,NULL,'0129710691','0129710691',NULL,'szaharah@mpc.gov.my','0',NULL,6,27,3,78,1,1,'2019-12-04 00:38:42','2019-12-04 00:38:42',NULL),
(353,353,1,1,'Syed Izzat Emir Syed Ahmad Razali','1691',NULL,'940405105629',NULL,NULL,NULL,NULL,NULL,NULL,NULL,NULL,NULL,NULL,'syedizzat@mpc.gov.my','0',NULL,6,27,3,9,1,1,'2019-03-29 18:11:45','2019-03-29 18:11:45',NULL),
(354,354,1,1,'UMMU ‘AMMARAH BASYIRAH HASHIM','1687','','940826017328','','','','',NULL,NULL,NULL,'01139237530',NULL,NULL,'ummu@mpc.gov.my','0',NULL,5,27,3,36,1,1,'2019-04-15 23:29:20','2019-04-15 23:29:20',NULL),
(516,355,1,1,'AHMAD SYAFIE BIN IDRIS','4545','5317','860716335317','','','','','43100',1200,14,'0176223554',NULL,NULL,'syafiqidrus@gmail.com','0',NULL,6,34,31,356,1,1,'2019-04-01 00:51:28','2019-04-01 00:51:28',NULL),
(517,356,1,1,'NORAIZAM BIN BADRON','5937','5937','740102015937','','Test','','',NULL,NULL,NULL,'01766727272','01887777777',NULL,'mpcflightsystem@gmail.com','0',NULL,6,33,5,39,1,1,'2019-04-01 01:08:26','2019-03-31 21:10:29',NULL),
(518,357,1,1,'MUHAMMAD FATHI BIN MD TAIB','01713','','9106070950','','','','',NULL,NULL,NULL,'0194230231',NULL,NULL,'fathi@mpc.gov.my','0',NULL,6,27,3,39,1,1,'2019-04-18 04:39:26','2019-04-18 04:39:26',NULL),
(519,358,1,1,'MOHAMED AMIRUL ZAFAREN MOHAMED ZAKIR','01717','','9409041463','','','','',NULL,NULL,NULL,'0132343906',NULL,NULL,'zafaren@mpc.gov.my','0',NULL,6,27,3,39,1,1,'2019-04-18 04:47:51','2019-04-18 04:47:51',NULL),
(520,359,1,1,'MOHD NOOR AZRIN BIN ADNAN','1723','327160164','871129035559','','','','',NULL,NULL,NULL,'0172728290',NULL,NULL,'azrin@mpc.gov.my','0',NULL,6,27,3,39,1,1,'2020-01-08 13:47:33','2020-01-08 13:47:33',NULL),
(521,360,1,1,'AZIRAH BT MOHD','01719','','940610115324','','','','',NULL,NULL,NULL,'01161036364',NULL,NULL,'azirah@mpc.gov.my','0',NULL,4,27,3,304,1,1,'2019-04-22 20:16:25','2019-04-22 20:16:25',NULL),
(522,361,1,1,'NUR ILINA BINTI ROSLI','01729','','940603146456','','','','',NULL,NULL,NULL,'0133101770',NULL,NULL,'nurilina@mpc.gov.my','0',NULL,4,27,3,304,1,1,'2019-04-25 01:56:56','2019-04-25 01:56:56',NULL),
(523,362,1,1,'NOOR IDDEANNA BINTI IDRIS','1718','','950806146236','','No.2 Jalan Sp2/15','Taman Subang Perdana','','40150',1077,14,'0132232452',NULL,NULL,'iddeanna@mpc.gov.my','0',NULL,6,27,3,39,1,1,'2019-05-03 03:35:10','2019-05-03 03:35:10',NULL),
(524,363,1,1,'AMIRUL HAIZAD BIN REDZWAN','01716','','940109015151','','','','',NULL,NULL,NULL,'0196963517',NULL,NULL,'haizad@mpc.gov.my','0',NULL,4,27,3,304,1,1,'2019-05-21 20:43:57','2019-05-21 20:43:57',NULL),
(525,364,1,1,'NOR AZZATUL AKMARISHA BINTI SERJALI','01724','','940801086140','','','','',NULL,NULL,NULL,NULL,NULL,NULL,'azzatul@mpc.gov.my','0',NULL,3,27,3,129,1,1,'2019-05-27 23:13:16','2019-05-27 23:13:16',NULL),
(526,365,1,1,'NURUL NADIA BINTI ABDUL PATAH','01730','','950526145298','','','','',NULL,NULL,NULL,NULL,NULL,NULL,'nuruln@mpc.gov.my','0',NULL,4,27,3,304,1,1,'2019-06-12 21:38:57','2019-06-12 21:38:57',NULL),
(527,366,1,1,'MAHZAR REZZA BIN ITHNIN','01733','308201633','860306335779','','','','',NULL,NULL,NULL,'0122447148',NULL,NULL,'mahzar@mpc.gov.my','0',NULL,6,27,3,78,1,1,'2019-11-15 21:59:46','2019-11-15 21:59:46',NULL),
(528,367,1,1,'NURRUL NUR AISYAH HAMRAN','01734','309714963','950829135206','','','','',NULL,NULL,NULL,'0109609108',NULL,NULL,'nurrul@mpc.gov.my','0',NULL,6,27,3,39,1,1,'2020-01-29 06:05:00','2020-01-29 06:05:00',NULL),
(529,368,1,1,'NORLIYANA BINTI MOHD SHAMSUDDIN','01731','','920812105660','','','','',NULL,NULL,NULL,'0132240240',NULL,NULL,'norliyanas@mpc.gov.my','0',NULL,6,27,3,307,1,1,'2019-07-02 21:19:42','2019-07-02 21:19:42',NULL),
(530,369,1,1,'NIK NUR ATIQAH BINTI SAIDI','01710','328242110','920916035644','','','','',NULL,NULL,NULL,'0192413700',NULL,NULL,'niknuratiqah@mpc.gov.my','0',NULL,6,27,3,39,1,1,'2019-11-15 00:08:33','2019-11-15 00:08:33',NULL),
(531,370,1,1,'SARAH AFIQAH BINTI KAMARUZAMAN','01737','328313215','970218145040','','','','',NULL,NULL,NULL,'0174746234',NULL,NULL,'sarah@mpc.gov.my','0',NULL,6,27,3,78,1,1,'2019-07-25 22:56:45','2019-07-25 22:56:45',NULL),
(532,371,1,1,'NURUL AZNEE BT ABDUL AZIZ','01736','','930505106566','','','','',NULL,NULL,NULL,'0182354569',NULL,NULL,'aznee@mpc.gov.my','0',NULL,6,27,3,78,1,1,'2019-07-22 23:40:43','2019-07-22 23:40:43',NULL),
(533,372,1,1,'NUR AISYA AIDA BINTI KHAIRUL SALLEH','01742','','960623105318','','','','',NULL,NULL,NULL,'0127889096',NULL,NULL,'nuraisya@mpc.gov.my','0',NULL,6,27,3,78,1,1,'2019-07-26 03:31:17','2019-07-26 03:31:17',NULL),
(534,373,1,1,'ANIS UMAIRAH BINTI JASNI','01732','','941212065370','','','','',NULL,NULL,NULL,'0174134703',NULL,NULL,'anisumairah@mpc.gov.my','0',NULL,4,27,3,304,1,1,'2019-07-30 03:06:39','2019-07-30 03:06:39',NULL),
(535,374,1,1,'NORNADIA BINTI OMAR','01722','','910330036544','','','','',NULL,NULL,NULL,'0145281834',NULL,NULL,'nornadia@mpc.gov.my','0',NULL,4,27,3,285,1,1,'2019-08-26 20:30:02','2019-08-26 20:30:02',NULL),
(536,375,1,1,'MOHD AFIQ BIN MOHD ADNAN','03160','','890219136111','','','','',NULL,NULL,NULL,'0174478129',NULL,NULL,'mohdafiqn@mpc.gov.my','0',NULL,12,10,16,255,1,1,'2019-08-29 03:37:45','2019-08-29 03:37:45',NULL),
(537,376,1,1,'NANCY ANAK JOAN','01744','','950124136348','','','','',NULL,NULL,NULL,'0199773615',NULL,NULL,'nancy@mpc.gov.my','0',NULL,6,27,3,39,1,1,'2019-09-23 23:40:03','2019-09-23 23:40:03',NULL),
(538,377,1,1,'YOGESVARI A/P SAMBASEVAM','01741','','910210025912','','','','',NULL,NULL,NULL,'0164696181',NULL,NULL,'yogesvari@mpc.gov.my','0',NULL,6,27,3,78,1,1,'2019-10-07 22:51:06','2019-10-07 22:51:06',NULL),
(539,378,1,1,'NIK NUR MAISARAH NIK SOH','01712','','951224035354','','','','',NULL,NULL,NULL,NULL,NULL,NULL,'niknur@mpc.gov.my','0',NULL,1,27,3,79,1,1,'2019-10-07 23:06:12','2019-10-07 23:06:12',NULL),
(540,379,1,1,'NIK ZARITH ELIDA BINTI NIK RAMLI','01745','','950406035924','','','','',NULL,NULL,NULL,'0142523882',NULL,NULL,'nikzarith@mpc.gov.my','0',NULL,6,27,3,39,1,1,'2019-10-15 20:46:24','2019-10-15 20:46:24',NULL),
(541,380,1,1,'MOHD SYAMAEL BIN MOHD NASIR','01738','','931007015295','','','','',NULL,NULL,NULL,'0104345834',NULL,NULL,'syamaelr@mpc.gov.my','0',NULL,6,27,3,78,1,1,'2019-11-19 02:18:05','2019-11-19 02:18:05',NULL),
(542,381,1,1,'AISYAH BINTI ISMAIL','01727','','940502115546','','','','',NULL,NULL,NULL,'0194576246',NULL,NULL,'aisyah@mpc.gov.my','0',NULL,6,27,3,39,1,1,'2020-01-28 21:35:43','2020-01-28 21:35:43',NULL);

