CREATE TABLE `ref_akademik` (
  `akademik_id` int(11) NOT NULL AUTO_INCREMENT,
  `akademik_desc` varchar(200) NOT NULL,
  `is_active` char(1) NOT NULL DEFAULT '1',
  `created_by` int(11) DEFAULT NULL,
  `updated_by` int(11) DEFAULT NULL,
  `created_at` timestamp NULL DEFAULT NULL,
  `updated_at` timestamp NULL DEFAULT CURRENT_TIMESTAMP,
  `deleted_at` timestamp NULL DEFAULT NULL,
  PRIMARY KEY (`akademik_id`),
  KEY `idx_academic_createdby` (`created_by`),
  KEY `idx_academic_updatedby` (`updated_by`)
) ENGINE=InnoDB DEFAULT CHARSET=latin1;

INSERT INTO `ref_akademik` (`akademik_id`, `akademik_desc`, `is_active`, `created_by`, `updated_by`, `created_at`, `updated_at`, `deleted_at`) VALUES
(1,	'PHD SARJANA',	'1',	2,	2,	'2021-03-19 13:35:24',	'2021-03-19 13:35:24',	NULL),
(2,	'MASTER',	'1',	2,	2,	'2021-03-19 13:35:24',	'2021-03-19 13:35:24',	NULL),
(3,	'SARJANA MUDA',	'1',	2,	2,	'2021-03-19 13:35:24',	'2021-03-19 13:35:24',	NULL),
(4,	'DIPLOMA',	'1',	2,	2,	'2021-03-19 13:35:24',	'2021-03-19 13:35:24',	NULL),
(5,	'SIJIL',	'1',	2,	2,	'2021-03-19 13:35:24',	'2021-03-19 13:35:24',	NULL),
(6,	'SPM',	'1',	2,	2,	'2021-05-31 04:18:32',	'2021-05-31 04:18:35',	NULL);

CREATE TABLE `ref_alasan` (
  `alasan_id` int(11) NOT NULL AUTO_INCREMENT,
  `alasan_desc` varchar(300) NOT NULL,
  `is_active` char(1) NOT NULL DEFAULT '1',
  `created_at` timestamp NULL DEFAULT NULL,
  `updated_at` timestamp NOT NULL DEFAULT CURRENT_TIMESTAMP,
  `deleted_at` timestamp NULL DEFAULT NULL,
  PRIMARY KEY (`alasan_id`)
) ENGINE=InnoDB DEFAULT CHARSET=latin1;

INSERT INTO `ref_alasan` (`alasan_id`, `alasan_desc`, `is_active`, `created_at`, `updated_at`, `deleted_at`) VALUES
(1,	'Cuti Rehat',	'0',	'2018-12-01 00:04:36',	'2018-12-01 00:04:36',	'2019-01-13 18:52:31'),
(2,	'Cuti Sakit',	'0',	'2018-12-01 00:04:36',	'2018-12-01 00:04:36',	'2019-01-13 18:52:46'),
(3,	'Menghadiri Mesyuarat',	'0',	'2018-12-01 00:04:36',	'2018-12-01 00:04:36',	'2019-01-13 18:59:28'),
(4,	'Kerja Lebih Masa',	'0',	'2018-12-01 00:04:36',	'2018-12-01 00:04:36',	'2019-01-13 18:54:14'),
(5,	'Cuti Bersalin',	'0',	'2018-12-01 00:04:36',	'2018-12-01 00:04:36',	'2019-01-13 18:52:59'),
(6,	'Menghadiri Kursus',	'0',	'2018-12-01 00:04:36',	'2018-12-01 00:04:36',	'2019-01-13 18:59:10'),
(7,	'Tersalah Punch',	'0',	'2018-12-01 00:04:36',	'2018-12-01 00:04:36',	'2019-01-13 18:58:31'),
(8,	'Cuti Tanpa Rekod',	'1',	'2018-12-01 00:04:37',	'2018-12-01 00:04:37',	'2019-01-13 18:55:00'),
(9,	'Cuti Tanpa Gaji',	'0',	'2018-12-01 00:04:37',	'2018-12-01 00:04:37',	'2019-01-13 18:53:39'),
(10,	'Mesy. Sasaran Kerja Tahunan',	'1',	'2018-12-01 00:04:37',	'2018-12-01 00:04:37',	'2019-01-13 18:53:12'),
(11,	'Alasan Lewat Diterima',	'1',	'2018-12-01 00:04:37',	'2018-12-01 00:04:37',	NULL),
(12,	'Pelepasan Waktu Bertugas',	'1',	'2018-12-01 00:04:37',	'2018-12-01 00:04:37',	'2019-01-13 18:59:21'),
(13,	'Cuti Kecemasan',	'1',	'2018-12-01 00:04:37',	'2018-12-01 00:04:37',	'2019-01-13 18:53:51'),
(14,	'Cuti Tahunan',	'1',	'2018-12-01 00:04:37',	'2018-12-01 00:04:37',	'2019-01-13 18:54:26'),
(15,	'Cuti Isteri Bersalin',	'1',	'2018-12-01 00:04:37',	'2018-12-01 00:04:37',	'2019-01-13 18:54:00'),
(16,	'Alasan Pulang Awal Diterima',	'1',	'2018-12-01 00:04:37',	'2018-12-01 00:04:37',	NULL),
(17,	'Alasan Tidak Lengkap',	'1',	'2019-01-14 02:58:50',	'2019-01-14 02:58:50',	NULL);

CREATE TABLE `ref_allocation` (
  `allocation_id` int(11) NOT NULL AUTO_INCREMENT,
  `allocation_code` char(10) DEFAULT NULL,
  `allocation_desc` varchar(255) DEFAULT NULL,
  `running_no` int(11) NOT NULL DEFAULT '0',
  `created_by` int(11) DEFAULT NULL,
  `updated_by` int(11) DEFAULT NULL,
  `created_at` timestamp NULL DEFAULT NULL,
  `updated_at` timestamp NOT NULL DEFAULT CURRENT_TIMESTAMP,
  `deleted_at` timestamp NULL DEFAULT NULL,
  PRIMARY KEY (`allocation_id`)
) ENGINE=InnoDB DEFAULT CHARSET=latin1;

INSERT INTO `ref_allocation` (`allocation_id`, `allocation_code`, `allocation_desc`, `running_no`, `created_by`, `updated_by`, `created_at`, `updated_at`, `deleted_at`) VALUES
(1,	'M',	'OPERASI',	1,	2,	46,	'2019-03-21 19:41:34',	'2019-04-11 20:19:11',	NULL),
(2,	'P',	'PEMBANGUNAN',	0,	2,	46,	'2019-03-21 19:41:45',	'2019-04-11 20:54:00',	NULL);

CREATE TABLE `ref_asset` (
  `asset_id` int(11) NOT NULL AUTO_INCREMENT,
  `asset_category` int(11) DEFAULT '0' COMMENT '0-bukan alih, 1-alih',
  `asset_code` varchar(50) DEFAULT NULL,
  `asset_desc` varchar(255) DEFAULT NULL,
  `created_by` int(11) DEFAULT NULL,
  `updated_by` int(11) DEFAULT NULL,
  `created_at` timestamp NULL DEFAULT NULL,
  `updated_at` timestamp NOT NULL DEFAULT CURRENT_TIMESTAMP,
  `deleted_at` timestamp NULL DEFAULT NULL,
  PRIMARY KEY (`asset_id`),
  KEY `idx_refasset_createdby` (`created_by`),
  KEY `idx_refasset_updatedby` (`updated_by`),
  KEY `idx_refasset_category` (`asset_category`),
  KEY `idx_refasset_code` (`asset_code`)
) ENGINE=InnoDB DEFAULT CHARSET=latin1;

INSERT INTO `ref_asset` (`asset_id`, `asset_category`, `asset_code`, `asset_desc`, `created_by`, `updated_by`, `created_at`, `updated_at`, `deleted_at`) VALUES
(1,	0,	'P22100',	'Pengangkutan Barang-barang Untuk Kakitangan Awam Dalam Negeri',	2,	2,	'2021-02-03 15:57:12',	'2021-02-03 16:23:29',	NULL),
(2,	0,	'P22102',	'ELAUN PINDAHAN',	2,	2,	'2021-02-03 15:58:11',	'2021-02-03 16:50:00',	NULL),
(3,	0,	'P22700\r\n',	'Pengangkutan  Barang- barang Pejabat\r\n',	2,	2,	'2021-02-03 15:58:21',	'2021-02-03 16:23:29',	NULL),
(4,	0,	'P23100\r\n',	'Perhubungan \r\n',	2,	2,	'2021-02-03 15:58:31',	'2021-02-03 16:23:29',	NULL),
(5,	0,	'P23200\r\n',	'Utiliti\r\n',	2,	2,	'2021-02-03 15:58:41',	'2021-02-03 16:23:29',	NULL),
(6,	0,	'P24200\r\n',	'Sewa Bangunan\r\n',	2,	2,	'2021-02-03 15:58:51',	'2021-02-03 16:23:29',	NULL),
(7,	0,	'P24500\r\n',	'Sewa Alat Kelengkapan Pejabat, Perabot dan Lengkapan\r\n',	2,	2,	'2021-02-03 15:59:02',	'2021-02-03 16:23:29',	NULL),
(8,	0,	'P26100\r\n',	'Alat - alat Ganti\r\n',	2,	2,	'2021-02-03 15:59:12',	'2021-02-03 16:23:29',	NULL),
(9,	0,	'P26200\r\n',	'Petroleum, Bahan-bahan Keluaran Petroleum dan Bahan Pembakar\r\n',	2,	2,	'2021-02-03 15:59:25',	'2021-02-03 16:23:29',	NULL),
(10,	0,	'P27100\r\n',	'Bekalan Pejabat\r\n',	2,	2,	'2021-02-03 15:59:35',	'2021-02-03 16:23:29',	NULL),
(11,	0,	'P27300\r\n',	'Bekalan Riadah\r\n',	2,	2,	'2021-02-03 15:59:46',	'2021-02-03 16:23:29',	NULL),
(12,	0,	'P27500\r\n',	'Bekalan dan Bahan Fotografi\r\n',	2,	2,	'2021-02-03 15:59:59',	'2021-02-03 16:23:29',	NULL),
(13,	0,	'P27600\r\n',	'Bahan Tenunan Dan Barang - barang Pakaian\r\n',	2,	2,	'2021-02-03 16:00:17',	'2021-02-03 16:23:29',	NULL),
(14,	0,	'P28100\r\n',	'Penyelenggaraan Bangunan \r\n',	2,	2,	'2021-02-03 16:00:27',	'2021-02-03 16:23:29',	NULL),
(15,	0,	'P28200\r\n',	'Penyelenggaraan Alat Kelengkapan Pejabat, Perabot dan Lengkapan\r\n',	2,	2,	'2021-02-03 16:00:38',	'2021-02-03 16:23:29',	NULL),
(16,	0,	'P28300\r\n',	'Penyelenggaraan Alat Kelengkapan Mesin\r\n',	2,	2,	'2021-02-03 16:00:51',	'2021-02-03 16:23:29',	NULL),
(17,	0,	'P28400\r\n',	'Penyelenggaraan Alat Kelengkapan Komputer dan Letronik\r\n',	2,	2,	'2021-02-03 16:01:05',	'2021-02-03 16:23:29',	NULL),
(18,	0,	'P28500\r\n',	'Penyelenggaraan Alat Kelengkapan Elektrik\r\n',	2,	2,	'2021-02-03 16:01:15',	'2021-02-03 16:23:29',	NULL),
(19,	0,	'P28600\r\n',	'Penyelenggaraan Alat Kelengkapan Penyiaran dan Perhubungan\r\n',	2,	2,	'2021-02-03 16:01:25',	'2021-02-03 16:23:29',	NULL),
(20,	0,	'P28700\r\n',	'Penyelenggaraan Kenderaan\r\n',	2,	2,	'2021-02-03 16:01:37',	'2021-02-03 16:23:29',	NULL),
(21,	0,	'P28900\r\n',	'Penyelenggaraan Aset - aset Lain\r\n',	2,	2,	'2021-02-03 16:01:53',	'2021-02-03 16:23:29',	NULL),
(22,	0,	'P29100\r\n',	'Perkhidmatan Yang Dibeli\r\n',	2,	2,	'2021-02-03 16:02:05',	'2021-02-03 16:23:29',	NULL),
(23,	0,	'P29200\r\n',	'Perkhidmatan Percetakan dan Menjilid Yang Dibeli\r\n',	2,	2,	'2021-02-03 16:02:20',	'2021-02-03 16:23:29',	NULL),
(24,	0,	'P29300\r\n',	'Bayaran Pekerja Sementara dan Sambilan \r\n',	2,	2,	'2021-02-03 16:02:30',	'2021-02-03 16:23:29',	NULL),
(25,	0,	'P29400\r\n',	'Keraian, Hospitaliti dan Honorarium\r\n',	2,	2,	'2021-02-03 16:02:40',	'2021-02-03 16:23:29',	NULL),
(26,	0,	'P42800\r\n',	'Pemberian Badan Berkanun\r\n',	2,	2,	'2021-02-03 16:02:50',	'2021-02-03 16:23:29',	NULL);

CREATE TABLE `ref_asset_type` (
  `asset_type_id` int(11) NOT NULL AUTO_INCREMENT,
  `asset_id` int(11) DEFAULT NULL,
  `asset_category` int(11) DEFAULT NULL,
  `asset_desc` varchar(100) DEFAULT NULL,
  `asset_type_code` varchar(50) DEFAULT NULL,
  `asset_type_desc` varchar(255) DEFAULT NULL,
  `created_by` int(11) DEFAULT NULL,
  `updated_by` int(11) DEFAULT NULL,
  `created_at` timestamp NULL DEFAULT NULL,
  `updated_at` timestamp NOT NULL DEFAULT CURRENT_TIMESTAMP,
  `deleted_at` timestamp NULL DEFAULT NULL,
  PRIMARY KEY (`asset_type_id`),
  KEY `idx_refassettype_assetid` (`asset_id`),
  KEY `idx_refassettype_createdby` (`created_by`),
  KEY `idx_refassettype_updatedby` (`updated_by`),
  KEY `idx_refassettype_category` (`asset_category`),
  KEY `idx_refassettype_code` (`asset_type_code`)
) ENGINE=InnoDB DEFAULT CHARSET=latin1;

INSERT INTO `ref_asset_type` (`asset_type_id`, `asset_id`, `asset_category`, `asset_desc`, `asset_type_code`, `asset_type_desc`, `created_by`, `updated_by`, `created_at`, `updated_at`, `deleted_at`) VALUES
(1,	1,	NULL,	NULL,	'P22101',	'Perpindahan Barang Pegawai',	2,	2,	'2021-02-03 16:14:58',	'2021-02-03 16:14:58',	NULL),
(2,	2,	NULL,	NULL,	'P22199',	'Pengangkutan Lain',	2,	2,	'2021-02-03 16:14:58',	'2021-02-03 16:14:58',	NULL),
(3,	3,	NULL,	NULL,	'P22701',	'Pengangkutan Barang Pejabat, excess baggage',	2,	2,	'2021-02-03 16:14:58',	'2021-02-03 16:14:58',	NULL),
(4,	3,	NULL,	NULL,	'P22702',	'Pos & Bungkusan',	2,	2,	'2021-02-03 16:14:58',	'2021-02-03 16:14:58',	NULL),
(5,	3,	NULL,	NULL,	'P22799',	'Bayaran - bayaran lain',	2,	2,	'2021-02-03 16:14:58',	'2021-02-03 16:14:58',	NULL),
(6,	4,	NULL,	NULL,	'P23101',	'Pos',	2,	2,	'2021-02-03 16:14:58',	'2021-02-03 16:14:58',	NULL),
(7,	4,	NULL,	NULL,	'P23102',	'Telefon',	2,	2,	'2021-02-03 16:14:58',	'2021-02-03 16:14:58',	NULL),
(8,	4,	NULL,	NULL,	'P23103',	'Fax dan Telex, pager',	2,	2,	'2021-02-03 16:14:58',	'2021-02-03 16:14:58',	NULL),
(9,	4,	NULL,	NULL,	'P23104',	'Internet - jaring, MIMOS, Talian Suwa',	2,	2,	'2021-02-03 16:14:58',	'2021-02-03 16:14:58',	NULL),
(10,	4,	NULL,	NULL,	'P23199',	'Perkhidmatan Perhubungan Yang Lain',	2,	2,	'2021-02-03 16:14:58',	'2021-02-03 16:14:58',	NULL),
(11,	5,	NULL,	NULL,	'P23201',	'Elektrik',	2,	2,	'2021-02-03 16:14:58',	'2021-02-03 16:14:58',	NULL),
(12,	5,	NULL,	NULL,	'P23202',	'Air',	2,	2,	'2021-02-03 16:14:58',	'2021-02-03 16:14:58',	NULL),
(13,	5,	NULL,	NULL,	'P23299',	'Perkhidmatan Utiliti Yang Lain',	2,	2,	'2021-02-03 16:14:58',	'2021-02-03 16:14:58',	NULL),
(14,	6,	NULL,	NULL,	'P24201',	'Sewa Bangunan Pejabat',	2,	2,	'2021-02-03 16:14:58',	'2021-02-03 16:14:58',	NULL),
(15,	6,	NULL,	NULL,	'P24202',	'Sewa Bangunan kediaman',	2,	2,	'2021-02-03 16:14:58',	'2021-02-03 16:14:58',	NULL),
(16,	6,	NULL,	NULL,	'P24299',	'Sewa Bangunan Lain Lain',	2,	2,	'2021-02-03 16:14:58',	'2021-02-03 16:14:58',	NULL),
(17,	7,	NULL,	NULL,	'P24501',	'Sewa Perabot Alat Kelengkapan Pejabat',	2,	2,	'2021-02-03 16:14:58',	'2021-02-03 16:14:58',	NULL),
(18,	7,	NULL,	NULL,	'P24502',	'Sewa Mesin dan Lengkapan',	2,	2,	'2021-02-03 16:14:58',	'2021-02-03 16:14:58',	NULL),
(19,	7,	NULL,	NULL,	'P24503',	'Sewa Mesin Fotostat',	2,	2,	'2021-02-03 16:14:58',	'2021-02-03 16:14:58',	NULL),
(20,	7,	NULL,	NULL,	'P24504',	'Sewa Kenderaan',	2,	2,	'2021-02-03 16:14:58',	'2021-02-03 16:14:58',	NULL),
(21,	7,	NULL,	NULL,	'P24505',	'Sewa bilik Seminar/Kursus - pameran',	2,	2,	'2021-02-03 16:14:58',	'2021-02-03 16:14:58',	NULL),
(22,	8,	NULL,	NULL,	'P26101',	'Alat Ganti Mesin Cetak - Brg. Off set',	2,	2,	'2021-02-03 16:14:58',	'2021-02-03 16:14:58',	NULL),
(23,	8,	NULL,	NULL,	'P26102',	'Alat Ganti Kenderaan',	2,	2,	'2021-02-03 16:14:58',	'2021-02-03 16:14:58',	NULL),
(24,	9,	NULL,	NULL,	'P26201',	'Minyak Petrol',	2,	2,	'2021-02-03 16:14:58',	'2021-02-03 16:14:58',	NULL),
(25,	9,	NULL,	NULL,	'P26202',	'Minyak Pelincir & Gris',	2,	2,	'2021-02-03 16:14:58',	'2021-02-03 16:14:58',	NULL),
(26,	10,	NULL,	NULL,	'P27101',	'Surat Khabar, dan Majalah',	2,	2,	'2021-02-03 16:14:58',	'2021-02-03 16:14:58',	NULL),
(27,	10,	NULL,	NULL,	'P27102',	'Bekalan Pejabat',	2,	2,	'2021-02-03 16:14:58',	'2021-02-03 16:14:58',	NULL),
(28,	10,	NULL,	NULL,	'P27103',	'Bekalan Komputer',	2,	2,	'2021-02-03 16:14:58',	'2021-02-03 16:14:58',	NULL),
(29,	10,	NULL,	NULL,	'P27104',	'Buku Perpustakaan',	2,	2,	'2021-02-03 16:14:58',	'2021-02-03 16:14:58',	NULL),
(30,	10,	NULL,	NULL,	'P27105',	'Bahan Kursus / Seminar',	2,	2,	'2021-02-03 16:14:58',	'2021-02-03 16:14:58',	NULL),
(31,	10,	NULL,	NULL,	'P27106',	'Perabot dan Lengkapan Pejabat < RM 1,000.00 - carpet, langsir, white board - hand dryer',	2,	2,	'2021-02-03 16:14:58',	'2021-02-03 16:14:58',	NULL),
(32,	10,	NULL,	NULL,	'P27107',	'Bekalan dan Alat Ganti',	2,	2,	'2021-02-03 16:14:58',	'2021-02-03 16:14:58',	NULL),
(33,	10,	NULL,	NULL,	'P27108',	'Bekal bahan promosi - baju , bunting',	2,	2,	'2021-02-03 16:14:58',	'2021-02-03 16:14:58',	NULL),
(34,	10,	NULL,	NULL,	'P27199',	'Bekalan -bekalan Pejabat Yang Lain',	2,	2,	'2021-02-03 16:14:58',	'2021-02-03 16:14:58',	NULL),
(35,	11,	NULL,	NULL,	'P27301',	'Alat - alat Gymnasium',	2,	2,	'2021-02-03 16:14:58',	'2021-02-03 16:14:58',	NULL),
(36,	11,	NULL,	NULL,	'P27302',	'Alat alat Sukan dan Olahraga',	2,	2,	'2021-02-03 16:14:58',	'2021-02-03 16:14:58',	NULL),
(37,	11,	NULL,	NULL,	'P27303',	'Alat - alat Muzik',	2,	2,	'2021-02-03 16:14:58',	'2021-02-03 16:14:58',	NULL),
(38,	11,	NULL,	NULL,	'P27399',	'Alat - Alat Lain',	2,	2,	'2021-02-03 16:14:58',	'2021-02-03 16:14:58',	NULL),
(39,	12,	NULL,	NULL,	'P27501',	'Bekalan dan Bahan Untuk Filem Fotografi, Plates, X - Ray, Filem Mikro ',	2,	2,	'2021-02-03 16:14:58',	'2021-02-03 16:14:58',	NULL),
(40,	12,	NULL,	NULL,	'P27599',	'Bekalan Dan Bahan Fotografi Yang Lain',	2,	2,	'2021-02-03 16:14:58',	'2021-02-03 16:14:58',	NULL),
(41,	13,	NULL,	NULL,	'P27601',	'Pakaian Seragam',	2,	2,	'2021-02-03 16:14:58',	'2021-02-03 16:14:58',	NULL),
(42,	13,	NULL,	NULL,	'P27699',	'Pakaian -pakaian Yang Lain',	2,	2,	'2021-02-03 16:14:58',	'2021-02-03 16:14:58',	NULL),
(43,	14,	NULL,	NULL,	'P28101',	'Bangunan Pejabat dan Rumah Rehat  - Pesit control, Pemadam api, Tangki Air, cat , cucibangunan',	2,	2,	'2021-02-03 16:14:58',	'2021-02-03 16:14:58',	NULL),
(44,	14,	NULL,	NULL,	'P28102',	'Kawasan Pejabat - Alam Flora, Tong Sampah, Cat parking',	2,	2,	'2021-02-03 16:14:58',	'2021-02-03 16:14:58',	NULL),
(45,	14,	NULL,	NULL,	'P28199',	'Bangunan - bangunan Lain',	2,	2,	'2021-02-03 16:14:58',	'2021-02-03 16:14:58',	NULL),
(46,	15,	NULL,	NULL,	'P28201',	'Perabot Alat Kelengkapan  Pejabat',	2,	2,	'2021-02-03 16:14:58',	'2021-02-03 16:14:58',	NULL),
(47,	15,	NULL,	NULL,	'P28299',	'Perabot dan Lengkapan Yang Lain',	2,	2,	'2021-02-03 16:14:58',	'2021-02-03 16:14:58',	NULL),
(48,	16,	NULL,	NULL,	'P28301',	'Mesin dan Alat Kelengkapan Pejabat',	2,	2,	'2021-02-03 16:14:58',	'2021-02-03 16:14:58',	NULL),
(49,	16,	NULL,	NULL,	'P28399',	'Alat -alat Kelengkapan Mesin Yang Lain',	2,	2,	'2021-02-03 16:14:58',	'2021-02-03 16:14:58',	NULL),
(50,	17,	NULL,	NULL,	'P28401',	'Komputer dan Letronik',	2,	2,	'2021-02-03 16:14:58',	'2021-02-03 16:14:58',	NULL),
(51,	18,	NULL,	NULL,	'P28501',	'Hawa Dingin Utama',	2,	2,	'2021-02-03 16:14:58',	'2021-02-03 16:14:58',	NULL),
(52,	18,	NULL,	NULL,	'P28502',	'Hawa Dingin Individu',	2,	2,	'2021-02-03 16:14:58',	'2021-02-03 16:14:58',	NULL),
(53,	18,	NULL,	NULL,	'P28599',	'Alat -alat Kelengkapan Elektrik Yang Lain',	2,	2,	'2021-02-03 16:14:58',	'2021-02-03 16:14:58',	NULL),
(54,	19,	NULL,	NULL,	'P28601',	'Telefon dan Mesin Fax',	2,	2,	'2021-02-03 16:14:58',	'2021-02-03 16:14:58',	NULL),
(55,	19,	NULL,	NULL,	'P28699',	'Alat -alat Kelengkapan Perhubungan Yang Lain',	2,	2,	'2021-02-03 16:14:58',	'2021-02-03 16:14:58',	NULL),
(56,	20,	NULL,	NULL,	'P28701',	'Kenderaan(Cuci)',	2,	2,	'2021-02-03 16:14:58',	'2021-02-03 16:14:58',	NULL),
(57,	21,	NULL,	NULL,	'P28901',	'Alat Kelengkapan Fotografi',	2,	2,	'2021-02-03 16:14:58',	'2021-02-03 16:14:58',	NULL),
(58,	21,	NULL,	NULL,	'P28902',	'Alat Kelengkapan Muzik',	2,	2,	'2021-02-03 16:14:58',	'2021-02-03 16:14:58',	NULL),
(59,	21,	NULL,	NULL,	'P28799',	'Alat - alat Lain',	2,	2,	'2021-02-03 16:14:58',	'2021-02-03 16:14:58',	NULL),
(60,	22,	NULL,	NULL,	'P29101',	'Perkhidmatan Perubatan',	2,	2,	'2021-02-03 16:14:58',	'2021-02-03 16:14:58',	NULL),
(61,	22,	NULL,	NULL,	'P29102',	'Perkhidmatan Perakaunan dan Auditan',	2,	2,	'2021-02-03 16:14:58',	'2021-02-03 16:14:58',	NULL),
(62,	22,	NULL,	NULL,	'P29103',	'Perkhidmatan Perundangan (DUTY STAMP)',	2,	2,	'2021-02-03 16:14:58',	'2021-02-03 16:14:58',	NULL),
(63,	22,	NULL,	NULL,	'P29104',	'Perkhidmatan Latihan Kakitangan',	2,	2,	'2021-02-03 16:14:58',	'2021-02-03 16:14:58',	NULL),
(64,	22,	NULL,	NULL,	'P29105',	'Perkhidmatan Pakar Runding Perniagaan dan Pengurusan',	2,	2,	'2021-02-03 16:14:58',	'2021-02-03 16:14:58',	NULL),
(65,	22,	NULL,	NULL,	'P29106',	'Perkhidmatan Pensyarah Jemputan',	2,	2,	'2021-02-03 16:14:58',	'2021-02-03 16:14:58',	NULL),
(66,	22,	NULL,	NULL,	'P29107',	'Perkhidmatan Komputer dan Prosesan Data',	2,	2,	'2021-02-03 16:14:58',	'2021-02-03 16:14:58',	NULL),
(67,	22,	NULL,	NULL,	'P29108',	'Perkhidmatan Fotografi , Blue-Printing dan Filem Mikro',	2,	2,	'2021-02-03 16:14:58',	'2021-02-03 16:14:58',	NULL),
(68,	22,	NULL,	NULL,	'P29109',	'Perkhidmatan Pengeluaran dan Penyebaran Tayangan Gambar , Pita Video, Radio, TV Prod., lagu, cuci gambar',	2,	2,	'2021-02-03 16:14:58',	'2021-02-03 16:14:58',	NULL),
(69,	22,	NULL,	NULL,	'P29110',	'Perkhidmatan Pengiklanan',	2,	2,	'2021-02-03 16:14:58',	'2021-02-03 16:14:58',	NULL),
(70,	22,	NULL,	NULL,	'P29111',	'Perkhidmatan Perlindungan dan Keselamatan - lesen, jaga, insuran',	2,	2,	'2021-02-03 16:14:58',	'2021-02-03 16:14:58',	NULL),
(71,	22,	NULL,	NULL,	'P29112',	'Perkhidmatan Penterjemahan dan Penafsiran/penulisan',	2,	2,	'2021-02-03 16:14:58',	'2021-02-03 16:14:58',	NULL),
(72,	22,	NULL,	NULL,	'P29113',	'Perkhidmatan Dobi',	2,	2,	'2021-02-03 16:14:58',	'2021-02-03 16:14:58',	NULL),
(73,	22,	NULL,	NULL,	'P29114',	'Insuran & Cukai Jalan / Kenderaan Pejabat',	2,	2,	'2021-02-03 16:14:58',	'2021-02-03 16:14:58',	NULL),
(74,	22,	NULL,	NULL,	'P29115',	'Elaun Mesyuarat / BOD / Panel',	2,	2,	'2021-02-03 16:14:58',	'2021-02-03 16:14:58',	NULL),
(75,	22,	NULL,	NULL,	'P29116',	'Yuran Audit - khas untuk Audit',	2,	2,	'2021-02-03 16:14:58',	'2021-02-03 16:14:58',	NULL),
(76,	22,	NULL,	NULL,	'P29117',	'Yuran lain (Perpustakaan, benchmarking, dll.)',	2,	2,	'2021-02-03 16:14:58',	'2021-02-03 16:14:58',	NULL),
(77,	23,	NULL,	NULL,	'P29201',	'Percetakan Penerbitan    - Artword, APR',	2,	2,	'2021-02-03 16:14:58',	'2021-02-03 16:14:58',	NULL),
(78,	23,	NULL,	NULL,	'P29202',	'Percetakan Borang dan Alat Tulis  -  kad nama, cover sijil, sticker, brochure, planner, poster',	2,	2,	'2021-02-03 16:14:58',	'2021-02-03 16:14:58',	NULL),
(79,	23,	NULL,	NULL,	'P29203',	'Bacaan Meter Mesin Fotostat',	2,	2,	'2021-02-03 16:14:58',	'2021-02-03 16:14:58',	NULL),
(80,	23,	NULL,	NULL,	'P29299',	'Bayaran - bayaran Perkhidmatan Percetakan Yang Lain - jilid, matel plate, binding',	2,	2,	'2021-02-03 16:14:58',	'2021-02-03 16:14:58',	NULL),
(81,	24,	NULL,	NULL,	'P29301',	'Upahan',	2,	2,	'2021-02-03 16:14:58',	'2021-02-03 16:14:58',	NULL),
(82,	24,	NULL,	NULL,	'P29302',	'Elaun , Termasuk Elaun Lebih Masa',	2,	2,	'2021-02-03 16:14:58',	'2021-02-03 16:14:58',	NULL),
(83,	24,	NULL,	NULL,	'P29303',	'Sumbangan Berkanun',	2,	2,	'2021-02-03 16:14:58',	'2021-02-03 16:14:58',	NULL),
(84,	24,	NULL,	NULL,	'P29304',	'Bonus Gaji Hari',	2,	2,	'2021-02-03 16:14:58',	'2021-02-03 16:14:58',	NULL),
(85,	24,	NULL,	NULL,	'P29305',	'Bonus G/Hari T/Dulu',	2,	2,	'2021-02-03 16:14:58',	'2021-02-03 16:14:58',	NULL),
(86,	24,	NULL,	NULL,	'P29399',	'Bayaran - bayaraan Lain',	2,	2,	'2021-02-03 16:14:58',	'2021-02-03 16:14:58',	NULL),
(87,	25,	NULL,	NULL,	'P29401',	'Makan dan Minum - Orang Jemputan',	2,	2,	'2021-02-03 16:14:58',	'2021-02-03 16:14:58',	NULL),
(88,	25,	NULL,	NULL,	'P29402',	'Penginapan - Orang Jemputan/peserta kursus',	2,	2,	'2021-02-03 16:14:58',	'2021-02-03 16:14:58',	NULL),
(89,	25,	NULL,	NULL,	'P29403',	'Pengangkutan - Orang Jemputan',	2,	2,	'2021-02-03 16:14:58',	'2021-02-03 16:14:58',	NULL),
(90,	25,	NULL,	NULL,	'P29404',	'Honorarium, Saguhati dan Hadiah - Orang Jemputan Perdiem APO - E264',	2,	2,	'2021-02-03 16:14:58',	'2021-02-03 16:14:58',	NULL),
(91,	25,	NULL,	NULL,	'P29405',	'Keraian Pejabat',	2,	2,	'2021-02-03 16:14:58',	'2021-02-03 16:14:58',	NULL),
(92,	25,	NULL,	NULL,	'P29406',	'Honorarium, Saguhati dan Hadiah - Kakitangan Pejabat, Dinner, TQ Daun Keladi',	2,	2,	'2021-02-03 16:14:58',	'2021-02-03 16:14:58',	NULL),
(93,	25,	NULL,	NULL,	'P29407',	'Makan dan Minum - Peserta Kursus, seminar, workshop, band',	2,	2,	'2021-02-03 16:14:58',	'2021-02-03 16:14:58',	NULL),
(94,	25,	NULL,	NULL,	'P29408',	'Mesyuarat Dalaman',	2,	2,	'2021-02-03 16:14:58',	'2021-02-03 16:14:58',	NULL),
(95,	26,	NULL,	NULL,	'P42801',	'Yuran Badan Berkanun',	2,	2,	'2021-02-03 16:14:58',	'2021-02-03 16:14:58',	NULL);

CREATE TABLE `ref_bank` (
  `bank_id` int(11) NOT NULL AUTO_INCREMENT,
  `bank_desc` varchar(100) NOT NULL,
  `minimum_digit` int(11) NOT NULL DEFAULT '1',
  `maximum_digit` int(11) NOT NULL DEFAULT '1',
  `created_by` int(11) DEFAULT NULL,
  `updated_by` int(11) DEFAULT NULL,
  `created_at` timestamp NULL DEFAULT NULL,
  `updated_at` timestamp NOT NULL DEFAULT CURRENT_TIMESTAMP,
  `deleted_at` timestamp NULL DEFAULT NULL,
  PRIMARY KEY (`bank_id`),
  KEY `idx_bank_createdby` (`created_by`),
  KEY `idx_bank_updatedby` (`updated_by`)
) ENGINE=InnoDB DEFAULT CHARSET=latin1;

INSERT INTO `ref_bank` (`bank_id`, `bank_desc`, `minimum_digit`, `maximum_digit`, `created_by`, `updated_by`, `created_at`, `updated_at`, `deleted_at`) VALUES
(1,	'AFFIN BANK BERHAD',	12,	12,	2,	2,	'2021-01-05 06:40:33',	'2021-01-05 06:40:33',	NULL),
(2,	'ALLIANCE BANK MALAYSIA BERHAD',	15,	15,	2,	2,	'2021-01-05 06:40:33',	'2021-01-05 06:40:33',	NULL),
(3,	'AMBANK/AMFINANCE',	13,	13,	2,	2,	'2021-01-05 06:40:33',	'2021-01-05 06:40:33',	NULL),
(4,	'AL-RAJHI BANKING & INVESTMENT CORPORATION (MALAYSIA) BERHAD',	15,	15,	2,	31,	'2021-01-05 06:40:33',	'2021-05-29 18:43:57',	NULL),
(5,	'BANGKOK BANK BERHAD',	10,	10,	2,	2,	'2021-01-05 06:40:33',	'2021-01-05 06:40:33',	NULL),
(6,	'BANK ISLAM MALAYSIA BERHAD',	14,	14,	2,	2,	'2021-01-05 06:40:33',	'2021-01-05 06:40:33',	NULL),
(7,	'BANK KERJASAMA RAKYAT MALAYSIA BERHAD',	12,	12,	2,	2,	'2021-01-05 06:40:33',	'2021-01-05 06:40:33',	NULL),
(8,	'BANK MUAMALAT MALAYSIA BERHAD',	14,	14,	2,	2,	'2021-01-05 06:40:33',	'2021-01-05 06:40:33',	NULL),
(9,	'BANK OF AMERICA',	5,	17,	2,	2,	'2021-01-05 06:40:33',	'2021-01-05 06:40:33',	NULL),
(10,	'BANK OF CHINA (MALAYSIA) BERHAD',	13,	15,	2,	2,	'2021-01-05 06:40:33',	'2021-01-05 06:40:33',	NULL),
(11,	'BANK PERTANIAN MALAYSIA BERHAD (AGROBANK)',	16,	16,	2,	2,	'2021-01-05 06:40:33',	'2021-01-05 06:40:33',	NULL),
(12,	'BANK SIMPANAN NASIONAL BERHAD',	16,	16,	2,	2,	'2021-01-05 06:40:33',	'2021-01-05 06:40:33',	NULL),
(13,	'BNP PARIBAS MALAYSIA BERHAD',	6,	16,	2,	2,	'2021-01-05 06:40:33',	'2021-01-05 06:40:33',	NULL),
(14,	'CHINA CONSTRUCTION BANK (MALAYSIA) BERHAD',	12,	12,	2,	2,	'2021-01-05 06:40:33',	'2021-01-05 06:40:33',	NULL),
(15,	'CIMB BANK BERHAD',	10,	14,	2,	2,	'2021-01-05 06:40:33',	'2021-01-05 06:40:33',	NULL),
(16,	'CITIBANK BERHAD',	9,	16,	2,	2,	'2021-01-05 06:40:33',	'2021-01-05 06:40:33',	NULL),
(17,	'DEUTSCHE BANK (MALAYSIA) BERHAD',	10,	14,	2,	2,	'2021-01-05 06:40:33',	'2021-01-05 06:40:33',	NULL),
(18,	'HONG LEONG BANK',	11,	13,	2,	2,	'2021-01-05 06:40:33',	'2021-01-05 06:40:33',	NULL),
(19,	'HSBC BANK MALAYSIA BERHAD',	12,	12,	2,	2,	'2021-01-05 06:40:33',	'2021-01-05 06:40:33',	NULL),
(20,	'INDUSTRIAL AND COMMERCIAL BANK OF CHINA (MALAYSIA) BERHAD',	17,	17,	2,	2,	'2021-01-05 06:40:33',	'2021-01-05 06:40:33',	NULL),
(21,	'J.P. MORGAN CHASE BANK BHD',	10,	10,	2,	2,	'2021-01-05 06:40:33',	'2021-01-05 06:40:33',	NULL),
(22,	'KUWAIT FINANCE HOUSE (MALAYSIA) BERHAD',	12,	12,	2,	2,	'2021-01-05 06:40:33',	'2021-01-05 06:40:33',	NULL),
(23,	'MAYBANK',	12,	12,	2,	2,	'2021-01-05 06:40:33',	'2021-01-05 06:40:33',	NULL),
(24,	'MBSB BANK BERHAD',	16,	16,	2,	2,	'2021-01-05 06:40:33',	'2021-01-05 06:40:33',	NULL),
(25,	'BANK OF TOKYO-MITSUBISHI UFJ (M) BERHAD / MUFG BANK',	6,	6,	2,	2,	'2021-01-05 06:40:33',	'2021-01-05 06:40:33',	NULL),
(26,	'MIZUHO CORPORATE BANK MALAYSIA BERHAD',	10,	10,	2,	2,	'2021-01-05 06:40:33',	'2021-01-05 06:40:33',	NULL),
(27,	'OCBC BANK (MALAYSIA) BERHAD',	10,	10,	2,	2,	'2021-01-05 06:40:33',	'2021-01-05 06:40:33',	NULL),
(28,	'PUBLIC BANK BERHAD/PUBLIC ISLAMIC BANK BERHAD',	10,	10,	2,	2,	'2021-01-05 06:40:33',	'2021-01-05 06:40:33',	NULL),
(29,	'RHB BANK',	14,	14,	2,	2,	'2021-01-05 06:40:33',	'2021-01-05 06:40:33',	NULL),
(30,	'STANDARD CHARTERED BANK MALAYSIA BERHAD',	5,	17,	2,	2,	'2021-01-05 06:40:33',	'2021-01-05 06:40:33',	NULL),
(31,	'SUMITOMO MITSUI BANKING CORPORATION MALAYSIA BERHAD',	8,	8,	2,	2,	'2021-01-05 06:40:33',	'2021-01-05 06:40:33',	NULL),
(32,	'UNITED OVERSEAS BANK BERHAD',	10,	17,	2,	2,	'2021-01-05 06:40:33',	'2021-01-05 06:40:33',	NULL);

CREATE TABLE `ref_card` (
  `card_id` int(11) NOT NULL AUTO_INCREMENT,
  `card_desc` varchar(20) DEFAULT NULL,
  `card_color` varchar(20) NOT NULL,
  `created_at` timestamp NULL DEFAULT NULL,
  `updated_at` timestamp NOT NULL DEFAULT CURRENT_TIMESTAMP,
  `deleted_at` timestamp NULL DEFAULT NULL,
  PRIMARY KEY (`card_id`)
) ENGINE=InnoDB DEFAULT CHARSET=latin1;

INSERT INTO `ref_card` (`card_id`, `card_desc`, `card_color`, `created_at`, `updated_at`, `deleted_at`) VALUES
(1,	'Kuning',	'#FFFF00',	'2018-11-25 17:16:20',	'2018-11-25 14:50:57',	NULL),
(2,	'Hijau',	'#00FF00',	'2018-11-25 17:16:24',	'2018-11-25 14:51:07',	NULL),
(3,	'Merah',	'#FF0000',	'2018-11-25 17:16:28',	'2018-11-25 14:51:15',	NULL);

CREATE TABLE `ref_cawangan` (
  `cawangan_id` int(11) NOT NULL AUTO_INCREMENT,
  `cawangan_desc` varchar(255) NOT NULL,
  `created_by` int(11) DEFAULT NULL,
  `updated_by` int(11) DEFAULT NULL,
  `created_at` timestamp NULL DEFAULT NULL,
  `updated_at` timestamp NOT NULL DEFAULT CURRENT_TIMESTAMP,
  `deleted_at` timestamp NULL DEFAULT NULL,
  PRIMARY KEY (`cawangan_id`)
) ENGINE=InnoDB DEFAULT CHARSET=latin1;


CREATE TABLE `ref_charge_gov` (
  `charge_gov_id` int(11) NOT NULL AUTO_INCREMENT,
  `supplier_service_id` int(11) DEFAULT NULL,
  `service_group_id` int(11) DEFAULT NULL,
  `charge_amount` decimal(10,2) NOT NULL DEFAULT '0.00',
  `unit_id` int(11) DEFAULT NULL,
  `created_by` int(11) DEFAULT NULL,
  `updated_by` int(11) DEFAULT NULL,
  `created_at` timestamp NULL DEFAULT NULL,
  `updated_at` timestamp NOT NULL DEFAULT CURRENT_TIMESTAMP,
  `deleted_at` timestamp NULL DEFAULT NULL,
  PRIMARY KEY (`charge_gov_id`),
  KEY `idx_chargegov_service` (`supplier_service_id`),
  KEY `idx_chargegov_createdby` (`created_by`),
  KEY `idx_chargegov_updatedby` (`updated_by`)
) ENGINE=InnoDB DEFAULT CHARSET=latin1;

INSERT INTO `ref_charge_gov` (`charge_gov_id`, `supplier_service_id`, `service_group_id`, `charge_amount`, `unit_id`, `created_by`, `updated_by`, `created_at`, `updated_at`, `deleted_at`) VALUES
(1,	2,	1,	100.00,	1,	2,	2,	'2021-06-20 15:03:42',	'2021-06-20 15:03:42',	NULL),
(2,	2,	2,	100.00,	1,	2,	2,	'2021-06-20 15:03:42',	'2021-06-20 15:03:42',	NULL),
(3,	2,	3,	90.00,	1,	2,	2,	'2021-06-20 15:03:42',	'2021-06-20 15:03:42',	NULL),
(4,	2,	4,	80.00,	1,	2,	2,	'2021-06-20 15:03:42',	'2021-06-20 15:03:42',	NULL),
(5,	2,	5,	60.00,	1,	2,	2,	'2021-06-20 15:03:42',	'2021-06-20 15:03:42',	NULL),
(6,	4,	1,	300.00,	1,	2,	2,	'2021-06-20 15:03:42',	'2021-06-20 15:03:42',	NULL),
(7,	4,	2,	200.00,	1,	2,	2,	'2021-06-20 15:03:42',	'2021-06-20 15:03:42',	NULL),
(8,	4,	3,	150.00,	1,	2,	2,	'2021-06-20 15:03:42',	'2021-06-20 15:03:42',	NULL),
(9,	4,	4,	120.00,	1,	2,	2,	'2021-06-20 15:03:42',	'2021-06-20 15:03:42',	NULL),
(10,	4,	5,	80.00,	1,	2,	2,	'2021-06-20 15:03:42',	'2021-06-20 15:03:42',	NULL),
(11,	19,	1,	300.00,	1,	2,	2,	'2021-06-20 15:03:42',	'2021-06-20 15:03:42',	NULL),
(12,	19,	2,	200.00,	1,	2,	2,	'2021-06-20 15:03:42',	'2021-06-20 15:03:42',	NULL),
(13,	19,	3,	150.00,	1,	2,	2,	'2021-06-20 15:03:42',	'2021-06-20 15:03:42',	NULL),
(14,	19,	4,	120.00,	1,	2,	2,	'2021-06-20 15:03:42',	'2021-06-20 15:03:42',	NULL),
(15,	19,	5,	80.00,	1,	2,	2,	'2021-06-20 15:03:42',	'2021-06-20 15:03:42',	NULL);

CREATE TABLE `ref_flight_company` (
  `flight_company_id` int(11) NOT NULL AUTO_INCREMENT,
  `flight_company_desc` varchar(100) NOT NULL,
  `flight_company_url` varchar(200) NOT NULL,
  `flight_company_luggage_quota` decimal(10,2) NOT NULL DEFAULT '0.00',
  `created_by` int(11) DEFAULT NULL,
  `updated_by` int(11) DEFAULT NULL,
  `created_at` timestamp NULL DEFAULT NULL,
  `updated_at` timestamp NOT NULL DEFAULT CURRENT_TIMESTAMP,
  `deleted_at` timestamp NULL DEFAULT NULL,
  PRIMARY KEY (`flight_company_id`)
) ENGINE=InnoDB DEFAULT CHARSET=latin1;

INSERT INTO `ref_flight_company` (`flight_company_id`, `flight_company_desc`, `flight_company_url`, `flight_company_luggage_quota`, `created_by`, `updated_by`, `created_at`, `updated_at`, `deleted_at`) VALUES
(1,	'MAS',	'https://www.malaysiaairlines.com',	20.00,	2,	2,	'2019-03-20 13:34:10',	'2019-03-20 13:31:37',	NULL),
(2,	'AIR ASIA',	'https://www.airasia.com',	15.00,	2,	2,	'2019-03-20 13:34:28',	'2019-03-20 13:31:42',	NULL),
(3,	'MALINDO AIR',	'https://www.malindoair.com/',	20.00,	2,	2,	'2019-03-20 13:35:09',	'2019-03-20 13:31:54',	NULL),
(4,	'FIREFLY',	'https://www.airpaz.com',	20.00,	2,	2,	'2019-03-20 13:35:11',	'2019-03-20 13:32:02',	NULL),
(5,	'LATAM AIRLINES',	'https://www.latam.com',	20.00,	71,	46,	'2019-08-09 16:02:56',	'2020-02-28 08:33:10',	NULL),
(6,	'FIJI AIRWAYS',	'https://www.fijiairways.com/',	20.00,	46,	46,	'2020-02-28 08:32:56',	'2020-02-28 08:32:56',	NULL);

CREATE TABLE `ref_gred` (
  `gred_id` int(11) NOT NULL AUTO_INCREMENT,
  `service_group_id` int(11) DEFAULT NULL,
  `gred_desc` varchar(20) NOT NULL,
  `is_active` char(1) NOT NULL DEFAULT '1',
  `created_by` int(11) DEFAULT NULL,
  `updated_by` int(11) DEFAULT NULL,
  `created_at` timestamp NULL DEFAULT NULL,
  `updated_at` timestamp NULL DEFAULT CURRENT_TIMESTAMP,
  `deleted_at` timestamp NULL DEFAULT NULL,
  PRIMARY KEY (`gred_id`),
  KEY `idx_grade_servicegroup` (`service_group_id`),
  KEY `idx_grade_createdby` (`created_by`),
  KEY `idx_grade_updatedby` (`updated_by`)
) ENGINE=InnoDB DEFAULT CHARSET=latin1;

INSERT INTO `ref_gred` (`gred_id`, `service_group_id`, `gred_desc`, `is_active`, `created_by`, `updated_by`, `created_at`, `updated_at`, `deleted_at`) VALUES
(1,	5,	'B22',	'1',	2,	2,	'2019-03-28 07:32:43',	'2019-03-28 07:32:43',	NULL),
(2,	5,	'E29/E32',	'1',	2,	2,	'2019-03-28 07:32:43',	'2019-03-28 07:32:43',	NULL),
(3,	4,	'E41',	'1',	2,	2,	'2019-03-28 07:32:43',	'2019-03-28 07:32:43',	NULL),
(4,	4,	'E44',	'1',	2,	2,	'2019-03-28 07:32:43',	'2019-03-28 07:32:43',	NULL),
(5,	3,	'E48',	'1',	2,	2,	'2019-03-28 07:32:43',	'2019-03-28 07:32:43',	NULL),
(6,	3,	'E52',	'1',	2,	2,	'2019-03-28 07:32:43',	'2019-03-28 07:32:43',	NULL),
(7,	2,	'E54',	'1',	2,	2,	'2019-03-28 07:32:43',	'2019-03-28 07:32:43',	NULL),
(8,	5,	'FA29',	'1',	2,	2,	'2019-03-28 07:32:43',	'2019-03-28 07:32:43',	NULL),
(9,	5,	'H11',	'1',	2,	2,	'2019-03-28 07:32:43',	'2019-03-28 07:32:43',	NULL),
(10,	5,	'H19',	'1',	2,	2,	'2019-03-28 07:32:43',	'2019-03-28 07:32:43',	NULL),
(11,	5,	'J22',	'1',	2,	2,	'2019-03-28 07:32:43',	'2019-03-28 07:32:43',	NULL),
(12,	5,	'JA29/JA36',	'1',	2,	2,	'2019-03-28 07:32:43',	'2019-03-28 07:32:43',	NULL),
(13,	1,	'JUSA A/VU5',	'1',	2,	2,	'2019-03-28 07:32:43',	'2019-03-28 07:32:43',	NULL),
(14,	1,	'JUSA B/VU6',	'1',	2,	2,	'2019-03-28 07:32:43',	'2019-03-28 07:32:43',	NULL),
(15,	1,	'JUSA C/VU7',	'1',	2,	2,	'2019-03-28 07:32:43',	'2019-03-28 07:32:43',	NULL),
(16,	5,	'N11',	'1',	2,	2,	'2019-03-28 07:32:43',	'2019-03-28 07:32:43',	NULL),
(17,	5,	'N14',	'1',	2,	2,	'2019-03-28 07:32:43',	'2019-03-28 07:32:43',	NULL),
(18,	5,	'N19',	'1',	2,	2,	'2019-03-28 07:32:43',	'2019-03-28 07:32:43',	NULL),
(19,	5,	'N22',	'1',	2,	2,	'2019-03-28 07:32:43',	'2019-03-28 07:32:43',	NULL),
(20,	5,	'N26',	'1',	2,	2,	'2019-03-28 07:32:43',	'2019-03-28 07:32:43',	NULL),
(21,	5,	'N28',	'1',	2,	2,	'2019-03-28 07:32:43',	'2019-03-28 07:32:43',	NULL),
(22,	5,	'N29',	'1',	2,	2,	'2019-03-28 07:32:43',	'2019-03-28 07:32:43',	NULL),
(23,	5,	'N30',	'1',	2,	2,	'2019-03-28 07:32:43',	'2019-03-28 07:32:43',	NULL),
(24,	5,	'N32',	'1',	2,	2,	'2019-03-28 07:32:43',	'2019-03-28 07:32:43',	NULL),
(25,	5,	'S32',	'1',	2,	2,	'2019-03-28 07:32:43',	'2019-03-28 07:32:43',	NULL),
(26,	5,	'S41',	'1',	2,	2,	'2019-03-28 07:32:43',	'2019-03-28 07:32:43',	NULL),
(27,	5,	'W29',	'1',	2,	2,	'2019-03-28 07:32:43',	'2019-03-28 07:32:43',	NULL),
(28,	4,	'WA41',	'1',	2,	2,	'2019-03-28 07:32:43',	'2019-03-28 07:32:43',	NULL),
(29,	4,	'WA44',	'1',	2,	2,	'2019-03-28 07:32:43',	'2019-03-28 07:32:43',	NULL),
(30,	3,	'WA48',	'1',	2,	2,	'2019-03-28 07:32:43',	'2019-03-28 07:32:43',	NULL),
(31,	4,	'F41',	'1',	2,	2,	'2019-03-31 12:54:05',	'2019-03-31 12:54:05',	NULL);

CREATE TABLE `ref_jabatan` (
  `jabatan_id` int(11) NOT NULL AUTO_INCREMENT,
  `jabatan_desc` varchar(200) NOT NULL,
  `is_active` char(1) NOT NULL DEFAULT '1',
  `created_at` timestamp NULL DEFAULT NULL,
  `updated_at` timestamp NULL DEFAULT CURRENT_TIMESTAMP,
  `deleted_at` timestamp NULL DEFAULT NULL,
  PRIMARY KEY (`jabatan_id`)
) ENGINE=InnoDB DEFAULT CHARSET=latin1;

INSERT INTO `ref_jabatan` (`jabatan_id`, `jabatan_desc`, `is_active`, `created_at`, `updated_at`, `deleted_at`) VALUES
(2,	'JABATAN KHIDMAT PENGURUSAN',	'1',	'2019-01-01 07:48:01',	'2019-01-01 07:48:01',	NULL),
(3,	'JABATAN TEKNOLOGI MAKLUMAT',	'1',	'2019-01-01 07:48:01',	'2019-01-01 07:48:01',	NULL),
(4,	'BAHAGIAN PENGURUSAN HARTA',	'1',	'2019-01-01 07:48:01',	'2019-01-01 07:48:01',	NULL),
(5,	'JABATAN PENILAIAN & PENGURUSAN HARTA',	'1',	'2019-01-01 07:48:01',	'2019-01-01 07:48:01',	NULL),
(6,	'JABATAN PERBENDAHARAAN',	'1',	'2019-01-01 07:48:01',	'2019-01-01 07:48:01',	NULL),
(7,	'JABATAN PERUNDANGAN',	'1',	'2019-01-01 07:48:01',	'2019-01-01 07:48:01',	NULL),
(8,	'JABATAN KORPORAT',	'1',	'2019-01-01 07:48:01',	'2019-01-01 07:48:01',	NULL),
(9,	'JABATAN PERANCANG BANDAR',	'1',	'2019-01-01 07:48:01',	'2019-01-01 07:48:01',	NULL),
(10,	'JABATAN KEJURUTERAAN',	'1',	'2019-01-01 07:48:01',	'2019-01-01 07:48:01',	NULL),
(11,	'JABATAN BANGUNAN',	'1',	'2019-01-01 07:48:01',	'2019-01-01 07:48:01',	NULL),
(13,	'PEJABAT YANG DIPERTUA / TIMBALAN YANG DIPERTUA',	'1',	'2019-01-01 07:48:01',	'2019-01-01 07:48:01',	NULL),
(14,	'BAHAGIAN KEMUDAHAN AWAM',	'1',	'2019-01-01 07:48:01',	'2019-01-01 07:48:01',	NULL),
(16,	'JABATAN LANDSKAP',	'1',	'2019-01-01 07:48:01',	'2019-01-01 07:48:01',	NULL),
(17,	'BAHAGIAN URUSETIA',	'1',	'2019-01-01 07:48:01',	'2019-01-01 07:48:01',	NULL),
(18,	'UNIT NURSERY',	'1',	'2019-01-01 07:48:01',	'2019-01-01 07:48:01',	NULL),
(19,	'JABATAN AUDIT DALAM',	'1',	'2019-01-01 07:48:01',	'2019-01-01 07:48:01',	NULL),
(20,	'UNIT BENGKEL RAWANG',	'1',	'2019-01-01 07:48:01',	'2019-01-01 07:48:01',	NULL),
(22,	'JABATAN PUSAT SETEMPAT (OSC)',	'1',	'2019-01-01 07:48:01',	'2019-01-01 07:48:01',	NULL),
(23,	'JABATAN PENGUATKUASA & KESELAMATAN',	'1',	'2019-01-01 07:48:01',	'2019-01-01 07:48:01',	NULL),
(24,	'JABATAN KONTRAK DAN UKUR BAHAN',	'1',	'2019-01-01 07:48:01',	'2019-01-01 07:48:01',	NULL),
(25,	'JABATAN PELESENAN',	'1',	'2019-01-01 07:48:01',	'2019-01-01 07:48:01',	NULL),
(26,	'BAHAGIAN HASIL',	'1',	'2019-01-01 07:48:01',	'2019-01-01 07:48:01',	NULL),
(29,	'BAHAGIAN KESELAMATAN',	'1',	'2019-01-01 07:48:01',	'2019-01-01 07:48:01',	NULL),
(32,	'UNIT URUS SELENGGARA BANGUNAN',	'1',	'2019-01-01 07:48:01',	'2019-01-01 07:48:01',	NULL),
(33,	'JABATAN PEMBANGUNAN MASYARAKAT',	'1',	'2019-01-01 07:48:01',	'2019-01-01 07:48:01',	NULL),
(34,	'JABATAN PENGURUSAN SISA PEPEJAL & KESIHATAN',	'1',	'2019-01-01 07:48:01',	'2019-01-01 07:48:01',	NULL),
(35,	'JABATAN PESURUHJAYA BANGUNAN (COB)',	'1',	'2019-01-01 07:48:01',	'2019-01-01 07:48:01',	NULL);

CREATE TABLE `ref_jawatan` (
  `jawatan_id` int(11) NOT NULL AUTO_INCREMENT,
  `service_type_id` int(11) DEFAULT NULL COMMENT '1-pengurusan&pro, 2-sokongan',
  `jawatan_desc` varchar(255) NOT NULL,
  `is_active` int(1) NOT NULL DEFAULT '1',
  `created_by` int(11) DEFAULT NULL,
  `updated_by` int(11) DEFAULT NULL,
  `created_at` timestamp NULL DEFAULT NULL,
  `updated_at` timestamp NOT NULL DEFAULT CURRENT_TIMESTAMP,
  `deleted_at` timestamp NULL DEFAULT NULL,
  PRIMARY KEY (`jawatan_id`),
  KEY `idx_jawatan_servicetype` (`service_type_id`),
  KEY `idx_jawatan_createdby` (`created_by`),
  KEY `idx_jawatan_updatedby` (`updated_by`)
) ENGINE=InnoDB DEFAULT CHARSET=latin1;

INSERT INTO `ref_jawatan` (`jawatan_id`, `service_type_id`, `jawatan_desc`, `is_active`, `created_by`, `updated_by`, `created_at`, `updated_at`, `deleted_at`) VALUES
(1,	3,	'AHLI FOTOGRAFI',	1,	2,	2,	'2019-03-28 07:28:12',	'2019-03-28 07:28:12',	NULL),
(2,	2,	'AKAUNTAN',	1,	2,	2,	'2019-03-28 07:28:12',	'2019-03-28 07:28:12',	NULL),
(3,	2,	'AKAUNTAN KANAN',	1,	2,	2,	'2019-03-28 07:28:12',	'2019-03-28 07:28:12',	NULL),
(4,	2,	'KETUA AKAUNTAN',	1,	2,	2,	'2019-03-28 07:28:12',	'2019-03-28 07:28:12',	NULL),
(5,	2,	'KETUA PENGARAH',	1,	2,	2,	'2019-03-28 07:28:12',	'2019-03-28 07:28:12',	NULL),
(6,	3,	'PEGAWAI KHIDMAT PELANGGAN',	1,	2,	2,	'2019-03-28 07:28:12',	'2019-03-29 13:28:28',	NULL),
(7,	3,	'PEMANDU KENDERAAN',	1,	2,	2,	'2019-03-28 07:28:12',	'2019-03-28 07:28:12',	NULL),
(8,	3,	'PEMBANTU AWAM',	1,	2,	2,	'2019-03-28 07:28:12',	'2019-03-28 07:28:12',	NULL),
(9,	3,	'PEMBANTU KEMAHIRAN',	1,	2,	2,	'2019-03-28 07:28:12',	'2019-03-28 07:28:12',	NULL),
(10,	3,	'PEMBANTU OPERASI',	1,	2,	2,	'2019-03-28 07:28:12',	'2019-03-28 07:28:12',	NULL),
(11,	3,	'PEMBANTU PENERBITAN (KUP)',	1,	2,	2,	'2019-03-28 07:28:12',	'2019-03-28 07:28:12',	NULL),
(12,	3,	'PEMBANTU SETIAUSAHA PEJABAT',	1,	2,	2,	'2019-03-28 07:28:12',	'2019-03-28 07:28:12',	NULL),
(13,	3,	'PEMBANTU SETIAUSAHA PEJABAT (KUP)',	1,	2,	2,	'2019-03-28 07:28:12',	'2019-03-28 07:28:12',	NULL),
(14,	3,	'PEMBANTU TADBIR (P/O)',	1,	2,	2,	'2019-03-28 07:28:12',	'2019-03-28 07:28:12',	NULL),
(15,	3,	'PEMBANTU TADBIR (P/O) (KUP)',	1,	2,	2,	'2019-03-28 07:28:12',	'2019-03-28 07:28:12',	NULL),
(16,	3,	'PEMBANTU TADBIR (P/O) KUP',	1,	2,	2,	'2019-03-28 07:28:12',	'2019-03-28 07:28:12',	NULL),
(17,	1,	'PENGARAH',	1,	2,	2,	'2019-03-28 07:28:12',	'2019-03-28 07:28:12',	NULL),
(18,	2,	'PENGURUS',	1,	2,	2,	'2019-03-28 07:28:12',	'2019-03-28 07:28:12',	NULL),
(19,	2,	'PENGURUS KANAN',	1,	2,	2,	'2019-03-28 07:28:12',	'2019-03-28 07:28:12',	NULL),
(20,	3,	'PENJAGA JENTERA ELETRIK',	1,	2,	2,	'2019-03-28 07:28:12',	'2019-03-28 07:28:12',	NULL),
(21,	3,	'PENOLONG AKAUNTAN',	1,	2,	2,	'2019-03-28 07:28:12',	'2019-03-28 07:28:12',	NULL),
(22,	3,	'PENOLONG JURUTERA',	1,	2,	2,	'2019-03-28 07:28:12',	'2019-03-28 07:28:12',	NULL),
(23,	3,	'PENOLONG JURUTERA (KUP)',	1,	2,	2,	'2019-03-28 07:28:12',	'2019-03-28 07:28:12',	NULL),
(24,	3,	'PENOLONG PEGAWAI PERANGKAAN (KUP)',	1,	2,	2,	'2019-03-28 07:28:12',	'2019-03-28 07:28:12',	NULL),
(25,	3,	'PENOLONG PEGAWAI TADBIR',	1,	2,	2,	'2019-03-28 07:28:12',	'2019-03-28 07:28:12',	NULL),
(26,	3,	'PENOLONG PEGAWAI TEKNOLOGI MAKLUMAT',	1,	2,	2,	'2019-03-28 07:28:12',	'2019-03-28 07:28:12',	NULL),
(27,	2,	'PENOLONG PENGURUS',	1,	2,	2,	'2019-03-28 07:28:12',	'2019-03-28 07:28:12',	NULL),
(28,	3,	'PENOLONG PUSTAKAWAN (KUP)',	1,	2,	2,	'2019-03-28 07:28:12',	'2019-03-28 07:28:12',	NULL),
(29,	2,	'PUSTAKAWAN',	1,	2,	2,	'2019-03-28 07:28:12',	'2019-03-28 07:28:12',	NULL),
(30,	3,	'SETIAUSAHA PEJABAT',	1,	2,	2,	'2019-03-28 07:28:12',	'2019-03-28 07:28:12',	NULL),
(31,	3,	'SETIAUSAHA PEJABAT (KUP)',	1,	2,	2,	'2019-03-28 07:28:12',	'2019-03-28 07:28:12',	NULL),
(32,	1,	'TIMBALAN KETUA PENGARAH',	1,	2,	2,	'2019-03-28 07:28:12',	'2019-03-28 07:28:12',	NULL),
(33,	1,	'TIMBALAN PENGARAH',	1,	2,	2,	'2019-03-28 07:28:12',	'2019-03-28 07:28:12',	NULL);

CREATE TABLE `ref_jenis_penerbangan` (
  `jenis_penerbangan_id` int(11) NOT NULL AUTO_INCREMENT,
  `jenis_penerbangan_desc` varchar(255) NOT NULL,
  `created_at` timestamp NULL DEFAULT NULL,
  `updated_at` timestamp NOT NULL DEFAULT CURRENT_TIMESTAMP,
  `deleted_at` timestamp NULL DEFAULT NULL,
  PRIMARY KEY (`jenis_penerbangan_id`)
) ENGINE=InnoDB DEFAULT CHARSET=latin1;

INSERT INTO `ref_jenis_penerbangan` (`jenis_penerbangan_id`, `jenis_penerbangan_desc`, `created_at`, `updated_at`, `deleted_at`) VALUES
(1,	'PERGI',	'2019-03-21 19:57:17',	'2019-03-21 19:57:17',	NULL),
(2,	'BALIK',	'2019-03-21 19:57:20',	'2019-03-21 19:57:20',	NULL),
(3,	'PERGI & BALIK',	'2019-03-21 19:57:34',	'2019-03-21 19:57:34',	NULL);

CREATE TABLE `ref_kalendar` (
  `kalendar_id` int(11) NOT NULL AUTO_INCREMENT,
  `kalendar_date` date NOT NULL COMMENT 'simpan event date dlm bentuk yyyy-mm-dd',
  `kalendar_desc` longtext NOT NULL,
  `is_active` char(1) NOT NULL DEFAULT '1',
  `created_at` timestamp NULL DEFAULT NULL,
  `updated_at` timestamp NULL DEFAULT CURRENT_TIMESTAMP,
  `deleted_at` timestamp NULL DEFAULT NULL,
  PRIMARY KEY (`kalendar_id`)
) ENGINE=InnoDB DEFAULT CHARSET=latin1;


CREATE TABLE `ref_location` (
  `location_id` int(11) NOT NULL AUTO_INCREMENT,
  `location_code` varchar(10) DEFAULT NULL,
  `location_desc` varchar(255) DEFAULT NULL,
  `created_by` int(11) DEFAULT NULL,
  `updated_by` int(11) DEFAULT NULL,
  `created_at` timestamp NULL DEFAULT NULL,
  `updated_at` timestamp NOT NULL DEFAULT CURRENT_TIMESTAMP,
  `deleted_at` timestamp NULL DEFAULT NULL,
  PRIMARY KEY (`location_id`)
) ENGINE=InnoDB DEFAULT CHARSET=latin1;

INSERT INTO `ref_location` (`location_id`, `location_code`, `location_desc`, `created_by`, `updated_by`, `created_at`, `updated_at`, `deleted_at`) VALUES
(1,	'KUL',	'KUALA LUMPUR',	2,	2,	'2019-03-20 13:40:51',	'2019-03-20 13:40:51',	NULL),
(2,	'LGK',	'LANGKAWI',	2,	2,	'2019-03-20 13:40:51',	'2019-03-20 13:40:51',	NULL),
(3,	'KCH',	'KUCHING',	2,	2,	'2019-03-20 13:40:51',	'2019-03-20 13:40:51',	NULL),
(4,	'PEN',	'PENANG',	2,	2,	'2019-03-20 13:40:51',	'2019-03-20 13:40:51',	NULL),
(5,	'BKI',	'KOTA KINABALU',	2,	2,	'2019-03-20 13:40:51',	'2019-03-20 13:40:51',	NULL),
(6,	'JHB',	'JOHOR BAHRU',	2,	2,	'2019-03-20 13:40:51',	'2019-03-20 13:40:51',	NULL),
(7,	'SZB',	'SUBANG',	2,	2,	'2019-03-20 13:40:51',	'2019-03-20 13:40:51',	NULL),
(8,	'AOR',	'ALOR SETAR',	2,	2,	'2019-03-20 13:40:51',	'2019-03-20 13:40:51',	NULL),
(9,	'KBR',	'KOTA BHARU',	2,	2,	'2019-03-20 13:40:51',	'2019-03-20 13:40:51',	NULL),
(10,	'TGG',	'KUALA TERENGGANU',	2,	2,	'2019-03-20 13:40:51',	'2019-03-20 13:40:51',	NULL),
(11,	'IPH',	'IPOH',	2,	2,	'2019-03-20 13:40:51',	'2019-03-20 13:40:51',	NULL),
(12,	'KUA',	'KUANTAN',	2,	2,	'2019-03-20 13:40:51',	'2019-03-20 13:40:51',	NULL),
(13,	'SBW',	'SIBU',	2,	2,	'2019-03-20 13:40:51',	'2019-03-20 13:40:51',	NULL),
(14,	'SDK',	'SANDAKAN',	2,	2,	'2019-03-20 13:40:51',	'2019-03-20 13:40:51',	NULL),
(15,	'TWU',	'TAWAU',	2,	2,	'2019-03-20 13:40:51',	'2019-03-20 13:40:51',	NULL),
(16,	'MYY',	'MIRI',	2,	2,	'2019-03-20 13:40:51',	'2019-03-20 13:40:51',	NULL),
(17,	'LDU',	'LAHAD DATU',	46,	46,	'2019-05-10 18:39:19',	'2019-05-10 18:39:19',	NULL),
(18,	'SIN',	'CANGI, SINGAPORE',	46,	46,	'2019-05-21 13:12:58',	'2019-06-20 14:13:08',	NULL),
(19,	'XSP',	'SELETAR, SINGAPORE',	46,	46,	'2019-06-20 14:12:45',	'2019-06-20 14:13:21',	NULL),
(20,	'MZV',	'MULU, SARAWAK',	46,	46,	'2019-07-15 16:39:59',	'2019-07-15 16:39:59',	NULL),
(21,	'LBU',	'LABUAN',	46,	46,	'2019-07-15 16:40:17',	'2019-07-15 16:40:17',	NULL),
(22,	'PEK',	'BEIJING, CHINA',	46,	46,	'2019-08-07 12:26:23',	'2019-08-07 12:26:23',	NULL),
(23,	'LHR',	'LONDON, UNITED KINGDOM',	46,	46,	'2019-08-08 12:44:01',	'2019-08-09 16:09:08',	NULL),
(24,	'SYD',	'SYDNEY, AU',	46,	46,	'2019-08-09 16:04:43',	'2019-08-09 16:09:45',	NULL),
(25,	'SCL',	'SANTIAGO, CHILE',	46,	46,	'2019-08-09 16:17:03',	'2019-08-09 16:17:03',	NULL),
(26,	'PMC',	'PUERTO MONTT, CHILE',	46,	46,	'2019-08-09 16:18:58',	'2019-08-09 16:18:58',	NULL),
(27,	'BTU',	'BINTULU, SARAWAK',	46,	46,	'2019-08-28 15:45:34',	'2019-08-28 15:45:34',	NULL),
(28,	'TPE',	'TAIPEI , TAIWAN CHINA',	46,	46,	'2019-09-30 19:13:36',	'2019-09-30 19:13:36',	NULL),
(29,	'CTU',	'CHENGDU, CHINA',	46,	46,	'2019-10-01 12:23:49',	'2019-10-01 12:23:49',	NULL),
(30,	'LMN',	'LIMBANG, SARAWAK',	53,	53,	'2019-10-01 14:58:07',	'2019-10-01 14:58:07',	NULL),
(31,	'MKM',	'MUKAH, SARAWAK',	53,	53,	'2019-10-01 14:59:14',	'2019-10-01 14:59:14',	NULL),
(32,	'VTE',	'VIENTIANE, LAOS',	71,	71,	'2019-10-07 21:09:34',	'2019-10-07 21:09:34',	NULL),
(33,	'BKK',	'SURVARNABHUMI AIRPORT, THAILAND',	71,	71,	'2019-10-07 21:14:16',	'2019-10-07 21:14:16',	NULL),
(34,	'DMK',	'DON MUEANG INTERNATIONAL AIRPORT, THAILAND',	71,	71,	'2019-10-07 21:15:28',	'2019-10-07 21:15:28',	NULL),
(35,	'ICN',	'SEOUL, KOREA',	46,	46,	'2019-11-13 15:16:13',	'2019-11-13 15:16:13',	NULL),
(36,	'CDG',	'PARIS, CHARLES DE GAULLE',	46,	46,	'2019-11-20 15:59:01',	'2019-11-20 15:59:01',	NULL),
(37,	'NRT',	'TOKYO, JEPUN',	46,	46,	'2020-01-10 21:11:36',	'2020-01-10 21:11:36',	NULL),
(38,	'MEL',	'MELBOURNE, AUSTRALIA',	46,	46,	'2020-02-28 08:20:52',	'2020-02-28 08:20:52',	NULL),
(39,	'NAN',	'NADI,FIJI',	46,	46,	'2020-02-28 08:21:22',	'2020-02-28 08:21:22',	NULL);

CREATE TABLE `ref_meeting_type` (
  `meeting_type_id` int(11) NOT NULL AUTO_INCREMENT,
  `meeting_type_desc` varchar(255) DEFAULT NULL,
  `running_no` int(11) NOT NULL DEFAULT '0',
  `created_by` int(11) DEFAULT NULL,
  `updated_by` int(11) DEFAULT NULL,
  `created_at` timestamp NULL DEFAULT NULL,
  `updated_at` timestamp NOT NULL DEFAULT CURRENT_TIMESTAMP,
  `deleted_at` timestamp NULL DEFAULT NULL,
  PRIMARY KEY (`meeting_type_id`),
  KEY `idx_meetingtype_createdby` (`created_by`),
  KEY `idx_meetingtype_updatedby` (`updated_by`)
) ENGINE=InnoDB DEFAULT CHARSET=latin1;

INSERT INTO `ref_meeting_type` (`meeting_type_id`, `meeting_type_desc`, `running_no`, `created_by`, `updated_by`, `created_at`, `updated_at`, `deleted_at`) VALUES
(1,	'MESYUARAT SEBUT HARGA A',	0,	31,	31,	'2020-10-14 03:12:38',	'2020-10-14 03:12:38',	NULL),
(2,	'MESYUARAT SEBUT HARGA B',	0,	31,	31,	'2020-10-14 03:13:00',	'2020-10-14 03:13:00',	NULL);

CREATE TABLE `ref_meeting_year` (
  `meeting_year_id` int(11) NOT NULL AUTO_INCREMENT,
  `meeting_type_id` int(11) NOT NULL,
  `running_no` int(11) NOT NULL DEFAULT '1',
  `meeting_year` char(4) NOT NULL,
  `created_at` timestamp NULL DEFAULT NULL,
  `updated_at` timestamp NOT NULL DEFAULT CURRENT_TIMESTAMP,
  `deleted_at` timestamp NULL DEFAULT NULL,
  PRIMARY KEY (`meeting_year_id`),
  KEY `idx_meetingyear_meetingtypeid_year` (`meeting_type_id`,`meeting_year`)
) ENGINE=InnoDB DEFAULT CHARSET=utf8mb4;

INSERT INTO `ref_meeting_year` (`meeting_year_id`, `meeting_type_id`, `running_no`, `meeting_year`, `created_at`, `updated_at`, `deleted_at`) VALUES
(1,	2,	10,	'2020',	'2020-11-26 06:22:19',	'2020-11-26 06:22:19',	NULL),
(2,	1,	10,	'2020',	'2020-10-14 03:59:36',	'2020-10-14 03:59:36',	NULL);

CREATE TABLE `ref_payment_method` (
  `payment_method_id` int(11) NOT NULL AUTO_INCREMENT,
  `payment_method_desc` varchar(150) NOT NULL,
  `created_at` timestamp NULL DEFAULT NULL,
  `updated_at` timestamp NOT NULL DEFAULT CURRENT_TIMESTAMP,
  `deleted_at` timestamp NULL DEFAULT NULL,
  PRIMARY KEY (`payment_method_id`)
) ENGINE=InnoDB DEFAULT CHARSET=latin1;

INSERT INTO `ref_payment_method` (`payment_method_id`, `payment_method_desc`, `created_at`, `updated_at`, `deleted_at`) VALUES
(1,	'Kad Kredit',	'2019-03-23 19:32:36',	'2019-03-23 19:32:36',	NULL),
(2,	'Waran',	'2019-03-23 19:32:43',	'2019-03-23 19:32:43',	NULL);

CREATE TABLE `ref_pembangunan` (
  `pembangunan_id` int(11) NOT NULL AUTO_INCREMENT,
  `pembangunan_desc` varchar(255) DEFAULT NULL,
  `created_by` int(11) DEFAULT NULL,
  `updated_by` int(11) DEFAULT NULL,
  `created_at` timestamp NULL DEFAULT NULL,
  `updated_at` timestamp NOT NULL DEFAULT CURRENT_TIMESTAMP,
  `deleted_at` timestamp NULL DEFAULT NULL,
  PRIMARY KEY (`pembangunan_id`)
) ENGINE=InnoDB DEFAULT CHARSET=latin1;

INSERT INTO `ref_pembangunan` (`pembangunan_id`, `pembangunan_desc`, `created_by`, `updated_by`, `created_at`, `updated_at`, `deleted_at`) VALUES
(1,	'NPDIR',	2,	2,	'2019-03-21 19:39:55',	'2019-03-21 19:39:55',	NULL),
(2,	'PPE',	2,	2,	'2019-03-21 19:40:05',	'2019-03-21 19:40:05',	'2019-04-15 07:21:08'),
(3,	'MBR',	2,	2,	'2019-03-21 19:40:09',	'2019-03-21 19:40:09',	NULL),
(4,	'PTPS',	2,	2,	'2019-03-21 19:40:22',	'2019-03-21 19:40:22',	NULL),
(5,	'TEST123 DDDD',	355,	355,	'2019-04-12 23:06:59',	'2019-04-12 23:07:06',	'2019-04-12 15:07:10'),
(6,	'T5-MPB',	46,	46,	'2019-04-15 15:21:35',	'2019-04-15 15:21:35',	NULL),
(7,	'NTM',	46,	46,	'2019-04-15 15:21:55',	'2019-04-15 15:21:55',	NULL),
(8,	'PKP',	46,	46,	'2019-04-15 15:22:04',	'2019-04-15 15:22:04',	NULL),
(9,	'SPN TOURISM',	46,	46,	'2019-04-15 15:22:29',	'2019-04-15 15:22:29',	NULL),
(10,	'SPN RETAIL',	46,	46,	'2019-04-15 15:24:16',	'2019-04-15 15:24:16',	NULL),
(11,	'SPN CHEMICAL',	46,	46,	'2019-04-15 15:24:40',	'2019-04-15 15:24:40',	NULL),
(12,	'SPN E & E',	46,	46,	'2019-04-15 15:24:59',	'2019-04-15 15:24:59',	NULL),
(13,	'SPN M & E',	46,	46,	'2019-04-15 15:25:15',	'2019-04-15 15:25:15',	NULL),
(14,	'SPN AGROFOOD',	46,	46,	'2019-04-15 15:25:34',	'2019-04-15 15:25:34',	NULL),
(15,	'SPN HEALTHCARE',	46,	46,	'2019-04-15 15:25:44',	'2019-04-15 15:25:44',	NULL),
(16,	'SPN PROF SERV',	46,	46,	'2019-04-15 15:26:01',	'2019-04-15 15:26:01',	NULL),
(17,	'SPN ICT',	46,	46,	'2019-04-15 15:26:21',	'2019-04-15 15:26:21',	NULL),
(18,	'SPPE',	46,	46,	'2019-07-26 19:20:19',	'2019-07-26 19:20:19',	NULL),
(19,	'CCI',	46,	46,	'2019-07-26 20:53:35',	'2019-07-26 20:53:35',	NULL),
(20,	'KLEMS - TFP',	46,	46,	'2019-07-26 20:53:52',	'2019-07-26 20:53:52',	NULL),
(21,	'EIIP',	46,	46,	'2019-07-26 20:54:02',	'2019-07-26 20:54:02',	NULL),
(22,	'MPB-EEPN',	46,	46,	'2019-07-26 20:54:21',	'2019-07-26 20:54:21',	NULL),
(23,	'MPB-CCPPN',	46,	46,	'2019-07-26 20:56:50',	'2019-07-26 20:56:50',	NULL),
(24,	'MPB-RFBPN',	46,	46,	'2019-07-26 20:57:08',	'2019-07-26 20:57:08',	NULL),
(25,	'MPB-TPN',	46,	46,	'2019-07-26 20:57:27',	'2019-07-26 20:57:27',	NULL),
(26,	'MPB AFPN',	46,	46,	'2019-07-26 20:57:41',	'2019-07-26 20:57:41',	NULL),
(27,	'MPB MEPN',	46,	46,	'2019-07-26 20:57:54',	'2019-07-26 20:57:54',	NULL),
(28,	'MPB PS',	46,	46,	'2019-07-26 20:58:05',	'2019-07-26 20:58:05',	NULL),
(29,	'MPB PH',	46,	46,	'2019-07-26 20:58:16',	'2019-07-26 20:58:16',	NULL),
(30,	'MPB ICTPN',	46,	46,	'2019-10-30 14:27:13',	'2019-10-30 14:27:13',	NULL),
(31,	'HRD',	46,	46,	'2019-11-12 14:09:57',	'2019-11-12 14:09:57',	NULL),
(32,	'BI (BEHAVIORAL INSIGHTS)',	46,	46,	'2020-01-21 15:26:54',	'2020-01-21 15:26:54',	NULL);

CREATE TABLE `ref_permohonan_doc` (
  `permohonan_doc_id` int(11) NOT NULL AUTO_INCREMENT,
  `permohonan_doc_desc` varchar(200) DEFAULT NULL,
  `sort` int(11) DEFAULT NULL,
  `active_status` int(11) NOT NULL DEFAULT '1',
  `created_at` timestamp NULL DEFAULT NULL,
  `updated_at` timestamp NOT NULL DEFAULT CURRENT_TIMESTAMP,
  `deleted_at` timestamp NULL DEFAULT NULL,
  PRIMARY KEY (`permohonan_doc_id`)
) ENGINE=InnoDB DEFAULT CHARSET=latin1;

INSERT INTO `ref_permohonan_doc` (`permohonan_doc_id`, `permohonan_doc_desc`, `sort`, `active_status`, `created_at`, `updated_at`, `deleted_at`) VALUES
(1,	'BOM',	4,	1,	'2020-07-23 10:13:10',	'2020-07-23 10:13:10',	NULL),
(2,	'LPO untuk Pembekal',	1,	1,	'2020-07-23 10:13:19',	'2020-07-23 10:13:19',	NULL),
(3,	'Sebut Harga',	5,	1,	'2020-07-23 10:13:29',	'2020-07-23 10:13:29',	NULL),
(4,	'Keratan Minit Kelulusan BOM',	6,	1,	'2020-07-23 10:13:39',	'2020-07-23 10:13:39',	NULL),
(5,	'Anggaran perbelanjaan BOM yang diluluskan',	7,	1,	'2020-07-23 10:13:48',	'2020-07-23 10:13:48',	NULL),
(6,	'Sijil GST (Wajib)',	8,	1,	'2020-07-23 10:14:01',	'2020-07-23 10:14:01',	NULL),
(7,	'Lantikan perunding/ penceramah Tempatan/ Luar Negara (attachmentb)',	12,	0,	'2020-07-23 10:14:44',	'2020-07-23 10:14:44',	NULL),
(8,	'Kelulusan Kementerian Kewangan (MOF)',	13,	1,	'2020-07-23 10:14:54',	'2020-07-23 10:14:54',	NULL),
(9,	'PLPS',	14,	1,	'2020-07-23 10:15:27',	'2020-07-23 10:15:27',	NULL),
(10,	'Surat Setuju Terima (SST) (Wajib)',	15,	1,	'2020-07-23 10:15:36',	'2020-07-23 10:15:36',	NULL),
(11,	'Surat Lantikan (Wajib)',	16,	1,	'2020-07-23 10:15:47',	'2020-07-23 10:15:47',	NULL),
(12,	'Jadual Pembayaran',	17,	1,	'2020-07-23 10:15:54',	'2020-07-23 10:15:54',	NULL),
(13,	'Terms of Reference (TOR)',	18,	1,	'2020-07-23 10:16:02',	'2020-07-23 10:16:02',	NULL),
(14,	'Borang Lampiran B (sekiranya menggunakan khidmat kakitangan kerajaan)',	19,	1,	'2020-07-23 10:16:09',	'2020-07-23 10:16:09',	NULL),
(15,	'Invois (bagi bayaran yang dibuat secara telegraphic transfer (TT) kepada pembekal di luar negara)',	20,	1,	'2020-07-23 10:16:20',	'2020-07-23 10:16:20',	NULL),
(16,	'Perolehan melalui Sebut harga B (> RM20K) / Sebut harga A (> RM50K) / Tender (>RM500K) (attachmentc)',	21,	0,	'2020-07-23 10:16:29',	'2020-07-23 10:16:29',	NULL),
(17,	'Surat Setuju Terima (SST) (Perolehan melalui Sebut harga B (> RM20K) / Sebut harga A (> RM50K) / Tender (>RM500K))',	22,	1,	'2020-07-23 10:16:41',	'2020-07-23 10:16:41',	NULL),
(18,	'Keputusan Mesyuarat sebut harga/ Lembaga Perolehan',	23,	1,	'2020-07-23 10:16:50',	'2020-07-23 10:16:50',	NULL),
(19,	'Surat Lantikan (Perolehan melalui Sebut harga B (> RM20K) / Sebut harga A (> RM50K) / Tender (>RM500K))',	24,	1,	'2020-07-23 10:16:57',	'2020-07-23 10:16:57',	NULL),
(20,	'Teknikal / Penyelenggaraan (attachmentd)',	25,	0,	'2020-07-23 10:17:03',	'2020-07-23 10:17:03',	NULL),
(21,	'Laporan penyelenggaraan yang disahkan',	26,	1,	'2020-07-23 10:17:11',	'2020-07-23 10:17:11',	NULL),
(22,	'Kontrak (Salinan)',	27,	1,	'2020-07-23 10:17:17',	'2020-07-23 10:17:17',	NULL),
(23,	'Makanan (attachmente)',	28,	0,	'2020-07-23 10:17:24',	'2020-07-23 10:17:24',	NULL),
(24,	'Senarai nama peserta bengkel/ ceramah/ taklimat',	29,	1,	'2020-07-23 10:17:32',	'2020-07-23 10:17:32',	NULL),
(25,	'Tentatif program',	30,	1,	'2020-07-23 10:17:40',	'2020-07-23 10:17:40',	NULL),
(26,	'Penginapan Hotel/Tiket Penerbangan (attachmenta)',	9,	0,	'2020-07-23 10:14:09',	'2020-07-23 10:14:09',	NULL),
(27,	'Senarai Nama Penginap',	10,	1,	'2020-07-23 10:14:24',	'2020-07-23 10:14:24',	NULL),
(28,	'Senarai Nama Tiket Kapal Terbang',	11,	1,	'2020-07-23 10:14:40',	'2020-07-23 10:14:40',	NULL),
(30,	'LPO untuk Bhg Kewangan',	2,	1,	'2020-07-23 10:17:53',	'2020-07-23 10:17:53',	NULL),
(31,	'Invoice untuk Bhg Kewangan',	3,	1,	'2020-07-23 10:18:06',	'2020-07-23 10:18:06',	NULL);

CREATE TABLE `ref_program` (
  `program_id` int(11) NOT NULL AUTO_INCREMENT,
  `project_category_id` int(11) NOT NULL,
  `program_code` char(10) DEFAULT NULL,
  `program_desc` varchar(255) DEFAULT NULL,
  `created_by` int(11) DEFAULT NULL,
  `updated_by` int(11) DEFAULT NULL,
  `created_at` timestamp NULL DEFAULT NULL,
  `updated_at` timestamp NOT NULL DEFAULT CURRENT_TIMESTAMP,
  `deleted_at` timestamp NULL DEFAULT NULL,
  PRIMARY KEY (`program_id`),
  KEY `idx_program_main` (`project_category_id`),
  KEY `idx_program_code` (`program_code`),
  KEY `idx_program_createdby` (`created_by`),
  KEY `idx_program_updatedby` (`updated_by`)
) ENGINE=InnoDB DEFAULT CHARSET=latin1;

INSERT INTO `ref_program` (`program_id`, `project_category_id`, `program_code`, `program_desc`, `created_by`, `updated_by`, `created_at`, `updated_at`, `deleted_at`) VALUES
(1,	1,	'AG001',	'AMALAN BAIK PERATURAN (GRP)',	2,	2,	'2021-03-16 15:24:56',	'2021-03-16 15:24:56',	NULL),
(2,	1,	'AG002',	'REGULATORY PROPOSAL/ NOTIFICATION2',	2,	2,	'2021-03-16 15:24:56',	'2021-05-29 17:12:06',	NULL),
(3,	1,	'AG003',	'REGULATORY IMPACT ANALYSIS/ STATEMENT',	2,	2,	'2021-03-16 15:24:56',	'2021-03-16 15:24:56',	NULL),
(4,	1,	'AG004',	'PUBLIC CONSULTATION/ STAKEHOLDER CONSULTATION/ENGAGEMENT',	2,	2,	'2021-03-16 15:24:56',	'2021-03-16 15:24:56',	NULL),
(5,	1,	'AG005',	'COST BENEFIT ANALYSIS',	2,	2,	'2021-03-16 15:24:56',	'2021-03-16 15:24:56',	NULL),
(6,	1,	'AG006',	'IMPACT ANALYSIS',	2,	2,	'2021-03-16 15:24:56',	'2021-03-16 15:24:56',	NULL),
(7,	1,	'AG007',	'STANDARD COST MODEL',	2,	2,	'2021-03-16 15:24:56',	'2021-03-16 15:24:56',	NULL),
(8,	1,	'AG008',	'MEASURING REGULATORY/ COMPLIANCE COST',	2,	2,	'2021-03-16 15:24:56',	'2021-03-16 15:24:56',	NULL),
(9,	1,	'AG009',	'POST IMPLEMENTATION REVIEW',	2,	2,	'2021-03-16 15:24:56',	'2021-03-16 15:24:56',	NULL),
(10,	1,	'AG010',	'PERFORMANCE/ OUTCOME-BASED REGULATION',	2,	2,	'2021-03-16 15:24:56',	'2021-03-16 15:24:56',	NULL),
(11,	1,	'AG011',	'MANAGEMENT-BASED REGULATIONS',	2,	2,	'2021-03-16 15:24:56',	'2021-03-16 15:24:56',	NULL),
(12,	1,	'AG012',	'REGULATORY EXPERIMENTS',	2,	2,	'2021-03-16 15:24:56',	'2021-03-16 15:24:56',	NULL),
(13,	1,	'AG013',	'REGULATORY SANDBOX',	2,	2,	'2021-03-16 15:24:56',	'2021-03-16 15:24:56',	NULL),
(14,	1,	'AG014',	'ADAPTIVE REGULATION',	2,	2,	'2021-03-16 15:24:56',	'2021-03-16 15:24:56',	NULL),
(15,	1,	'AG015',	'COMPETITION IMPACT ANALYSIS',	2,	2,	'2021-03-16 15:24:56',	'2021-03-16 15:24:56',	NULL),
(16,	1,	'AG016',	'SMES IMPACT ANALYSIS',	2,	2,	'2021-03-16 15:24:56',	'2021-03-16 15:24:56',	NULL),
(17,	1,	'AG017',	'SOCIAL IMPACT ANALYSIS',	2,	2,	'2021-03-16 15:24:56',	'2021-03-16 15:24:56',	NULL),
(18,	1,	'AG018',	'ENVIRONMENT IMPACT ANALYSIS',	2,	2,	'2021-03-16 15:24:56',	'2021-03-16 15:24:56',	NULL),
(19,	1,	'AG019',	'POLICY IMPACT ANALYSIS',	2,	2,	'2021-03-16 15:24:56',	'2021-03-16 15:24:56',	NULL),
(20,	1,	'AG020',	'SELF-REGULATION',	2,	2,	'2021-03-16 15:24:56',	'2021-03-16 15:24:56',	NULL),
(21,	1,	'AG021',	'CO-REGULATION',	2,	2,	'2021-03-16 15:24:56',	'2021-03-16 15:24:56',	NULL),
(22,	1,	'AG022',	'RISK-BASED REGULATION',	2,	2,	'2021-03-16 15:24:56',	'2021-03-16 15:24:56',	NULL),
(23,	1,	'AG023',	'INTERNATIONAL REGULATORY COOPERATION',	2,	2,	'2021-03-16 15:24:56',	'2021-03-16 15:24:56',	NULL),
(24,	1,	'AG024',	'REGULATORY DELIVERY',	2,	2,	'2021-03-16 15:24:56',	'2021-03-16 15:24:56',	NULL),
(25,	1,	'AG025',	'AGILE REGULATION',	2,	2,	'2021-03-16 15:24:56',	'2021-03-16 15:24:56',	NULL),
(26,	1,	'AG026',	'REGULATORY-BASED TECHNOLOGY',	2,	2,	'2021-03-16 15:24:56',	'2021-03-16 15:24:56',	NULL),
(27,	1,	'AG027',	'REGULATORY POLICY/ SYSTEM MANAGEMENT (GOOD REGULATORY PRACTICE POLICY REGULATORY COORDINATOR ETC.)',	2,	2,	'2021-03-16 15:24:56',	'2021-03-16 15:24:56',	NULL),
(28,	1,	'AG028',	'MULTI CRITERIA ANALYSIS',	2,	2,	'2021-03-16 15:24:56',	'2021-03-16 15:24:56',	NULL),
(29,	1,	'AG029',	'COST EFFECTIVE ANALYSIS',	2,	2,	'2021-03-16 15:24:56',	'2021-03-16 15:24:56',	NULL),
(30,	1,	'AG030',	'REGULATORY GOVERNANCE',	2,	2,	'2021-03-16 15:24:56',	'2021-03-16 15:24:56',	NULL),
(31,	1,	'AG031',	'RISK-BASED ANALYSIS',	2,	2,	'2021-03-16 15:24:56',	'2021-03-16 15:24:56',	NULL),
(32,	1,	'AG032',	'INTERNATIONAL REGULATORY MANAGEMENT (EXAMPLE: ASIA-PACIFIC ECONOMIC COOPERATION (APEC) / ASSOCIATION OF SOUTHEAST ASIAN NATIONS (ASEAN) / ORGANISATION FOR ECONOMIC CO-OPERATION AND DEVELOPMENT (OECD)',	2,	2,	'2021-03-16 15:24:56',	'2021-03-16 15:24:56',	NULL),
(33,	1,	'AG033',	'CUTTING RED TAPE',	2,	2,	'2021-03-16 15:24:56',	'2021-03-16 15:24:56',	NULL),
(34,	1,	'AG034',	'REGULATORY MAPPING',	2,	2,	'2021-03-16 15:24:56',	'2021-03-16 15:24:56',	NULL),
(35,	1,	'AG035',	'REGULATORY FRAMEWORK',	2,	2,	'2021-03-16 15:24:56',	'2021-03-16 15:24:56',	NULL),
(36,	1,	'AG036',	'REGULATORY DESIGN',	2,	2,	'2021-03-16 15:24:56',	'2021-03-16 15:24:56',	NULL),
(37,	1,	'AG037',	'REVIEW EXISTING REGULATION',	2,	2,	'2021-03-16 15:24:56',	'2021-03-16 15:24:56',	NULL),
(38,	1,	'AG038',	'REGULATORY REFORM',	2,	2,	'2021-03-16 15:24:56',	'2021-03-16 15:24:56',	NULL),
(39,	1,	'AG039',	'NON -TARIFF MEASURES (NTM) REFORM',	2,	2,	'2021-03-16 15:24:56',	'2021-03-16 15:24:56',	NULL),
(40,	1,	'AG040',	'LICENSING REFORM',	2,	2,	'2021-03-16 15:24:57',	'2021-03-16 15:24:57',	NULL),
(41,	1,	'AG041',	'BUSINESS REGULATION',	2,	2,	'2021-03-16 15:24:57',	'2021-03-16 15:24:57',	NULL),
(42,	1,	'AG042',	'IMPROVE LICENSING TRANSPARENCY',	2,	2,	'2021-03-16 15:24:57',	'2021-03-16 15:24:57',	NULL),
(43,	1,	'AG043',	'BUSINESS LICENSING GUIDELINE',	2,	2,	'2021-03-16 15:24:57',	'2021-03-16 15:24:57',	NULL),
(44,	1,	'AG044',	'REDUCING REGULATORY BURDEN',	2,	2,	'2021-03-16 15:24:57',	'2021-03-16 15:24:57',	NULL),
(45,	1,	'AG045',	'MONITORING & EVALUATION FRAMEWORK',	2,	2,	'2021-03-16 15:24:57',	'2021-03-16 15:24:57',	NULL),
(46,	1,	'AG046',	'DEREGULATION',	2,	2,	'2021-03-16 15:24:57',	'2021-03-16 15:24:57',	NULL),
(47,	1,	'AG047',	'ANALYSIS VERIFICATION',	2,	2,	'2021-03-16 15:24:57',	'2021-03-16 15:24:57',	NULL),
(48,	1,	'AG048',	'ISSUE PAPER',	2,	2,	'2021-03-16 15:24:57',	'2021-03-16 15:24:57',	NULL),
(49,	1,	'AG049',	'LAW',	2,	2,	'2021-03-16 15:24:57',	'2021-03-16 15:24:57',	NULL),
(50,	1,	'AG050',	'ECONOMY',	2,	2,	'2021-03-16 15:24:57',	'2021-03-16 15:24:57',	NULL),
(51,	1,	'AG051',	'HEALTHCARE',	2,	2,	'2021-03-16 15:24:57',	'2021-03-16 15:24:57',	NULL),
(52,	1,	'AG052',	'CONSTRUCTION',	2,	2,	'2021-03-16 15:24:57',	'2021-03-16 15:24:57',	NULL),
(53,	1,	'AG053',	'LABOUR',	2,	2,	'2021-03-16 15:24:57',	'2021-03-16 15:24:57',	NULL),
(54,	1,	'AG054',	'IMMIGRATION',	2,	2,	'2021-03-16 15:24:57',	'2021-03-16 15:24:57',	NULL),
(55,	1,	'AG055',	'TOURISM',	2,	2,	'2021-03-16 15:24:57',	'2021-03-16 15:24:57',	NULL),
(56,	1,	'AG056',	'DIGITAL',	2,	2,	'2021-03-16 15:24:57',	'2021-03-16 15:24:57',	NULL),
(57,	2,	'AB057',	'BEHAVIOURAL INSIGHTS FRAMEWORK CRITERIA: DEFINE',	2,	2,	'2021-03-16 15:24:57',	'2021-03-16 15:24:57',	NULL),
(58,	2,	'AB058',	'BEHAVIOURAL INSIGHTS FRAMEWORK CRITERIA: RESEARCH',	2,	2,	'2021-03-16 15:24:57',	'2021-03-16 15:24:57',	NULL),
(59,	2,	'AB059',	'BEHAVIOURAL INSIGHTS FRAMEWORK CRITERIA: INTERVENTION',	2,	2,	'2021-03-16 15:24:57',	'2021-03-16 15:24:57',	NULL),
(60,	2,	'AB060',	'BEHAVIOURAL INSIGHTS FRAMEWORK CRITERIA: VALIDATE',	2,	2,	'2021-03-16 15:24:57',	'2021-03-16 15:24:57',	NULL),
(61,	2,	'AB061',	'BEHAVIOURAL INSIGHTS FRAMEWORK CRITERIA: EXPAND',	2,	2,	'2021-03-16 15:24:57',	'2021-03-16 15:24:57',	NULL),
(62,	2,	'AB062',	'BEHAVIOURAL INSIGHTS GUIDELINES',	2,	2,	'2021-03-16 15:24:57',	'2021-03-16 15:24:57',	NULL),
(63,	2,	'AB063',	'BEHAVIOURAL INSIGHTS BENCHMARKING PROJECT',	2,	2,	'2021-03-16 15:24:57',	'2021-03-16 15:24:57',	NULL),
(64,	2,	'AB064',	'BEHAVIOURAL INSIGHTS BASELINE STUDY',	2,	2,	'2021-03-16 15:24:57',	'2021-03-16 15:24:57',	NULL),
(65,	2,	'AB065',	'BEHAVIOURAL INSIGHTS CONFERENCE/ WORKSHOP/SEMINAR/ RTD/ FGD',	2,	2,	'2021-03-16 15:24:57',	'2021-03-16 15:24:57',	NULL),
(66,	2,	'AB066',	'BEHAVIOURAL INSIGHTS TRAINING MODULE - BEGINNER',	2,	2,	'2021-03-16 15:24:57',	'2021-03-16 15:24:57',	NULL),
(67,	2,	'AB067',	'BEHAVIOURAL INSIGHTS TRAINING MODULE - INTERMEDIATE',	2,	2,	'2021-03-16 15:24:57',	'2021-03-16 15:24:57',	NULL),
(68,	2,	'AB068',	'BEHAVIOURAL INSIGHTS TRAINING MODULE - ADVANCED',	2,	2,	'2021-03-16 15:24:57',	'2021-03-16 15:24:57',	NULL),
(69,	2,	'AB069',	'COMPETENCY DEVELOPMENT FOR BEHAVIOURAL - INSIGHTS PRACTITIONERS',	2,	2,	'2021-03-16 15:24:57',	'2021-03-16 15:24:57',	NULL),
(70,	2,	'AB070',	'COMPETENCY DEVELOPMENT FOR BEHAVIOURAL - INSIGHTS TRAINERS/ CONSULTANTS',	2,	2,	'2021-03-16 15:24:57',	'2021-03-16 15:24:57',	NULL),
(71,	2,	'AB071',	'BEHAVIOURAL INSIGHTS TOOLKITS',	2,	2,	'2021-03-16 15:24:57',	'2021-03-16 15:24:57',	NULL),
(72,	2,	'AB072',	'DATA PROFILING DOCUMENTATION FOR BEHAVIOURAL - INSIGHTS',	2,	2,	'2021-03-16 15:24:57',	'2021-03-16 15:24:57',	NULL),
(73,	2,	'AB073',	'BEHAVIOURAL INSIGHTS DOCUMENTATION FOR GOVERNMENT',	2,	2,	'2021-03-16 15:24:57',	'2021-03-16 15:24:57',	NULL),
(74,	2,	'AB074',	'BEHAVIOURAL INSIGHTS PROJECT MANAGEMENT',	2,	2,	'2021-03-16 15:24:57',	'2021-03-16 15:24:57',	NULL),
(75,	2,	'AB075',	'APPLICATION OF NUDGE THEORY',	2,	2,	'2021-03-16 15:24:57',	'2021-03-16 15:24:57',	NULL),
(76,	3,	'AC076',	'ECONOMIC PERFORMANCE: DOMESTIC ECONOMY',	2,	2,	'2021-03-16 15:24:57',	'2021-03-16 15:24:57',	NULL),
(77,	3,	'AC077',	'ECONOMIC PERFORMANCE: INTERNATIONAL TRADE',	2,	2,	'2021-03-16 15:24:57',	'2021-03-16 15:24:57',	NULL),
(78,	3,	'AC078',	'ECONOMIC PERFORMANCE: INTERNATIONAL INVESTMENT',	2,	2,	'2021-03-16 15:24:57',	'2021-03-16 15:24:57',	NULL),
(79,	3,	'AC079',	'ECONOMIC PERFORMANCE: EMPLOYMENT',	2,	2,	'2021-03-16 15:24:57',	'2021-03-16 15:24:57',	NULL),
(80,	3,	'AC080',	'ECONOMIC PERFORMANCE: PRICES',	2,	2,	'2021-03-16 15:24:57',	'2021-03-16 15:24:57',	NULL),
(81,	3,	'AC081',	'GOVERNMENT EFFICIENCY: PUBLIC FINANCE',	2,	2,	'2021-03-16 15:24:57',	'2021-03-16 15:24:57',	NULL),
(82,	3,	'AC082',	'GOVERNMENT EFFICIENCY: TAX POLICY',	2,	2,	'2021-03-16 15:24:57',	'2021-03-16 15:24:57',	NULL),
(83,	3,	'AC083',	'GOVERNMENT EFFICIENCY: INSTITUTIONAL FRAMEWORK',	2,	2,	'2021-03-16 15:24:57',	'2021-03-16 15:24:57',	NULL),
(84,	3,	'AC084',	'GOVERNMENT EFFICIENCY: BUSINESS LEGISLATION',	2,	2,	'2021-03-16 15:24:57',	'2021-03-16 15:24:57',	NULL),
(85,	3,	'AC085',	'GOVERNMENT EFFICIENCY: SOCIETAL FRAMEWORK',	2,	2,	'2021-03-16 15:24:57',	'2021-03-16 15:24:57',	NULL),
(86,	3,	'AC086',	'BUSINESS EFFICIENCY: PRODUCTIVITY & EFFICIENCY',	2,	2,	'2021-03-16 15:24:57',	'2021-03-16 15:24:57',	NULL),
(87,	3,	'AC087',	'BUSINESS EFFICIENCY: LABOR MARKET',	2,	2,	'2021-03-16 15:24:57',	'2021-03-16 15:24:57',	NULL),
(88,	3,	'AC088',	'BUSINESS EFFICIENCY: FINANCE',	2,	2,	'2021-03-16 15:24:57',	'2021-03-16 15:24:57',	NULL),
(89,	3,	'AC089',	'BUSINESS EFFICIENCY: MANAGEMENT PRACTICES',	2,	2,	'2021-03-16 15:24:57',	'2021-03-16 15:24:57',	NULL),
(90,	3,	'AC090',	'BUSINESS EFFICIENCY: ATTITUDES & VALUES',	2,	2,	'2021-03-16 15:24:57',	'2021-03-16 15:24:57',	NULL),
(91,	3,	'AC091',	'INFRASTRUCTURE: BASIC INFRASTRUCTURE',	2,	2,	'2021-03-16 15:24:57',	'2021-03-16 15:24:57',	NULL),
(92,	3,	'AC092',	'INFRASTRUCTURE: TECHNOLOGICAL INFRASTRUCTURE',	2,	2,	'2021-03-16 15:24:57',	'2021-03-16 15:24:57',	NULL),
(93,	3,	'AC093',	'INFRASTRUCTURE: SCIENTIFIC INFRASTRUCTURE',	2,	2,	'2021-03-16 15:24:57',	'2021-03-16 15:24:57',	NULL),
(94,	3,	'AC094',	'INFRASTRUCTURE: HEALTH & ENVIRONMENT',	2,	2,	'2021-03-16 15:24:57',	'2021-03-16 15:24:57',	NULL),
(95,	3,	'AC095',	'INFRASTRUCTURE: EDUCATION',	2,	2,	'2021-03-16 15:24:57',	'2021-03-16 15:24:57',	NULL),
(96,	3,	'AC096',	'ENABLING ENVIRONMENT: INSTITUTIONS',	2,	2,	'2021-03-16 15:24:57',	'2021-03-16 15:24:57',	NULL),
(97,	3,	'AC097',	'ENABLING ENVIRONMENT: INFRASTRUCTURE',	2,	2,	'2021-03-16 15:24:57',	'2021-03-16 15:24:57',	NULL),
(98,	3,	'AC098',	'ENABLING ENVIRONMENT: ICT ADOPTION',	2,	2,	'2021-03-16 15:24:57',	'2021-03-16 15:24:57',	NULL),
(99,	3,	'AC099',	'ENABLING ENVIRONMENT: MACROECONOMIC STABILITY',	2,	2,	'2021-03-16 15:24:57',	'2021-03-16 15:24:57',	NULL),
(100,	3,	'AC100',	'HUMAN CAPITAL: HEALTH',	2,	2,	'2021-03-16 15:24:57',	'2021-03-16 15:24:57',	NULL),
(101,	3,	'AC101',	'HUMAN CAPITAL: SKILLS',	2,	2,	'2021-03-16 15:24:57',	'2021-03-16 15:24:57',	NULL),
(102,	3,	'AC102',	'MARKETS: PRODUCT MARKET',	2,	2,	'2021-03-16 15:24:57',	'2021-03-16 15:24:57',	NULL),
(103,	3,	'AC103',	'MARKETS: LABOR MARKET',	2,	2,	'2021-03-16 15:24:57',	'2021-03-16 15:24:57',	NULL),
(104,	3,	'AC104',	'MARKETS: FINANCIAL MARKET',	2,	2,	'2021-03-16 15:24:57',	'2021-03-16 15:24:57',	NULL),
(105,	3,	'AC105',	'MARKETS: MARKET SIZE',	2,	2,	'2021-03-16 15:24:57',	'2021-03-16 15:24:57',	NULL),
(106,	3,	'AC106',	'INNOVATION ECOSYSTEM: BUSINESS DYNAMISM',	2,	2,	'2021-03-16 15:24:57',	'2021-03-16 15:24:57',	NULL),
(107,	3,	'AC107',	'INNOVATION ECOSYSTEM: INNOVATION CAPABILITY',	2,	2,	'2021-03-16 15:24:57',	'2021-03-16 15:24:57',	NULL),
(108,	3,	'AC108',	'STARTING A BUSINESS',	2,	2,	'2021-03-16 15:24:57',	'2021-03-16 15:24:57',	NULL),
(109,	3,	'AC109',	'DEALING WITH CONSTRUCTION PERMITS',	2,	2,	'2021-03-16 15:24:57',	'2021-03-16 15:24:57',	NULL),
(110,	3,	'AC110',	'GETTING ELECTRICITY',	2,	2,	'2021-03-16 15:24:57',	'2021-03-16 15:24:57',	NULL),
(111,	3,	'AC111',	'REGISTERING PROPERTY',	2,	2,	'2021-03-16 15:24:57',	'2021-03-16 15:24:57',	NULL),
(112,	3,	'AC112',	'GETTING CREDIT',	2,	2,	'2021-03-16 15:24:57',	'2021-03-16 15:24:57',	NULL),
(113,	3,	'AC113',	'PROTECTING MINORITY INVESTORS',	2,	2,	'2021-03-16 15:24:57',	'2021-03-16 15:24:57',	NULL),
(114,	3,	'AC114',	'PAYING TAXES',	2,	2,	'2021-03-16 15:24:57',	'2021-03-16 15:24:57',	NULL),
(115,	3,	'AC115',	'TRADING ACROSS BORDERS',	2,	2,	'2021-03-16 15:24:57',	'2021-03-16 15:24:57',	NULL),
(116,	3,	'AC116',	'ENFORCING CONTRACTS',	2,	2,	'2021-03-16 15:24:57',	'2021-03-16 15:24:57',	NULL),
(117,	3,	'AC117',	'RESOLVING INSOLVENCY',	2,	2,	'2021-03-16 15:24:57',	'2021-03-16 15:24:57',	NULL),
(118,	3,	'AC118',	'EMPLOYING WORKERS',	2,	2,	'2021-03-16 15:24:57',	'2021-03-16 15:24:57',	NULL),
(119,	3,	'AC119',	'CONTRACTING WITH THE GOVERNMENT',	2,	2,	'2021-03-16 15:24:57',	'2021-03-16 15:24:57',	NULL),
(120,	3,	'AC120',	'E-PAYMENT',	2,	2,	'2021-03-16 15:24:57',	'2021-03-16 15:24:57',	NULL),
(121,	4,	'AE121',	'PRODUCTIVITY-LINKED WAGE SYSTEM ASSESSMENT TOOLS',	2,	2,	'2021-03-16 15:24:57',	'2021-03-16 15:24:57',	NULL),
(122,	4,	'AE122',	'PRODUCTIVITY-LINKED WAGE SYSTEM TRAINING MODULE – BEGINNER (IMPROVE PRODUCTIVITY THROUGH PRODUCTIVITY – LINKED WAGE SYSTEM (PLWS)',	2,	2,	'2021-03-16 15:24:57',	'2021-03-16 15:24:57',	NULL),
(123,	4,	'AE123',	'PRODUCTIVITY-LINKED WAGE SYSTEM – INTERMEDIATE (MASTER ON PRODUCTIVITY- LINKED WAGE SYSTEM (PLWS)',	2,	2,	'2021-03-16 15:24:57',	'2021-03-16 15:24:57',	NULL),
(124,	4,	'AE124',	'PRODUCTIVITY-LINKED WAGE SYSTEM – ADVANCED (CHAMPION ON PRODUCTIVITY-LINKED WAGE SYSTEM (PLWS)',	2,	2,	'2021-03-16 15:24:57',	'2021-03-16 15:24:57',	NULL),
(125,	4,	'AE125',	'CIRCULAR ECONOMY APPLICATION IN INDUSTRY',	2,	2,	'2021-03-16 15:24:57',	'2021-03-16 15:24:57',	NULL),
(126,	4,	'AE126',	'CIRCULAR ECONOMY & BUSINESS SUSTAINABILITY ASSESSMENT TOOLS',	2,	2,	'2021-03-16 15:24:57',	'2021-03-16 15:24:57',	NULL),
(127,	5,	'B001',	'BUSINESS EXCELLENCE CRITERIA: LEADERSHIP',	2,	2,	'2021-03-16 15:26:47',	'2021-03-16 15:26:47',	NULL),
(128,	5,	'B002',	'BUSINESS EXCELLENCE CRITERIA: PLANNING',	2,	2,	'2021-03-16 15:26:47',	'2021-03-16 15:26:47',	NULL),
(129,	5,	'B003',	'BUSINESS EXCELLENCE CRITERIA: INFORMATION',	2,	2,	'2021-03-16 15:26:47',	'2021-03-16 15:26:47',	NULL),
(130,	5,	'B004',	'BUSINESS EXCELLENCE CRITERIA: CUSTOMER',	2,	2,	'2021-03-16 15:26:47',	'2021-03-16 15:26:47',	NULL),
(131,	5,	'B005',	'BUSINESS EXCELLENCE CRITERIA: PEOPLE',	2,	2,	'2021-03-16 15:26:47',	'2021-03-16 15:26:47',	NULL),
(132,	5,	'B006',	'BUSINESS EXCELLENCE CRITERIA: PROCESS',	2,	2,	'2021-03-16 15:26:47',	'2021-03-16 15:26:47',	NULL),
(133,	5,	'B007',	'BENCHMARKING FOR BUSINESS EXCELLENCE',	2,	2,	'2021-03-16 15:26:47',	'2021-03-16 15:26:47',	NULL),
(134,	5,	'B008',	'AMALAN KAIZEN BAGI MENINGKATKAN KECEKAPAN PROSES',	2,	2,	'2021-03-16 15:26:47',	'2021-03-16 15:26:47',	NULL),
(135,	5,	'B009',	'ADVANCED KAIZEN',	2,	2,	'2021-03-16 15:26:47',	'2021-03-16 15:26:47',	NULL),
(136,	5,	'B010',	'CONTINUOUS IMPROVEMENT THROUGH KAIZEN',	2,	2,	'2021-03-16 15:26:47',	'2021-03-16 15:26:47',	NULL),
(137,	5,	'B011',	'PENGURUSAN LEAN/ LEAN MANUFACTURING',	2,	2,	'2021-03-16 15:26:47',	'2021-03-16 15:26:47',	NULL),
(138,	5,	'B012',	'LEAN SIX SIGMA',	2,	2,	'2021-03-16 15:26:47',	'2021-03-16 15:26:47',	NULL),
(139,	5,	'B013',	'VALUE STREAM MAPPING (VSM)',	2,	2,	'2021-03-16 15:26:47',	'2021-03-16 15:26:47',	NULL),
(140,	5,	'B014',	'MAPPING PROCESS PROBLEM AND SOLUTION',	2,	2,	'2021-03-16 15:26:47',	'2021-03-16 15:26:47',	NULL),
(141,	5,	'B015',	'STATISTICAL PROCESS CONTROL (SPC)',	2,	2,	'2021-03-16 15:26:47',	'2021-03-16 15:26:47',	NULL),
(142,	5,	'B016',	'TOTAL QUALITY MANAGEMENT (TQM)',	2,	2,	'2021-03-16 15:26:47',	'2021-03-16 15:26:47',	NULL),
(143,	5,	'B017',	'BALANCE SCORECARD',	2,	2,	'2021-03-16 15:26:48',	'2021-03-16 15:26:48',	NULL),
(144,	5,	'B018',	'PENGURUSAN KEWANGAN DAN ANALISIS PRODUKTIVITI',	2,	2,	'2021-03-16 15:26:48',	'2021-03-16 15:26:48',	NULL),
(145,	5,	'B019',	'AMALAN PERSEKITARAN BERKUALITI (5S/QE) YANG EFEKTIF',	2,	2,	'2021-03-16 15:26:48',	'2021-03-16 15:26:48',	NULL),
(146,	5,	'B020',	'AUDIT DALAMAN PERSEKITARAN BERKUALITI (5S/QE)',	2,	2,	'2021-03-16 15:26:48',	'2021-03-16 15:26:48',	NULL),
(147,	5,	'B021',	'KRITERIA AUDIT PERSEKITARAN BERKUALITI (5S/QE)',	2,	2,	'2021-03-16 15:26:48',	'2021-03-16 15:26:48',	NULL),
(148,	5,	'B022',	'5S SPECIALIST',	2,	2,	'2021-03-16 15:26:48',	'2021-03-16 15:26:48',	NULL),
(149,	5,	'B023',	'PENYEDIAAN DOKUMENTASI MANUAL 5S/QE',	2,	2,	'2021-03-16 15:26:48',	'2021-03-16 15:26:48',	NULL),
(150,	5,	'B024',	'DOKUMENTASI UNTUK PENGAUDITAN AMALAN 5S',	2,	2,	'2021-03-16 15:26:48',	'2021-03-16 15:26:48',	NULL),
(151,	5,	'B025',	'PENGURUSAN FAIL DAN REKOD MELALUI SISTEM 5S',	2,	2,	'2021-03-16 15:26:48',	'2021-03-16 15:26:48',	NULL),
(152,	5,	'B026',	'PENGURUSAN STOR & STOK MELALUI SISTEM 5S',	2,	2,	'2021-03-16 15:26:48',	'2021-03-16 15:26:48',	NULL),
(153,	5,	'B027',	'PENGURUSAN STOR & STOK YANG EFEKTIF',	2,	2,	'2021-03-16 15:26:48',	'2021-03-16 15:26:48',	NULL),
(154,	5,	'B028',	'PENGURUSAN PELUPUSAN FAIL DAN REKOD YANG TIDAK AKTIF',	2,	2,	'2021-03-16 15:26:48',	'2021-03-16 15:26:48',	NULL),
(155,	5,	'B029',	'BUSINESS EXCELLENCE FOR PRACTITIONER',	2,	2,	'2021-03-16 15:26:48',	'2021-03-16 15:26:48',	NULL),
(156,	5,	'B030',	'BUSINESS EXCELLENCE FOR ASSESSOR',	2,	2,	'2021-03-16 15:26:48',	'2021-03-16 15:26:48',	NULL),
(157,	5,	'B031',	'BUSINESS EXCELLENCE FOR CONSULTANT',	2,	2,	'2021-03-16 15:26:48',	'2021-03-16 15:26:48',	NULL),
(158,	5,	'B032',	'ORGANISATIONAL PROFILE FOR BUSINESS EXCELLENCE',	2,	2,	'2021-03-16 15:26:48',	'2021-03-16 15:26:48',	NULL),
(159,	5,	'B033',	'BUSINESS EXCELLENCE ASSESSMENT REPORT WRITING FOR ASSESSOR',	2,	2,	'2021-03-16 15:26:48',	'2021-03-16 15:26:48',	NULL),
(160,	5,	'B034',	'BUSINESS EXCELLENCE DOCUMENTATION FOR ORGANISATION',	2,	2,	'2021-03-16 15:26:48',	'2021-03-16 15:26:48',	NULL),
(161,	5,	'B035',	'BUSINESS EXCELLENCE DOCUMENTATION FOR AWARD APPLICANTS',	2,	2,	'2021-03-16 15:26:48',	'2021-03-16 15:26:48',	NULL),
(162,	5,	'B036',	'EFFECTIVE 5S AND LEAN MANAGEMENT IMPLEMENTATION FOR I4.0 ADOPTION',	2,	2,	'2021-03-16 15:26:48',	'2021-03-16 15:26:48',	NULL),
(163,	5,	'B037',	'KEY PERFORMANCE INDICATOR (KPI/KRA)',	2,	2,	'2021-03-16 15:26:48',	'2021-03-16 15:26:48',	NULL),
(164,	5,	'B038',	'PENGUKURAN PRODUKTIVITI (COMPASS)',	2,	2,	'2021-03-16 15:26:48',	'2021-03-16 15:26:48',	NULL),
(165,	5,	'B039',	'PRODUCTIVITY LINKED-WAGE SYSTEM (PLWS)',	2,	2,	'2021-03-16 15:26:48',	'2021-03-16 15:26:48',	NULL),
(166,	5,	'B040',	'TOTAL PREVENTIVE MAINTENANCE (TPM)',	2,	2,	'2021-03-16 15:26:48',	'2021-03-16 15:26:48',	NULL),
(167,	5,	'B041',	'MATERIAL FLOW COST ACCOUNTING (MFCA)',	2,	2,	'2021-03-16 15:26:48',	'2021-03-16 15:26:48',	NULL),
(168,	5,	'B042',	'FAILURE MODE & EFFECT ANALYSIS (FMEA)',	2,	2,	'2021-03-16 15:26:48',	'2021-03-16 15:26:48',	NULL),
(169,	5,	'B043',	'SUPPLY CHAIN SUSTAINABILITY',	2,	2,	'2021-03-16 15:26:48',	'2021-03-16 15:26:48',	NULL),
(170,	5,	'B044',	'SUSTAINABILITY IN BUSINESS PROCESS MANAGEMENT',	2,	2,	'2021-03-16 15:26:48',	'2021-03-16 15:26:48',	NULL),
(171,	5,	'B045',	'INDUSTRIAL SUSTAINABILITY',	2,	2,	'2021-03-16 15:26:48',	'2021-03-16 15:26:48',	NULL),
(172,	5,	'B046',	'EFFECTIVE COMMUNICATION FOR BUSINESS EXCELLENCE',	2,	2,	'2021-03-16 15:26:48',	'2021-03-16 15:26:48',	NULL),
(173,	5,	'B047',	'WORKSHOP ON REDUCING ORGANISATIONAL RISK THROUGH EFFECTIVE, RELIABLE DATA AND INFORMATION',	2,	2,	'2021-03-16 15:26:48',	'2021-03-16 15:26:48',	NULL),
(174,	5,	'B048',	'PROCESS IMPROVEMENT THROUGH LEAN TECHNIQUES',	2,	2,	'2021-03-16 15:26:48',	'2021-03-16 15:26:48',	NULL),
(175,	5,	'B049',	'ELIMINATING WASTES THROUGH LEAN PRACTICES',	2,	2,	'2021-03-16 15:26:48',	'2021-03-16 15:26:48',	NULL),
(176,	5,	'B050',	'IMPROVING QUALITY AND PRODUCTIVITY THROUGH LEAN PRODUCTION',	2,	2,	'2021-03-16 15:26:48',	'2021-03-16 15:26:48',	NULL),
(177,	5,	'B051',	'CERTIFIED PRODUCTIVITY SPECIALIST',	2,	2,	'2021-03-16 15:26:48',	'2021-03-16 15:26:48',	NULL),
(178,	5,	'B052',	'PRODUCTIVITY GAIN MEASUREMENT',	2,	2,	'2021-03-16 15:26:48',	'2021-03-16 15:26:48',	NULL),
(179,	5,	'B053',	'MASTERING “DESIGN THINKING” FOR HIGHER RESULT',	2,	2,	'2021-03-16 15:26:48',	'2021-03-16 15:26:48',	NULL),
(180,	5,	'B054',	'EFFECTIVE TOTAL PRODUCTIVE MAINTENANCE (TPM) FOR SMART MANUFACTURING',	2,	2,	'2021-03-16 15:26:48',	'2021-03-16 15:26:48',	NULL),
(181,	5,	'B055',	'RISK MANAGEMENT PROFILE AND CHANGE MANAGEMENT FOR BETTER GOVERNANCE',	2,	2,	'2021-03-16 15:26:48',	'2021-03-16 15:26:48',	NULL),
(182,	5,	'B056',	'WASTE & ROOT CAUSE ANALYSIS FOR LEAN MANAGEMENT IMPLEMENTATION',	2,	2,	'2021-03-16 15:26:48',	'2021-03-16 15:26:48',	NULL),
(183,	5,	'B057',	'ELIMINATING WASTES THROUGH PRODUCTIVITY TOOLS & TECHNIQUES',	2,	2,	'2021-03-16 15:26:48',	'2021-03-16 15:26:48',	NULL),
(184,	5,	'B058',	'ANALISA KOS DAN DASAR PENENTUAN HARGA',	2,	2,	'2021-03-16 15:26:48',	'2021-03-16 15:26:48',	NULL),
(185,	5,	'B059',	'STRATEGI MEMULAKAN PERNIAGAAN',	2,	2,	'2021-03-16 15:26:48',	'2021-03-16 15:26:48',	NULL),
(186,	5,	'B060',	'PEMBANGUNAN KEUSAHAWANAN',	2,	2,	'2021-03-16 15:26:48',	'2021-03-16 15:26:48',	NULL),
(187,	5,	'B061',	'STRATEGIC MARKETING',	2,	2,	'2021-03-16 15:26:48',	'2021-03-16 15:26:48',	NULL),
(188,	5,	'B062',	'LEARN MARKETING SKILLS',	2,	2,	'2021-03-16 15:26:48',	'2021-03-16 15:26:48',	NULL),
(189,	5,	'B063',	'MARKETING COMMUNICATION AND CONSUMER BEHAVIOUR',	2,	2,	'2021-03-16 15:26:48',	'2021-03-16 15:26:48',	NULL),
(190,	5,	'B064',	'STRATEGIC BRAND MANAGEMENT',	2,	2,	'2021-03-16 15:26:48',	'2021-03-16 15:26:48',	NULL),
(191,	5,	'B065',	'BRAND BUILDING STRATEGIES',	2,	2,	'2021-03-16 15:26:48',	'2021-03-16 15:26:48',	NULL),
(192,	5,	'B066',	'HOW TO BUILD YOUR PERSONAL BRAND',	2,	2,	'2021-03-16 15:26:48',	'2021-03-16 15:26:48',	NULL),
(193,	5,	'B067',	'AWARENESS ON CREATIVITY AND INNOVATION',	2,	2,	'2021-03-16 15:26:48',	'2021-03-16 15:26:48',	NULL),
(194,	5,	'B068',	'INNOVATION AND DESIGN THINKING',	2,	2,	'2021-03-16 15:26:48',	'2021-03-16 15:26:48',	NULL),
(195,	5,	'B069',	'STRATEGIC AND INNOVATION',	2,	2,	'2021-03-16 15:26:48',	'2021-03-16 15:26:48',	NULL),
(196,	5,	'B070',	'ENTREPRENEURSHIP AND INNOVATION',	2,	2,	'2021-03-16 15:26:48',	'2021-03-16 15:26:48',	NULL),
(197,	5,	'B071',	'PROBLEM SOLVING TECHNIQUE THROUGH ICC',	2,	2,	'2021-03-16 15:26:48',	'2021-03-16 15:26:48',	NULL),
(198,	5,	'B072',	'CREATIVE SOLUTION THROUGH ICC',	2,	2,	'2021-03-16 15:26:48',	'2021-03-16 15:26:48',	NULL),
(199,	5,	'B073',	'KEM ICC',	2,	2,	'2021-03-16 15:26:48',	'2021-03-16 15:26:48',	NULL),
(200,	5,	'B074',	'PROCESS IMPROVEMENT THROUGH ICC TOOLS',	2,	2,	'2021-03-16 15:26:48',	'2021-03-16 15:26:48',	NULL),
(201,	5,	'B075',	'ICC DOCUMENTATION',	2,	2,	'2021-03-16 15:26:48',	'2021-03-16 15:26:48',	NULL),
(202,	5,	'B076',	'JUDGING CRITERIA FOR ICC',	2,	2,	'2021-03-16 15:26:48',	'2021-03-16 15:26:48',	NULL),
(203,	5,	'B077',	'BENGKEL PENULISAN LAPORAN ICC',	2,	2,	'2021-03-16 15:26:48',	'2021-03-16 15:26:48',	NULL),
(204,	5,	'B078',	'INNOVATION IN SERVICES SECTOR',	2,	2,	'2021-03-16 15:26:48',	'2021-03-16 15:26:48',	NULL),
(205,	5,	'B079',	'TRIZ – THE THEORY OF INVENTING PROBLEM SOLVING',	2,	2,	'2021-03-16 15:26:48',	'2021-03-16 15:26:48',	NULL),
(206,	5,	'B080',	'OVERVIEW OF TRIZ TOOLS',	2,	2,	'2021-03-16 15:26:48',	'2021-03-16 15:26:48',	NULL),
(207,	5,	'B081',	'CREATIVE PROBLEM SOLVING AND INNOVATIVE THINKING THROUGH TRIZ',	2,	2,	'2021-03-16 15:26:48',	'2021-03-16 15:26:48',	NULL),
(208,	5,	'B082',	'PRODUCT INNOVATION AND MANAGEMENT',	2,	2,	'2021-03-16 15:26:48',	'2021-03-16 15:26:48',	NULL),
(209,	5,	'B083',	'LEADERSHIP SUSTAINABILITY',	2,	2,	'2021-03-16 15:26:48',	'2021-03-16 15:26:48',	NULL),
(210,	5,	'B084',	'SUSTAINABILITY CORPORATE RESPONSIBILITY TRAINING PROGRAM',	2,	2,	'2021-03-16 15:26:48',	'2021-03-16 15:26:48',	NULL),
(211,	5,	'B085',	'LEADERSHIP DEVELOPMENT TRAINING',	2,	2,	'2021-03-16 15:26:48',	'2021-03-16 15:26:48',	NULL),
(212,	5,	'B086',	'CHANGE MANAGEMENT TRAINING',	2,	2,	'2021-03-16 15:26:48',	'2021-03-16 15:26:48',	NULL),
(213,	5,	'B087',	'DEVELOPING LEADERSHIP SKILLS FOR WORKPLACE OF TOMORROW',	2,	2,	'2021-03-16 15:26:48',	'2021-03-16 15:26:48',	NULL),
(214,	5,	'B088',	'KEMAHIRAN PENGURUSAN BEKERJA DARI RUMAH (WFH)',	2,	2,	'2021-03-16 15:26:48',	'2021-03-16 15:26:48',	NULL),
(215,	5,	'B089',	'PENGURUSAN PENGAMBILAN MINIT MESYUARAT, PENULISAN SURAT DAN MEMO RASMI',	2,	2,	'2021-03-16 15:26:48',	'2021-03-16 15:26:48',	NULL),
(216,	5,	'B090',	'IMEJ DAN KETERAMPILAN',	2,	2,	'2021-03-16 15:26:48',	'2021-03-16 15:26:48',	NULL),
(217,	5,	'B091',	'PENGURUSAN PERKHIDMATAN PELANGGAN BERKUALITI DAN CEMERLANG DI KAUNTER',	2,	2,	'2021-03-16 15:26:48',	'2021-03-16 15:26:48',	NULL),
(218,	5,	'B092',	'LEADERSHIP WORKSHOP FOR SENIOR MANAGEMENT',	2,	2,	'2021-03-16 15:26:48',	'2021-03-16 15:26:48',	NULL),
(219,	5,	'B093',	'PSYCHOLOGICAL WELLBEING IN HANDLING STRESS AND WORKPLACE DEPRESSION',	2,	2,	'2021-03-16 15:26:48',	'2021-03-16 15:26:48',	NULL),
(220,	5,	'B094',	'PSYCHOLOGICAL WELLBEING IN DIGITAL ERA FOR ORGANISATIONAL EXCELLENCE',	2,	2,	'2021-03-16 15:26:48',	'2021-03-16 15:26:48',	NULL),
(221,	5,	'B095',	'POWER UP FOR LEADERS USING NLP',	2,	2,	'2021-03-16 15:26:48',	'2021-03-16 15:26:48',	NULL),
(222,	5,	'B096',	'BALANCING WORK AND LIFE WITH OPTIMUM PRODUCTIVITY',	2,	2,	'2021-03-16 15:26:48',	'2021-03-16 15:26:48',	NULL),
(223,	5,	'B097',	'NLP FOR EFFECTIVE COMMUNICATION IN ORGANISATION',	2,	2,	'2021-03-16 15:26:48',	'2021-03-16 15:26:48',	NULL),
(224,	5,	'B098',	'DIGITAL MARKETING/ PEMASARAN SECARA DIGITAL',	2,	2,	'2021-03-16 15:26:48',	'2021-03-16 15:26:48',	NULL),
(225,	5,	'B099',	'IMPROVING PROCESS AND QUALITY THROUGH IOT TECHNOLOGY',	2,	2,	'2021-03-16 15:26:48',	'2021-03-16 15:26:48',	NULL),
(226,	5,	'B100',	'INDUSTRIAL IOT TECHNOLOGY (IIOT)',	2,	2,	'2021-03-16 15:26:48',	'2021-03-16 15:26:48',	NULL),
(227,	5,	'B101',	'DIGITIZE YOUR BUSINESS',	2,	2,	'2021-03-16 15:26:48',	'2021-03-16 15:26:48',	NULL),
(228,	5,	'B102',	'DIGITIZE YOUR BUSINESS PROCESS',	2,	2,	'2021-03-16 15:26:48',	'2021-03-16 15:26:48',	NULL),
(229,	5,	'B103',	'DIGITIZE YOUR WORKPLACE FOR BETTER EMPLOYEE ENGAGEMENT',	2,	2,	'2021-03-16 15:26:48',	'2021-03-16 15:26:48',	NULL),
(230,	5,	'B104',	'DIGITAL WORKPLACE STRATEGY',	2,	2,	'2021-03-16 15:26:48',	'2021-03-16 15:26:48',	NULL),
(231,	5,	'B105',	'DIGITIZING YOUR WORK FOR MAXIMUM PRODUCTIVITY',	2,	2,	'2021-03-16 15:26:48',	'2021-03-16 15:26:48',	NULL),
(232,	5,	'B106',	'START YOUR E-COMMERCE BUSINESS',	2,	2,	'2021-03-16 15:26:48',	'2021-03-16 15:26:48',	NULL),
(233,	5,	'B107',	'DEVELOP EFFECTIVE STRATEGIES FOR A DIGITAL AGE',	2,	2,	'2021-03-16 15:26:48',	'2021-03-16 15:26:48',	NULL),
(234,	5,	'B108',	'DIGITAL TRANSFORMATION INITIATIVES IN THE ORGANISATION',	2,	2,	'2021-03-16 15:26:48',	'2021-03-16 15:26:48',	NULL),
(235,	5,	'B109',	'INCORPORATE CLOUD BASED TECHNOLOGY',	2,	2,	'2021-03-16 15:26:48',	'2021-03-16 15:26:48',	NULL),
(236,	5,	'B110',	'SIMULATION & AUGMENTED REALITY',	2,	2,	'2021-03-16 15:26:48',	'2021-03-16 15:26:48',	NULL),
(237,	5,	'B111',	'UNDERSTANDING I4.0 AS NEW BUSINESS MODELS & SYSTEM INTEGRATION',	2,	2,	'2021-03-16 15:26:48',	'2021-03-16 15:26:48',	NULL),
(238,	5,	'B112',	'3D PRINTING',	2,	2,	'2021-03-16 15:26:48',	'2021-03-16 15:26:48',	NULL),
(239,	5,	'B113',	'CYBER SECURITY MANAGEMENT',	2,	2,	'2021-03-16 15:26:48',	'2021-03-16 15:26:48',	NULL),
(240,	5,	'B114',	'AUTONOMOUS ROBOTS',	2,	2,	'2021-03-16 15:26:48',	'2021-03-16 15:26:48',	NULL),
(241,	5,	'B115',	'ADDITIVE MANUFACTURING & SUPPLY CHAIN',	2,	2,	'2021-03-16 15:26:48',	'2021-03-16 15:26:48',	NULL),
(242,	5,	'B116',	'EFFECTIVE APPLICATION OF INTERNET OF THINGS (IOT) FOR GREATER PERFORMANCE',	2,	2,	'2021-03-16 15:26:48',	'2021-03-16 15:26:48',	NULL),
(243,	5,	'B117',	'EFFECTIVE IMPLEMENTATION OF SMART MANUFACTURING FOR SMES',	2,	2,	'2021-03-16 15:26:48',	'2021-03-16 15:26:48',	NULL),
(244,	5,	'B118',	'ENHANCING SMES’ DIGITALISATION FOR BETTER BUSINESS PERFORMANCE',	2,	2,	'2021-03-16 15:26:48',	'2021-03-16 15:26:48',	NULL),
(245,	5,	'B119',	'STRENGTHENING SME PERFORMANCE THROUGH BETTER DATA COLLECTION AND ANALYSIS',	2,	2,	'2021-03-16 15:26:48',	'2021-03-16 15:26:48',	NULL),
(246,	5,	'B120',	'ARTIFICIAL INTELLIGENCE',	2,	2,	'2021-03-16 15:26:48',	'2021-03-16 15:26:48',	NULL),
(247,	5,	'B121',	'BIG DATA ANALYTICS FOR BETTER BUSINESS RESULTS',	2,	2,	'2021-03-16 15:26:48',	'2021-03-16 15:26:48',	NULL),
(248,	5,	'B122',	'SMART MANUFACTURING THROUGH I4.0',	2,	2,	'2021-03-16 15:26:48',	'2021-03-16 15:26:48',	NULL),
(249,	5,	'B123',	'ENHANCING WORKFORCE PRODUCTIVITY FOR I4.0',	2,	2,	'2021-03-16 15:26:48',	'2021-03-16 15:26:48',	NULL),
(250,	5,	'B124',	'ORGANISATION TRANSFORMATION TOWARDS I4.0',	2,	2,	'2021-03-16 15:26:48',	'2021-03-16 15:26:48',	NULL),
(251,	5,	'B125',	'RISK MANAGEMENT',	2,	2,	'2021-03-16 15:26:48',	'2021-03-16 15:26:48',	NULL),
(252,	5,	'B126',	'MANAGE RISKS WITH NEW OPPORTUNITIES',	2,	2,	'2021-03-16 15:26:48',	'2021-03-16 15:26:48',	NULL),
(253,	5,	'B127',	'SISTEM PENGURUSAN DOKUMENTASI DAN AUDIT ISO 9001:2008',	2,	2,	'2021-03-16 15:26:48',	'2021-03-16 15:26:48',	NULL),
(254,	5,	'B128',	'INTERNAL AUDITOR TRAINING ISO 9001:2008',	2,	2,	'2021-03-16 15:26:48',	'2021-03-16 15:26:48',	NULL),
(255,	5,	'B129',	'SISTEM PENGURUSAN KESELAMATAN MAKANAN ISO 22000:2005',	2,	2,	'2021-03-16 15:26:48',	'2021-03-16 15:26:48',	NULL),
(256,	5,	'B130',	'SISTEM PENGURUSAN KUALITI INDUSTRI AUTOMOTIF ISO/TS 16949:2002',	2,	2,	'2021-03-16 15:26:48',	'2021-03-16 15:26:48',	NULL),
(257,	5,	'B131',	'SISTEM PENGURUSAN KUALITI MAKMAL MS ISO/IEC 17025',	2,	2,	'2021-03-16 15:26:48',	'2021-03-16 15:26:48',	NULL),
(258,	5,	'B132',	'SISTEM PENGURUSAN PERSEKITARAN ISO 14001:2004',	2,	2,	'2021-03-16 15:26:48',	'2021-03-16 15:26:48',	NULL),
(259,	5,	'B133',	'HAZARD ANALYSIS AND CRITICAL CONTROL POINT (HACCP)',	2,	2,	'2021-03-16 15:26:48',	'2021-03-16 15:26:48',	NULL),
(260,	5,	'B134',	'KESIHATAN DAN KESELAMATAN DALAM PEKERJAAN (OSHA)',	2,	2,	'2021-03-16 15:26:48',	'2021-03-16 15:26:48',	NULL),
(261,	5,	'B135',	'AMALAN KEBERSIHAN DAN PERKILANGAN YANG BAIK (GMP)',	2,	2,	'2021-03-16 15:26:48',	'2021-03-16 15:26:48',	NULL),
(262,	5,	'B136',	'INDUSTRY 4.0 READINESS ASSESSMENT FOR ASSESSOR',	2,	2,	'2021-03-16 15:26:48',	'2021-03-16 15:26:48',	NULL),
(263,	5,	'B137',	'SISTEM PENGURUSAN KESIHATAN DAN KESELAMATAN PEKERJAAN ISO 45001:2018 (OHSMS)',	2,	2,	'2021-03-16 15:26:48',	'2021-03-16 15:26:48',	NULL),
(264,	5,	'B138',	'SISTEM PENGURUSAN KESELAMATAN MAKANAN ISO 22000:2018',	2,	2,	'2021-03-16 15:26:48',	'2021-03-16 15:26:48',	NULL),
(265,	5,	'B139',	'KURSUS PENSIJILAN MINYAK KELAPA SAWIT MAMPAN (MSPO) MS 2530:2013',	2,	2,	'2021-03-16 15:26:48',	'2021-03-16 15:26:48',	NULL),
(266,	6,	'BB140',	'SPPE - LEAN',	2,	2,	'2021-03-16 15:26:48',	'2021-03-16 15:26:48',	NULL),
(267,	6,	'BB141',	'SPPE - DIGITALISASI',	2,	2,	'2021-03-16 15:26:48',	'2021-03-16 15:26:48',	NULL),
(268,	6,	'BB142',	'SPPE – KAIZEN',	2,	2,	'2021-03-16 15:26:48',	'2021-03-16 15:26:48',	NULL),
(269,	6,	'BB143',	'SPPE – QE/5S (AMALAN PERSEKITARAN BERKUALITI)',	2,	2,	'2021-03-16 15:26:48',	'2021-03-16 15:26:48',	NULL),
(270,	6,	'BB144',	'SPPE – SISTEM PENGURUSAN KUALITI',	2,	2,	'2021-03-16 15:26:48',	'2021-03-16 15:26:48',	NULL),
(271,	6,	'BB145',	'SPPE – SISTEM KESELAMATAN MAKANAN',	2,	2,	'2021-03-16 15:26:48',	'2021-03-16 15:26:48',	NULL),
(272,	6,	'BB146',	'SPPE – BUSINESS EXCELLENCE FRAMEWORK',	2,	2,	'2021-03-16 15:26:48',	'2021-03-16 15:26:48',	NULL),
(273,	6,	'BB147',	'SPPE – TOTAL PRODUCTIVE MANITENANCE (TPM)',	2,	2,	'2021-03-16 15:26:48',	'2021-03-16 15:26:48',	NULL),
(274,	6,	'BC148',	'PPKV – MEDAC (LEAN)',	2,	2,	'2021-03-16 15:26:48',	'2021-03-16 15:26:48',	NULL),
(275,	6,	'BC149',	'PPKV-MEDAC (INDUSTRY 4.0/DIGITALISASI)',	2,	2,	'2021-03-16 15:26:48',	'2021-03-16 15:26:48',	NULL),
(276,	6,	'BC150',	'PPKV-MEDAC (KAIZEN)',	2,	2,	'2021-03-16 15:26:48',	'2021-03-16 15:26:48',	NULL),
(277,	6,	'BC151',	'ADVISORY & CONSULTANCY SERVICES (PRODUCTIVITY)',	2,	2,	'2021-03-16 15:26:48',	'2021-03-16 15:26:48',	NULL),
(278,	8,	'C001',	'POLISI DAN PERATURAN: AGROFOOD PRODUCTIVITY NEXUS',	2,	2,	'2021-03-16 15:27:45',	'2021-03-16 15:27:45',	NULL),
(279,	8,	'C002',	'POLISI DAN PERATURAN: TOURISM PRODUCTIVITY NEXUS',	2,	2,	'2021-03-16 15:27:45',	'2021-03-16 15:27:45',	NULL),
(280,	8,	'C003',	'POLISI DAN PERATURAN: RETAIL AND FOOD & BEVERAGE PRODUCTIVITY NEXUS',	2,	2,	'2021-03-16 15:27:45',	'2021-03-16 15:27:45',	NULL),
(281,	8,	'C004',	'POLISI DAN PERATURAN: CHEMICALS AND CHEMICAL PRODUCTS PRODUCTIVITY NEXUS',	2,	2,	'2021-03-16 15:27:45',	'2021-03-16 15:27:45',	NULL),
(282,	8,	'C005',	'POLISI DAN PERATURAN: DIGITAL PRODUCTIVITY NEXUS',	2,	2,	'2021-03-16 15:27:45',	'2021-03-16 15:27:45',	NULL),
(283,	8,	'C006',	'POLISI DAN PERATURAN: PROFESSIONAL SERVICES PRODUCTIVITY NEXUS',	2,	2,	'2021-03-16 15:27:45',	'2021-03-16 15:27:45',	NULL),
(284,	8,	'C007',	'POLISI DAN PERATURAN: PRIVATE HEALTHCARE PRODUCTIVITY NEXUS',	2,	2,	'2021-03-16 15:27:45',	'2021-03-16 15:27:45',	NULL),
(285,	8,	'C008',	'POLISI DAN PERATURAN: MACHINERY AND EQUIPMENT PRODUCTIVITY NEXUS',	2,	2,	'2021-03-16 15:27:45',	'2021-03-16 15:27:45',	NULL),
(286,	8,	'C009',	'POLISI DAN PERATURAN: ELECTRICAL AND ELECTRONICS PRODUCTIVITY NEXUS',	2,	2,	'2021-03-16 15:27:45',	'2021-03-16 15:27:45',	NULL),
(287,	8,	'C010',	'PRODUCTIVITY IMPROVEMENT',	2,	2,	'2021-03-16 15:27:45',	'2021-03-16 15:27:45',	NULL),
(288,	8,	'C011',	'STRUKTUR INDUSTRI: AGROFOOD PRODUCTIVITY NEXUS',	2,	2,	'2021-03-16 15:27:45',	'2021-03-16 15:27:45',	NULL),
(289,	8,	'C012',	'STRUKTUR INDUSTRI: TOURISM PRODUCTIVITY NEXUS',	2,	2,	'2021-03-16 15:27:45',	'2021-03-16 15:27:45',	NULL),
(290,	8,	'C013',	'STRUKTUR INDUSTRI: RETAIL AND FOOD & BEVERAGE PRODUCTIVITY NEXUS',	2,	2,	'2021-03-16 15:27:45',	'2021-03-16 15:27:45',	NULL),
(291,	8,	'C014',	'STRUKTUR INDUSTRI: CHEMICALS AND CHEMICAL PRODUCTS PRODUCTIVITY NEXUS',	2,	2,	'2021-03-16 15:27:45',	'2021-03-16 15:27:45',	NULL),
(292,	8,	'C015',	'STRUKTUR INDUSTRI: DIGITAL PRODUCTIVITY NEXUS',	2,	2,	'2021-03-16 15:27:45',	'2021-03-16 15:27:45',	NULL),
(293,	8,	'C016',	'STRUKTUR INDUSTRI: PROFESSIONAL SERVICES PRODUCTIVITY NEXUS',	2,	2,	'2021-03-16 15:27:45',	'2021-03-16 15:27:45',	NULL),
(294,	8,	'C017',	'STRUKTUR INDUSTRI: PRIVATE HEALTHCARE PRODUCTIVITY NEXUS',	2,	2,	'2021-03-16 15:27:45',	'2021-03-16 15:27:45',	NULL),
(295,	8,	'C018',	'STRUKTUR INDUSTRI: MACHINERY AND EQUIPMENT PRODUCTIVITY NEXUS',	2,	2,	'2021-03-16 15:27:45',	'2021-03-16 15:27:45',	NULL),
(296,	8,	'C019',	'STRUKTUR INDUSTRI: ELECTRICAL AND ELECTRONICS PRODUCTIVITY NEXUS',	2,	2,	'2021-03-16 15:27:45',	'2021-03-16 15:27:45',	NULL),
(297,	8,	'C020',	'INSENTIF: AGROFOOD PRODUCTIVITY NEXUS',	2,	2,	'2021-03-16 15:27:45',	'2021-03-16 15:27:45',	NULL),
(298,	8,	'C021',	'INSENTIF: TOURISM PRODUCTIVITY NEXUS',	2,	2,	'2021-03-16 15:27:45',	'2021-03-16 15:27:45',	NULL),
(299,	8,	'C022',	'INSENTIF: RETAIL AND FOOD & BEVERAGE PRODUCTIVITY NEXUS',	2,	2,	'2021-03-16 15:27:45',	'2021-03-16 15:27:45',	NULL),
(300,	8,	'C023',	'INSENTIF: CHEMICALS AND CHEMICAL PRODUCTS PRODUCTIVITY NEXUS',	2,	2,	'2021-03-16 15:27:45',	'2021-03-16 15:27:45',	NULL),
(301,	8,	'C024',	'INSENTIF: DIGITAL PRODUCTIVITY NEXUS',	2,	2,	'2021-03-16 15:27:45',	'2021-03-16 15:27:45',	NULL),
(302,	8,	'C025',	'INSENTIF: PROFESSIONAL SERVICES PRODUCTIVITY NEXUS',	2,	2,	'2021-03-16 15:27:45',	'2021-03-16 15:27:45',	NULL),
(303,	8,	'C026',	'INSENTIF: PRIVATE HEALTHCARE PRODUCTIVITY NEXUS',	2,	2,	'2021-03-16 15:27:45',	'2021-03-16 15:27:45',	NULL),
(304,	8,	'C027',	'INSENTIF: MACHINERY AND EQUIPMENT PRODUCTIVITY NEXUS',	2,	2,	'2021-03-16 15:27:45',	'2021-03-16 15:27:45',	NULL),
(305,	8,	'C028',	'INSENTIF: ELECTRICAL AND ELECTRONICS PRODUCTIVITY NEXUS',	2,	2,	'2021-03-16 15:27:45',	'2021-03-16 15:27:45',	NULL),
(306,	8,	'C029',	'AGROFOOD PRODUCTIVITY NEXUS: TENAGA KERJA (WORKFORCE)',	2,	2,	'2021-03-16 15:27:45',	'2021-03-16 15:27:45',	NULL),
(307,	8,	'C030',	'AGROFOOD PRODUCTIVITY NEXUS: TEKNOLOGI (TECHNOLOGY)',	2,	2,	'2021-03-16 15:27:45',	'2021-03-16 15:27:45',	NULL),
(308,	8,	'C031',	'AGROFOOD PRODUCTIVITY NEXUS: DIGITAL',	2,	2,	'2021-03-16 15:27:45',	'2021-03-16 15:27:45',	NULL),
(309,	8,	'C032',	'AGROFOOD PRODUCTIVITY NEXUS: POLISI & PERATURAN (REGULATION)',	2,	2,	'2021-03-16 15:27:45',	'2021-03-16 15:27:45',	NULL),
(310,	8,	'C033',	'AGROFOOD PRODUCTIVITY NEXUS: INSENTIF (INCENTIVE)',	2,	2,	'2021-03-16 15:27:45',	'2021-03-16 15:27:45',	NULL),
(311,	8,	'C034',	'AGROFOOD PRODUCTIVITY NEXUS: INDUSTRY STRUCTURE',	2,	2,	'2021-03-16 15:27:45',	'2021-03-16 15:27:45',	NULL),
(312,	8,	'C035',	'AGROFOOD PRODUCTIVITY NEXUS: MARKETING STRATEGY',	2,	2,	'2021-03-16 15:27:45',	'2021-03-16 15:27:45',	NULL),
(313,	8,	'C036',	'AGROFOOD PRODUCTIVITY NEXUS: STANDARD & PENSIJILAN (MYGAP, HALAL, HACCP, GMP, MESTI DAN LAIN-LAIN YANG BERKAITAN)',	2,	2,	'2021-03-16 15:27:45',	'2021-03-16 15:27:45',	NULL),
(314,	8,	'C037',	'AGROFOOD PRODUCTIVITY NEXUS: FINANCIAL MANAGEMENT',	2,	2,	'2021-03-16 15:27:45',	'2021-03-16 15:27:45',	NULL),
(315,	8,	'C038',	'AGROFOOD PRODUCTIVITY NEXUS: OPERATION MANAGEMENT',	2,	2,	'2021-03-16 15:27:45',	'2021-03-16 15:27:45',	NULL),
(316,	8,	'C039',	'AGROFOOD PRODUCTIVITY NEXUS: BUSINESS MANAGEMENT',	2,	2,	'2021-03-16 15:27:45',	'2021-03-16 15:27:45',	NULL),
(317,	8,	'C040',	'AGROFOOD PRODUCTIVITY NEXUS: PRODUCT DEVELOPMENT',	2,	2,	'2021-03-16 15:27:45',	'2021-03-16 15:27:45',	NULL),
(318,	8,	'C041',	'AGROFOOD PRODUCTIVITY NEXUS: SYSTEM DEVELOPMENT',	2,	2,	'2021-03-16 15:27:45',	'2021-03-16 15:27:45',	NULL),
(319,	8,	'C042',	'AGROFOOD PRODUCTIVITY NEXUS: PROFESSIONAL SERVICES',	2,	2,	'2021-03-16 15:27:45',	'2021-03-16 15:27:45',	NULL),
(320,	8,	'C043',	'AGROFOOD PRODUCTIVITY NEXUS: IMPORT & EXPORT',	2,	2,	'2021-03-16 15:27:45',	'2021-03-16 15:27:45',	NULL),
(321,	8,	'C044',	'TOURISM PRODUCTIVITY NEXUS: WORKFORCE & TALENT DEVELOPMENT',	2,	2,	'2021-03-16 15:27:45',	'2021-03-16 15:27:45',	NULL),
(322,	8,	'C045',	'TOURISM PRODUCTIVITY NEXUS: INCENTIVE',	2,	2,	'2021-03-16 15:27:45',	'2021-03-16 15:27:45',	NULL),
(323,	8,	'C046',	'TOURISM PRODUCTIVITY NEXUS: INDUSTRY STRUCTURE',	2,	2,	'2021-03-16 15:27:45',	'2021-03-16 15:27:45',	NULL),
(324,	8,	'C047',	'TOURISM PRODUCTIVITY NEXUS: PROMOTION & MARKETING STRATEGY',	2,	2,	'2021-03-16 15:27:45',	'2021-03-16 15:27:45',	NULL),
(325,	8,	'C048',	'TOURISM PRODUCTIVITY NEXUS: PROGRAM PENSIJILAN PERNIAGAAN MALAYSIA TOURISM EXCELLENCE (MATEX)',	2,	2,	'2021-03-16 15:27:45',	'2021-03-16 15:27:45',	NULL),
(326,	8,	'C049',	'GARIS PANDUAN PATUH DAN AMAL COVID-19',	2,	2,	'2021-03-16 15:27:45',	'2021-03-16 15:27:45',	NULL),
(327,	8,	'C050',	'TOURISM PRODUCTIVITY NEXUS: STANDARD & PENSIJILAN INDUSTRY LEVEL (SUB-SECTOR SPECIFIC / ACROSS VALUE CHAIN) STANDARD AND CERTIFICATION',	2,	2,	'2021-03-16 15:27:45',	'2021-03-16 15:27:45',	NULL),
(328,	8,	'C051',	'TOURISM PRODUCTIVITY NEXUS: STANDARD & PENSIJILAN MALAYSIA TOURISM QUALITY ASSURANCE (MYTQA)',	2,	2,	'2021-03-16 15:27:45',	'2021-03-16 15:27:45',	NULL),
(329,	8,	'C052',	'TOURISM PRODUCTIVITY NEXUS: STANDARD & PENSIJILAN MALAYSIAN STANDARD / NATIONAL LEVEL / ISO',	2,	2,	'2021-03-16 15:27:45',	'2021-03-16 15:27:45',	NULL),
(330,	8,	'C053',	'TOURISM PRODUCTIVITY NEXUS: STANDARD & PENSIJILAN UN-WTO / INTERNATIONAL LEVEL / REGIONAL LEVEL / ASEAN LEVEL STANDARD AND CERTIFICATION',	2,	2,	'2021-03-16 15:27:45',	'2021-03-16 15:27:45',	NULL),
(331,	8,	'C054',	'TOURISM PRODUCTIVITY NEXUS: MANAGEMENT (FINANCIAL, OPERATION, BUSINESS)',	2,	2,	'2021-03-16 15:27:45',	'2021-03-16 15:27:45',	NULL),
(332,	8,	'C055',	'TOURISM PRODUCTIVITY NEXUS: PRODUCT DEVELOPMENT',	2,	2,	'2021-03-16 15:27:45',	'2021-03-16 15:27:45',	NULL),
(333,	8,	'C056',	'TOURISM PRODUCTIVITY NEXUS: SYSTEM DEVELOPMENT',	2,	2,	'2021-03-16 15:27:45',	'2021-03-16 15:27:45',	NULL),
(334,	8,	'C057',	'TOURISM PRODUCTIVITY NEXUS: PROFESSIONAL SERVICES',	2,	2,	'2021-03-16 15:27:45',	'2021-03-16 15:27:45',	NULL),
(335,	8,	'C058',	'TOURISM PRODUCTIVITY NEXUS: IMPORT & EXPORT',	2,	2,	'2021-03-16 15:27:45',	'2021-03-16 15:27:45',	NULL),
(336,	8,	'C059',	'TOURISM PRODUCTIVITY NEXUS: CONTENT DEVELOPMENT',	2,	2,	'2021-03-16 15:27:45',	'2021-03-16 15:27:45',	NULL),
(337,	8,	'C060',	'TOURISM PRODUCTIVITY NEXUS: ECONOMICS',	2,	2,	'2021-03-16 15:27:45',	'2021-03-16 15:27:45',	NULL),
(338,	8,	'C061',	'TOURISM PRODUCTIVITY NEXUS: SPECIFIC / CURRENT INDUSTRY ISSUES',	2,	2,	'2021-03-16 15:27:45',	'2021-03-16 15:27:45',	NULL),
(339,	8,	'C062',	'TOURISM PRODUCTIVITY NEXUS: INBOUND TOURISM BOOTCAMP (ITB)',	2,	2,	'2021-03-16 15:27:45',	'2021-03-16 15:27:45',	NULL),
(340,	8,	'C063',	'TOURISM PRODUCTIVITY NEXUS: INBOUND DESTINATION EXPERTS (IDEX)',	2,	2,	'2021-03-16 15:27:45',	'2021-03-16 15:27:45',	NULL),
(341,	8,	'C064',	'TOURISM PRODUCTIVITY NEXUS: MALAYSIA VIRTUAL EXPERIENCE (MYVXP)',	2,	2,	'2021-03-16 15:27:45',	'2021-03-16 15:27:45',	NULL),
(342,	8,	'C065',	'TOURISM PRODUCTIVITY NEXUS: INBOUND TOURISM BUSINESS EXCHANGE (IBEX)',	2,	2,	'2021-03-16 15:27:45',	'2021-03-16 15:27:45',	NULL),
(343,	8,	'C066',	'TOURISM PRODUCTIVITY NEXUS: SHOWCASING TOURISM PRODUCTS (STP)',	2,	2,	'2021-03-16 15:27:45',	'2021-03-16 15:27:45',	NULL),
(344,	8,	'C067',	'TOURISM PRODUCTIVITY NEXUS: TPN VIRTUAL ADVISORY CLINICS (T-VAC)',	2,	2,	'2021-03-16 15:27:45',	'2021-03-16 15:27:45',	NULL),
(345,	8,	'C068',	'TOURISM PRODUCTIVITY NEXUS: INBOUND TOURISM EXCHANGE (INTEX)',	2,	2,	'2021-03-16 15:27:45',	'2021-03-16 15:27:45',	NULL),
(346,	8,	'C069',	'RETAIL AND FOOD & BEVERAGE PRODUCTIVITY NEXUS: BUSINESS DIGITALISATION',	2,	2,	'2021-03-16 15:27:45',	'2021-03-16 15:27:45',	NULL),
(347,	8,	'C070',	'RETAIL AND FOOD & BEVERAGE PRODUCTIVITY NEXUS: BRANDING & MARKETING',	2,	2,	'2021-03-16 15:27:45',	'2021-03-16 15:27:45',	NULL),
(348,	8,	'C071',	'RETAIL AND FOOD & BEVERAGE PRODUCTIVITY NEXUS: SUPPLY CHAIN MANAGEMENT',	2,	2,	'2021-03-16 15:27:45',	'2021-03-16 15:27:45',	NULL),
(349,	8,	'C072',	'RETAIL AND FOOD & BEVERAGE PRODUCTIVITY NEXUS: BUSINESS OPERATION/ SOP',	2,	2,	'2021-03-16 15:27:45',	'2021-03-16 15:27:45',	NULL),
(350,	8,	'C073',	'RETAIL AND FOOD & BEVERAGE PRODUCTIVITY NEXUS: HUMAN RESOURCE MANAGEMENT',	2,	2,	'2021-03-16 15:27:45',	'2021-03-16 15:27:45',	NULL),
(351,	8,	'C074',	'RETAIL AND FOOD & BEVERAGE PRODUCTIVITY NEXUS: BUSINESS FINANCE & FUNDING',	2,	2,	'2021-03-16 15:27:45',	'2021-03-16 15:27:45',	NULL),
(352,	8,	'C075',	'RETAIL AND FOOD & BEVERAGE PRODUCTIVITY NEXUS: DIGITAL MARKETING AND E-COMMERCE',	2,	2,	'2021-03-16 15:27:45',	'2021-03-16 15:27:45',	NULL),
(353,	8,	'C076',	'RETAIL AND FOOD & BEVERAGE PRODUCTIVITY NEXUS: DIGITAL BUSINESS OPERATION SYSTEM (ERP)',	2,	2,	'2021-03-16 15:27:45',	'2021-03-16 15:27:45',	NULL),
(354,	8,	'C077',	'RETAIL AND FOOD & BEVERAGE PRODUCTIVITY NEXUS: RESTAURANT MANAGEMENT',	2,	2,	'2021-03-16 15:27:45',	'2021-03-16 15:27:45',	NULL),
(355,	8,	'C078',	'RETAIL AND FOOD & BEVERAGE PRODUCTIVITY NEXUS: PERANCANG STRATEGIK ICT (ISP)',	2,	2,	'2021-03-16 15:27:45',	'2021-03-16 15:27:45',	NULL),
(356,	8,	'C079',	'RETAIL AND FOOD & BEVERAGE PRODUCTIVITY NEXUS: PENGURUSAN MAKLUMAT ICT',	2,	2,	'2021-03-16 15:27:45',	'2021-03-16 15:27:45',	NULL),
(357,	8,	'C080',	'RETAIL AND FOOD & BEVERAGE PRODUCTIVITY NEXUS: PENGURUSAN NILAI BUKAN FIZIKAL',	2,	2,	'2021-03-16 15:27:45',	'2021-03-16 15:27:45',	NULL),
(358,	8,	'C081',	'RETAIL AND FOOD & BEVERAGE PRODUCTIVITY NEXUS: PENGURUSAN TELEKOMUNIKASI',	2,	2,	'2021-03-16 15:27:45',	'2021-03-16 15:27:45',	NULL),
(359,	8,	'C082',	'RETAIL AND FOOD & BEVERAGE PRODUCTIVITY NEXUS: PENSIJILAN DAN PENGIKTIRAFAN UJIAN',	2,	2,	'2021-03-16 15:27:45',	'2021-03-16 15:27:45',	NULL),
(360,	8,	'C083',	'RETAIL AND FOOD & BEVERAGE PRODUCTIVITY NEXUS: BAHAN BACAAN',	2,	2,	'2021-03-16 15:27:45',	'2021-03-16 15:27:45',	NULL),
(361,	8,	'C084',	'RETAIL AND FOOD & BEVERAGE PRODUCTIVITY NEXUS: PENERBITAN ELEKTRONIK ATAS TALIAN',	2,	2,	'2021-03-16 15:27:45',	'2021-03-16 15:27:45',	NULL),
(362,	8,	'C085',	'RETAIL AND FOOD & BEVERAGE PRODUCTIVITY NEXUS: CERTIFICATION OF RETAIL AND F&B WORKFORCE WITH SIJIL KEMAHIRAN MALAYSIA (SKM)',	2,	2,	'2021-03-16 15:27:45',	'2021-03-16 15:27:45',	NULL),
(363,	8,	'C086',	'RETAIL AND FOOD & BEVERAGE PRODUCTIVITY NEXUS: CERTIFICATE IN F&B OPERATIONS (SERVICE EXCELLENCE)',	2,	2,	'2021-03-16 15:27:45',	'2021-03-16 15:27:45',	NULL),
(364,	8,	'C087',	'RETAIL AND FOOD & BEVERAGE PRODUCTIVITY NEXUS: RETAIL AND F&B VIRTUAL ADVISORY CLINIC (RFB-VAC)',	2,	2,	'2021-03-16 15:27:45',	'2021-03-16 15:27:45',	NULL),
(365,	8,	'C088',	'RETAIL AND FOOD & BEVERAGE PRODUCTIVITY NEXUS: PRODUCT DEVELOPMENT',	2,	2,	'2021-03-16 15:27:45',	'2021-03-16 15:27:45',	NULL),
(366,	8,	'C089',	'CHEMICALS AND CHEMICAL PRODUCTS PRODUCTIVITY NEXUS: BASIC CHEMICALS',	2,	2,	'2021-03-16 15:27:45',	'2021-03-16 15:27:45',	NULL),
(367,	8,	'C090',	'CHEMICALS AND CHEMICAL PRODUCTS PRODUCTIVITY NEXUS: FERTILIZERS AND NITROGEN COMPOUNDS',	2,	2,	'2021-03-16 15:27:45',	'2021-03-16 15:27:45',	NULL),
(368,	8,	'C091',	'CHEMICALS AND CHEMICAL PRODUCTS PRODUCTIVITY NEXUS: PLASTICS AND SYNTHETIC RUBBER IN PRIMARY FORMS',	2,	2,	'2021-03-16 15:27:45',	'2021-03-16 15:27:45',	NULL),
(369,	8,	'C092',	'CHEMICALS AND CHEMICAL PRODUCTS PRODUCTIVITY NEXUS: PESTICIDES AND OTHER AGROCHEMICAL PRODUCTS',	2,	2,	'2021-03-16 15:27:45',	'2021-03-16 15:27:45',	NULL),
(370,	8,	'C093',	'CHEMICALS AND CHEMICAL PRODUCTS PRODUCTIVITY NEXUS: PAINTS, VARNISHES AND SIMILAR COATINGS, PRINTING INK AND MASTICS',	2,	2,	'2021-03-16 15:27:45',	'2021-03-16 15:27:45',	NULL),
(371,	8,	'C094',	'CHEMICALS AND CHEMICAL PRODUCTS PRODUCTIVITY NEXUS: SOAP AND DETERGENTS, CLEANING AND POLISHING PREPARATIONS, PERFUMES AND TOILET PREPARATIONS',	2,	2,	'2021-03-16 15:27:45',	'2021-03-16 15:27:45',	NULL),
(372,	8,	'C095',	'CHEMICALS AND CHEMICAL PRODUCTS PRODUCTIVITY NEXUS: CHEMICAL ENGINEERING',	2,	2,	'2021-03-16 15:27:45',	'2021-03-16 15:27:45',	NULL),
(373,	8,	'C096',	'CHEMICALS AND CHEMICAL PRODUCTS PRODUCTIVITY NEXUS: PROCESS ENGINEERING',	2,	2,	'2021-03-16 15:27:45',	'2021-03-16 15:27:45',	NULL),
(374,	8,	'C097',	'CHEMICALS AND CHEMICAL PRODUCTS PRODUCTIVITY NEXUS: CHEMICAL SAFETY',	2,	2,	'2021-03-16 15:27:45',	'2021-03-16 15:27:45',	NULL),
(375,	8,	'C098',	'CHEMICALS AND CHEMICAL PRODUCTS PRODUCTIVITY NEXUS: REGULATORY COMPLIANCE',	2,	2,	'2021-03-16 15:27:45',	'2021-03-16 15:27:45',	NULL),
(376,	8,	'C099',	'CHEMICALS AND CHEMICAL PRODUCTS PRODUCTIVITY NEXUS: PHARMACEUTICALS, MEDICINAL CHEMICAL AND',	2,	2,	'2021-03-16 15:27:45',	'2021-03-16 15:27:45',	NULL),
(377,	8,	'',	'CHEMICALS AND CHEMICAL PRODUCTS PRODUCTIVITY NEXUS: BOTANICAL PRODUCTS',	2,	2,	'2021-03-16 15:27:45',	'2021-03-16 15:27:45',	NULL),
(378,	8,	'C100',	'CHEMICALS AND CHEMICAL PRODUCTS PRODUCTIVITY NEXUS: MAN-MADE FIBRES',	2,	2,	'2021-03-16 15:27:45',	'2021-03-16 15:27:45',	NULL),
(379,	8,	'C101',	'CHEMICALS AND CHEMICAL PRODUCTS PRODUCTIVITY NEXUS: HAZARDOUS CHEMICAL',	2,	2,	'2021-03-16 15:27:45',	'2021-03-16 15:27:45',	NULL),
(380,	8,	'C102',	'CHEMICALS AND CHEMICAL PRODUCTS PRODUCTIVITY NEXUS: INNOVATION BUSINESS OPERATIONS',	2,	2,	'2021-03-16 15:27:45',	'2021-03-16 15:27:45',	NULL),
(381,	8,	'C103',	'CHEMICALS AND CHEMICAL PRODUCTS PRODUCTIVITY NEXUS: INTELLIGENCE MANUFACTURING SOLUTION',	2,	2,	'2021-03-16 15:27:45',	'2021-03-16 15:27:45',	NULL),
(382,	8,	'C104',	'CHEMICALS AND CHEMICAL PRODUCTS PRODUCTIVITY NEXUS: FINANCIAL CONSULTATION',	2,	2,	'2021-03-16 15:27:45',	'2021-03-16 15:27:45',	NULL),
(383,	8,	'C105',	'CHEMICALS AND CHEMICAL PRODUCTS PRODUCTIVITY NEXUS: SUPPLY CHAIN OPERATIONS',	2,	2,	'2021-03-16 15:27:45',	'2021-03-16 15:27:45',	NULL),
(384,	8,	'C106',	'CHEMICALS AND CHEMICAL PRODUCTS PRODUCTIVITY NEXUS: INFORMATION TECHNOLOGY',	2,	2,	'2021-03-16 15:27:45',	'2021-03-16 15:27:45',	NULL),
(385,	8,	'C107',	'DIGITAL PRODUCTIVITY NEXUS: TENAGA KERJA (WORKFORCE)',	2,	2,	'2021-03-16 15:27:45',	'2021-03-16 15:27:45',	NULL),
(386,	8,	'C108',	'DIGITAL PRODUCTIVITY NEXUS: TEKNOLOGI (TECHNOLOGY) & DIGITAL',	2,	2,	'2021-03-16 15:27:45',	'2021-03-16 15:27:45',	NULL),
(387,	8,	'C109',	'DIGITAL PRODUCTIVITY NEXUS: POLISI & PERATURAN (REGULATION)',	2,	2,	'2021-03-16 15:27:45',	'2021-03-16 15:27:45',	NULL),
(388,	8,	'C110',	'DIGITAL PRODUCTIVITY NEXUS: INSENTIF (INCENTIVE)',	2,	2,	'2021-03-16 15:27:45',	'2021-03-16 15:27:45',	NULL),
(389,	8,	'C111',	'DIGITAL PRODUCTIVITY NEXUS: INDUSTRY STRUCTURE',	2,	2,	'2021-03-16 15:27:45',	'2021-03-16 15:27:45',	NULL),
(390,	8,	'C112',	'DIGITAL PRODUCTIVITY NEXUS: MARKETING STRATEGY',	2,	2,	'2021-03-16 15:27:45',	'2021-03-16 15:27:45',	NULL),
(391,	8,	'C113',	'DIGITAL PRODUCTIVITY NEXUS: STANDARD & PENSIJILAN',	2,	2,	'2021-03-16 15:27:45',	'2021-03-16 15:27:45',	NULL),
(392,	8,	'C114',	'DIGITAL PRODUCTIVITY NEXUS: MANAGEMENT',	2,	2,	'2021-03-16 15:27:45',	'2021-03-16 15:27:45',	NULL),
(393,	8,	'C115',	'PROFESSIONAL SERVICES PRODUCTIVITY NEXUS: WORKFORCE & TALENT DEVELOPMENT',	2,	2,	'2021-03-16 15:27:45',	'2021-03-16 15:27:45',	NULL),
(394,	8,	'C116',	'PROFESSIONAL SERVICES PRODUCTIVITY NEXUS: TECHNOLOGY & DIGITAL (INTELLIGENT SERVICES SOLUTIONS)',	2,	2,	'2021-03-16 15:27:45',	'2021-03-16 15:27:45',	NULL),
(395,	8,	'C117',	'PROFESSIONAL SERVICES PRODUCTIVITY NEXUS: INDUSTRY STRUCTURE (INNOVATIVE BUSINESS OPERATION)',	2,	2,	'2021-03-16 15:27:45',	'2021-03-16 15:27:45',	NULL),
(396,	8,	'C118',	'PROFESSIONAL SERVICES PRODUCTIVITY NEXUS: POLICY & REGULATIONS',	2,	2,	'2021-03-16 15:27:45',	'2021-03-16 15:27:45',	NULL),
(397,	8,	'C119',	'PROFESSIONAL SERVICES PRODUCTIVITY NEXUS: FINANCIAL CONSULTATION',	2,	2,	'2021-03-16 15:27:45',	'2021-03-16 15:27:45',	NULL),
(398,	8,	'C120',	'ELECTRICAL AND ELECTRONICS PRODUCTIVITY NEXUS: HACKATHON',	2,	2,	'2021-03-16 15:27:45',	'2021-03-16 15:27:45',	NULL),
(399,	8,	'C121',	'ELECTRICAL AND ELECTRONICS PRODUCTIVITY NEXUS: PLUGFEST 1.0 (IOT)',	2,	2,	'2021-03-16 15:27:45',	'2021-03-16 15:27:45',	NULL),
(400,	8,	'C122',	'ELECTRICAL AND ELECTRONICS PRODUCTIVITY NEXUS: PLUGFEST 2.0',	2,	2,	'2021-03-16 15:27:45',	'2021-03-16 15:27:45',	NULL),
(401,	8,	'C123',	'ELECTRICAL AND ELECTRONICS PRODUCTIVITY NEXUS:  VIRTUAL ADVISORY CLINIC (EEVAC)',	2,	2,	'2021-03-16 15:27:45',	'2021-03-16 15:27:45',	NULL),
(402,	8,	'C124',	'ELECTRICAL AND ELECTRONICS PRODUCTIVITY NEXUS:  MENTORING FOR INDUSTRY 4.0 (EEMI4.0)',	2,	2,	'2021-03-16 15:27:45',	'2021-03-16 15:27:45',	NULL),
(403,	8,	'C125',	'ELECTRICAL AND ELECTRONICS PRODUCTIVITY NEXUS: EMBEDDED SYSTEM DESIGN',	2,	2,	'2021-03-16 15:27:45',	'2021-03-16 15:27:45',	NULL),
(404,	8,	'C126',	'ELECTRICAL AND ELECTRONICS PRODUCTIVITY NEXUS: E TESTING AND ACCREDITATIONS',	2,	2,	'2021-03-16 15:27:45',	'2021-03-16 15:27:45',	NULL),
(405,	8,	'C127',	'ELECTRICAL AND ELECTRONICS PRODUCTIVITY NEXUS: IC DESIGN & DEVELOPMENT',	2,	2,	'2021-03-16 15:27:45',	'2021-03-16 15:27:45',	NULL),
(406,	8,	'C128',	'ELECTRICAL AND ELECTRONICS PRODUCTIVITY NEXUS:  AUTOMATION',	2,	2,	'2021-03-16 15:27:45',	'2021-03-16 15:27:45',	NULL),
(407,	8,	'C129',	'ELECTRICAL AND ELECTRONICS PRODUCTIVITY NEXUS: MCAD',	2,	2,	'2021-03-16 15:27:45',	'2021-03-16 15:27:45',	NULL),
(408,	8,	'C130',	'ELECTRICAL AND ELECTRONICS PRODUCTIVITY NEXUS: OPERATING SYSTEM (OS) DEVELOPMENT',	2,	2,	'2021-03-16 15:27:45',	'2021-03-16 15:27:45',	NULL),
(409,	8,	'C131',	'ELECTRICAL AND ELECTRONICS PRODUCTIVITY NEXUS: LED',	2,	2,	'2021-03-16 15:27:45',	'2021-03-16 15:27:45',	NULL),
(410,	8,	'C132',	'ELECTRICAL AND ELECTRONICS PRODUCTIVITY NEXUS: SOLAR PHOTOVOLTAIC (PV)',	2,	2,	'2021-03-16 15:27:45',	'2021-03-16 15:27:45',	NULL),
(411,	8,	'C133',	'ELECTRICAL AND ELECTRONICS PRODUCTIVITY NEXUS:  TESTING AND ACCREDITATIONS',	2,	2,	'2021-03-16 15:27:45',	'2021-03-16 15:27:45',	NULL),
(412,	8,	'C134',	'MACHINERY AND EQUIPMENT PRODUCTIVITY NEXUS: TENAGA KERJA (WORKFORCE)',	2,	2,	'2021-03-16 15:27:45',	'2021-03-16 15:27:45',	NULL),
(413,	8,	'C135',	'MACHINERY AND EQUIPMENT PRODUCTIVITY NEXUS: PERKHIDMATAN SOKONGAN KEJURUTERAAN TEKNOLOGI I4.0',	2,	2,	'2021-03-16 15:27:45',	'2021-03-16 15:27:45',	NULL),
(414,	8,	'C136',	'MACHINERY AND EQUIPMENT PRODUCTIVITY NEXUS: POLISI & PERATURAN (REGULATION)',	2,	2,	'2021-03-16 15:27:45',	'2021-03-16 15:27:45',	NULL),
(415,	8,	'C137',	'MACHINERY AND EQUIPMENT PRODUCTIVITY NEXUS: INSENTIF (INCENTIVE)',	2,	2,	'2021-03-16 15:27:45',	'2021-03-16 15:27:45',	NULL),
(416,	8,	'C138',	'MACHINERY AND EQUIPMENT PRODUCTIVITY NEXUS: INDUSTRY STRUCTURE, VALUE CHAIN DAN CLUSTER',	2,	2,	'2021-03-16 15:27:45',	'2021-03-16 15:27:45',	NULL),
(417,	8,	'C139',	'MACHINERY AND EQUIPMENT PRODUCTIVITY NEXUS: STANDARD, PENSIJILAN (LOCAL & INTERNATIONAL) DAN PENILAIAN/PEMERIKSAAN',	2,	2,	'2021-03-16 15:27:45',	'2021-03-16 15:27:45',	NULL),
(418,	8,	'C140',	'MACHINERY AND EQUIPMENT PRODUCTIVITY NEXUS: MANAGEMENT (FINANCIAL, OPERATION, BUSINESS DEVELOPMENT, SALES, MARKETING, WAREHOUSE, PLANT)',	2,	2,	'2021-03-16 15:27:45',	'2021-03-16 15:27:45',	NULL),
(419,	8,	'C141',	'PRODUCT DESIGN AND DEVELOPMENT AND R&D',	2,	2,	'2021-03-16 15:27:45',	'2021-03-16 15:27:45',	NULL),
(420,	8,	'C142',	'MACHINERY AND EQUIPMENT PRODUCTIVITY NEXUS: SYSTEM DEVELOPMENT, INTEGRATION AND TOTAL SOLUTION',	2,	2,	'2021-03-16 15:27:45',	'2021-03-16 15:27:45',	NULL),
(421,	8,	'C143',	'MACHINERY AND EQUIPMENT PRODUCTIVITY NEXUS: PROFESSIONAL SERVICES IN ENGINEERING RELATED (ELECTRICAL, ELECTRONIC, MECHANICAL & MECHATRONIC)',	2,	2,	'2021-03-16 15:27:45',	'2021-03-16 15:27:45',	NULL),
(422,	8,	'C144',	'MACHINERY AND EQUIPMENT PRODUCTIVITY NEXUS: IMPORT & EXPORT',	2,	2,	'2021-03-16 15:27:45',	'2021-03-16 15:27:45',	NULL),
(423,	8,	'C145',	'MACHINERY AND EQUIPMENT PRODUCTIVITY NEXUS: PRODUCTIVITY ANALYSIS',	2,	2,	'2021-03-16 15:27:45',	'2021-03-16 15:27:45',	NULL),
(424,	8,	'C146',	'MACHINERY AND EQUIPMENT PRODUCTIVITY NEXUS: PRODUCTIVITY TOOLS (LEAN, 5S, KANBAN, KAIZEN, SIX SIGMA, PROBLEM SOLVING, TPM, TQM)',	2,	2,	'2021-03-16 15:27:45',	'2021-03-16 15:27:45',	NULL),
(425,	8,	'C147',	'MACHINERY AND EQUIPMENT PRODUCTIVITY NEXUS: INDUSTRY SPECIFIC ISSUES, CHALLANGES AND RECOMENDARTION (SOCIO-ECONOMICS)',	2,	2,	'2021-03-16 15:27:45',	'2021-03-16 15:27:45',	NULL),
(426,	8,	'C148',	'MACHINERY AND EQUIPMENT PRODUCTIVITY NEXUS: AUTOMATION AND DIGITALISATION',	2,	2,	'2021-03-16 15:27:45',	'2021-03-16 15:27:45',	NULL),
(427,	8,	'C149',	'MACHINERY AND EQUIPMENT PRODUCTIVITY NEXUS: PRODUCTIVITY LINKED TRAINING COURSE FOR TVET INSTITUTIONS IN M&E SECTOR',	2,	2,	'2021-03-16 15:27:45',	'2021-03-16 15:27:45',	NULL),
(428,	8,	'C150',	'MACHINERY AND EQUIPMENT PRODUCTIVITY NEXUS: OVERALL EQUIPMENT EFFECTIVENESS (OEE)',	2,	2,	'2021-03-16 15:27:45',	'2021-03-16 15:27:45',	NULL),
(429,	8,	'C151',	'MACHINERY AND EQUIPMENT PRODUCTIVITY NEXUS: EMPOWERMENT OF EXISTING CENTRE OF EXCELLENCE (COE)',	2,	2,	'2021-03-16 15:27:45',	'2021-03-16 15:27:45',	NULL),
(430,	8,	'C152',	'MACHINERY AND EQUIPMENT PRODUCTIVITY NEXUS: M&E VIRTUAL ADVISORY CLINIC (MEVAC)',	2,	2,	'2021-03-16 15:27:45',	'2021-03-16 15:27:45',	NULL),
(431,	8,	'C153',	'MACHINERY AND EQUIPMENT PRODUCTIVITY NEXUS: PRODUCTIVITY1010 (PRODUCTIVITY THROUGH DIGITISATION)',	2,	2,	'2021-03-16 15:27:45',	'2021-03-16 15:27:45',	NULL),
(432,	8,	'C154',	'MACHINERY AND EQUIPMENT PRODUCTIVITY NEXUS: PRODUCTIVITY IMPROVEMENT PROGRAM',	2,	2,	'2021-03-16 15:27:45',	'2021-03-16 15:27:45',	NULL),
(433,	8,	'C155',	'MACHINERY AND EQUIPMENT PRODUCTIVITY NEXUS: M&E COORDINATION PROGRAM',	2,	2,	'2021-03-16 15:27:45',	'2021-03-16 15:27:45',	NULL),
(434,	8,	'C156',	'MACHINERY AND EQUIPMENT PRODUCTIVITY NEXUS: M&E CLUSTERING INITIATIVE',	2,	2,	'2021-03-16 15:27:45',	'2021-03-16 15:27:45',	NULL),
(435,	8,	'C157',	'PRIVATE HEALTHCARE PRODUCTIVITY NEXUS: TENAGA KERJA (WORKFORCE)',	2,	2,	'2021-03-16 15:27:45',	'2021-03-16 15:27:45',	NULL),
(436,	8,	'C158',	'PRIVATE HEALTHCARE PRODUCTIVITY NEXUS:TEKNOLOGI (TECHNOLOGY) & DIGITAL',	2,	2,	'2021-03-16 15:27:45',	'2021-03-16 15:27:45',	NULL),
(437,	8,	'C159',	'PRIVATE HEALTHCARE PRODUCTIVITY NEXUS:POLISI & PERATURAN (REGULATION)',	2,	2,	'2021-03-16 15:27:45',	'2021-03-16 15:27:45',	NULL),
(438,	8,	'C160',	'PRIVATE HEALTHCARE PRODUCTIVITY NEXUS:INSENTIF (INCENTIVE)',	2,	2,	'2021-03-16 15:27:45',	'2021-03-16 15:27:45',	NULL),
(439,	8,	'C161',	'PRIVATE HEALTHCARE PRODUCTIVITY NEXUS:EKONOMI (ECONOMICS)',	2,	2,	'2021-03-16 15:27:45',	'2021-03-16 15:27:45',	NULL),
(440,	8,	'C162',	'PRIVATE HEALTHCARE PRODUCTIVITY NEXUS:INDUSTRY STRUCTURE',	2,	2,	'2021-03-16 15:27:45',	'2021-03-16 15:27:45',	NULL),
(441,	8,	'C163',	'PRIVATE HEALTHCARE PRODUCTIVITY NEXUS:MARKETING STRATEGY',	2,	2,	'2021-03-16 15:27:45',	'2021-03-16 15:27:45',	NULL),
(442,	8,	'C164',	'PRIVATE HEALTHCARE PRODUCTIVITY NEXUS:STANDARD & PENSIJILAN',	2,	2,	'2021-03-16 15:27:45',	'2021-03-16 15:27:45',	NULL),
(443,	8,	'C165',	'PRIVATE HEALTHCARE PRODUCTIVITY NEXUS:MANAGEMENT (FINANCIAL, OPERATION, BUSINESS)',	2,	2,	'2021-03-16 15:27:45',	'2021-03-16 15:27:45',	NULL),
(444,	8,	'C166',	'PRIVATE HEALTHCARE PRODUCTIVITY NEXUS:PRODUCT DEVELOPMENT',	2,	2,	'2021-03-16 15:27:45',	'2021-03-16 15:27:45',	NULL),
(445,	8,	'C167',	'PRIVATE HEALTHCARE PRODUCTIVITY NEXUS:SYSTEM DEVELOPMENT',	2,	2,	'2021-03-16 15:27:45',	'2021-03-16 15:27:45',	NULL),
(446,	8,	'C168',	'PRIVATE HEALTHCARE PRODUCTIVITY NEXUS:PROFESSIONAL SERVICES',	2,	2,	'2021-03-16 15:27:45',	'2021-03-16 15:27:45',	NULL),
(447,	8,	'C169',	'PRIVATE HEALTHCARE PRODUCTIVITY NEXUS:PRIVATE HEALTHCARE – VIRTUAL ADVISORY SERVICES',	2,	2,	'2021-03-16 15:27:45',	'2021-03-16 15:27:45',	NULL);

CREATE TABLE `ref_project_category` (
  `project_category_id` int(11) NOT NULL AUTO_INCREMENT,
  `project_category_code` char(10) DEFAULT NULL,
  `project_category_desc` varchar(100) DEFAULT NULL,
  `created_by` int(11) DEFAULT NULL,
  `updated_by` int(11) DEFAULT NULL,
  `created_at` timestamp NULL DEFAULT NULL,
  `updated_at` timestamp NOT NULL DEFAULT CURRENT_TIMESTAMP,
  `deleted_at` timestamp NULL DEFAULT NULL,
  PRIMARY KEY (`project_category_id`),
  KEY `idx_projcat_code` (`project_category_code`),
  KEY `idx_projcat_createdby` (`created_by`),
  KEY `idx_projcat_updatedby` (`updated_by`)
) ENGINE=InnoDB DEFAULT CHARSET=latin1;

INSERT INTO `ref_project_category` (`project_category_id`, `project_category_code`, `project_category_desc`, `created_by`, `updated_by`, `created_at`, `updated_at`, `deleted_at`) VALUES
(1,	'AG',	'GOOD REGULATORY PRACTICE (GRP)',	2,	2,	'2021-03-16 15:08:57',	'2021-03-16 15:08:57',	NULL),
(2,	'AB',	'BEHAVIOURAL INSIGHTS',	2,	2,	'2021-03-16 15:08:57',	'2021-05-29 17:13:57',	NULL),
(3,	'AC',	'COMPETITIVENESS',	2,	2,	'2021-03-16 15:08:57',	'2021-03-16 15:08:57',	NULL),
(4,	'AE',	'PRODUCTIVITY-LINKED WAGE SYSTEM (PLWS)',	2,	2,	'2021-03-16 15:08:57',	'2021-03-16 15:08:57',	NULL),
(5,	'B',	'ORGANISATIONAL EXCELLENCE DEVELOPMENT (OED)',	2,	2,	'2021-03-16 15:08:57',	'2021-03-16 15:08:57',	NULL),
(6,	'BB',	'SKIM PENINGKATAN PRODUKTIVITI ENTERPRIS (SPPE)',	2,	2,	'2021-03-16 15:08:57',	'2021-03-16 15:08:57',	NULL),
(7,	'BC',	'PROGRAM PEMBANGUNAN KAPASITI VENDOR (PPKV)',	2,	2,	'2021-03-16 15:08:57',	'2021-03-16 15:08:57',	NULL),
(8,	'C',	'PRODUCTIVITY GROWTH',	2,	2,	'2021-03-16 15:08:57',	'2021-03-16 15:08:57',	NULL);

CREATE TABLE `ref_race` (
  `race_id` int(11) NOT NULL AUTO_INCREMENT,
  `race_desc` varchar(50) NOT NULL,
  `created_at` timestamp NULL DEFAULT NULL,
  `updated_at` timestamp NOT NULL DEFAULT CURRENT_TIMESTAMP,
  `deleted_at` timestamp NULL DEFAULT NULL,
  PRIMARY KEY (`race_id`,`updated_at`)
) ENGINE=InnoDB DEFAULT CHARSET=latin1;

INSERT INTO `ref_race` (`race_id`, `race_desc`, `created_at`, `updated_at`, `deleted_at`) VALUES
(1,	'Melayu',	'2018-12-04 13:29:28',	'2018-12-04 13:29:07',	NULL),
(2,	'Cina',	'2018-12-04 13:29:31',	'2018-12-04 13:29:09',	NULL),
(3,	'India',	'2018-12-04 13:29:36',	'2018-12-04 13:29:13',	NULL),
(4,	'Lain-lain',	'2018-12-04 13:29:39',	'2018-12-04 13:29:18',	NULL);

CREATE TABLE `ref_reference_sst` (
  `reference_sst_id` int(11) NOT NULL AUTO_INCREMENT,
  `reference_sst_desc` varchar(100) NOT NULL,
  `startdate` date NOT NULL,
  `enddate` date NOT NULL,
  `created_by` int(11) DEFAULT NULL,
  `updated_by` int(11) DEFAULT NULL,
  `created_at` timestamp NULL DEFAULT NULL,
  `updated_at` timestamp NOT NULL DEFAULT CURRENT_TIMESTAMP,
  `deleted_at` timestamp NULL DEFAULT NULL,
  PRIMARY KEY (`reference_sst_id`,`updated_at`),
  KEY `idx_refsst_createdby` (`created_by`),
  KEY `idx_refsst_updatedby` (`updated_by`)
) ENGINE=InnoDB DEFAULT CHARSET=latin1;

INSERT INTO `ref_reference_sst` (`reference_sst_id`, `reference_sst_desc`, `startdate`, `enddate`, `created_by`, `updated_by`, `created_at`, `updated_at`, `deleted_at`) VALUES
(1,	'MPC(PCT)499/5/1',	'2020-01-01',	'2020-12-31',	2,	2,	'2021-06-07 18:37:30',	'2021-06-07 18:37:30',	NULL),
(2,	'MPC(PCT)500/5/1',	'2021-01-01',	'2022-12-31',	2,	2,	'2021-06-07 18:38:05',	'2021-06-08 04:29:37',	NULL);

CREATE TABLE `ref_religion` (
  `religion_id` int(11) NOT NULL AUTO_INCREMENT,
  `religion_desc` varchar(50) NOT NULL,
  `created_at` timestamp NULL DEFAULT NULL,
  `updated_at` timestamp NOT NULL DEFAULT CURRENT_TIMESTAMP,
  `deleted_at` timestamp NULL DEFAULT NULL,
  PRIMARY KEY (`religion_id`,`updated_at`)
) ENGINE=InnoDB DEFAULT CHARSET=latin1;

INSERT INTO `ref_religion` (`religion_id`, `religion_desc`, `created_at`, `updated_at`, `deleted_at`) VALUES
(1,	'Islam',	'2018-12-04 13:28:12',	'2018-12-04 13:28:12',	NULL),
(2,	'Kristian',	'2018-12-04 13:28:12',	'2018-12-04 13:28:19',	NULL),
(3,	'Buddha',	'2018-12-04 13:28:12',	'2018-12-04 13:28:22',	NULL),
(4,	'Hindu',	'2018-12-04 13:28:12',	'2018-12-04 13:28:26',	NULL),
(5,	'Lain-lain',	'2018-12-04 13:28:12',	'2018-12-04 13:28:43',	NULL);

CREATE TABLE `ref_service_distance` (
  `service_distance_id` int(11) NOT NULL AUTO_INCREMENT,
  `service_distance_desc` varchar(255) DEFAULT NULL,
  `created_by` int(11) DEFAULT NULL,
  `updated_by` int(11) DEFAULT NULL,
  `created_at` timestamp NULL DEFAULT NULL,
  `updated_at` timestamp NOT NULL DEFAULT CURRENT_TIMESTAMP,
  `deleted_at` timestamp NULL DEFAULT NULL,
  PRIMARY KEY (`service_distance_id`),
  KEY `idx_servicedistance_createdby` (`created_by`),
  KEY `idx_servicedistance_updatedby` (`updated_by`)
) ENGINE=InnoDB DEFAULT CHARSET=latin1;

INSERT INTO `ref_service_distance` (`service_distance_id`, `service_distance_desc`, `created_by`, `updated_by`, `created_at`, `updated_at`, `deleted_at`) VALUES
(1,	'Kadar Jarak [<100 km]\r\n',	2,	2,	'2021-06-21 16:15:33',	'2021-06-21 16:15:33',	NULL),
(2,	'Kadar Jarak [>100 km]',	2,	2,	'2021-06-21 16:15:33',	'2021-06-21 16:15:33',	NULL),
(3,	'Kadar Jarak ke Sabah/Sarawak',	2,	2,	'2021-06-21 16:15:33',	'2021-06-21 16:15:33',	NULL);

CREATE TABLE `ref_service_group` (
  `service_group_id` int(11) NOT NULL AUTO_INCREMENT,
  `service_group_code` varchar(20) DEFAULT NULL,
  `service_group_desc` varchar(50) NOT NULL,
  `created_by` int(11) DEFAULT NULL,
  `updated_by` int(11) DEFAULT NULL,
  `created_at` timestamp NULL DEFAULT NULL,
  `updated_at` timestamp NOT NULL DEFAULT CURRENT_TIMESTAMP,
  `deleted_at` timestamp NULL DEFAULT NULL,
  PRIMARY KEY (`service_group_id`),
  KEY `idx_servicegroup_code` (`service_group_code`),
  KEY `idx_servicegroup_createdby` (`created_by`),
  KEY `idx_servicegroup_updatedby` (`updated_by`)
) ENGINE=InnoDB DEFAULT CHARSET=latin1;

INSERT INTO `ref_service_group` (`service_group_id`, `service_group_code`, `service_group_desc`, `created_by`, `updated_by`, `created_at`, `updated_at`, `deleted_at`) VALUES
(1,	NULL,	'Pengurusan Tertinggi',	2,	2,	'2021-01-13 13:38:37',	'2021-01-13 13:38:37',	NULL),
(2,	NULL,	'Pengurusan & Professional Gred 53 & 54',	2,	2,	'2021-01-13 13:38:37',	'2021-01-13 13:38:37',	NULL),
(3,	NULL,	'Pengurusan & Professional Gred 45 – 52',	2,	2,	'2021-01-13 13:38:37',	'2021-01-13 13:38:37',	NULL),
(4,	NULL,	'Pengurusan & Professional Gred 41 – 44',	2,	2,	'2021-03-19 13:12:21',	'2021-03-19 13:12:27',	NULL),
(5,	NULL,	'Sokongan',	2,	2,	'2021-03-19 13:12:24',	'2021-03-19 13:12:29',	NULL);

CREATE TABLE `ref_service_type` (
  `service_type_id` int(11) NOT NULL AUTO_INCREMENT,
  `service_type_code` varchar(20) DEFAULT NULL,
  `service_type_desc` varchar(50) NOT NULL,
  `created_by` int(11) DEFAULT NULL,
  `updated_by` int(11) DEFAULT NULL,
  `created_at` timestamp NULL DEFAULT NULL,
  `updated_at` timestamp NOT NULL DEFAULT CURRENT_TIMESTAMP,
  `deleted_at` timestamp NULL DEFAULT NULL,
  PRIMARY KEY (`service_type_id`),
  KEY `idx_servicetype_code` (`service_type_code`),
  KEY `idx_servicetype_createdby` (`created_by`),
  KEY `idx_servicetype_updatedby` (`updated_by`)
) ENGINE=InnoDB DEFAULT CHARSET=latin1;

INSERT INTO `ref_service_type` (`service_type_id`, `service_type_code`, `service_type_desc`, `created_by`, `updated_by`, `created_at`, `updated_at`, `deleted_at`) VALUES
(1,	'P&P',	'Pengurusan Tertinggi',	2,	2,	'2021-01-13 13:38:37',	'2021-01-13 13:38:37',	NULL),
(2,	'P&P',	'Pengurusan & Profesional',	2,	2,	'2021-01-13 13:38:37',	'2021-01-13 13:38:37',	NULL),
(3,	'Sokongan',	'Khidmat Sokongan',	2,	2,	'2021-01-13 13:38:37',	'2021-01-13 13:38:37',	NULL);

CREATE TABLE `ref_sub_allocation` (
  `sub_allocation_id` int(11) NOT NULL AUTO_INCREMENT,
  `allocation_id` int(11) NOT NULL,
  `allocation_code` varchar(50) DEFAULT NULL,
  `sub_allocation_code` varchar(50) DEFAULT NULL,
  `sub_allocation_desc` varchar(255) DEFAULT NULL,
  `created_by` int(11) DEFAULT NULL,
  `updated_by` int(11) DEFAULT NULL,
  `created_at` timestamp NULL DEFAULT NULL,
  `updated_at` timestamp NOT NULL DEFAULT CURRENT_TIMESTAMP,
  `deleted_at` timestamp NULL DEFAULT NULL,
  PRIMARY KEY (`sub_allocation_id`),
  KEY `idx_refsuballocation_allocationid` (`allocation_id`),
  KEY `idx_refsuballocation_createdby` (`created_by`),
  KEY `idx_refsuballocation_updatedby` (`updated_by`)
) ENGINE=InnoDB DEFAULT CHARSET=latin1;

INSERT INTO `ref_sub_allocation` (`sub_allocation_id`, `allocation_id`, `allocation_code`, `sub_allocation_code`, `sub_allocation_desc`, `created_by`, `updated_by`, `created_at`, `updated_at`, `deleted_at`) VALUES
(1,	2,	'0005XX10-NPCX',	'KLEMS-TFP',	'Capital, Labor, Energy, Material And Services - Total Factor Productivity',	2,	2,	'2020-10-14 02:28:42',	'2020-10-14 02:28:42',	NULL),
(2,	2,	'0007XX11-NPCX',	'MBR',	'Modern Business Regulation',	2,	2,	'2020-10-14 02:28:42',	'2020-10-14 02:28:42',	NULL),
(3,	2,	'0008XX11-NPCX',	'NPDIR',	'Pelaksanaan NPDIR bagi Kerajaan Negeri dan Kerajaan Tempatan',	2,	2,	'2020-10-14 02:28:42',	'2020-10-14 02:28:42',	NULL),
(4,	2,	'0006XX10-NPCX',	'EIIP',	'Enterprise Innovation Intervention Programmed',	2,	2,	'2020-10-14 02:28:42',	'2020-10-14 02:28:42',	NULL),
(5,	2,	'0009XX11-NPCX',	'SPPE-MPB',	'Skim Peningkatan Produktiviti Entepris Selaras Dengan Malaysia Prod Blueprint',	2,	2,	'2020-10-14 02:28:42',	'2020-10-14 02:28:42',	NULL),
(6,	2,	'0010XX11-NPCX',	'MPB-EEPN',	'Malaysia Productivity Blueprint - Electrical & Electronic',	2,	2,	'2020-10-14 02:28:42',	'2020-10-14 02:28:42',	NULL),
(7,	2,	'0011XX11-NPCX',	'MPB-CCPPN',	'Malaysia Productivity Blueprint - Chemicals & Chemical Products',	2,	2,	'2020-10-14 02:28:42',	'2020-10-14 02:28:42',	NULL),
(8,	2,	'0012XX11-NPCX',	'MPB-RFBPN',	'Malaysia Productivity Blueprint - Retail and F&B',	2,	2,	'2020-10-14 02:28:42',	'2020-10-14 02:28:42',	NULL),
(9,	2,	'0013XX11-NPCX',	'MPB-TPN',	'Malaysia Productivity Blueprint - Tourism Productivity Nexus',	2,	2,	'2020-10-14 02:28:42',	'2020-10-14 02:28:42',	NULL),
(10,	2,	'0014XX11-NPCX',	'MPB-AFPN',	'Malaysia Productivity Blueprint - Agrofood Productivity Nexus',	2,	2,	'2020-10-14 02:28:42',	'2020-10-14 02:28:42',	NULL),
(11,	2,	'0015XX11-NPCX',	'MPB-MEPN',	'Malaysia Productivity Blueprint - Machinery & Equipment Productivity Nexus',	2,	2,	'2020-10-14 02:28:42',	'2020-10-14 02:28:42',	NULL),
(12,	2,	'0016XX11-NPCX',	'MPB-PSPN',	'MALAYSIA PRODUCTIVITY BLUEPRINT - PROFESSIONAL SERVICES PRODUCTIVITY NEXUS',	2,	31,	'2020-10-14 02:28:42',	'2020-10-14 02:35:29',	NULL),
(13,	2,	'0017XX11-NPCX',	'MPB-ICT',	'Malaysia Productivity Blueprint -ICT Productivity Nexus',	2,	2,	'2020-10-14 02:28:42',	'2020-10-14 02:28:42',	NULL),
(14,	2,	'0018XX11-NPCX',	'MPB-PHPN',	'MALAYSIA PRODUCTIVITY BLUEPRINT - PRIVATE HEALTHCARE PRODUCTIVITY NEXUS',	2,	31,	'2020-10-14 02:28:42',	'2020-10-14 02:36:14',	NULL),
(15,	2,	'0019XX11-NPCX',	'T5 - MPB',	'Membentuk Mekanisme Pelaksanaan Yang Padu Selaras Dengan MPB-DMO',	2,	2,	'2020-10-14 02:28:42',	'2020-10-14 02:28:42',	NULL),
(16,	2,	'0020XX11-NPCX',	'PTPS',	'PROGRAM TRANSFORMASI PERATURAN SEDIA ADA',	2,	2,	'2020-10-14 02:28:42',	'2020-10-14 02:28:42',	NULL),
(17,	2,	'0021XX11-NPCX',	'NTM',	'Memudahkan Peraturan Perniagaan Perdagangan Antarabangsa',	2,	2,	'2020-10-14 02:28:42',	'2020-10-14 02:28:42',	NULL),
(18,	2,	'0023XX11-NPCX',	'PKP',	'Peningkatan Kualiti Peraturan',	2,	2,	'2020-10-14 02:28:42',	'2020-10-14 02:28:42',	NULL),
(19,	1,	'M-NPC-SS20',	'Usahasama- MTCP/TCTP/JICA',	'MTCP/TCTP/JICA',	2,	2,	'2020-10-14 02:28:42',	'2020-10-14 02:28:42',	NULL),
(20,	1,	'U60S0000-PP60',	'Usahasama- INDUSTRY 4.0',	'Program-Industry 4WRD',	2,	2,	'2020-10-14 02:28:42',	'2020-10-14 02:28:42',	NULL),
(21,	1,	'U70S0000-PP70',	'Usahasama- PPRN',	'Kajian Impak Pelaksanaan Inisiatif Public -Private Research Network (PPRN)',	2,	2,	'2020-10-14 02:28:42',	'2020-10-14 02:28:42',	NULL),
(22,	1,	'U80S0000-PP80',	'Usahasama- HICoE',	'Kajian Impak Pelaksanaan Higher - Institutions Centre Of Excellence (HICOE)',	2,	2,	'2020-10-14 02:28:42',	'2020-10-14 02:28:42',	NULL),
(23,	1,	'U90S0000-PP90',	'Usahasama- AKI',	'Anugerah Kecemerlangan Industri (AKI)',	2,	2,	'2020-10-14 02:28:42',	'2020-10-14 02:28:42',	NULL),
(24,	1,	'M-NPC-SS20',	'Usahasama- PPV-MED',	'PPV-MED',	2,	2,	'2020-10-14 02:28:42',	'2020-10-14 02:28:42',	NULL),
(25,	1,	'U11S0000-RP10',	'Usahasama- JPA',	'Kajian Pengukuran Produktiviti Perkhidmatan Awam (JPA)',	2,	2,	'2020-10-14 02:28:42',	'2020-10-14 02:28:42',	NULL),
(26,	1,	'U12S0000-PP10',	'Usahasama- MEDAC 2020-LEAN',	'Kemudahan Latihan Prog Pembangunan Kapasiti Vendor 2019-2020',	2,	2,	'2020-10-14 02:28:42',	'2020-10-14 02:28:42',	NULL),
(27,	1,	'U13S0000-RM10',	'Usahasama- HICoE (KEUSAHAWANAN)',	'Kajian Impak Perlaksanaan Prog Keusahawanan Institusi Pendidikan Tinggi',	2,	2,	'2020-10-14 02:28:42',	'2020-10-14 02:28:42',	NULL),
(28,	1,	'M-NPC-SS20',	'Usahasama- DBKL',	'Kajian Pengukuran Prestasi (DBKL)',	2,	2,	'2020-10-14 02:28:42',	'2020-10-14 02:28:42',	NULL),
(29,	1,	'U14S0000-LP10',	'Usahasama- MEDAC 2020-KAIZEN',	'Kemudahan Latihan Prog Pembangunan Kapasiti Vendor 2019-2020',	2,	2,	'2020-10-14 02:28:42',	'2020-10-14 02:28:42',	NULL),
(30,	1,	'U15S0000-LP20',	'Usahasama- MEDAC 2020-I4.0',	'Kemudahan Latihan Prog Pembangunan Kapasiti Vendor 2019-2020',	2,	2,	'2020-10-14 02:28:42',	'2020-10-14 02:28:42',	NULL),
(31,	1,	'K001N016-NPCX',	'Program Khas- NTEx',	'Konvensyen Team Excellence Kebangsaan',	2,	2,	'2020-10-14 02:28:42',	'2020-10-14 02:28:42',	NULL),
(32,	1,	'K002N016-NPCX',	'Program Khas- RTEx (CRO)',	'Konvensyen Wilayah Tengah',	2,	2,	'2020-10-14 02:28:42',	'2020-10-14 02:28:42',	NULL),
(33,	1,	'K003N016-NPCX',	'Program Khas- MTEx (CRO)',	'Mini Konvensyen Wilayah Tengah',	2,	2,	'2020-10-14 02:28:42',	'2020-10-14 02:28:42',	NULL),
(34,	1,	'K004N016-WU0X',	'Program Khas- RTEx (NRO)',	'Konvensyen Team Excellence Wilayah Utara ',	2,	2,	'2020-10-14 02:28:42',	'2020-10-14 02:28:42',	NULL),
(35,	1,	'K005N016-JB0X',	'Program Khas- RTEx (SRO)',	'Konvensyen Team Excellence Wilayah Selatan',	2,	2,	'2020-10-14 02:28:42',	'2020-10-14 02:28:42',	NULL),
(36,	1,	'K015N016-KK0X',	'Program Khas- MTEx (SBO)',	'Mini Konvensyen Wilayah Sabah',	2,	2,	'2020-10-14 02:28:42',	'2020-10-14 02:28:42',	NULL),
(37,	1,	'K006N016-PT0X',	'Program Khas- RTEx (ECR)',	'Konvensyen Team Excellence Wilayah P. Timur',	2,	2,	'2020-10-14 02:28:42',	'2020-10-14 02:28:42',	NULL),
(38,	1,	'K007N016-KK0X',	'Program Khas- RTEx (SBO)',	'Konvensyen Team Excellence Sabah ',	2,	2,	'2020-10-14 02:28:42',	'2020-10-14 02:28:42',	NULL),
(39,	1,	'K008N016-SW0X',	'Program Khas- RTEx (SKO)',	'Konvensyen Team Excellence Sarawak',	2,	2,	'2020-10-14 02:28:42',	'2020-10-14 02:28:42',	NULL),
(40,	1,	'K011N016-JB0X',	'Program Khas- MTEx (SRO)',	'Mini Konvensyen Wilayah Selatan',	2,	2,	'2020-10-14 02:28:42',	'2020-10-14 02:28:42',	NULL),
(41,	1,	'K012N016-PT0X',	'Program Khas- MTEx (ECR)',	'Mini Konvensyen Wilayah Pantai Timur',	2,	2,	'2020-10-14 02:28:42',	'2020-10-14 02:28:42',	NULL),
(42,	1,	'K013N016-WU0X',	'Program Khas- MTEx (NRO)',	'Mini Konvensyen Wilayah Utara',	2,	2,	'2020-10-14 02:28:42',	'2020-10-14 02:28:42',	NULL),
(43,	1,	'K014N016-SW0X',	'Program Khas- MTEx (SKO)',	'Mini Konvensyen Wilayah Sarawak',	2,	2,	'2020-10-14 02:28:42',	'2020-10-14 02:28:42',	NULL),
(44,	1,	'K016N016-NPCX',	'Program Khas- PC',	'Productivity Conference',	2,	2,	'2020-10-14 02:28:42',	'2020-10-14 02:28:42',	NULL),
(45,	1,	'K017N016-NPCX',	'Program Khas- APIC',	'Annual Productivity & Innovation Conference',	2,	2,	'2020-10-14 02:28:42',	'2020-10-14 02:28:42',	NULL),
(46,	1,	'K018N016-NPCX',	'Program Khas- APQC',	'Asia Pacific Quality Conference',	2,	2,	'2020-10-14 02:28:42',	'2020-10-14 02:28:42',	NULL),
(47,	1,	'S001N016-NPCX',	'ICQCC',	'International Convention on Quality Control Circles',	2,	2,	'2020-10-14 02:28:42',	'2020-10-14 02:28:42',	NULL),
(48,	1,	'S003N009-NPCX',	'Seminar/Study Mission Luar Negara',	'Seminar/Study Mission Luar Negara',	2,	2,	'2020-10-14 02:28:42',	'2020-10-14 02:28:42',	NULL),
(49,	1,	'S005N016-NPCX',	'IQPC',	'International Quality and Productivity Convention',	2,	2,	'2020-10-14 02:28:42',	'2020-10-14 02:28:42',	NULL),
(50,	1,	'M-NPC-JB0',	'Mengurus-MPC SRO',	'Mengurus-MPC Wilayah Selatan',	2,	2,	'2020-10-14 02:28:42',	'2020-10-14 02:28:42',	NULL),
(51,	1,	'M-NPC-WU0',	'Mengurus-MPC NRO',	'Mengurus-MPC Wilayah Utara',	2,	2,	'2020-10-14 02:28:42',	'2020-10-14 02:28:42',	NULL),
(52,	1,	'M-NPC-SW0',	'Mengurus-MPC SKO',	'Mengurus-MPC Sarawak',	2,	2,	'2020-10-14 02:28:42',	'2020-10-14 02:28:42',	NULL),
(53,	1,	'M-NPC-PT0',	'Mengurus-MPC ECR',	'Mengurus-MPC Wilayah Pantai Timur',	2,	2,	'2020-10-14 02:28:42',	'2020-10-14 02:28:42',	NULL),
(54,	1,	'M-NPC-KK0',	'Mengurus-MPC SBO',	'Mengurus-MPC Sabah',	2,	2,	'2020-10-14 02:28:42',	'2020-10-14 02:28:42',	NULL),
(55,	1,	'M-NPC-LP10',	'Mengurus-MPC CRO',	'Mengurus-MPC Wilayah Tengah',	2,	2,	'2020-10-14 02:28:42',	'2020-10-14 02:28:42',	NULL),
(56,	1,	'M-NPC-KP01',	'Mengurus-KP',	'Mengurus - Pejabat Ketua Pengarah',	2,	2,	'2020-10-14 02:28:42',	'2020-10-14 02:28:42',	NULL),
(57,	1,	'M-NPC-LB10',	'Mengurus-BE',	'Mengurus - Jabatan Kecemerlangan Perniagaan',	2,	2,	'2020-10-14 02:28:42',	'2020-10-14 02:28:42',	NULL),
(58,	1,	'M-NPC-PP10',	'Mengurus-CPD',	'Mengurus - Khidmat Pelanggan & Media',	2,	2,	'2020-10-14 02:28:42',	'2020-10-14 02:28:42',	NULL),
(59,	1,	'M-NPC-RK10',	'Mengurus-SR',	'Mengurus - MPC Sarawak',	2,	2,	'2020-10-14 02:28:42',	'2020-10-14 02:28:42',	NULL),
(60,	1,	'M-NPC-RM10',	'Mengurus-PCK',	'Mengurus-Pembangunan Prod & Daya Saing',	2,	2,	'2020-10-14 02:28:42',	'2020-10-14 02:28:42',	NULL),
(61,	1,	'M-NPC-RP10',	'Mengurus-DMO',	'Mengurus-Delivery Management Office',	2,	2,	'2020-10-14 02:28:42',	'2020-10-14 02:28:42',	NULL),
(62,	1,	'M-NPC-SS10',	'Mengurus-MSF',	'Mengurus-Khidmat Pengurusan & Kewangan',	2,	2,	'2020-10-14 02:28:42',	'2020-10-14 02:28:42',	NULL),
(63,	1,	'M-NPC-SS20',	'Mengurus-FIN',	'Mengurus-Unit Kewangan',	2,	2,	'2020-10-14 02:28:42',	'2020-10-14 02:28:42',	NULL),
(64,	1,	'M-NPC-SS30',	'Mengurus-PCT',	'Mengurus-Unit Perolehan',	2,	2,	'2020-10-14 02:28:42',	'2020-10-14 02:28:42',	NULL),
(65,	1,	'M-NPC-SS50',	'Mengurus-HRMD',	'Mengurus-Unit Pengurusan Sumber Manusia',	2,	2,	'2020-10-14 02:28:42',	'2020-10-14 02:28:42',	NULL),
(66,	1,	'M-NPC-SS60',	'Mengurus-MIT',	'Mengurus-Unit Pengurusan Teknologi Maklumat',	2,	2,	'2020-10-14 02:28:42',	'2020-10-14 02:28:42',	NULL),
(67,	1,	'M-NPC-TP02',	'Mengurus-TKP',	'Mengurus-Pejabat Timb. Ketua Pengarah',	2,	2,	'2020-10-14 02:28:42',	'2020-10-14 02:28:42',	NULL),
(68,	1,	'M-NPC-UP10',	'Mengurus-Urusetia Perbadanan',	'Mengurus-Urusetia Perbadanan',	2,	2,	'2020-10-14 02:28:42',	'2020-10-14 02:28:42',	NULL),
(69,	1,	'M-NPC-UP20',	'Mengurus-Unit Inovasi',	'Mengurus-Unit Inovasi',	2,	2,	'2020-10-14 02:28:42',	'2020-10-14 02:28:42',	NULL),
(70,	1,	'M-NPC-UP30',	'Mengurus-Unit Perhubungan Antarabangsa',	'Mengurus-Unit Perhubungan Antarabangsa',	2,	2,	'2020-10-14 02:28:42',	'2020-10-14 02:28:42',	NULL),
(71,	2,	'0022XX11-NPCX',	'SPN',	'SPN',	298,	31,	'2020-10-15 03:18:06',	'2020-10-15 04:20:20',	NULL),
(72,	2,	'0032XX11-NPCX',	'BI',	'BEHAVIORAL INSIGHTS',	31,	31,	'2020-10-15 08:25:26',	'2020-11-17 05:22:57',	NULL),
(73,	2,	'0002XXX7-NPCX',	'HRD',	'PEMBANGUNAN SUMBER MANUSIA',	31,	31,	'2020-11-03 04:29:36',	'2020-11-03 04:29:36',	NULL);

CREATE TABLE `ref_supplier` (
  `supplier_id` int(11) NOT NULL AUTO_INCREMENT,
  `supplier_code` varchar(50) NOT NULL,
  `supplier_name` varchar(100) NOT NULL,
  `supplier_regno` varchar(20) NOT NULL,
  `supplier_address_1` varchar(100) DEFAULT NULL,
  `supplier_address_2` varchar(100) DEFAULT NULL,
  `supplier_address_3` varchar(100) DEFAULT NULL,
  `supplier_postcode` char(5) DEFAULT NULL,
  `district_id` int(11) DEFAULT NULL,
  `state_id` int(11) DEFAULT NULL,
  `supplier_contact_person` varchar(100) DEFAULT NULL,
  `supplier_office_no` varchar(20) DEFAULT NULL,
  `supplier_mobile_no` varchar(20) DEFAULT NULL,
  `supplier_fax_no` varchar(20) DEFAULT NULL,
  `supplier_email` varchar(100) DEFAULT NULL,
  `supplier_account_no` varchar(50) DEFAULT NULL,
  `bank_id` int(11) DEFAULT NULL,
  `created_by` int(11) DEFAULT NULL,
  `created_at` timestamp NULL DEFAULT NULL,
  `updated_by` int(11) DEFAULT NULL,
  `updated_at` timestamp NOT NULL DEFAULT CURRENT_TIMESTAMP,
  `deleted_by` int(11) DEFAULT NULL,
  `deleted_at` timestamp NULL DEFAULT NULL,
  PRIMARY KEY (`supplier_id`)
) ENGINE=InnoDB DEFAULT CHARSET=latin1;


CREATE TABLE `ref_supplier_service` (
  `supplier_service_id` int(11) NOT NULL AUTO_INCREMENT,
  `supplier_service_main_id` int(11) DEFAULT NULL,
  `supplier_service_desc` varchar(50) NOT NULL,
  `asset_type_code` varchar(50) DEFAULT NULL,
  `has_online` int(11) NOT NULL DEFAULT '1',
  `has_government` int(11) NOT NULL DEFAULT '0',
  `is_distance_charge` int(11) NOT NULL DEFAULT '0',
  `distance_online_less` decimal(10,2) NOT NULL DEFAULT '0.00' COMMENT '<100km',
  `distance_online_more` decimal(10,2) NOT NULL DEFAULT '0.00' COMMENT '>100m',
  `distance_online_east` decimal(10,2) NOT NULL DEFAULT '0.00' COMMENT 'sabah/sarawak',
  `distance_online_unit_id` int(11) DEFAULT NULL,
  `distance_physical_less` decimal(10,2) NOT NULL DEFAULT '0.00' COMMENT '<100km',
  `distance_physical_more` decimal(10,2) NOT NULL DEFAULT '0.00' COMMENT '>100m',
  `distance_physical_east` decimal(10,2) NOT NULL DEFAULT '0.00' COMMENT 'sabah/sarawak',
  `distance_physical_unit_id` int(11) DEFAULT NULL,
  `online_charge` decimal(10,2) NOT NULL DEFAULT '0.00',
  `online_unit_id` int(11) DEFAULT NULL,
  `physical_charge` decimal(10,2) NOT NULL DEFAULT '0.00',
  `physical_unit_id` int(11) DEFAULT NULL,
  `rotation_status` int(11) NOT NULL DEFAULT '0',
  `exgratia_status` int(11) NOT NULL DEFAULT '0',
  `total_entitle_supplier` int(11) NOT NULL DEFAULT '0',
  `created_by` int(11) DEFAULT NULL,
  `updated_by` int(11) DEFAULT NULL,
  `created_at` timestamp NULL DEFAULT NULL,
  `updated_at` timestamp NOT NULL DEFAULT CURRENT_TIMESTAMP,
  `deleted_at` timestamp NULL DEFAULT NULL,
  PRIMARY KEY (`supplier_service_id`),
  KEY `idx_supplierservice_main` (`supplier_service_main_id`),
  KEY `idx_supplierservice_hasgov` (`has_government`),
  KEY `idx_supplierservice_assettypecode` (`asset_type_code`),
  KEY `idx_supplierservice_rotationsts` (`rotation_status`),
  KEY `idx_supplierservice_exgratia` (`exgratia_status`),
  KEY `idx_supplierservice_createdby` (`created_by`),
  KEY `idx_supplierservice_updatedby` (`updated_by`)
) ENGINE=InnoDB DEFAULT CHARSET=latin1;

INSERT INTO `ref_supplier_service` (`supplier_service_id`, `supplier_service_main_id`, `supplier_service_desc`, `asset_type_code`, `has_online`, `has_government`, `is_distance_charge`, `distance_online_less`, `distance_online_more`, `distance_online_east`, `distance_online_unit_id`, `distance_physical_less`, `distance_physical_more`, `distance_physical_east`, `distance_physical_unit_id`, `online_charge`, `online_unit_id`, `physical_charge`, `physical_unit_id`, `rotation_status`, `exgratia_status`, `total_entitle_supplier`, `created_by`, `updated_by`, `created_at`, `updated_at`, `deleted_at`) VALUES
(1,	1,	'TENAGA PENGAJAR',	'P29106',	1,	0,	1,	300.00,	300.00,	300.00,	1,	1800.00,	2000.00,	2500.00,	2,	0.00,	NULL,	0.00,	NULL,	1,	1,	0,	2,	2,	'2021-05-23 16:01:15',	'2021-06-15 09:04:24',	NULL),
(2,	1,	'FASILITATOR',	'P29106',	1,	1,	1,	250.00,	250.00,	250.00,	1,	1800.00,	2000.00,	2500.00,	2,	0.00,	NULL,	0.00,	NULL,	1,	1,	0,	2,	2,	'2021-05-23 16:01:15',	'2021-05-29 16:58:12',	NULL),
(3,	1,	'MODERATOR',	'P29106',	1,	0,	0,	0.00,	0.00,	0.00,	NULL,	0.00,	0.00,	0.00,	NULL,	250.00,	1,	250.00,	1,	1,	1,	0,	2,	2,	'2021-05-23 16:01:15',	'2021-05-23 16:01:15',	NULL),
(4,	1,	'PENCERAMAH',	'P29106',	1,	1,	0,	0.00,	0.00,	0.00,	NULL,	0.00,	0.00,	0.00,	NULL,	300.00,	1,	350.00,	1,	1,	1,	0,	2,	2,	'2021-05-23 16:01:15',	'2021-05-23 16:01:15',	NULL),
(5,	2,	'PENULISAN LAPORAN/ARTIKEL/SOALAN MODUL',	'P29112',	0,	0,	0,	0.00,	0.00,	0.00,	NULL,	0.00,	0.00,	0.00,	NULL,	0.00,	NULL,	200.00,	4,	1,	0,	0,	2,	2,	'2021-05-23 16:01:15',	'2021-05-23 16:01:15',	NULL),
(6,	2,	'PENYEMAK LAPORAN/ARTIKEL/MODUL',	'P29112',	0,	0,	0,	0.00,	0.00,	0.00,	NULL,	0.00,	0.00,	0.00,	NULL,	0.00,	NULL,	150.00,	4,	1,	0,	0,	2,	2,	'2021-05-23 16:01:15',	'2021-05-23 16:01:15',	NULL),
(7,	2,	'MENULIS KENYATAAN MEDIA',	'P29112',	0,	0,	0,	0.00,	0.00,	0.00,	NULL,	0.00,	0.00,	0.00,	NULL,	0.00,	NULL,	1000.00,	9,	1,	0,	0,	2,	2,	'2021-05-23 16:01:15',	'2021-05-23 16:01:15',	NULL),
(8,	2,	'JURULAPOR',	'P29112',	0,	0,	0,	0.00,	0.00,	0.00,	NULL,	0.00,	0.00,	0.00,	NULL,	0.00,	NULL,	100.00,	4,	1,	0,	0,	2,	2,	'2021-05-23 16:01:15',	'2021-05-23 16:01:15',	NULL),
(9,	2,	'PENULISAN AMALAN TERBAIK',	'P29112',	0,	0,	1,	250.00,	250.00,	250.00,	1,	600.00,	800.00,	1000.00,	2,	0.00,	NULL,	0.00,	NULL,	1,	0,	0,	2,	2,	'2021-05-23 16:01:15',	'2021-05-23 16:01:15',	'2021-06-14 07:05:40'),
(10,	3,	'SEKRETARIAT/KOORDINATOR MESYUARAT/AKTIVITI',	'P29112',	1,	0,	0,	0.00,	0.00,	0.00,	NULL,	0.00,	0.00,	0.00,	NULL,	1000.00,	10,	2000.00,	10,	1,	0,	0,	2,	2,	'2021-05-23 16:01:15',	'2021-05-23 16:01:15',	NULL),
(11,	3,	'PENYELARAS KOORDINATOR KELULUSAN EPU KEPADA DMO',	'P29112',	1,	0,	0,	0.00,	0.00,	0.00,	NULL,	0.00,	0.00,	0.00,	NULL,	200.00,	1,	200.00,	1,	1,	0,	0,	2,	2,	'2021-05-23 16:01:15',	'2021-05-23 16:01:15',	NULL),
(12,	4,	'PENILAI/ JURU AUDIT/ JURI',	'P29105',	1,	0,	1,	350.00,	350.00,	350.00,	1,	1300.00,	2000.00,	2200.00,	2,	0.00,	NULL,	0.00,	NULL,	1,	0,	0,	2,	2,	'2021-05-23 16:01:15',	'2021-05-23 16:01:15',	NULL),
(13,	4,	'PENILAI KHAS [5S]',	'P29105',	1,	0,	1,	150.00,	150.00,	150.00,	1,	500.00,	750.00,	1000.00,	2,	0.00,	NULL,	0.00,	NULL,	1,	0,	0,	2,	2,	'2021-05-23 16:01:15',	'2021-05-23 16:01:15',	NULL),
(14,	4,	'LAWATAN TAPAK (KILANG/ ORGANISASI/ DLL)',	'P29105',	1,	0,	1,	900.00,	900.00,	900.00,	11,	1800.00,	2000.00,	2200.00,	2,	0.00,	NULL,	0.00,	NULL,	1,	0,	0,	2,	2,	'2021-05-23 16:01:15',	'2021-05-23 16:01:15',	NULL),
(15,	4,	'PENGAWAS PEPERIKSAAN',	'P29105',	1,	0,	0,	0.00,	0.00,	0.00,	NULL,	0.00,	0.00,	0.00,	NULL,	150.00,	12,	150.00,	12,	1,	0,	0,	2,	2,	'2021-05-23 16:01:15',	'2021-05-23 16:01:15',	NULL),
(16,	4,	'PEMERIKSA KERTAS',	'P29105',	1,	0,	0,	0.00,	0.00,	0.00,	NULL,	0.00,	0.00,	0.00,	NULL,	50.00,	1,	50.00,	1,	1,	0,	0,	2,	2,	'2021-05-23 16:01:15',	'2021-05-23 16:01:15',	NULL),
(17,	5,	'PAKAR RUJUK/ INDUSTRI',	'P29105',	1,	0,	0,	0.00,	0.00,	0.00,	NULL,	0.00,	0.00,	0.00,	NULL,	400.00,	1,	400.00,	1,	0,	0,	0,	2,	2,	'2021-05-23 16:01:15',	'2021-05-23 16:01:15',	NULL),
(18,	5,	'KHIDMAT PENASIHAT/ MENTOR',	'P29105',	1,	0,	0,	0.00,	0.00,	0.00,	NULL,	0.00,	0.00,	0.00,	NULL,	400.00,	1,	400.00,	1,	0,	0,	0,	2,	2,	'2021-05-23 16:01:15',	'2021-05-23 16:01:15',	NULL),
(19,	1,	'PENSYARAH',	'P29106',	1,	1,	0,	0.00,	0.00,	0.00,	NULL,	0.00,	0.00,	0.00,	NULL,	300.00,	1,	350.00,	1,	1,	1,	0,	2,	2,	'2021-06-05 16:45:51',	'2021-06-05 16:45:53',	NULL),
(20,	2,	'EDITOR',	'P29112',	0,	0,	0,	0.00,	0.00,	0.00,	NULL,	0.00,	0.00,	0.00,	NULL,	0.00,	NULL,	350.00,	4,	1,	0,	0,	2,	2,	'2021-06-05 16:49:21',	'2021-06-05 16:49:23',	NULL);

CREATE TABLE `ref_supplier_service_main` (
  `supplier_service_main_id` int(11) NOT NULL AUTO_INCREMENT,
  `supplier_service_main_desc` varchar(50) NOT NULL,
  `created_by` int(11) DEFAULT NULL,
  `updated_by` int(11) DEFAULT NULL,
  `created_at` timestamp NULL DEFAULT NULL,
  `updated_at` timestamp NOT NULL DEFAULT CURRENT_TIMESTAMP,
  `deleted_at` timestamp NULL DEFAULT NULL,
  PRIMARY KEY (`supplier_service_main_id`),
  KEY `idx_servicemain_createdby` (`created_by`),
  KEY `idx_servicemain_updatedby` (`updated_by`)
) ENGINE=InnoDB DEFAULT CHARSET=latin1;

INSERT INTO `ref_supplier_service_main` (`supplier_service_main_id`, `supplier_service_main_desc`, `created_by`, `updated_by`, `created_at`, `updated_at`, `deleted_at`) VALUES
(1,	'Pengajar',	2,	2,	'2021-05-23 15:57:42',	'2021-05-23 15:57:42',	NULL),
(2,	'Penulisan',	2,	2,	'2021-05-23 15:57:42',	'2021-05-23 15:57:42',	NULL),
(3,	'Seketariat',	2,	2,	'2021-05-23 15:57:42',	'2021-05-23 15:57:42',	NULL),
(4,	'Lawatan',	2,	2,	'2021-05-23 15:57:42',	'2021-05-23 15:57:42',	NULL),
(5,	'Bidang Kepakaran Khusus (SME)',	2,	2,	'2021-05-23 15:57:42',	'2021-05-23 15:57:42',	NULL);

CREATE TABLE `ref_unit` (
  `unit_id` int(11) NOT NULL AUTO_INCREMENT,
  `unit_desc` varchar(200) NOT NULL,
  `purpose` int(11) NOT NULL COMMENT '1-perkhidmatan',
  `is_active` char(1) NOT NULL DEFAULT '1',
  `created_by` int(11) NOT NULL,
  `updated_by` int(11) NOT NULL,
  `created_at` timestamp NULL DEFAULT NULL,
  `updated_at` timestamp NULL DEFAULT CURRENT_TIMESTAMP,
  `deleted_at` timestamp NULL DEFAULT NULL,
  PRIMARY KEY (`unit_id`)
) ENGINE=InnoDB DEFAULT CHARSET=latin1;

INSERT INTO `ref_unit` (`unit_id`, `unit_desc`, `purpose`, `is_active`, `created_by`, `updated_by`, `created_at`, `updated_at`, `deleted_at`) VALUES
(1,	'JAM',	1,	'1',	2,	2,	'2021-06-20 14:45:25',	'2021-06-20 14:45:25',	NULL),
(2,	'HARI',	1,	'1',	2,	2,	'2021-06-20 14:45:25',	'2021-06-20 14:45:28',	NULL),
(3,	'KM',	1,	'1',	2,	2,	'2021-06-20 14:45:25',	'2021-06-20 14:46:06',	'2021-06-20 18:27:21'),
(4,	'MUKASURAT',	1,	'1',	2,	2,	'2021-06-20 14:45:25',	'2021-06-20 14:46:40',	NULL),
(5,	'ARTIKAL',	1,	'1',	2,	2,	'2021-06-20 14:45:25',	'2021-06-20 14:51:25',	NULL),
(6,	'LAPORAN',	1,	'1',	2,	2,	'2021-06-20 14:45:25',	'2021-06-20 14:52:27',	NULL),
(7,	'MESYUARAT',	1,	'1',	2,	2,	'2021-06-20 14:45:25',	'2021-06-20 14:52:37',	NULL),
(8,	'AKTIVITI',	1,	'1',	2,	2,	'2021-06-20 14:45:25',	'2021-06-20 14:53:37',	NULL),
(9,	'ARTIKAL/LAPORAN',	1,	'1',	2,	2,	'2021-06-20 14:45:25',	'2021-06-20 14:53:37',	NULL),
(10,	'MESYUARAT/AKTIVITI',	1,	'1',	2,	2,	'2021-06-20 18:33:50',	'2021-06-20 18:33:50',	NULL),
(11,	'SESI',	1,	'1',	2,	2,	'2021-06-20 18:38:52',	'2021-06-20 18:38:52',	NULL),
(12,	'KERTAS',	1,	'1',	2,	2,	'2021-06-20 18:42:04',	'2021-06-20 18:42:04',	NULL);

CREATE TABLE `ref_unit_bahagian` (
  `unit_bahagian_id` int(11) NOT NULL AUTO_INCREMENT,
  `parent_id` int(11) DEFAULT NULL,
  `unit_bahagian_desc` varchar(100) NOT NULL,
  `is_cawangan` int(11) NOT NULL DEFAULT '0',
  `prefix_running_no` varchar(20) DEFAULT NULL,
  `running_no` int(11) NOT NULL DEFAULT '0',
  `address_1` varchar(100) DEFAULT NULL,
  `address_2` varchar(100) DEFAULT NULL,
  `address_3` varchar(100) DEFAULT NULL,
  `postcode` char(5) DEFAULT NULL,
  `district_id` int(11) DEFAULT NULL,
  `state_id` int(11) DEFAULT NULL,
  `contact_no` varchar(20) DEFAULT NULL,
  `fax_no` varchar(20) DEFAULT NULL,
  `email` varchar(50) DEFAULT NULL,
  `account_no` varchar(20) DEFAULT NULL,
  `bank_id` int(11) DEFAULT NULL,
  `created_by` int(11) DEFAULT NULL,
  `updated_by` int(11) DEFAULT NULL,
  `created_at` timestamp NULL DEFAULT NULL,
  `updated_at` timestamp NOT NULL DEFAULT CURRENT_TIMESTAMP,
  `deleted_at` timestamp NULL DEFAULT NULL,
  PRIMARY KEY (`unit_bahagian_id`)
) ENGINE=InnoDB DEFAULT CHARSET=latin1;

INSERT INTO `ref_unit_bahagian` (`unit_bahagian_id`, `parent_id`, `unit_bahagian_desc`, `is_cawangan`, `prefix_running_no`, `running_no`, `address_1`, `address_2`, `address_3`, `postcode`, `district_id`, `state_id`, `contact_no`, `fax_no`, `email`, `account_no`, `bank_id`, `created_by`, `updated_by`, `created_at`, `updated_at`, `deleted_at`) VALUES
(0,	NULL,	'HQ',	0,	NULL,	0,	NULL,	NULL,	NULL,	NULL,	NULL,	NULL,	NULL,	NULL,	NULL,	NULL,	NULL,	2,	2,	'2019-03-29 12:32:26',	'2019-03-29 12:32:28',	NULL),
(1,	0,	'CPD',	0,	NULL,	1,	NULL,	NULL,	NULL,	NULL,	NULL,	NULL,	NULL,	NULL,	NULL,	NULL,	NULL,	2,	2,	'2019-03-28 17:14:07',	'2019-03-28 17:14:07',	NULL),
(2,	0,	'PACS',	1,	NULL,	1,	NULL,	NULL,	NULL,	NULL,	NULL,	NULL,	NULL,	NULL,	NULL,	NULL,	NULL,	2,	2,	'2019-03-28 17:14:07',	'2020-10-15 08:55:30',	NULL),
(3,	0,	'DGO',	0,	NULL,	1,	NULL,	NULL,	NULL,	NULL,	NULL,	NULL,	NULL,	NULL,	NULL,	NULL,	NULL,	2,	2,	'2019-03-28 17:14:07',	'2019-03-28 17:14:07',	NULL),
(4,	0,	'DMO',	1,	'',	1,	NULL,	NULL,	NULL,	NULL,	NULL,	NULL,	NULL,	NULL,	NULL,	NULL,	NULL,	2,	2,	'2019-03-28 17:14:07',	'2021-01-05 07:11:26',	NULL),
(5,	0,	'MSF',	0,	NULL,	4,	NULL,	NULL,	NULL,	NULL,	NULL,	NULL,	NULL,	NULL,	NULL,	NULL,	NULL,	2,	2,	'2019-03-28 17:14:07',	'2019-03-28 17:14:07',	NULL),
(6,	0,	'PCD',	0,	NULL,	1,	NULL,	NULL,	NULL,	NULL,	NULL,	NULL,	NULL,	NULL,	NULL,	NULL,	NULL,	2,	2,	'2019-03-28 17:14:07',	'2019-03-28 17:14:07',	NULL),
(7,	0,	'OED',	1,	NULL,	1,	NULL,	NULL,	NULL,	NULL,	NULL,	NULL,	NULL,	NULL,	NULL,	NULL,	NULL,	2,	2,	'2019-03-28 17:14:07',	'2020-10-14 01:48:11',	NULL),
(8,	7,	'ECR',	1,	'K-PT0',	1,	NULL,	NULL,	NULL,	NULL,	NULL,	NULL,	NULL,	NULL,	NULL,	NULL,	NULL,	2,	2,	'2019-03-28 17:14:07',	'2021-01-05 07:12:35',	NULL),
(9,	7,	'NRO',	1,	'K-WU0',	1,	NULL,	NULL,	NULL,	NULL,	NULL,	NULL,	NULL,	NULL,	NULL,	NULL,	NULL,	2,	2,	'2019-03-28 17:14:07',	'2019-03-28 17:14:07',	NULL),
(10,	7,	'SBO',	1,	'K-KK0',	1,	NULL,	NULL,	NULL,	NULL,	NULL,	NULL,	NULL,	NULL,	NULL,	NULL,	NULL,	2,	2,	'2019-03-28 17:14:07',	'2019-03-28 17:14:07',	NULL),
(11,	7,	'SKO',	1,	'K-SW0',	1,	NULL,	NULL,	NULL,	NULL,	NULL,	NULL,	NULL,	NULL,	NULL,	NULL,	NULL,	2,	2,	'2019-03-28 17:14:07',	'2019-03-28 17:14:07',	NULL),
(12,	7,	'SRO',	1,	'K-JB0',	1,	NULL,	NULL,	NULL,	NULL,	NULL,	NULL,	NULL,	NULL,	NULL,	NULL,	NULL,	2,	2,	'2019-03-28 17:14:07',	'2019-03-28 17:14:07',	NULL);

CREATE TABLE `roles` (
  `id` int(10) unsigned NOT NULL AUTO_INCREMENT,
  `name` varchar(255) COLLATE utf8_unicode_ci NOT NULL,
  `description` longtext COLLATE utf8_unicode_ci,
  `is_bigamount_approver` int(1) NOT NULL DEFAULT '0',
  `sort` int(1) NOT NULL DEFAULT '11',
  `created_at` timestamp NULL DEFAULT NULL,
  `updated_at` timestamp NULL DEFAULT NULL,
  `deleted_at` timestamp NULL DEFAULT NULL,
  PRIMARY KEY (`id`),
  UNIQUE KEY `roles_name_unique` (`name`)
) ENGINE=InnoDB DEFAULT CHARSET=utf8 COLLATE=utf8_unicode_ci ROW_FORMAT=DYNAMIC COMMENT='ACL related';

INSERT INTO `roles` (`id`, `name`, `description`, `is_bigamount_approver`, `sort`, `created_at`, `updated_at`, `deleted_at`) VALUES
(1,	'superadmin',	'Super System Administrator',	0,	1,	'2018-04-03 13:56:05',	'2018-04-03 13:56:05',	NULL),
(2,	'admin',	'Pentadbir Sistem',	0,	2,	'2018-04-03 13:56:55',	'2018-04-03 13:56:55',	NULL),
(7,	'approver',	'Penyokong',	0,	4,	'2019-03-21 06:20:14',	'2019-03-21 06:20:14',	NULL),
(8,	'officer',	'Pegawai',	0,	3,	'2019-03-21 06:20:14',	'2019-03-21 06:20:14',	NULL),
(14,	'company',	'Syarikat',	0,	11,	'2021-05-23 18:57:06',	'2021-05-23 18:57:08',	NULL),
(15,	'supplier',	'Pembekal',	0,	11,	'2021-05-23 18:58:12',	'2021-05-23 18:58:14',	NULL);

CREATE TABLE `roles_old` (
  `id` int(10) unsigned NOT NULL AUTO_INCREMENT,
  `name` varchar(255) COLLATE utf8_unicode_ci NOT NULL,
  `description` longtext COLLATE utf8_unicode_ci,
  `is_bigamount_approver` int(1) NOT NULL DEFAULT '0',
  `sort` int(1) NOT NULL DEFAULT '11',
  `created_at` timestamp NULL DEFAULT NULL,
  `updated_at` timestamp NULL DEFAULT NULL,
  `deleted_at` timestamp NULL DEFAULT NULL,
  PRIMARY KEY (`id`),
  UNIQUE KEY `roles_name_unique` (`name`)
) ENGINE=InnoDB DEFAULT CHARSET=utf8 COLLATE=utf8_unicode_ci ROW_FORMAT=DYNAMIC COMMENT='ACL related';

INSERT INTO `roles_old` (`id`, `name`, `description`, `is_bigamount_approver`, `sort`, `created_at`, `updated_at`, `deleted_at`) VALUES
(1,	'superadmin',	'Super System Administrator',	0,	1,	'2018-04-03 13:56:05',	'2018-04-03 13:56:05',	NULL),
(2,	'admin',	'Pentadbir Sistem',	0,	2,	'2018-04-03 13:56:55',	'2018-04-03 13:56:55',	NULL),
(4,	'deptdirector',	'Pengarah MSF/Wilayah',	0,	9,	'2020-09-11 10:34:35',	'2020-09-11 10:34:37',	NULL),
(5,	'vicedirector',	'Timbalan Ketua Pengarah',	0,	10,	'2020-07-29 13:27:49',	'2020-07-29 13:27:53',	NULL),
(6,	'director',	'Ketua Pengarah',	1,	11,	'2019-03-21 06:20:11',	'2019-03-21 06:20:14',	NULL),
(7,	'approver',	'Penyelia',	0,	4,	'2019-03-21 06:20:14',	'2019-03-21 06:20:14',	NULL),
(8,	'officer',	'Pegawai',	0,	3,	'2019-03-21 06:20:14',	'2019-03-21 06:20:14',	NULL),
(9,	'reviewer',	'Checker FIN',	0,	5,	'2020-05-27 17:57:49',	'2020-05-27 17:57:54',	NULL),
(10,	'finance',	'Preparer FIN',	0,	7,	'2020-07-22 16:53:22',	'2020-07-22 16:53:25',	NULL),
(11,	'preparer',	'Checker Wilayah',	0,	6,	'2020-09-11 10:35:56',	'2020-09-11 10:35:59',	NULL),
(13,	'financept',	'Preparer Wilayah',	0,	7,	'2020-10-14 08:59:16',	'2020-10-14 08:59:16',	NULL);

CREATE TABLE `role_has_permissions` (
  `permission_id` int(10) unsigned NOT NULL,
  `role_id` int(10) unsigned NOT NULL,
  PRIMARY KEY (`permission_id`,`role_id`),
  KEY `role_has_permissions_role_id_foreign` (`role_id`),
  CONSTRAINT `role_has_permissions_permission_id_foreign` FOREIGN KEY (`permission_id`) REFERENCES `permissions` (`id`) ON DELETE CASCADE,
  CONSTRAINT `role_has_permissions_role_id_foreign` FOREIGN KEY (`role_id`) REFERENCES `roles` (`id`) ON DELETE CASCADE
) ENGINE=InnoDB DEFAULT CHARSET=utf8 COLLATE=utf8_unicode_ci ROW_FORMAT=DYNAMIC COMMENT='ACL related';

INSERT INTO `role_has_permissions` (`permission_id`, `role_id`) VALUES
(13,	1),
(13,	2),
(13,	7),
(13,	8),
(13,	14),
(13,	15),
(14,	1),
(14,	2),
(15,	1),
(15,	2),
(16,	1),
(16,	2),
(16,	7),
(16,	8),
(16,	14),
(16,	15),
(17,	1),
(18,	1),
(19,	1),
(20,	1),
(21,	1),
(22,	1),
(22,	2),
(29,	1),
(29,	2),
(30,	1),
(30,	2),
(101,	1),
(101,	2),
(104,	1),
(104,	2),
(108,	1),
(108,	2),
(108,	7),
(108,	8),
(110,	1),
(110,	2),
(121,	1),
(121,	2),
(123,	1),
(123,	2),
(124,	1),
(124,	2),
(128,	1),
(128,	2),
(129,	7),
(129,	8),
(129,	14),
(129,	15),
(130,	1),
(130,	2),
(130,	7),
(130,	8),
(131,	1),
(131,	7),
(132,	1),
(132,	2),
(132,	7),
(134,	1),
(134,	2),
(137,	1),
(137,	2),
(138,	1),
(138,	2),
(150,	2),
(150,	7),
(156,	1),
(156,	2),
(157,	1),
(157,	2),
(158,	1),
(158,	2),
(159,	1),
(159,	2),
(161,	1),
(161,	2),
(162,	1),
(162,	2),
(163,	1),
(163,	2),
(164,	14),
(164,	15),
(165,	1),
(165,	2);

CREATE TABLE `role_has_permissions_copy` (
  `permission_id` int(10) unsigned NOT NULL,
  `role_id` int(10) unsigned NOT NULL,
  PRIMARY KEY (`permission_id`,`role_id`),
  KEY `role_has_permissions_role_id_foreign` (`role_id`)
) ENGINE=InnoDB DEFAULT CHARSET=utf8 COLLATE=utf8_unicode_ci ROW_FORMAT=DYNAMIC COMMENT='ACL related';

INSERT INTO `role_has_permissions_copy` (`permission_id`, `role_id`) VALUES
(13,	1),
(13,	2),
(13,	4),
(13,	5),
(13,	6),
(13,	7),
(13,	8),
(13,	9),
(13,	10),
(13,	11),
(13,	13),
(14,	1),
(14,	2),
(14,	9),
(14,	11),
(15,	1),
(15,	2),
(16,	1),
(16,	2),
(16,	4),
(16,	5),
(16,	6),
(16,	7),
(16,	8),
(16,	9),
(16,	10),
(16,	11),
(16,	13),
(17,	1),
(18,	1),
(19,	1),
(20,	1),
(21,	1),
(22,	1),
(22,	2),
(29,	1),
(29,	2),
(29,	9),
(29,	11),
(30,	1),
(30,	2),
(30,	9),
(30,	11),
(101,	1),
(101,	2),
(101,	9),
(101,	10),
(104,	1),
(104,	2),
(104,	9),
(108,	1),
(108,	2),
(108,	4),
(108,	5),
(108,	6),
(108,	7),
(108,	8),
(108,	9),
(108,	10),
(108,	11),
(108,	13),
(110,	1),
(110,	2),
(121,	1),
(121,	2),
(121,	9),
(121,	11),
(123,	1),
(123,	2),
(123,	9),
(123,	10),
(123,	11),
(123,	13),
(124,	1),
(124,	2),
(124,	9),
(128,	1),
(128,	2),
(128,	9),
(129,	4),
(129,	5),
(129,	6),
(129,	7),
(129,	8),
(129,	10),
(129,	13),
(130,	1),
(130,	2),
(130,	4),
(130,	5),
(130,	6),
(130,	7),
(130,	8),
(130,	9),
(130,	10),
(130,	11),
(130,	13),
(131,	1),
(131,	4),
(132,	1),
(132,	2),
(132,	4),
(132,	5),
(132,	6),
(132,	7),
(132,	9),
(132,	10),
(132,	11),
(132,	13),
(134,	1),
(134,	2),
(137,	1),
(137,	2),
(137,	9),
(137,	10),
(137,	11),
(137,	13),
(138,	1),
(138,	2),
(138,	9),
(138,	10),
(138,	11),
(138,	13),
(140,	5),
(141,	6),
(150,	2),
(150,	4),
(150,	5),
(150,	6),
(150,	9),
(150,	10),
(150,	11),
(150,	13),
(156,	1),
(156,	2),
(156,	9),
(157,	1),
(157,	2),
(158,	1),
(158,	2);

CREATE TABLE `scripts` (
  `content` text
) ENGINE=InnoDB DEFAULT CHARSET=latin1;

INSERT INTO `scripts` (`content`) VALUES
('w');

CREATE TABLE `upload` (
  `upload_id` int(11) NOT NULL AUTO_INCREMENT,
  `upload_model` varchar(50) DEFAULT NULL COMMENT '1-fromcomplaint,2-fromemergency',
  `upload_model_id` int(11) DEFAULT NULL,
  `upload_desc` varchar(255) DEFAULT NULL,
  `upload_path` varchar(50) NOT NULL,
  `upload_filename` varchar(200) NOT NULL,
  `upload_type` char(2) DEFAULT NULL,
  `upload_imagetype` varchar(20) DEFAULT NULL COMMENT 'thumbnail, feature, original',
  `upload_model_runningno` int(11) DEFAULT NULL,
  `upload_imageid` longtext COMMENT 'this will be used during delete action. this id generate based on encrypt filename',
  `upload_file_date` date DEFAULT NULL,
  `created_by` int(11) NOT NULL,
  `updated_by` int(11) DEFAULT NULL,
  `created_at` timestamp NULL DEFAULT NULL,
  `updated_at` timestamp NOT NULL DEFAULT CURRENT_TIMESTAMP,
  `deleted_at` timestamp NULL DEFAULT NULL,
  PRIMARY KEY (`upload_id`),
  KEY `idx_upload_upload_model` (`upload_model`),
  KEY `idx_upload_upload_model_id` (`upload_model_id`),
  KEY `idx_upload_upload_type` (`upload_type`),
  KEY `idx_upload_createdby` (`created_by`),
  KEY `idx_upload_updatedby` (`updated_by`)
) ENGINE=InnoDB DEFAULT CHARSET=latin1;

CREATE TABLE `users_company` (
  `users_company_id` bigint(20) NOT NULL AUTO_INCREMENT,
  `user_company_id` int(11) NOT NULL COMMENT 'user_id - user_type-3',
  `user_id` int(11) NOT NULL,
  `active_status` int(11) NOT NULL DEFAULT '1',
  `created_at` timestamp NULL DEFAULT NULL,
  `updated_at` timestamp NOT NULL DEFAULT CURRENT_TIMESTAMP,
  `deleted_at` timestamp NULL DEFAULT NULL,
  PRIMARY KEY (`users_company_id`),
  KEY `idx_usercompany_companyid` (`user_company_id`),
  KEY `idx_usercompany_userid` (`user_id`)
) ENGINE=InnoDB DEFAULT CHARSET=latin1;

INSERT INTO `users_company` (`users_company_id`, `user_company_id`, `user_id`, `active_status`, `created_at`, `updated_at`, `deleted_at`) VALUES
(1,	853,	465,	1,	'2021-06-20 19:08:20',	'2021-06-20 19:08:20',	NULL),
(2,	973,	464,	1,	'2021-06-20 19:08:20',	'2021-06-20 19:08:20',	NULL),
(3,	861,	420,	1,	'2021-06-20 19:08:20',	'2021-06-20 19:08:20',	NULL),
(4,	866,	441,	1,	'2021-06-20 19:08:20',	'2021-06-20 19:08:20',	NULL),
(5,	856,	482,	1,	'2021-06-20 19:08:20',	'2021-06-20 19:08:20',	NULL),
(6,	935,	647,	1,	'2021-06-20 19:08:20',	'2021-06-20 19:08:20',	NULL),
(7,	939,	405,	1,	'2021-06-20 19:08:20',	'2021-06-20 19:08:20',	NULL),
(8,	872,	702,	1,	'2021-06-20 19:08:20',	'2021-06-20 19:08:20',	NULL),
(10,	959,	714,	1,	'2021-06-20 19:08:20',	'2021-06-20 19:08:20',	NULL),
(11,	962,	554,	1,	'2021-06-20 19:08:20',	'2021-06-20 19:08:20',	NULL),
(12,	900,	700,	1,	'2021-06-20 19:08:20',	'2021-06-20 19:08:20',	NULL),
(13,	914,	623,	1,	'2021-06-20 19:08:20',	'2021-06-20 19:08:20',	NULL),
(14,	881,	682,	1,	'2021-06-20 19:08:20',	'2021-06-20 19:08:20',	NULL),
(15,	956,	674,	1,	'2021-06-20 19:08:20',	'2021-06-20 19:08:20',	NULL),
(16,	903,	564,	1,	'2021-06-20 19:08:20',	'2021-06-20 19:08:20',	NULL),
(17,	947,	501,	1,	'2021-06-20 19:08:20',	'2021-06-20 19:08:20',	NULL),
(18,	977,	456,	1,	'2021-06-20 19:08:20',	'2021-06-20 19:08:20',	NULL),
(19,	871,	638,	1,	'2021-06-20 19:08:20',	'2021-06-20 19:08:20',	NULL),
(20,	873,	523,	1,	'2021-06-20 19:08:20',	'2021-06-20 19:08:20',	NULL),
(21,	897,	734,	1,	'2021-06-20 19:08:20',	'2021-06-20 19:08:20',	NULL),
(22,	880,	533,	1,	'2021-06-20 19:08:20',	'2021-06-20 19:08:20',	NULL),
(23,	943,	394,	1,	'2021-06-20 19:08:20',	'2021-06-20 19:08:20',	NULL),
(24,	960,	411,	1,	'2021-06-20 19:08:20',	'2021-06-20 19:08:20',	NULL),
(25,	868,	449,	1,	'2021-06-20 19:08:20',	'2021-06-20 19:08:20',	NULL),
(26,	969,	785,	1,	'2021-06-20 19:08:20',	'2021-06-20 19:08:20',	NULL),
(27,	864,	642,	1,	'2021-06-20 19:08:20',	'2021-06-20 19:08:20',	NULL),
(28,	859,	565,	1,	'2021-06-20 19:08:20',	'2021-06-20 19:08:20',	NULL),
(29,	970,	692,	1,	'2021-06-20 19:08:20',	'2021-06-20 19:08:20',	NULL),
(30,	893,	537,	1,	'2021-06-20 19:08:20',	'2021-06-20 19:08:20',	NULL),
(31,	906,	430,	1,	'2021-06-20 19:08:20',	'2021-06-20 19:08:20',	NULL),
(32,	919,	480,	1,	'2021-06-20 19:08:20',	'2021-06-20 19:08:20',	NULL),
(33,	902,	563,	1,	'2021-06-20 19:08:20',	'2021-06-20 19:08:20',	NULL),
(34,	936,	476,	1,	'2021-06-20 19:08:20',	'2021-06-20 19:08:20',	NULL),
(35,	965,	806,	1,	'2021-06-20 19:08:20',	'2021-06-20 19:08:20',	NULL),
(36,	863,	746,	1,	'2021-06-20 19:08:20',	'2021-06-20 19:08:20',	NULL),
(37,	923,	577,	1,	'2021-06-20 19:08:20',	'2021-06-20 19:08:20',	NULL),
(38,	894,	635,	1,	'2021-06-20 19:08:20',	'2021-06-20 19:08:20',	NULL),
(39,	913,	562,	1,	'2021-06-20 19:08:20',	'2021-06-20 19:08:20',	NULL),
(40,	974,	519,	1,	'2021-06-20 19:08:20',	'2021-06-20 19:08:20',	NULL),
(41,	875,	808,	1,	'2021-06-20 19:08:20',	'2021-06-20 19:08:20',	NULL),
(42,	958,	559,	1,	'2021-06-20 19:08:20',	'2021-06-20 19:08:20',	NULL),
(43,	953,	461,	1,	'2021-06-20 19:08:20',	'2021-06-20 19:08:20',	NULL),
(44,	938,	443,	1,	'2021-06-20 19:08:20',	'2021-06-20 19:08:20',	NULL),
(45,	855,	598,	1,	'2021-06-20 19:08:20',	'2021-06-20 19:08:20',	NULL),
(46,	885,	753,	1,	'2021-06-20 19:08:20',	'2021-06-20 19:08:20',	NULL),
(47,	952,	539,	1,	'2021-06-20 19:08:20',	'2021-06-20 19:08:20',	NULL),
(48,	886,	663,	1,	'2021-06-20 19:08:20',	'2021-06-20 19:08:20',	NULL),
(49,	912,	729,	1,	'2021-06-20 19:08:20',	'2021-06-20 19:08:20',	NULL),
(50,	887,	691,	1,	'2021-06-20 19:08:20',	'2021-06-20 19:08:20',	NULL),
(51,	884,	477,	1,	'2021-06-20 19:08:20',	'2021-06-20 19:08:20',	NULL),
(52,	926,	542,	1,	'2021-06-20 19:08:20',	'2021-06-20 19:08:20',	NULL),
(53,	942,	739,	1,	'2021-06-20 19:08:20',	'2021-06-20 19:08:20',	NULL),
(54,	963,	471,	1,	'2021-06-20 19:08:20',	'2021-06-20 19:08:20',	NULL),
(55,	918,	470,	1,	'2021-06-20 19:08:20',	'2021-06-20 19:08:20',	NULL),
(56,	883,	574,	1,	'2021-06-20 19:08:20',	'2021-06-20 19:08:20',	NULL),
(57,	957,	399,	1,	'2021-06-20 19:08:20',	'2021-06-20 19:08:20',	NULL),
(58,	890,	399,	1,	'2021-06-20 19:08:20',	'2021-06-20 19:08:20',	NULL),
(59,	949,	417,	1,	'2021-06-20 19:08:20',	'2021-06-20 19:08:20',	NULL),
(60,	922,	493,	1,	'2021-06-20 19:08:20',	'2021-06-20 19:08:20',	NULL),
(61,	982,	668,	1,	'2021-06-20 19:08:20',	'2021-06-20 19:08:20',	NULL),
(62,	921,	495,	1,	'2021-06-20 19:08:20',	'2021-06-20 19:08:20',	NULL),
(63,	978,	783,	1,	'2021-06-20 19:08:20',	'2021-06-20 19:08:20',	NULL),
(64,	892,	794,	1,	'2021-06-20 19:08:20',	'2021-06-20 19:08:20',	NULL),
(65,	915,	741,	1,	'2021-06-20 19:08:20',	'2021-06-20 19:08:20',	NULL),
(66,	888,	645,	1,	'2021-06-20 19:08:20',	'2021-06-20 19:08:20',	NULL),
(67,	911,	528,	1,	'2021-06-20 19:08:20',	'2021-06-20 19:08:20',	NULL),
(68,	908,	718,	1,	'2021-06-20 19:08:20',	'2021-06-20 19:08:20',	NULL),
(69,	972,	649,	1,	'2021-06-20 19:08:20',	'2021-06-20 19:08:20',	NULL),
(70,	950,	687,	1,	'2021-06-20 19:08:20',	'2021-06-20 19:08:20',	NULL),
(71,	867,	450,	1,	'2021-06-20 19:08:20',	'2021-06-20 19:08:20',	NULL),
(72,	966,	500,	1,	'2021-06-20 19:08:20',	'2021-06-20 19:08:20',	NULL),
(73,	917,	771,	1,	'2021-06-20 19:08:20',	'2021-06-20 19:08:20',	NULL),
(74,	981,	419,	1,	'2021-06-20 19:08:20',	'2021-06-20 19:08:20',	NULL),
(75,	904,	662,	1,	'2021-06-20 19:08:20',	'2021-06-20 19:08:20',	NULL),
(76,	979,	494,	1,	'2021-06-20 19:08:20',	'2021-06-20 19:08:20',	NULL),
(77,	931,	487,	1,	'2021-06-20 19:08:20',	'2021-06-20 19:08:20',	NULL),
(78,	916,	717,	1,	'2021-06-20 19:08:20',	'2021-06-20 19:08:20',	NULL),
(79,	860,	804,	1,	'2021-06-20 19:08:20',	'2021-06-20 19:08:20',	NULL),
(80,	976,	521,	1,	'2021-06-20 19:08:20',	'2021-06-20 19:08:20',	NULL),
(81,	984,	579,	1,	'2021-06-20 19:08:20',	'2021-06-20 19:08:20',	NULL),
(82,	910,	735,	1,	'2021-06-20 19:08:20',	'2021-06-20 19:08:20',	NULL),
(83,	905,	438,	1,	'2021-06-20 19:08:20',	'2021-06-20 19:08:20',	NULL),
(84,	948,	823,	1,	'2021-06-20 19:08:20',	'2021-06-20 19:08:20',	NULL),
(85,	927,	689,	1,	'2021-06-20 19:08:20',	'2021-06-20 19:08:20',	NULL),
(86,	862,	631,	1,	'2021-06-20 19:08:20',	'2021-06-20 19:08:20',	NULL),
(87,	876,	766,	1,	'2021-06-20 19:08:20',	'2021-06-20 19:08:20',	NULL),
(88,	937,	596,	1,	'2021-06-20 19:08:20',	'2021-06-20 19:08:20',	NULL),
(89,	895,	725,	1,	'2021-06-20 19:08:20',	'2021-06-20 19:08:20',	NULL),
(90,	945,	762,	1,	'2021-06-20 19:08:20',	'2021-06-20 19:08:20',	NULL),
(91,	928,	466,	1,	'2021-06-20 19:08:20',	'2021-06-20 19:08:20',	NULL),
(92,	869,	627,	1,	'2021-06-20 19:08:20',	'2021-06-20 19:08:20',	NULL),
(93,	924,	475,	1,	'2021-06-20 19:08:20',	'2021-06-20 19:08:20',	NULL),
(94,	920,	535,	1,	'2021-06-20 19:08:20',	'2021-06-20 19:08:20',	NULL),
(95,	932,	578,	1,	'2021-06-20 19:08:20',	'2021-06-20 19:08:20',	NULL),
(96,	933,	502,	1,	'2021-06-20 19:08:20',	'2021-06-20 19:08:20',	NULL),
(97,	983,	515,	1,	'2021-06-20 19:08:20',	'2021-06-20 19:08:20',	NULL),
(98,	854,	454,	1,	'2021-06-20 19:08:20',	'2021-06-20 19:08:20',	NULL),
(99,	879,	634,	1,	'2021-06-20 19:08:20',	'2021-06-20 19:08:20',	NULL),
(100,	951,	652,	1,	'2021-06-20 19:08:20',	'2021-06-20 19:08:20',	NULL),
(101,	858,	768,	1,	'2021-06-20 19:08:20',	'2021-06-20 19:08:20',	NULL),
(102,	961,	661,	1,	'2021-06-20 19:08:20',	'2021-06-20 19:08:20',	NULL),
(103,	877,	452,	1,	'2021-06-20 19:08:20',	'2021-06-20 19:08:20',	NULL),
(104,	878,	600,	1,	'2021-06-20 19:08:20',	'2021-06-20 19:08:20',	NULL),
(105,	865,	701,	1,	'2021-06-20 19:08:20',	'2021-06-20 19:08:20',	NULL),
(106,	909,	524,	1,	'2021-06-20 19:08:20',	'2021-06-20 19:08:20',	NULL),
(107,	909,	547,	1,	'2021-06-20 19:08:20',	'2021-06-20 19:08:20',	NULL),
(108,	899,	547,	1,	'2021-06-20 19:08:20',	'2021-06-20 19:08:20',	NULL),
(109,	946,	773,	1,	'2021-06-20 19:08:20',	'2021-06-20 19:08:20',	NULL),
(110,	955,	489,	1,	'2021-06-20 19:08:20',	'2021-06-20 19:08:20',	NULL),
(111,	889,	688,	1,	'2021-06-20 19:08:20',	'2021-06-20 19:08:20',	NULL),
(112,	857,	427,	1,	'2021-06-20 19:08:20',	'2021-06-20 19:08:20',	NULL),
(113,	874,	626,	1,	'2021-06-20 19:08:20',	'2021-06-20 19:08:20',	NULL),
(114,	929,	435,	1,	'2021-06-20 19:08:20',	'2021-06-20 19:08:20',	NULL),
(115,	934,	654,	1,	'2021-06-20 19:08:20',	'2021-06-20 19:08:20',	NULL),
(116,	954,	784,	1,	'2021-06-20 19:08:20',	'2021-06-20 19:08:20',	NULL),
(117,	971,	580,	1,	'2021-06-20 19:08:20',	'2021-06-20 19:08:20',	NULL),
(118,	898,	621,	1,	'2021-06-20 19:08:20',	'2021-06-20 19:08:20',	NULL),
(119,	968,	588,	1,	'2021-06-20 19:08:20',	'2021-06-20 19:08:20',	NULL),
(120,	925,	544,	1,	'2021-06-20 19:08:20',	'2021-06-20 19:08:20',	NULL),
(121,	975,	486,	1,	'2021-06-20 19:08:20',	'2021-06-20 19:08:20',	NULL),
(122,	891,	807,	1,	'2021-06-20 19:08:20',	'2021-06-20 19:08:20',	NULL),
(123,	980,	428,	1,	'2021-06-20 19:08:20',	'2021-06-20 19:08:20',	NULL),
(124,	896,	775,	1,	'2021-06-20 19:08:20',	'2021-06-20 19:08:20',	NULL),
(125,	967,	540,	1,	'2021-06-20 19:08:20',	'2021-06-20 19:08:20',	NULL),
(126,	901,	659,	1,	'2021-06-20 19:08:20',	'2021-06-20 19:08:20',	NULL),
(127,	964,	585,	1,	'2021-06-20 19:08:20',	'2021-06-20 19:08:20',	NULL),
(128,	870,	685,	1,	'2021-06-20 19:08:20',	'2021-06-20 19:08:20',	NULL),
(129,	941,	667,	1,	'2021-06-20 19:08:20',	'2021-06-20 19:08:20',	NULL),
(130,	907,	721,	1,	'2021-06-20 19:08:20',	'2021-06-20 19:08:20',	NULL),
(131,	973,	817,	1,	'2021-06-20 19:08:20',	'2021-06-20 19:08:20',	NULL),
(132,	861,	803,	1,	'2021-06-20 19:08:20',	'2021-06-20 19:08:20',	NULL),
(133,	856,	491,	1,	'2021-06-20 19:08:20',	'2021-06-20 19:08:20',	NULL),
(134,	939,	453,	1,	'2021-06-20 19:08:20',	'2021-06-20 19:08:20',	NULL),
(135,	872,	633,	1,	'2021-06-20 19:08:20',	'2021-06-20 19:08:20',	NULL),
(137,	959,	468,	1,	'2021-06-20 19:08:20',	'2021-06-20 19:08:20',	NULL),
(138,	900,	813,	1,	'2021-06-20 19:08:20',	'2021-06-20 19:08:20',	NULL),
(139,	956,	583,	1,	'2021-06-20 19:08:20',	'2021-06-20 19:08:20',	NULL),
(140,	903,	568,	1,	'2021-06-20 19:08:20',	'2021-06-20 19:08:20',	NULL),
(141,	947,	561,	1,	'2021-06-20 19:08:20',	'2021-06-20 19:08:20',	NULL),
(142,	871,	811,	1,	'2021-06-20 19:08:20',	'2021-06-20 19:08:20',	NULL),
(143,	897,	677,	1,	'2021-06-20 19:08:20',	'2021-06-20 19:08:20',	NULL),
(144,	880,	594,	1,	'2021-06-20 19:08:20',	'2021-06-20 19:08:20',	NULL),
(145,	969,	405,	1,	'2021-06-20 19:08:20',	'2021-06-20 19:08:20',	NULL),
(146,	970,	517,	1,	'2021-06-20 19:08:20',	'2021-06-20 19:08:20',	NULL),
(147,	893,	526,	1,	'2021-06-20 19:08:20',	'2021-06-20 19:08:20',	NULL),
(148,	906,	814,	1,	'2021-06-20 19:08:20',	'2021-06-20 19:08:20',	NULL),
(149,	919,	513,	1,	'2021-06-20 19:08:20',	'2021-06-20 19:08:20',	NULL),
(150,	863,	646,	1,	'2021-06-20 19:08:20',	'2021-06-20 19:08:20',	NULL),
(151,	923,	478,	1,	'2021-06-20 19:08:20',	'2021-06-20 19:08:20',	NULL),
(152,	894,	656,	1,	'2021-06-20 19:08:20',	'2021-06-20 19:08:20',	NULL),
(153,	913,	532,	1,	'2021-06-20 19:08:20',	'2021-06-20 19:08:20',	NULL),
(154,	875,	541,	1,	'2021-06-20 19:08:20',	'2021-06-20 19:08:20',	NULL),
(155,	958,	756,	1,	'2021-06-20 19:08:20',	'2021-06-20 19:08:20',	NULL),
(156,	953,	705,	1,	'2021-06-20 19:08:20',	'2021-06-20 19:08:20',	NULL),
(157,	938,	805,	1,	'2021-06-20 19:08:20',	'2021-06-20 19:08:20',	NULL),
(158,	855,	593,	1,	'2021-06-20 19:08:20',	'2021-06-20 19:08:20',	NULL),
(159,	952,	606,	1,	'2021-06-20 19:08:20',	'2021-06-20 19:08:20',	NULL),
(160,	886,	759,	1,	'2021-06-20 19:08:20',	'2021-06-20 19:08:20',	NULL),
(161,	912,	743,	1,	'2021-06-20 19:08:20',	'2021-06-20 19:08:20',	NULL),
(162,	887,	670,	1,	'2021-06-20 19:08:20',	'2021-06-20 19:08:20',	NULL),
(163,	884,	584,	1,	'2021-06-20 19:08:20',	'2021-06-20 19:08:20',	NULL),
(164,	926,	671,	1,	'2021-06-20 19:08:20',	'2021-06-20 19:08:20',	NULL),
(165,	942,	818,	1,	'2021-06-20 19:08:20',	'2021-06-20 19:08:20',	NULL),
(166,	918,	770,	1,	'2021-06-20 19:08:20',	'2021-06-20 19:08:20',	NULL),
(167,	883,	674,	1,	'2021-06-20 19:08:20',	'2021-06-20 19:08:20',	NULL),
(168,	957,	432,	1,	'2021-06-20 19:08:20',	'2021-06-20 19:08:20',	NULL),
(169,	890,	432,	1,	'2021-06-20 19:08:20',	'2021-06-20 19:08:20',	NULL),
(170,	949,	706,	1,	'2021-06-20 19:08:20',	'2021-06-20 19:08:20',	NULL),
(171,	922,	426,	1,	'2021-06-20 19:08:20',	'2021-06-20 19:08:20',	NULL),
(172,	921,	525,	1,	'2021-06-20 19:08:20',	'2021-06-20 19:08:20',	NULL),
(173,	978,	810,	1,	'2021-06-20 19:08:20',	'2021-06-20 19:08:20',	NULL),
(174,	892,	538,	1,	'2021-06-20 19:08:20',	'2021-06-20 19:08:20',	NULL),
(175,	915,	752,	1,	'2021-06-20 19:08:20',	'2021-06-20 19:08:20',	NULL),
(176,	888,	694,	1,	'2021-06-20 19:08:20',	'2021-06-20 19:08:20',	NULL),
(177,	972,	558,	1,	'2021-06-20 19:08:20',	'2021-06-20 19:08:20',	NULL),
(178,	966,	455,	1,	'2021-06-20 19:08:20',	'2021-06-20 19:08:20',	NULL),
(179,	917,	824,	1,	'2021-06-20 19:08:20',	'2021-06-20 19:08:20',	NULL),
(180,	979,	589,	1,	'2021-06-20 19:08:20',	'2021-06-20 19:08:20',	NULL),
(181,	931,	484,	1,	'2021-06-20 19:08:20',	'2021-06-20 19:08:20',	NULL),
(182,	916,	754,	1,	'2021-06-20 19:08:20',	'2021-06-20 19:08:20',	NULL),
(183,	984,	631,	1,	'2021-06-20 19:08:20',	'2021-06-20 19:08:20',	NULL),
(184,	910,	460,	1,	'2021-06-20 19:08:20',	'2021-06-20 19:08:20',	NULL),
(185,	948,	740,	1,	'2021-06-20 19:08:20',	'2021-06-20 19:08:20',	NULL),
(186,	944,	434,	1,	'2021-06-20 19:08:20',	'2021-06-20 19:08:20',	NULL),
(187,	927,	839,	1,	'2021-06-20 19:08:20',	'2021-06-20 19:08:20',	NULL),
(188,	862,	506,	1,	'2021-06-20 19:08:20',	'2021-06-20 19:08:20',	NULL),
(189,	876,	393,	1,	'2021-06-20 19:08:20',	'2021-06-20 19:08:20',	NULL),
(190,	937,	422,	1,	'2021-06-20 19:08:20',	'2021-06-20 19:08:20',	NULL),
(191,	895,	683,	1,	'2021-06-20 19:08:20',	'2021-06-20 19:08:20',	NULL),
(192,	945,	821,	1,	'2021-06-20 19:08:20',	'2021-06-20 19:08:20',	NULL),
(193,	869,	820,	1,	'2021-06-20 19:08:20',	'2021-06-20 19:08:20',	NULL),
(194,	924,	445,	1,	'2021-06-20 19:08:20',	'2021-06-20 19:08:20',	NULL),
(195,	920,	492,	1,	'2021-06-20 19:08:20',	'2021-06-20 19:08:20',	NULL),
(196,	983,	684,	1,	'2021-06-20 19:08:20',	'2021-06-20 19:08:20',	NULL),
(197,	930,	396,	1,	'2021-06-20 19:08:20',	'2021-06-20 19:08:20',	NULL),
(198,	940,	503,	1,	'2021-06-20 19:08:20',	'2021-06-20 19:08:20',	NULL),
(199,	951,	624,	1,	'2021-06-20 19:08:20',	'2021-06-20 19:08:20',	NULL),
(200,	961,	758,	1,	'2021-06-20 19:08:20',	'2021-06-20 19:08:20',	NULL),
(201,	877,	497,	1,	'2021-06-20 19:08:20',	'2021-06-20 19:08:20',	NULL),
(202,	878,	545,	1,	'2021-06-20 19:08:20',	'2021-06-20 19:08:20',	NULL),
(203,	865,	836,	1,	'2021-06-20 19:08:20',	'2021-06-20 19:08:20',	NULL),
(204,	899,	440,	1,	'2021-06-20 19:08:20',	'2021-06-20 19:08:20',	NULL),
(205,	946,	790,	1,	'2021-06-20 19:08:20',	'2021-06-20 19:08:20',	NULL),
(206,	889,	772,	1,	'2021-06-20 19:08:20',	'2021-06-20 19:08:20',	NULL),
(207,	857,	761,	1,	'2021-06-20 19:08:20',	'2021-06-20 19:08:20',	NULL),
(208,	874,	673,	1,	'2021-06-20 19:08:20',	'2021-06-20 19:08:20',	NULL),
(209,	929,	819,	1,	'2021-06-20 19:08:20',	'2021-06-20 19:08:20',	NULL),
(210,	934,	566,	1,	'2021-06-20 19:08:20',	'2021-06-20 19:08:20',	NULL),
(211,	954,	712,	1,	'2021-06-20 19:08:20',	'2021-06-20 19:08:20',	NULL),
(212,	971,	618,	1,	'2021-06-20 19:08:20',	'2021-06-20 19:08:20',	NULL),
(213,	968,	651,	1,	'2021-06-20 19:08:20',	'2021-06-20 19:08:20',	NULL),
(214,	925,	504,	1,	'2021-06-20 19:08:20',	'2021-06-20 19:08:20',	NULL),
(215,	891,	736,	1,	'2021-06-20 19:08:20',	'2021-06-20 19:08:20',	NULL),
(216,	980,	479,	1,	'2021-06-20 19:08:20',	'2021-06-20 19:08:20',	NULL),
(217,	901,	680,	1,	'2021-06-20 19:08:20',	'2021-06-20 19:08:20',	NULL),
(218,	964,	698,	1,	'2021-06-20 19:08:20',	'2021-06-20 19:08:20',	NULL),
(219,	870,	643,	1,	'2021-06-20 19:08:20',	'2021-06-20 19:08:20',	NULL),
(220,	907,	727,	1,	'2021-06-20 19:08:20',	'2021-06-20 19:08:20',	NULL),
(221,	856,	463,	1,	'2021-06-20 19:08:20',	'2021-06-20 19:08:20',	NULL),
(222,	872,	751,	1,	'2021-06-20 19:08:20',	'2021-06-20 19:08:20',	NULL),
(223,	959,	676,	1,	'2021-06-20 19:08:20',	'2021-06-20 19:08:20',	NULL),
(224,	956,	512,	1,	'2021-06-20 19:08:20',	'2021-06-20 19:08:20',	NULL),
(225,	903,	543,	1,	'2021-06-20 19:08:20',	'2021-06-20 19:08:20',	NULL),
(226,	947,	816,	1,	'2021-06-20 19:08:20',	'2021-06-20 19:08:20',	NULL),
(227,	871,	637,	1,	'2021-06-20 19:08:20',	'2021-06-20 19:08:20',	NULL),
(228,	897,	599,	1,	'2021-06-20 19:08:20',	'2021-06-20 19:08:20',	NULL),
(229,	880,	797,	1,	'2021-06-20 19:08:20',	'2021-06-20 19:08:20',	NULL),
(230,	970,	401,	1,	'2021-06-20 19:08:20',	'2021-06-20 19:08:20',	NULL),
(231,	906,	800,	1,	'2021-06-20 19:08:20',	'2021-06-20 19:08:20',	NULL),
(232,	919,	520,	1,	'2021-06-20 19:08:20',	'2021-06-20 19:08:20',	NULL),
(233,	863,	713,	1,	'2021-06-20 19:08:20',	'2021-06-20 19:08:20',	NULL),
(234,	923,	527,	1,	'2021-06-20 19:08:20',	'2021-06-20 19:08:20',	NULL),
(235,	913,	570,	1,	'2021-06-20 19:08:20',	'2021-06-20 19:08:20',	NULL),
(236,	875,	799,	1,	'2021-06-20 19:08:20',	'2021-06-20 19:08:20',	NULL),
(237,	953,	606,	1,	'2021-06-20 19:08:20',	'2021-06-20 19:08:20',	NULL),
(238,	855,	708,	1,	'2021-06-20 19:08:20',	'2021-06-20 19:08:20',	NULL),
(239,	952,	795,	1,	'2021-06-20 19:08:20',	'2021-06-20 19:08:20',	NULL),
(240,	886,	782,	1,	'2021-06-20 19:08:20',	'2021-06-20 19:08:20',	NULL),
(241,	912,	826,	1,	'2021-06-20 19:08:20',	'2021-06-20 19:08:20',	NULL),
(242,	887,	840,	1,	'2021-06-20 19:08:20',	'2021-06-20 19:08:20',	NULL),
(243,	884,	704,	1,	'2021-06-20 19:08:20',	'2021-06-20 19:08:20',	NULL),
(244,	926,	745,	1,	'2021-06-20 19:08:20',	'2021-06-20 19:08:20',	NULL),
(245,	942,	769,	1,	'2021-06-20 19:08:20',	'2021-06-20 19:08:20',	NULL),
(246,	883,	613,	1,	'2021-06-20 19:08:20',	'2021-06-20 19:08:20',	NULL),
(247,	957,	602,	1,	'2021-06-20 19:08:20',	'2021-06-20 19:08:20',	NULL),
(248,	890,	602,	1,	'2021-06-20 19:08:20',	'2021-06-20 19:08:20',	NULL),
(249,	949,	630,	1,	'2021-06-20 19:08:20',	'2021-06-20 19:08:20',	NULL),
(250,	922,	459,	1,	'2021-06-20 19:08:20',	'2021-06-20 19:08:20',	NULL),
(251,	921,	611,	1,	'2021-06-20 19:08:20',	'2021-06-20 19:08:20',	NULL),
(252,	978,	832,	1,	'2021-06-20 19:08:20',	'2021-06-20 19:08:20',	NULL),
(253,	892,	509,	1,	'2021-06-20 19:08:20',	'2021-06-20 19:08:20',	NULL),
(254,	888,	742,	1,	'2021-06-20 19:08:20',	'2021-06-20 19:08:20',	NULL),
(255,	917,	462,	1,	'2021-06-20 19:08:20',	'2021-06-20 19:08:20',	NULL),
(256,	916,	658,	1,	'2021-06-20 19:08:20',	'2021-06-20 19:08:20',	NULL),
(257,	910,	641,	1,	'2021-06-20 19:08:20',	'2021-06-20 19:08:20',	NULL),
(258,	944,	510,	1,	'2021-06-20 19:08:20',	'2021-06-20 19:08:20',	NULL),
(259,	927,	834,	1,	'2021-06-20 19:08:20',	'2021-06-20 19:08:20',	NULL),
(260,	862,	579,	1,	'2021-06-20 19:08:20',	'2021-06-20 19:08:20',	NULL),
(261,	876,	604,	1,	'2021-06-20 19:08:20',	'2021-06-20 19:08:20',	NULL),
(262,	937,	609,	1,	'2021-06-20 19:08:20',	'2021-06-20 19:08:20',	NULL),
(263,	945,	774,	1,	'2021-06-20 19:08:20',	'2021-06-20 19:08:20',	NULL),
(264,	869,	847,	1,	'2021-06-20 19:08:20',	'2021-06-20 19:08:20',	NULL),
(265,	924,	802,	1,	'2021-06-20 19:08:20',	'2021-06-20 19:08:20',	NULL),
(266,	920,	403,	1,	'2021-06-20 19:08:20',	'2021-06-20 19:08:20',	NULL),
(267,	983,	632,	1,	'2021-06-20 19:08:20',	'2021-06-20 19:08:20',	NULL),
(268,	930,	755,	1,	'2021-06-20 19:08:20',	'2021-06-20 19:08:20',	NULL),
(269,	940,	829,	1,	'2021-06-20 19:08:20',	'2021-06-20 19:08:20',	NULL),
(270,	961,	553,	1,	'2021-06-20 19:08:20',	'2021-06-20 19:08:20',	NULL),
(271,	877,	549,	1,	'2021-06-20 19:08:20',	'2021-06-20 19:08:20',	NULL),
(272,	878,	433,	1,	'2021-06-20 19:08:20',	'2021-06-20 19:08:20',	NULL),
(273,	899,	644,	1,	'2021-06-20 19:08:20',	'2021-06-20 19:08:20',	NULL),
(274,	946,	786,	1,	'2021-06-20 19:08:20',	'2021-06-20 19:08:20',	NULL),
(275,	889,	733,	1,	'2021-06-20 19:08:20',	'2021-06-20 19:08:20',	NULL),
(276,	857,	835,	1,	'2021-06-20 19:08:20',	'2021-06-20 19:08:20',	NULL),
(277,	929,	686,	1,	'2021-06-20 19:08:20',	'2021-06-20 19:08:20',	NULL),
(278,	934,	776,	1,	'2021-06-20 19:08:20',	'2021-06-20 19:08:20',	NULL),
(279,	954,	518,	1,	'2021-06-20 19:08:20',	'2021-06-20 19:08:20',	NULL),
(280,	971,	571,	1,	'2021-06-20 19:08:20',	'2021-06-20 19:08:20',	NULL),
(281,	925,	679,	1,	'2021-06-20 19:08:20',	'2021-06-20 19:08:20',	NULL),
(282,	891,	522,	1,	'2021-06-20 19:08:20',	'2021-06-20 19:08:20',	NULL),
(283,	980,	458,	1,	'2021-06-20 19:08:20',	'2021-06-20 19:08:20',	NULL),
(284,	901,	852,	1,	'2021-06-20 19:08:20',	'2021-06-20 19:08:20',	NULL),
(285,	870,	575,	1,	'2021-06-20 19:08:20',	'2021-06-20 19:08:20',	NULL),
(286,	907,	569,	1,	'2021-06-20 19:08:20',	'2021-06-20 19:08:20',	NULL),
(287,	882,	787,	1,	'2021-06-22 04:38:45',	'2021-06-22 04:38:45',	NULL),
(288,	882,	792,	1,	'2021-06-22 04:38:45',	'2021-06-22 04:38:45',	NULL);

CREATE TABLE `users_detail` (
  `users_detail_id` int(11) NOT NULL AUTO_INCREMENT,
  `user_id` int(11) NOT NULL,
  `user_type` int(11) NOT NULL DEFAULT '1' COMMENT '1-mpcuser,2-pembekal individu,3-pembekal syarikat',
  `salutation_id` int(11) DEFAULT '1',
  `gender_id` int(11) DEFAULT '1',
  `users_detail_name` varchar(100) DEFAULT NULL COMMENT 'individual,companyname',
  `users_detail_staffno` varchar(20) DEFAULT NULL,
  `users_detail_fileno` varchar(20) DEFAULT NULL COMMENT 'enrich no',
  `users_detail_idno` varchar(50) DEFAULT NULL COMMENT 'icno,companyno',
  `users_detail_passport` varchar(20) DEFAULT NULL,
  `users_detail_address1` varchar(100) DEFAULT NULL,
  `users_detail_address2` varchar(100) DEFAULT NULL,
  `users_detail_address3` varchar(100) DEFAULT NULL,
  `users_detail_postcode` char(5) DEFAULT NULL,
  `district_id` int(11) DEFAULT NULL,
  `state_id` int(11) DEFAULT NULL,
  `users_detail_mobileno` varchar(12) DEFAULT NULL,
  `users_detail_homeno` varchar(12) DEFAULT NULL,
  `users_detail_workno` varchar(12) DEFAULT NULL,
  `users_detail_email` varchar(100) DEFAULT NULL,
  `users_detail_isinternal` char(1) NOT NULL DEFAULT '0',
  `cawangan_id` int(11) DEFAULT NULL,
  `unit_bahagian_id` int(11) DEFAULT NULL,
  `jawatan_id` int(11) DEFAULT NULL,
  `gred_id` int(11) DEFAULT NULL,
  `service_group_id` int(11) DEFAULT NULL,
  `manager_id` int(11) DEFAULT NULL COMMENT 'user_id',
  `race_id` int(11) DEFAULT '1',
  `religion_id` int(11) DEFAULT '1',
  `is_government` int(11) DEFAULT '0' COMMENT 'for supplier purpose',
  `company_owner` varchar(200) DEFAULT NULL,
  `registration_no_mpc` varchar(100) DEFAULT NULL,
  `mpc_register_startdate` date DEFAULT NULL,
  `mpc_register_enddate` date DEFAULT NULL,
  `registration_no_mof` varchar(100) DEFAULT NULL,
  `mof_enddate` date DEFAULT NULL,
  `akademik_id` int(11) DEFAULT NULL,
  `bank_owner_name` varchar(200) DEFAULT NULL,
  `bank_id` int(11) DEFAULT NULL,
  `bank_accountno` varchar(50) DEFAULT NULL,
  `salary_amount` decimal(10,2) DEFAULT NULL,
  `allow_rotation` int(11) NOT NULL DEFAULT '0',
  `pct_main` int(11) NOT NULL DEFAULT '0' COMMENT 'penguruskanan pct',
  `not_response` int(11) NOT NULL DEFAULT '0',
  `created_at` timestamp NULL DEFAULT NULL,
  `updated_at` timestamp NOT NULL DEFAULT CURRENT_TIMESTAMP,
  `deleted_at` timestamp NULL DEFAULT NULL,
  PRIMARY KEY (`users_detail_id`),
  KEY `idx_userdetail_user_id` (`user_id`),
  KEY `idx_userdetail_unit_bahagian_id` (`unit_bahagian_id`),
  KEY `idx_userdetail_jawatan_id` (`jawatan_id`),
  KEY `idx_userdetail_gred_id` (`gred_id`),
  KEY `idx_userdetail_manager_id` (`manager_id`),
  KEY `idx_userdetail_stateid` (`state_id`),
  KEY `idx_userdetail_districtid` (`district_id`),
  KEY `idx_userdetail_staffno` (`users_detail_staffno`),
  KEY `idx_userdetail_religionid` (`religion_id`),
  KEY `idx_userdetail_bankid` (`bank_id`),
  KEY `idx_userdetail_raceid` (`race_id`),
  KEY `idx_userdetail_usertype` (`user_type`),
  KEY `idx_userdetail_akademikid` (`akademik_id`),
  KEY `idx_userdetail_mpcregister` (`registration_no_mpc`),
  KEY `idx_userdetail_mofregister` (`registration_no_mof`),
  KEY `idx_userdetail_isgov` (`is_government`),
  KEY `idx_userdetail_idno` (`users_detail_idno`),
  KEY `idx_userdetail_servicegroup` (`service_group_id`)
) ENGINE=InnoDB DEFAULT CHARSET=latin1;

INSERT INTO `users_detail` (`users_detail_id`, `user_id`, `user_type`, `salutation_id`, `gender_id`, `users_detail_name`, `users_detail_staffno`, `users_detail_fileno`, `users_detail_idno`, `users_detail_passport`, `users_detail_address1`, `users_detail_address2`, `users_detail_address3`, `users_detail_postcode`, `district_id`, `state_id`, `users_detail_mobileno`, `users_detail_homeno`, `users_detail_workno`, `users_detail_email`, `users_detail_isinternal`, `cawangan_id`, `unit_bahagian_id`, `jawatan_id`, `gred_id`, `service_group_id`, `manager_id`, `race_id`, `religion_id`, `is_government`, `company_owner`, `registration_no_mpc`, `mpc_register_startdate`, `mpc_register_enddate`, `registration_no_mof`, `mof_enddate`, `akademik_id`, `bank_owner_name`, `bank_id`, `bank_accountno`, `salary_amount`, `allow_rotation`, `pct_main`, `not_response`, `created_at`, `updated_at`, `deleted_at`) VALUES
(3,	3,	1,	1,	1,	'AB. RAZAK SALLEH',	'2112',	NULL,	'620310035231',	NULL,	NULL,	NULL,	NULL,	NULL,	NULL,	NULL,	NULL,	NULL,	NULL,	'razaksalleh@mpc.gov.my',	'0',	NULL,	5,	23,	12,	NULL,	36,	1,	1,	0,	NULL,	NULL,	NULL,	NULL,	NULL,	NULL,	NULL,	NULL,	NULL,	NULL,	NULL,	0,	0,	0,	'2019-03-29 10:11:45',	'2019-03-29 10:11:45',	NULL),
(4,	4,	1,	1,	1,	'ABANG NURFADLI ABANG YUSUF',	'1602',	'',	'881113136047',	'',	'',	'',	'',	NULL,	NULL,	NULL,	NULL,	NULL,	NULL,	'nurfadli@mpc.gov.my',	'0',	NULL,	11,	27,	3,	NULL,	264,	1,	1,	0,	NULL,	NULL,	NULL,	NULL,	NULL,	NULL,	NULL,	NULL,	NULL,	NULL,	NULL,	0,	0,	0,	'2019-08-19 12:57:24',	'2019-08-19 12:57:24',	NULL),
(5,	5,	1,	1,	1,	'ABDOLLAH TALIB',	'2113',	'',	'641129055193',	'',	'',	'',	'',	NULL,	NULL,	NULL,	NULL,	NULL,	NULL,	'dollah@mpc.gov.my',	'0',	NULL,	3,	14,	21,	NULL,	39,	1,	1,	0,	NULL,	NULL,	NULL,	NULL,	NULL,	NULL,	NULL,	NULL,	NULL,	NULL,	NULL,	0,	0,	0,	'2020-07-22 16:55:54',	'2020-07-22 16:55:54',	NULL),
(6,	6,	1,	1,	1,	'ABDUL HADI ISHAK',	'2971',	'',	'810825045057',	'',	'',	'',	'',	NULL,	NULL,	NULL,	NULL,	NULL,	NULL,	'hadi@mpc.gov.my',	'0',	NULL,	5,	15,	19,	NULL,	36,	1,	1,	0,	NULL,	NULL,	NULL,	NULL,	NULL,	NULL,	NULL,	NULL,	NULL,	NULL,	NULL,	0,	0,	0,	'2021-06-05 09:26:14',	'2021-06-05 09:26:14',	NULL),
(7,	7,	1,	1,	1,	'ABDUL HAKIM BIN MOHAMAD SHARIF',	'3043',	'',	'840515145893',	'',	'',	'',	'',	NULL,	NULL,	NULL,	NULL,	NULL,	NULL,	'hakim@mpc.gov.my',	'0',	NULL,	5,	8,	9,	NULL,	36,	1,	1,	0,	NULL,	NULL,	NULL,	NULL,	NULL,	NULL,	NULL,	NULL,	NULL,	NULL,	NULL,	0,	0,	0,	'2021-05-25 07:55:49',	'2021-05-25 07:55:49',	NULL),
(8,	8,	1,	1,	1,	'ABDUL KARIM ABDUL HALIM',	'2970',	NULL,	'810328145225',	NULL,	NULL,	NULL,	NULL,	NULL,	NULL,	NULL,	NULL,	NULL,	NULL,	'karim@mpc.gov.my',	'0',	NULL,	5,	10,	16,	NULL,	36,	1,	1,	0,	NULL,	NULL,	NULL,	NULL,	NULL,	NULL,	NULL,	NULL,	NULL,	NULL,	NULL,	0,	0,	0,	'2019-03-29 10:11:45',	'2019-03-29 10:11:45',	NULL),
(9,	9,	1,	1,	1,	'DATO\' ABDUL LATIF BIN HAJI ABU SEMAN',	'1179',	'069136863',	'610529065073',	'A38040968',	'',	'',	'',	NULL,	NULL,	NULL,	'0192817473',	NULL,	NULL,	'abdullatif@mpc.gov.my',	'0',	NULL,	6,	32,	14,	NULL,	131,	1,	1,	0,	NULL,	NULL,	NULL,	NULL,	NULL,	NULL,	NULL,	NULL,	NULL,	NULL,	NULL,	0,	0,	0,	'2020-02-03 14:31:27',	'2020-02-03 14:31:27',	NULL),
(10,	10,	1,	1,	1,	'ABDUL LATIF HUSSEIN',	'2061',	'',	'600723135435',	'',	'',	'',	'',	NULL,	NULL,	NULL,	NULL,	NULL,	NULL,	'abdullatifh@mpc.gov.my',	'0',	NULL,	11,	23,	12,	NULL,	36,	1,	1,	0,	NULL,	NULL,	NULL,	NULL,	NULL,	NULL,	NULL,	NULL,	NULL,	NULL,	NULL,	0,	0,	0,	'2019-09-10 13:19:34',	'2019-09-10 13:19:34',	NULL),
(11,	11,	1,	1,	1,	'ABDUL MALEK MOHAMAD ARIPIN',	'1407',	NULL,	'690206045185',	NULL,	NULL,	NULL,	NULL,	NULL,	NULL,	NULL,	NULL,	NULL,	NULL,	'malek@mpc.gov.my',	'0',	NULL,	2,	18,	4,	NULL,	242,	1,	1,	0,	NULL,	NULL,	NULL,	NULL,	NULL,	NULL,	NULL,	NULL,	NULL,	NULL,	NULL,	0,	0,	0,	'2019-03-29 10:11:45',	'2019-03-29 10:11:45',	NULL),
(12,	12,	1,	1,	1,	'ABDUL QUYUN MANSOR',	'3114',	NULL,	'850207065305',	NULL,	NULL,	NULL,	NULL,	NULL,	NULL,	NULL,	NULL,	NULL,	NULL,	'quyun@mpc.gov.my',	'0',	NULL,	5,	10,	16,	NULL,	36,	1,	1,	0,	NULL,	NULL,	NULL,	NULL,	NULL,	NULL,	NULL,	NULL,	NULL,	NULL,	NULL,	0,	0,	0,	'2019-03-29 10:11:45',	'2019-03-29 10:11:45',	NULL),
(13,	13,	1,	1,	1,	'ABIGAIL SUBATRA A/P ANBALAKAN',	'1589',	'325625075',	'850106055140',	'A37752301',	'Mpc',	'',	'',	NULL,	NULL,	NULL,	'0125396594',	NULL,	NULL,	'abigail@mpc.gov.my',	'0',	NULL,	1,	27,	3,	NULL,	87,	1,	1,	0,	NULL,	NULL,	NULL,	NULL,	NULL,	NULL,	NULL,	NULL,	NULL,	NULL,	NULL,	0,	0,	0,	'2020-11-06 07:42:21',	'2020-11-06 07:42:21',	NULL),
(14,	14,	1,	1,	1,	'ADLINA SNAWI',	'1434',	NULL,	'781031075342',	NULL,	NULL,	NULL,	NULL,	NULL,	NULL,	NULL,	NULL,	NULL,	NULL,	'adlina@mpc.gov.my',	'0',	NULL,	9,	27,	3,	NULL,	99,	1,	1,	0,	NULL,	NULL,	NULL,	NULL,	NULL,	NULL,	NULL,	NULL,	NULL,	NULL,	NULL,	0,	0,	0,	'2019-03-29 10:11:45',	'2019-03-29 10:11:45',	NULL),
(15,	15,	1,	1,	1,	'AHMAD FATHAN ABDUL RAHIM',	'1652',	NULL,	'860818355343',	NULL,	NULL,	NULL,	NULL,	NULL,	NULL,	NULL,	NULL,	NULL,	NULL,	'fathan@mpc.gov.my',	'0',	NULL,	9,	27,	3,	NULL,	99,	1,	1,	0,	NULL,	NULL,	NULL,	NULL,	NULL,	NULL,	NULL,	NULL,	NULL,	NULL,	NULL,	0,	0,	0,	'2019-03-29 10:11:45',	'2019-03-29 10:11:45',	NULL),
(16,	16,	1,	1,	1,	'AHMAD HARRIS ABDULLAH',	'1495',	'307206491',	'790805115235',	'',	'',	'',	'',	NULL,	NULL,	NULL,	'0123155978',	NULL,	NULL,	'harris@mpc.gov.my',	'0',	NULL,	6,	18,	4,	NULL,	108,	1,	1,	0,	NULL,	NULL,	NULL,	NULL,	NULL,	NULL,	NULL,	NULL,	NULL,	NULL,	NULL,	0,	0,	0,	'2020-10-15 11:45:56',	'2020-10-15 11:45:56',	NULL),
(17,	17,	1,	1,	1,	'AIMAN ZAKWAN ZAHARI',	'1594',	NULL,	'891020015691',	NULL,	NULL,	NULL,	NULL,	NULL,	NULL,	NULL,	NULL,	NULL,	NULL,	'aiman@mpc.gov.my',	'0',	NULL,	6,	27,	3,	NULL,	307,	1,	1,	0,	NULL,	NULL,	NULL,	NULL,	NULL,	NULL,	NULL,	NULL,	NULL,	NULL,	NULL,	0,	0,	0,	'2019-03-29 10:11:45',	'2019-03-29 10:11:45',	NULL),
(18,	18,	1,	1,	1,	'AIZULHISHAM MAT MENAN',	'3013',	NULL,	'801211105313',	NULL,	NULL,	NULL,	NULL,	NULL,	NULL,	NULL,	NULL,	NULL,	NULL,	'aizul@mpc.gov.my',	'0',	NULL,	5,	25,	22,	NULL,	36,	1,	1,	0,	NULL,	NULL,	NULL,	NULL,	NULL,	NULL,	NULL,	NULL,	NULL,	NULL,	NULL,	0,	0,	0,	'2019-03-29 10:11:45',	'2019-03-29 10:11:45',	NULL),
(19,	19,	1,	1,	1,	'AKMAR ASHAARI',	'2990',	'',	'790723075671',	'',	'',	'',	'',	NULL,	NULL,	NULL,	NULL,	NULL,	NULL,	'akmar@mpc.gov.my',	'0',	NULL,	5,	14,	20,	NULL,	36,	1,	1,	0,	NULL,	NULL,	NULL,	NULL,	NULL,	NULL,	NULL,	NULL,	NULL,	NULL,	NULL,	0,	0,	0,	'2019-04-23 18:06:27',	'2019-04-23 18:06:27',	NULL),
(20,	20,	1,	1,	1,	'AL HISYAM ABDUL HALIM',	'1565',	'',	'780407145421',	'',	'',	'',	'',	NULL,	NULL,	NULL,	NULL,	NULL,	NULL,	'alhisyam@mpc.gov.my',	'0',	NULL,	1,	27,	3,	NULL,	91,	1,	1,	0,	NULL,	NULL,	NULL,	NULL,	NULL,	NULL,	NULL,	NULL,	NULL,	NULL,	NULL,	0,	0,	0,	'2020-11-05 04:05:09',	'2020-11-05 04:05:09',	NULL),
(21,	21,	1,	1,	1,	'ALUYAH SUHAILI',	'2123',	'',	'630805135268',	'',	'',	'',	'',	NULL,	NULL,	NULL,	NULL,	NULL,	NULL,	'alluyah@mpc.gov.my',	'0',	NULL,	11,	16,	20,	NULL,	264,	1,	1,	0,	NULL,	NULL,	NULL,	NULL,	NULL,	NULL,	NULL,	NULL,	NULL,	NULL,	NULL,	0,	0,	0,	'2019-08-19 13:29:39',	'2019-08-19 13:29:39',	NULL),
(22,	22,	1,	1,	1,	'AMIRUL QAMAR ZAKARIA',	'3113',	NULL,	'870118086399',	NULL,	NULL,	NULL,	NULL,	NULL,	NULL,	NULL,	NULL,	NULL,	NULL,	'amirulqamar@mpc.gov.my',	'0',	NULL,	5,	22,	12,	NULL,	36,	1,	1,	0,	NULL,	NULL,	NULL,	NULL,	NULL,	NULL,	NULL,	NULL,	NULL,	NULL,	NULL,	0,	0,	0,	'2019-03-29 10:11:45',	'2019-03-29 10:11:45',	NULL),
(23,	23,	1,	1,	1,	'ANIS MARINA ABD. WAHAB',	'1591',	NULL,	'850708145936',	NULL,	NULL,	NULL,	NULL,	NULL,	NULL,	NULL,	NULL,	NULL,	NULL,	'anis@mpc.gov.my',	'0',	NULL,	6,	27,	3,	NULL,	307,	1,	1,	0,	NULL,	NULL,	NULL,	NULL,	NULL,	NULL,	NULL,	NULL,	NULL,	NULL,	NULL,	0,	0,	0,	'2019-03-29 10:11:45',	'2019-03-29 10:11:45',	NULL),
(24,	24,	1,	1,	1,	'ASMAHAN OTHMAN',	'1429',	'',	'730601715226',	'',	'',	'',	'',	NULL,	NULL,	NULL,	'0133633353',	NULL,	NULL,	'asmahan@mpc.gov.my',	'0',	NULL,	7,	18,	4,	NULL,	141,	1,	1,	0,	NULL,	NULL,	NULL,	NULL,	NULL,	NULL,	NULL,	NULL,	NULL,	NULL,	NULL,	0,	0,	0,	'2019-07-02 19:53:47',	'2019-07-02 19:53:47',	NULL),
(25,	25,	1,	1,	1,	'ASMAWADI MOHAMED',	'1501',	'329308125',	'800318035293',	'',	'',	'',	'',	NULL,	NULL,	NULL,	'0192726733',	NULL,	NULL,	'asmawadi@mpc.gov.my',	'0',	NULL,	2,	19,	5,	NULL,	242,	1,	1,	0,	NULL,	NULL,	NULL,	NULL,	NULL,	NULL,	NULL,	NULL,	NULL,	NULL,	NULL,	0,	0,	0,	'2019-10-10 12:46:56',	'2019-10-10 12:46:56',	NULL),
(26,	26,	1,	1,	1,	'ATHIRAH ISHAK',	'1657',	'MH32599788',	'890925035094',	'',	'No 22, Jalan Pjs 1/2b,',	'Taman Perangsang',	'',	'46000',	1235,	14,	'0193331371',	NULL,	NULL,	'athirah@mpc.gov.my',	'0',	NULL,	1,	27,	3,	NULL,	24,	1,	1,	0,	NULL,	NULL,	NULL,	NULL,	NULL,	NULL,	NULL,	NULL,	NULL,	NULL,	NULL,	0,	0,	0,	'2020-10-15 08:04:01',	'2020-10-15 08:04:01',	NULL),
(27,	27,	1,	1,	1,	'ATI DJAM SERI MONTOI',	'1433',	NULL,	'721110125470',	NULL,	NULL,	NULL,	NULL,	NULL,	NULL,	NULL,	NULL,	NULL,	NULL,	'atidjam@mpc.gov.my',	'0',	NULL,	7,	18,	4,	NULL,	141,	1,	1,	0,	NULL,	NULL,	NULL,	NULL,	NULL,	NULL,	NULL,	NULL,	NULL,	NULL,	NULL,	0,	0,	0,	'2019-03-29 10:11:45',	'2019-03-29 10:11:45',	NULL),
(28,	28,	1,	1,	1,	'AWANG UDIN KANDA',	'2124',	NULL,	'620807125523',	NULL,	NULL,	NULL,	NULL,	NULL,	NULL,	NULL,	NULL,	NULL,	NULL,	'awangudin@mpc.gov.my',	'0',	NULL,	10,	10,	16,	NULL,	72,	1,	1,	0,	NULL,	NULL,	NULL,	NULL,	NULL,	NULL,	NULL,	NULL,	NULL,	NULL,	NULL,	0,	0,	0,	'2019-03-29 10:11:45',	'2019-03-29 10:11:45',	NULL),
(29,	29,	1,	1,	1,	'AZHANI ISMAIL',	'1424',	'MH01467911',	'740621715142',	'A40088429',	'No. 32a, Jalan Flora 3f/5',	'Periwinkle',	'Bandar Rimbayu',	'42500',	1187,	14,	'0163549115',	NULL,	NULL,	'azhani@mpc.gov.my',	'0',	NULL,	4,	18,	4,	NULL,	185,	1,	1,	0,	NULL,	NULL,	NULL,	NULL,	NULL,	NULL,	NULL,	NULL,	NULL,	NULL,	NULL,	0,	0,	0,	'2020-10-15 07:42:20',	'2020-10-15 07:42:20',	NULL),
(30,	30,	1,	1,	1,	'AZIMAH ADNAN',	'1531',	NULL,	'820910105084',	NULL,	NULL,	NULL,	NULL,	NULL,	NULL,	NULL,	NULL,	NULL,	NULL,	'azimah@mpc.gov.my',	'0',	NULL,	4,	18,	4,	NULL,	304,	1,	1,	0,	NULL,	NULL,	NULL,	NULL,	NULL,	NULL,	NULL,	NULL,	NULL,	NULL,	NULL,	0,	0,	0,	'2019-03-29 10:11:45',	'2019-03-29 10:11:45',	NULL),
(31,	31,	1,	1,	1,	'AZIRA MOHAMED HODZAI',	'1580',	'',	'871121295452',	'',	'',	'',	'',	NULL,	NULL,	NULL,	'0179841606',	NULL,	NULL,	'azira@mpc.gov.my',	'0',	NULL,	5,	27,	3,	NULL,	139,	1,	1,	0,	NULL,	NULL,	NULL,	NULL,	NULL,	NULL,	NULL,	NULL,	NULL,	NULL,	NULL,	0,	0,	0,	'2020-10-15 07:57:21',	'2020-10-15 07:57:21',	NULL),
(32,	32,	1,	1,	1,	'AZIZAN OMAR',	'2069',	NULL,	'590613055315',	NULL,	NULL,	NULL,	NULL,	NULL,	NULL,	NULL,	NULL,	NULL,	NULL,	'azizan@mpc.gov.my',	'0',	NULL,	5,	10,	17,	NULL,	36,	1,	1,	0,	NULL,	NULL,	NULL,	NULL,	NULL,	NULL,	NULL,	NULL,	NULL,	NULL,	NULL,	0,	0,	0,	'2019-03-29 10:11:45',	'2019-03-29 10:11:45',	NULL),
(33,	33,	1,	1,	1,	'AZLAN KASSIM',	'1197',	'',	'600518106299',	'',	'',	'',	'',	NULL,	NULL,	NULL,	NULL,	NULL,	NULL,	'azk@mpc.gov.my',	'0',	NULL,	8,	33,	6,	NULL,	304,	1,	1,	0,	NULL,	NULL,	NULL,	NULL,	NULL,	NULL,	NULL,	NULL,	NULL,	NULL,	NULL,	0,	0,	0,	'2020-01-06 15:58:08',	'2020-01-06 15:58:08',	NULL),
(34,	34,	1,	1,	1,	'AZLIN MOHD ALIAS',	'1462',	'',	'771102145856',	'',	'',	'',	'',	NULL,	NULL,	NULL,	NULL,	NULL,	NULL,	'azlin@mpc.gov.my',	'0',	NULL,	6,	18,	4,	NULL,	314,	1,	1,	0,	NULL,	NULL,	NULL,	NULL,	NULL,	NULL,	NULL,	NULL,	NULL,	NULL,	NULL,	0,	0,	0,	'2020-10-27 08:22:11',	'2020-10-27 08:22:11',	NULL),
(35,	35,	1,	1,	1,	'BAHAR MUSA',	'2051',	NULL,	'591116055239',	NULL,	NULL,	NULL,	NULL,	NULL,	NULL,	NULL,	NULL,	NULL,	NULL,	'bahar@mpc.gov.my',	'0',	NULL,	2,	10,	16,	NULL,	242,	1,	1,	0,	NULL,	NULL,	NULL,	NULL,	NULL,	NULL,	NULL,	NULL,	NULL,	NULL,	NULL,	0,	0,	0,	'2019-03-29 10:11:45',	'2019-03-29 10:11:45',	NULL),
(36,	36,	1,	1,	1,	'BURHANUDDIN SAIDIN',	'1199',	'016599273',	'601103085419',	'A51979098',	'No. 8, Jln Pjs 1/2b',	'Tmn Perangsang',	'',	'46000',	1235,	14,	'0192381199',	'0192381199',	NULL,	'bob@mpc.gov.my',	'0',	NULL,	6,	17,	7,	NULL,	304,	1,	1,	0,	NULL,	NULL,	NULL,	NULL,	NULL,	NULL,	NULL,	NULL,	NULL,	NULL,	NULL,	0,	0,	0,	'2020-02-21 08:18:20',	'2020-02-21 08:18:20',	NULL),
(37,	37,	1,	1,	1,	'CHAM YIN HWA',	'1572',	'305455813',	'850809045416',	'A51536464',	'',	'',	'',	'47800',	1328,	14,	'0176813528',	NULL,	NULL,	'cham@mpc.gov.my',	'0',	NULL,	6,	27,	3,	NULL,	116,	1,	1,	0,	NULL,	NULL,	NULL,	NULL,	NULL,	NULL,	NULL,	NULL,	NULL,	NULL,	NULL,	0,	0,	0,	'2020-10-14 12:29:35',	'2020-10-14 12:29:35',	NULL),
(38,	38,	1,	1,	1,	'DARUL ADIZUL ISHAK',	'1556',	'',	'821110105937',	'',	'',	'',	'',	NULL,	NULL,	NULL,	NULL,	NULL,	NULL,	'daruladizul@mpc.gov.my',	'0',	NULL,	10,	27,	3,	NULL,	41,	1,	1,	0,	NULL,	NULL,	NULL,	NULL,	NULL,	NULL,	NULL,	NULL,	NULL,	NULL,	NULL,	0,	0,	0,	'2020-01-23 19:29:47',	'2020-01-23 19:29:47',	NULL),
(39,	39,	1,	1,	1,	'DR. DAUD TALIB',	'1277',	'251150664',	'650523015733',	'',	'Lot 36203, Jalan Angsana, Kampung Sg. Ramal Dalam 43000 Kajang Selangor Darul Ehsan',	'',	'',	'43000',	1197,	14,	'0196583266',	'0196583266',	NULL,	'daud@mpc.gov.my',	'0',	NULL,	6,	17,	7,	NULL,	9,	1,	1,	0,	NULL,	NULL,	NULL,	NULL,	NULL,	NULL,	NULL,	NULL,	NULL,	NULL,	NULL,	0,	0,	0,	'2019-04-18 13:19:15',	'2019-04-18 13:19:15',	NULL),
(40,	40,	1,	1,	1,	'EAMIZAN HASIM',	'1340',	'',	'671215106089',	'',	'',	'',	'',	NULL,	NULL,	NULL,	NULL,	NULL,	NULL,	'eamizan@mpc.gov.my',	'0',	NULL,	3,	19,	5,	NULL,	9,	1,	1,	0,	NULL,	NULL,	NULL,	NULL,	NULL,	NULL,	NULL,	NULL,	NULL,	NULL,	NULL,	0,	0,	0,	'2019-09-28 17:25:09',	'2019-09-28 17:25:09',	NULL),
(41,	41,	1,	1,	1,	'EDWARD BINTY',	'1435',	'MH06400394',	'750707125521',	'',	'',	'',	'',	NULL,	NULL,	NULL,	'0138793417',	NULL,	NULL,	'edward@mpc.gov.my',	'0',	NULL,	6,	19,	5,	NULL,	116,	1,	1,	0,	NULL,	NULL,	NULL,	NULL,	NULL,	NULL,	NULL,	NULL,	NULL,	NULL,	NULL,	0,	0,	0,	'2020-10-15 03:41:49',	'2020-10-15 03:41:49',	NULL),
(42,	42,	1,	1,	1,	'ELLMA EDDIAHWATI MUSA',	'3067',	NULL,	'760622145362',	NULL,	NULL,	NULL,	NULL,	NULL,	NULL,	NULL,	NULL,	NULL,	NULL,	'ellma@mpc.gov.my',	'0',	NULL,	6,	30,	22,	NULL,	9,	1,	1,	0,	NULL,	NULL,	NULL,	NULL,	NULL,	NULL,	NULL,	NULL,	NULL,	NULL,	NULL,	0,	0,	0,	'2019-03-29 10:11:45',	'2019-03-29 10:11:45',	NULL),
(43,	43,	1,	1,	1,	'FAIZUL MOHAMED',	'2995',	NULL,	'730506015053',	NULL,	NULL,	NULL,	NULL,	NULL,	NULL,	NULL,	NULL,	NULL,	NULL,	'faizul@mpc.gov.my',	'0',	NULL,	12,	7,	9,	NULL,	255,	1,	1,	0,	NULL,	NULL,	NULL,	NULL,	NULL,	NULL,	NULL,	NULL,	NULL,	NULL,	NULL,	0,	0,	0,	'2019-03-29 10:11:45',	'2019-03-29 10:11:45',	NULL),
(44,	44,	1,	1,	1,	'FARA SALINDA AYU HALIM',	'3072',	'',	'790904085772',	'',	'',	'',	'',	NULL,	NULL,	NULL,	NULL,	NULL,	NULL,	'farasalinda@mpc.gov.my',	'0',	NULL,	3,	15,	18,	NULL,	129,	1,	1,	0,	NULL,	NULL,	NULL,	NULL,	NULL,	NULL,	NULL,	NULL,	NULL,	NULL,	NULL,	0,	0,	0,	'2020-12-08 04:22:49',	'2020-12-08 04:22:49',	NULL),
(45,	45,	1,	1,	1,	'FARA SURAYA HANI BINTI HALIM',	'3014',	'',	'780714085668',	'',	'Perbadanan Produktiviti Malaysia (mpc)',	'Lorong Produktiviti, Off Jalan Sultan',	'',	'46200',	1239,	14,	'+60196790070',	NULL,	NULL,	'fara@mpc.gov.my',	'0',	NULL,	4,	13,	19,	NULL,	304,	1,	1,	0,	NULL,	NULL,	NULL,	NULL,	NULL,	NULL,	NULL,	NULL,	NULL,	NULL,	NULL,	0,	0,	0,	'2019-04-24 16:33:23',	'2019-04-24 16:33:23',	NULL),
(46,	46,	1,	1,	1,	'FARAH DIYANA DERMA DEWA',	'3115',	'',	'820812105056',	'',	'',	'',	'',	NULL,	NULL,	NULL,	'0173969800',	NULL,	NULL,	'diyana@mpc.gov.my',	'0',	NULL,	5,	14,	18,	NULL,	36,	1,	1,	0,	NULL,	NULL,	NULL,	NULL,	NULL,	NULL,	NULL,	NULL,	NULL,	NULL,	NULL,	0,	0,	0,	'2019-04-08 13:40:56',	'2019-04-08 13:40:56',	NULL),
(47,	47,	1,	1,	1,	'FARAH SAZARINA OTHMAN',	'2964',	'',	'811203015456',	'',	'',	'',	'',	NULL,	NULL,	NULL,	NULL,	NULL,	NULL,	'farah@mpc.gov.my',	'0',	NULL,	6,	15,	19,	NULL,	158,	1,	1,	0,	NULL,	NULL,	NULL,	NULL,	NULL,	NULL,	NULL,	NULL,	NULL,	NULL,	NULL,	0,	0,	0,	'2020-12-09 07:46:05',	'2020-12-09 07:46:05',	NULL),
(48,	48,	1,	1,	1,	'FARHAN ABDULLAH',	'3044',	NULL,	'730617105449',	NULL,	NULL,	NULL,	NULL,	NULL,	NULL,	NULL,	NULL,	NULL,	NULL,	'farhan@mpc.gov.my',	'0',	NULL,	3,	7,	9,	NULL,	129,	1,	1,	0,	NULL,	NULL,	NULL,	NULL,	NULL,	NULL,	NULL,	NULL,	NULL,	NULL,	NULL,	0,	0,	0,	'2019-03-29 10:11:45',	'2019-03-29 10:11:45',	NULL),
(49,	49,	1,	1,	1,	'FARIDAH TAJU RAHIM',	'1451',	'',	'760308065380',	'',	'',	'',	'',	NULL,	NULL,	NULL,	NULL,	NULL,	NULL,	'faridah_tr@mpc.gov.my',	'0',	NULL,	8,	18,	4,	NULL,	66,	1,	1,	0,	NULL,	NULL,	NULL,	NULL,	NULL,	NULL,	NULL,	NULL,	NULL,	NULL,	NULL,	0,	0,	0,	'2020-01-13 16:04:14',	'2020-01-13 16:04:14',	NULL),
(50,	50,	1,	1,	1,	'FAUZIAH AHMAD NAWAWI',	'2973',	'',	'790625105398',	'',	'',	'',	'',	NULL,	NULL,	NULL,	NULL,	NULL,	NULL,	'fauziahnawawi@mpc.gov.my',	'0',	NULL,	5,	14,	18,	NULL,	299,	1,	1,	0,	NULL,	NULL,	NULL,	NULL,	NULL,	NULL,	NULL,	NULL,	NULL,	NULL,	NULL,	0,	0,	0,	'2020-12-01 02:48:28',	'2020-12-01 02:48:28',	NULL),
(51,	51,	1,	1,	1,	'FAUZIAH MANAF',	'2563',	'',	'660107065028',	'',	'',	'',	'',	NULL,	NULL,	NULL,	'0132258779',	'0132258779',	NULL,	'fauziah@mpc.gov.my',	'0',	NULL,	6,	12,	19,	NULL,	39,	1,	1,	0,	NULL,	NULL,	NULL,	NULL,	NULL,	NULL,	NULL,	NULL,	NULL,	NULL,	NULL,	0,	0,	0,	'2019-09-19 16:03:40',	'2019-09-19 16:03:40',	NULL),
(52,	52,	1,	1,	1,	'FAUZIAH SAKIMAN',	'2659',	'',	'720323015326',	'',	'',	'',	'',	NULL,	NULL,	NULL,	NULL,	NULL,	NULL,	'fauziahsakiman@mpc.gov.my',	'0',	NULL,	12,	14,	19,	NULL,	255,	1,	1,	0,	NULL,	NULL,	NULL,	NULL,	NULL,	NULL,	NULL,	NULL,	NULL,	NULL,	NULL,	0,	0,	0,	'2020-11-18 04:22:41',	'2020-11-18 04:22:41',	NULL),
(53,	53,	1,	1,	1,	'FIZALAWATI AMIN',	'3078',	'310841860',	'810813135258',	'K53743648',	'Lot 894, Lorong Demak Laut 3a,',	'Jalan Bako, Taman Perindustrian Demak Laut',	'',	'93050',	2538,	15,	'012-8722756',	NULL,	NULL,	'fizalawati@mpc.gov.my',	'0',	NULL,	11,	12,	18,	NULL,	264,	1,	1,	0,	NULL,	NULL,	NULL,	NULL,	NULL,	NULL,	NULL,	NULL,	NULL,	NULL,	NULL,	0,	0,	0,	'2019-10-01 15:03:59',	'2019-10-01 15:03:59',	NULL),
(54,	54,	1,	1,	1,	'HAFIZA ATHA AHMAD',	'1496',	'',	'811010105092',	'',	'',	'',	'',	NULL,	NULL,	NULL,	'0189544092',	NULL,	NULL,	'hafiza@mpc.gov.my',	'0',	NULL,	11,	18,	4,	NULL,	266,	1,	1,	0,	NULL,	NULL,	NULL,	NULL,	NULL,	NULL,	NULL,	NULL,	NULL,	NULL,	NULL,	0,	0,	0,	'2020-10-15 03:01:00',	'2020-10-15 03:01:00',	NULL),
(55,	55,	1,	1,	1,	'HAFIZAH SITH',	'1418',	'',	'790329016120',	'',	'',	'',	'',	NULL,	NULL,	NULL,	NULL,	NULL,	NULL,	'hafizahsith@mpc.gov.my',	'0',	NULL,	4,	18,	4,	NULL,	307,	1,	1,	0,	NULL,	NULL,	NULL,	NULL,	NULL,	NULL,	NULL,	NULL,	NULL,	NULL,	NULL,	0,	0,	0,	'2019-04-18 13:40:40',	'2019-04-18 13:40:40',	NULL),
(56,	56,	1,	1,	1,	'HAFIZOH MD. ARIS',	'1497',	'',	'780402025746',	'',	'',	'',	'',	NULL,	NULL,	NULL,	NULL,	NULL,	NULL,	'hafizoh@mpc.gov.my',	'0',	NULL,	6,	27,	3,	NULL,	116,	1,	1,	0,	NULL,	NULL,	NULL,	NULL,	NULL,	NULL,	NULL,	NULL,	NULL,	NULL,	NULL,	0,	0,	0,	'2020-10-14 12:40:32',	'2020-10-14 12:40:32',	NULL),
(57,	57,	1,	1,	1,	'HAIRUL MIZAN HAMDAN',	'2997',	NULL,	'770222015947',	NULL,	NULL,	NULL,	NULL,	NULL,	NULL,	NULL,	NULL,	NULL,	NULL,	'hairul@mpc.gov.my',	'0',	NULL,	12,	20,	11,	NULL,	255,	1,	1,	0,	NULL,	NULL,	NULL,	NULL,	NULL,	NULL,	NULL,	NULL,	NULL,	NULL,	NULL,	0,	0,	0,	'2019-03-29 10:11:45',	'2019-03-29 10:11:45',	NULL),
(58,	58,	1,	1,	1,	'DR. HALIMAHTON SA\'DIAH LET',	'1409',	'',	'730930085368',	'',	'No. 5, Jalan 6/19',	'Bandar Tasik Puteri',	'',	'48020',	1334,	14,	'0135302171',	NULL,	NULL,	'halimahton@mpc.gov.my',	'0',	NULL,	4,	19,	5,	NULL,	285,	1,	1,	0,	NULL,	NULL,	NULL,	NULL,	NULL,	NULL,	NULL,	NULL,	NULL,	NULL,	NULL,	0,	0,	0,	'2020-10-15 09:49:45',	'2020-10-15 09:49:45',	NULL),
(59,	59,	1,	1,	1,	'HAMZALY ZAKARIA',	'2998',	NULL,	'680617105825',	NULL,	NULL,	NULL,	NULL,	NULL,	NULL,	NULL,	NULL,	NULL,	NULL,	'hamzaly@mpc.gov.my',	'0',	NULL,	5,	8,	9,	NULL,	36,	1,	1,	0,	NULL,	NULL,	NULL,	NULL,	NULL,	NULL,	NULL,	NULL,	NULL,	NULL,	NULL,	0,	0,	0,	'2019-03-29 10:11:45',	'2019-03-29 10:11:45',	NULL),
(60,	60,	1,	1,	1,	'HANISAH RAMLI',	'1529',	'316250896',	'840523105736',	'A34970132',	'No 5, Jalan Tanjung Agas 30/189',	'Taman Sri Murni, Jalan Kebun',	'',	'40460',	1084,	14,	'0126554909',	NULL,	NULL,	'hanisah@mpc.gov.my',	'0',	NULL,	4,	27,	3,	NULL,	285,	1,	1,	0,	NULL,	NULL,	NULL,	NULL,	NULL,	NULL,	NULL,	NULL,	NULL,	NULL,	NULL,	0,	0,	0,	'2019-11-18 17:07:05',	'2019-11-18 17:07:05',	NULL),
(61,	61,	1,	1,	1,	'HASBULLAH ABDUL HAMID',	'3083',	NULL,	'800114025253',	NULL,	NULL,	NULL,	NULL,	NULL,	NULL,	NULL,	NULL,	NULL,	NULL,	'hasbullah@mpc.gov.my',	'0',	NULL,	5,	23,	12,	NULL,	36,	1,	1,	0,	NULL,	NULL,	NULL,	NULL,	NULL,	NULL,	NULL,	NULL,	NULL,	NULL,	NULL,	0,	0,	0,	'2019-03-29 10:11:45',	'2019-03-29 10:11:45',	NULL),
(62,	62,	1,	1,	1,	'HASLIZAYANTI OTHMAN',	'1526',	NULL,	'810117065348',	NULL,	NULL,	NULL,	NULL,	NULL,	NULL,	NULL,	NULL,	NULL,	NULL,	'haslizayanti@mpc.gov.my',	'0',	NULL,	6,	27,	3,	NULL,	307,	1,	1,	0,	NULL,	NULL,	NULL,	NULL,	NULL,	NULL,	NULL,	NULL,	NULL,	NULL,	NULL,	0,	0,	0,	'2019-03-29 10:11:45',	'2019-03-29 10:11:45',	NULL),
(63,	63,	1,	1,	1,	'HAZWANI NADIAH ISMAIL',	'1525',	NULL,	'820913035624',	NULL,	NULL,	NULL,	NULL,	NULL,	NULL,	NULL,	NULL,	NULL,	NULL,	'hazwani@mpc.gov.my',	'0',	NULL,	8,	27,	3,	NULL,	33,	1,	1,	0,	NULL,	NULL,	NULL,	NULL,	NULL,	NULL,	NULL,	NULL,	NULL,	NULL,	NULL,	0,	0,	0,	'2019-03-29 10:11:45',	'2019-03-29 10:11:45',	NULL),
(64,	64,	1,	1,	1,	'HILLINA ABDUL KARIM',	'1457',	'',	'760325105284',	'',	'',	'',	'',	NULL,	NULL,	NULL,	NULL,	NULL,	NULL,	'hillina@mpc.gov.my',	'0',	NULL,	5,	3,	29,	NULL,	299,	1,	1,	0,	NULL,	NULL,	NULL,	NULL,	NULL,	NULL,	NULL,	NULL,	NULL,	NULL,	NULL,	0,	0,	0,	'2020-11-07 04:14:45',	'2020-11-07 04:14:45',	NULL),
(65,	65,	1,	1,	1,	'HISHAMUDDIN HASSAN',	'3037',	NULL,	'811203025531',	NULL,	NULL,	NULL,	NULL,	NULL,	NULL,	NULL,	NULL,	NULL,	NULL,	'hishammudin@mpc.gov.my',	'0',	NULL,	9,	10,	16,	NULL,	99,	1,	1,	0,	NULL,	NULL,	NULL,	NULL,	NULL,	NULL,	NULL,	NULL,	NULL,	NULL,	NULL,	0,	0,	0,	'2019-03-29 10:11:45',	'2019-03-29 10:11:45',	NULL),
(66,	66,	1,	1,	1,	'AB. RAHIM YUSOFF',	'1192',	'',	'601217035145',	'',	'',	'',	'',	NULL,	NULL,	NULL,	'0192342212',	NULL,	NULL,	'abrahim@mpc.gov.my',	'0',	NULL,	7,	32,	15,	NULL,	9,	1,	1,	0,	NULL,	NULL,	NULL,	NULL,	NULL,	NULL,	NULL,	NULL,	NULL,	NULL,	NULL,	0,	0,	0,	'2020-11-04 10:28:05',	'2020-11-04 10:28:05',	NULL),
(67,	67,	1,	1,	1,	'AB. RASHID OMAR',	'1331',	NULL,	'660801045393',	NULL,	NULL,	NULL,	NULL,	NULL,	NULL,	NULL,	NULL,	NULL,	NULL,	'abrash@mpc.gov.my',	'0',	NULL,	6,	19,	5,	NULL,	9,	1,	1,	0,	NULL,	NULL,	NULL,	NULL,	NULL,	NULL,	NULL,	NULL,	NULL,	NULL,	NULL,	0,	0,	0,	'2019-03-29 10:11:45',	'2019-03-29 10:11:45',	NULL),
(68,	68,	1,	1,	1,	'HUDA ATIQAH SAMSIR',	'1644',	'MH31346842',	'881028015128',	'',	'',	'',	'',	NULL,	NULL,	NULL,	'0137261950',	NULL,	NULL,	'atiqah@mpc.gov.my',	'0',	NULL,	1,	27,	3,	NULL,	79,	1,	1,	0,	NULL,	NULL,	NULL,	NULL,	NULL,	NULL,	NULL,	NULL,	NULL,	NULL,	NULL,	0,	0,	0,	'2020-10-15 08:55:39',	'2020-10-15 08:55:39',	NULL),
(69,	69,	1,	1,	1,	'ILYANA NORSAIDAH AB RAHMAN',	'1638',	'',	'910911035478',	'',	'',	'',	'',	NULL,	NULL,	NULL,	NULL,	NULL,	NULL,	'ilyana@mpc.gov.my',	'0',	NULL,	6,	27,	3,	NULL,	41,	1,	1,	0,	NULL,	NULL,	NULL,	NULL,	NULL,	NULL,	NULL,	NULL,	NULL,	NULL,	NULL,	0,	0,	0,	'2020-11-06 13:14:45',	'2020-11-06 13:14:45',	NULL),
(70,	70,	1,	1,	1,	'INGRID NG EDY',	'1609',	NULL,	'871121495040',	NULL,	NULL,	NULL,	NULL,	NULL,	NULL,	NULL,	NULL,	NULL,	NULL,	'ingrid@mpc.gov.my',	'0',	NULL,	10,	27,	3,	NULL,	72,	1,	1,	0,	NULL,	NULL,	NULL,	NULL,	NULL,	NULL,	NULL,	NULL,	NULL,	NULL,	NULL,	0,	0,	0,	'2019-03-29 10:11:45',	'2019-03-29 10:11:45',	NULL),
(71,	71,	1,	1,	1,	'ISRAM AZHAR',	'3047',	'',	'820324105479',	'',	'Lot 325a Jalan Simpang Balak, Kg. Simpang Balak,',	'',	'',	'43000',	1197,	14,	'0163900444',	NULL,	NULL,	'isram@mpc.gov.my',	'0',	NULL,	5,	25,	24,	NULL,	36,	1,	1,	0,	NULL,	NULL,	NULL,	NULL,	NULL,	NULL,	NULL,	NULL,	NULL,	NULL,	NULL,	0,	0,	0,	'2019-08-08 16:26:13',	'2019-08-08 16:26:13',	NULL),
(72,	72,	1,	1,	1,	'IZANI ISHAK',	'1275',	'',	'630610035689',	'',	'No. 10, Jalan 7/5a',	'Seksyen 7',	'Bandar Baru Bangi',	'43650',	1208,	14,	'0192309196',	NULL,	NULL,	'izani@mpc.gov.my',	'0',	NULL,	7,	33,	6,	NULL,	216,	1,	1,	0,	NULL,	NULL,	NULL,	NULL,	NULL,	NULL,	NULL,	NULL,	NULL,	NULL,	NULL,	0,	0,	0,	'2020-11-16 07:36:52',	'2020-11-16 07:36:52',	NULL),
(73,	73,	1,	1,	1,	'IZZUL IKHWAN ISHAK',	'1659',	'',	'910610105989',	'',	'Unit 13-06, Blok F',	'Ppa Pudina, No.2 Jalan Kasturi P17',	'Presint 17',	'62150',	1621,	9,	'01114387240',	NULL,	NULL,	'izzulikhwan18@yahoo.com',	'0',	NULL,	6,	27,	3,	NULL,	265,	1,	1,	0,	NULL,	NULL,	NULL,	NULL,	NULL,	NULL,	NULL,	NULL,	NULL,	NULL,	NULL,	0,	0,	0,	'2020-10-15 08:19:09',	'2020-10-15 08:19:09',	NULL),
(74,	74,	1,	1,	1,	'JAUZA JUHAIRAH JIMMY ABDULLAH',	'3141',	NULL,	'920127126324',	NULL,	NULL,	NULL,	NULL,	NULL,	NULL,	NULL,	NULL,	NULL,	NULL,	'jacqueline@mpc.gov.my',	'0',	NULL,	6,	14,	18,	NULL,	307,	1,	1,	0,	NULL,	NULL,	NULL,	NULL,	NULL,	NULL,	NULL,	NULL,	NULL,	NULL,	NULL,	0,	0,	0,	'2019-03-29 10:11:45',	'2019-03-29 10:11:45',	NULL),
(75,	75,	1,	1,	1,	'JAYALETCHUMI KRISHNAN',	'1488',	'',	'780507025152',	'',	'',	'',	'',	NULL,	NULL,	NULL,	NULL,	NULL,	NULL,	'jaya@mpc.gov.my',	'0',	NULL,	7,	27,	3,	NULL,	141,	1,	1,	0,	NULL,	NULL,	NULL,	NULL,	NULL,	NULL,	NULL,	NULL,	NULL,	NULL,	NULL,	0,	0,	0,	'2020-01-02 20:32:30',	'2020-01-02 20:32:30',	NULL),
(76,	76,	1,	1,	1,	'JERRY SHAHNIZAL AB AZIZ',	'1503',	'276928083',	'830808146065',	'',	'',	'',	'',	NULL,	NULL,	NULL,	NULL,	NULL,	NULL,	'jerry@mpc.gov.my',	'0',	NULL,	6,	18,	4,	NULL,	78,	1,	1,	0,	NULL,	NULL,	NULL,	NULL,	NULL,	NULL,	NULL,	NULL,	NULL,	NULL,	NULL,	0,	0,	0,	'2019-09-13 18:36:38',	'2019-09-13 18:36:38',	NULL),
(77,	77,	1,	1,	1,	'JOSFFA ISMAIL',	'1408',	NULL,	'780215075975',	NULL,	NULL,	NULL,	NULL,	NULL,	NULL,	NULL,	NULL,	NULL,	NULL,	'josffa@mpc.gov.my',	'0',	NULL,	4,	18,	4,	NULL,	304,	1,	1,	0,	NULL,	NULL,	NULL,	NULL,	NULL,	NULL,	NULL,	NULL,	NULL,	NULL,	NULL,	0,	0,	0,	'2019-03-29 10:11:45',	'2019-03-29 10:11:45',	NULL),
(78,	78,	1,	1,	1,	'KABIR AHMAD MOHD JAMIL',	'1170',	'',	'600101025303',	'',	'',	'',	'',	NULL,	NULL,	NULL,	NULL,	NULL,	NULL,	'kabir@mpc.gov.my',	'0',	NULL,	6,	17,	7,	NULL,	356,	1,	1,	0,	NULL,	NULL,	NULL,	NULL,	NULL,	NULL,	NULL,	NULL,	NULL,	NULL,	NULL,	0,	0,	0,	'2020-01-06 14:48:26',	'2020-01-06 14:48:26',	NULL),
(79,	79,	1,	1,	1,	'KAMARUDDIN MOHAMAD',	'1183',	'',	'610718115105',	'',	'',	'',	'',	NULL,	NULL,	NULL,	NULL,	NULL,	NULL,	'dinmohd@mpc.gov.my',	'0',	NULL,	1,	17,	7,	NULL,	129,	1,	1,	0,	NULL,	NULL,	NULL,	NULL,	NULL,	NULL,	NULL,	NULL,	NULL,	NULL,	NULL,	0,	0,	0,	'2019-04-18 13:29:00',	'2019-04-18 13:29:00',	NULL),
(80,	80,	1,	1,	1,	'KAMARUZAMAN RAMLI',	'3103',	'',	'830308115035',	'',	'',	'',	'',	NULL,	NULL,	NULL,	NULL,	NULL,	NULL,	'kamaruzamanr@mpc.gov.my',	'0',	NULL,	8,	23,	12,	NULL,	49,	1,	1,	0,	NULL,	NULL,	NULL,	NULL,	NULL,	NULL,	NULL,	NULL,	NULL,	NULL,	NULL,	0,	0,	0,	'2020-11-12 07:12:25',	'2020-11-12 07:12:25',	NULL),
(81,	81,	1,	1,	1,	'KARTIN HASLINDA CHE MAT',	'1450',	'MH31599211',	'760304035264',	'',	'',	'',	'',	'15538',	392,	3,	'0126621555',	'097416261',	NULL,	'haslinda@mpc.gov.my',	'0',	NULL,	7,	18,	4,	NULL,	308,	1,	1,	0,	NULL,	NULL,	NULL,	NULL,	NULL,	NULL,	NULL,	NULL,	NULL,	NULL,	NULL,	0,	0,	0,	'2020-11-05 09:26:01',	'2020-11-05 09:26:01',	NULL),
(82,	82,	1,	1,	1,	'KASTURI DEVI A/P APPANNA',	'1546',	NULL,	'810525085890',	NULL,	NULL,	NULL,	NULL,	NULL,	NULL,	NULL,	NULL,	NULL,	NULL,	'kasturi@mpc.gov.my',	'0',	NULL,	9,	27,	3,	NULL,	99,	1,	1,	0,	NULL,	NULL,	NULL,	NULL,	NULL,	NULL,	NULL,	NULL,	NULL,	NULL,	NULL,	0,	0,	0,	'2019-03-29 10:11:45',	'2019-03-29 10:11:45',	NULL),
(83,	83,	1,	1,	1,	'KHAIRIL AFI ADNAN',	'3156',	NULL,	'871003065189',	NULL,	NULL,	NULL,	NULL,	NULL,	NULL,	NULL,	NULL,	NULL,	NULL,	'KhairilAfi@mpc.gov.my',	'0',	NULL,	3,	14,	18,	NULL,	129,	1,	1,	0,	NULL,	NULL,	NULL,	NULL,	NULL,	NULL,	NULL,	NULL,	NULL,	NULL,	NULL,	0,	0,	0,	'2019-03-29 10:11:45',	'2019-03-29 10:11:45',	NULL),
(84,	84,	1,	1,	1,	'KHALIDATUL ASRIN ABDUL AZIZ',	'1483',	'',	'800112025794',	'A523688804',	'A501 Sd Apartment 2',	'Persiaran Meranti',	'Bandar Sri Damansara',	'52200',	1562,	4,	'0125525439',	NULL,	NULL,	'asrin@mpc.gov.my',	'0',	NULL,	6,	18,	4,	NULL,	110,	1,	1,	0,	NULL,	NULL,	NULL,	NULL,	NULL,	NULL,	NULL,	NULL,	NULL,	NULL,	NULL,	0,	0,	0,	'2020-10-15 08:08:55',	'2020-10-15 08:08:55',	NULL),
(85,	85,	1,	1,	1,	'KHATIJAH RAHMAT',	'1606',	'311739713',	'840710135404',	'',	'',	'',	'',	NULL,	NULL,	NULL,	NULL,	NULL,	NULL,	'khatijah@mpc.gov.my',	'0',	NULL,	11,	27,	3,	NULL,	264,	1,	1,	0,	NULL,	NULL,	NULL,	NULL,	NULL,	NULL,	NULL,	NULL,	NULL,	NULL,	NULL,	0,	0,	0,	'2019-10-01 15:02:45',	'2019-10-01 15:02:45',	NULL),
(86,	86,	1,	1,	1,	'KHIDZIR BIN AHMAD',	'1534',	'308311662',	'780830105611',	'A51848727',	'No. 30 Jalan Ss5d/3',	'Kelana Jaya',	'',	'47301',	1315,	14,	'0126641144',	NULL,	NULL,	'khidzir@mpc.gov.my',	'0',	NULL,	6,	18,	4,	NULL,	297,	1,	1,	0,	NULL,	NULL,	NULL,	NULL,	NULL,	NULL,	NULL,	NULL,	NULL,	NULL,	NULL,	0,	0,	0,	'2020-11-13 05:42:10',	'2020-11-13 05:42:10',	NULL),
(87,	87,	1,	1,	1,	'DATIN LATCHUMY PRABHA',	'1316',	NULL,	'620517015246',	NULL,	NULL,	NULL,	NULL,	NULL,	NULL,	NULL,	NULL,	NULL,	NULL,	'prabha@mpc.gov.my',	'0',	NULL,	1,	19,	5,	NULL,	79,	1,	1,	0,	NULL,	NULL,	NULL,	NULL,	NULL,	NULL,	NULL,	NULL,	NULL,	NULL,	NULL,	0,	0,	0,	'2019-03-29 10:11:45',	'2019-03-29 10:11:45',	NULL),
(88,	88,	1,	1,	1,	'LEE WAN SWANEE',	'1573',	'310671955',	'850915035756',	'',	'',	'',	'',	NULL,	NULL,	NULL,	'0129630567',	NULL,	NULL,	'swanee@mpc.gov.my',	'0',	NULL,	6,	27,	3,	NULL,	41,	1,	1,	0,	NULL,	NULL,	NULL,	NULL,	NULL,	NULL,	NULL,	NULL,	NULL,	NULL,	NULL,	0,	0,	0,	'2020-10-15 08:54:25',	'2020-10-15 08:54:25',	NULL),
(89,	89,	1,	1,	1,	'LEE WAN WEI',	'1585',	'MH30971191',	'860814595008',	'A52758340',	'',	'',	'',	NULL,	NULL,	NULL,	NULL,	NULL,	NULL,	'wanwei@mpc.gov.my',	'0',	NULL,	4,	27,	3,	NULL,	285,	1,	1,	0,	NULL,	NULL,	NULL,	NULL,	NULL,	NULL,	NULL,	NULL,	NULL,	NULL,	NULL,	0,	0,	0,	'2020-10-15 07:39:22',	'2020-10-15 07:39:22',	NULL),
(90,	90,	1,	1,	1,	'LIYANA OTHMAN',	'1656',	'300167162',	'900703137438',	'',	'',	'',	'',	NULL,	NULL,	NULL,	'0109668895',	NULL,	NULL,	'liyana@mpc.gov.my',	'0',	NULL,	11,	27,	3,	NULL,	264,	1,	1,	0,	NULL,	NULL,	NULL,	NULL,	NULL,	NULL,	NULL,	NULL,	NULL,	NULL,	NULL,	0,	0,	0,	'2020-10-15 03:36:36',	'2020-10-15 03:36:36',	NULL),
(91,	91,	1,	1,	1,	'MAHADI HASBULLAH',	'1486',	'',	'760815035303',	'',	'',	'',	'',	NULL,	NULL,	NULL,	NULL,	NULL,	NULL,	'mahadi@mpc.gov.my',	'0',	NULL,	5,	19,	5,	NULL,	131,	1,	1,	0,	NULL,	NULL,	NULL,	NULL,	NULL,	NULL,	NULL,	NULL,	NULL,	NULL,	NULL,	0,	1,	0,	'2021-06-23 05:30:57',	'2021-06-23 05:30:57',	NULL),
(92,	92,	1,	1,	1,	'MARIATUL AF-IDA BT MOHD TAJUL ARIFFIN',	'1390',	'0153985',	'750712085034',	'',	'B10-01, Apartment Kinrara Mas,',	'Jalan Mas 1',	'Bukit Jalil',	'58200',	1607,	4,	'0169975254',	NULL,	NULL,	'mariatul@mpc.gov.my',	'0',	NULL,	4,	18,	4,	NULL,	285,	1,	1,	0,	NULL,	NULL,	NULL,	NULL,	NULL,	NULL,	NULL,	NULL,	NULL,	NULL,	NULL,	0,	0,	0,	'2020-10-15 09:09:16',	'2020-10-15 09:09:16',	NULL),
(93,	93,	1,	1,	1,	'MARINA MAULAD ISMAIL',	'3074',	NULL,	'860329145038',	NULL,	NULL,	NULL,	NULL,	NULL,	NULL,	NULL,	NULL,	NULL,	NULL,	'marina@mpc.gov.my',	'0',	NULL,	2,	15,	18,	NULL,	242,	1,	1,	0,	NULL,	NULL,	NULL,	NULL,	NULL,	NULL,	NULL,	NULL,	NULL,	NULL,	NULL,	0,	0,	0,	'2019-03-29 10:11:45',	'2019-03-29 10:11:45',	NULL),
(94,	94,	1,	1,	1,	'MARZIAH AHMAD',	'1349',	NULL,	'650411065218',	NULL,	NULL,	NULL,	NULL,	NULL,	NULL,	NULL,	NULL,	NULL,	NULL,	'marziahahmad@mpc.gov.my',	'0',	NULL,	7,	27,	3,	NULL,	141,	1,	1,	0,	NULL,	NULL,	NULL,	NULL,	NULL,	NULL,	NULL,	NULL,	NULL,	NULL,	NULL,	0,	0,	0,	'2019-03-29 10:11:45',	'2019-03-29 10:11:45',	NULL),
(95,	95,	1,	1,	1,	'MASHITANOR ZAINUDIN',	'3087',	NULL,	'761019055308',	NULL,	NULL,	NULL,	NULL,	NULL,	NULL,	NULL,	NULL,	NULL,	NULL,	'mashitanor@mpc.gov.my',	'0',	NULL,	5,	6,	18,	NULL,	36,	1,	1,	0,	NULL,	NULL,	NULL,	NULL,	NULL,	NULL,	NULL,	NULL,	NULL,	NULL,	NULL,	0,	0,	0,	'2019-03-29 10:11:45',	'2019-03-29 10:11:45',	NULL),
(96,	96,	1,	1,	1,	'MASWANI ISMAIL',	'3095',	'',	'810316035600',	'',	'',	'',	'',	NULL,	NULL,	NULL,	NULL,	NULL,	NULL,	'maswani@mpc.gov.my',	'0',	NULL,	8,	15,	18,	NULL,	49,	1,	1,	0,	NULL,	NULL,	NULL,	NULL,	NULL,	NULL,	NULL,	NULL,	NULL,	NULL,	NULL,	0,	0,	0,	'2020-01-13 16:04:42',	'2020-01-13 16:04:42',	NULL),
(97,	97,	1,	1,	1,	'DR. MAZLINA SHAFII',	'1373',	NULL,	'720731086000',	NULL,	NULL,	NULL,	NULL,	NULL,	NULL,	NULL,	NULL,	NULL,	NULL,	'eyna@mpc.gov.my',	'0',	NULL,	4,	19,	5,	NULL,	304,	1,	1,	0,	NULL,	NULL,	NULL,	NULL,	NULL,	NULL,	NULL,	NULL,	NULL,	NULL,	NULL,	0,	0,	0,	'2019-03-29 10:11:45',	'2019-03-29 10:11:45',	NULL),
(98,	98,	1,	1,	1,	'MAZNEE ABD. HALIM',	'1318',	NULL,	'661204115036',	NULL,	NULL,	NULL,	NULL,	NULL,	NULL,	NULL,	NULL,	NULL,	NULL,	'maznee@mpc.gov.my',	'0',	NULL,	7,	19,	5,	NULL,	216,	1,	1,	0,	NULL,	NULL,	NULL,	NULL,	NULL,	NULL,	NULL,	NULL,	NULL,	NULL,	NULL,	0,	0,	0,	'2019-03-29 10:11:45',	'2019-03-29 10:11:45',	NULL),
(99,	99,	1,	1,	1,	'DR. MAZRINA MOHD. IBRAMSAH',	'1393',	'',	'741207075594',	'',	'',	'',	'',	NULL,	NULL,	NULL,	NULL,	NULL,	NULL,	'mazrina@mpc.gov.my',	'0',	NULL,	9,	17,	7,	NULL,	307,	1,	1,	0,	NULL,	NULL,	NULL,	NULL,	NULL,	NULL,	NULL,	NULL,	NULL,	NULL,	NULL,	0,	0,	0,	'2020-10-28 09:53:45',	'2020-10-28 09:53:45',	NULL),
(100,	100,	1,	1,	1,	'MAZUAN SALIH',	'1512',	'',	'810105125067',	'',	'',	'',	'',	NULL,	NULL,	NULL,	NULL,	NULL,	NULL,	'mazuan@mpc.gov.my',	'0',	NULL,	6,	27,	3,	NULL,	163,	1,	1,	0,	NULL,	NULL,	NULL,	NULL,	NULL,	NULL,	NULL,	NULL,	NULL,	NULL,	NULL,	0,	0,	0,	'2020-11-05 00:54:29',	'2020-11-05 00:54:29',	NULL),
(101,	101,	1,	1,	1,	'MAZUIN DAHLAN',	'1445',	'',	'790417145328',	'',	'E-4-12 Pangsapuri Mayang, Jln Puj 8,',	'',	'',	'43300',	1203,	14,	'0123006444',	NULL,	NULL,	'mazuin@mpc.gov.my',	'0',	NULL,	6,	18,	4,	NULL,	314,	1,	1,	0,	NULL,	NULL,	NULL,	NULL,	NULL,	NULL,	NULL,	NULL,	NULL,	NULL,	NULL,	0,	0,	0,	'2020-10-15 03:32:31',	'2020-10-15 03:32:31',	NULL),
(102,	102,	1,	1,	1,	'MD SHUBRI ISMAIL',	'1175',	'',	'591223075331',	'',	'',	'',	'',	NULL,	NULL,	NULL,	NULL,	NULL,	NULL,	'shubri@mpc.gov.my',	'0',	NULL,	2,	33,	6,	NULL,	242,	1,	1,	0,	NULL,	NULL,	NULL,	NULL,	NULL,	NULL,	NULL,	NULL,	NULL,	NULL,	NULL,	0,	0,	0,	'2019-04-22 20:03:36',	'2019-04-22 20:03:36',	NULL),
(103,	103,	1,	1,	1,	'MD ZAINURI JURI',	'1404',	NULL,	'741122017053',	NULL,	NULL,	NULL,	NULL,	NULL,	NULL,	NULL,	NULL,	NULL,	NULL,	'zainuri@mpc.gov.my',	'0',	NULL,	7,	18,	4,	NULL,	141,	1,	1,	0,	NULL,	NULL,	NULL,	NULL,	NULL,	NULL,	NULL,	NULL,	NULL,	NULL,	NULL,	0,	0,	0,	'2019-03-29 10:11:45',	'2019-03-29 10:11:45',	NULL),
(104,	104,	1,	1,	1,	'MEGAT AMIRUL SAIFULNIZAM MEGAT KAMARUL BAHRIN',	'1504',	NULL,	'820702115739',	NULL,	NULL,	NULL,	NULL,	NULL,	NULL,	NULL,	NULL,	NULL,	NULL,	'megatamirul@mpc.gov.my',	'0',	NULL,	12,	18,	4,	NULL,	255,	1,	1,	0,	NULL,	NULL,	NULL,	NULL,	NULL,	NULL,	NULL,	NULL,	NULL,	NULL,	NULL,	0,	0,	0,	'2019-03-29 10:11:45',	'2019-03-29 10:11:45',	NULL),
(105,	105,	1,	1,	1,	'MELISSA AHMAD ARSHAD',	'1411',	'',	'761210105270',	'',	'',	'',	'',	NULL,	NULL,	NULL,	'0123347131',	NULL,	NULL,	'melissa@mpc.gov.my',	'0',	NULL,	3,	18,	4,	NULL,	40,	1,	1,	0,	NULL,	NULL,	NULL,	NULL,	NULL,	NULL,	NULL,	NULL,	NULL,	NULL,	NULL,	0,	0,	0,	'2020-11-30 04:00:19',	'2020-11-30 04:00:19',	NULL),
(106,	106,	1,	1,	1,	'MIMI HASNITA AHMAD',	'2994',	NULL,	'761108065348',	NULL,	NULL,	NULL,	NULL,	NULL,	NULL,	NULL,	NULL,	NULL,	NULL,	'mimi@mpc.gov.my',	'0',	NULL,	8,	30,	22,	NULL,	33,	1,	1,	0,	NULL,	NULL,	NULL,	NULL,	NULL,	NULL,	NULL,	NULL,	NULL,	NULL,	NULL,	0,	0,	0,	'2019-03-29 10:11:45',	'2019-03-29 10:11:45',	NULL),
(107,	107,	1,	1,	1,	'MINHANA YAHAYA',	'3016',	NULL,	'790514145178',	NULL,	NULL,	NULL,	NULL,	NULL,	NULL,	NULL,	NULL,	NULL,	NULL,	'minhana@mpc.gov.my',	'0',	NULL,	5,	30,	22,	NULL,	36,	1,	1,	0,	NULL,	NULL,	NULL,	NULL,	NULL,	NULL,	NULL,	NULL,	NULL,	NULL,	NULL,	0,	0,	0,	'2019-03-29 10:11:45',	'2019-03-29 10:11:45',	NULL),
(108,	108,	1,	1,	1,	'MOHAMAD AZROL MOHAMAD DALI',	'1423',	'251086850',	'750930015683',	'',	'No.41, Jalan Bidara 7,',	'Saujana Utama 3,',	'',	'47000',	1302,	14,	'+60197712132',	NULL,	NULL,	'mdazrol@mpc.gov.my',	'0',	NULL,	6,	19,	5,	NULL,	9,	1,	1,	0,	NULL,	NULL,	NULL,	NULL,	NULL,	NULL,	NULL,	NULL,	NULL,	NULL,	NULL,	0,	0,	0,	'2019-06-25 20:15:13',	'2019-06-25 20:15:13',	NULL),
(109,	109,	1,	1,	1,	'MOHAMAD HAFIZI ABD RASHID',	'3093',	NULL,	'880905025009',	NULL,	NULL,	NULL,	NULL,	NULL,	NULL,	NULL,	NULL,	NULL,	NULL,	'hafizi@mpc.gov.my',	'0',	NULL,	5,	26,	8,	NULL,	36,	1,	1,	0,	NULL,	NULL,	NULL,	NULL,	NULL,	NULL,	NULL,	NULL,	NULL,	NULL,	NULL,	0,	0,	0,	'2019-03-29 10:11:45',	'2019-03-29 10:11:45',	NULL),
(110,	110,	1,	1,	1,	'MOHAMAD MUZAFFAR ABDUL HAMID',	'1391',	'',	'740919017603',	'',	'',	'',	'',	NULL,	NULL,	NULL,	'0165410641',	NULL,	NULL,	'muzaffar@mpc.gov.my',	'0',	NULL,	6,	19,	5,	NULL,	39,	1,	1,	0,	NULL,	NULL,	NULL,	NULL,	NULL,	NULL,	NULL,	NULL,	NULL,	NULL,	NULL,	0,	0,	0,	'2019-04-22 14:31:44',	'2019-04-22 14:31:44',	NULL),
(111,	111,	1,	1,	1,	'MOHAMAD NOR BOLHI',	'1507',	NULL,	'790607135681',	NULL,	NULL,	NULL,	NULL,	NULL,	NULL,	NULL,	NULL,	NULL,	NULL,	'mohamadnor@mpc.gov.my',	'0',	NULL,	7,	27,	3,	NULL,	216,	1,	1,	0,	NULL,	NULL,	NULL,	NULL,	NULL,	NULL,	NULL,	NULL,	NULL,	NULL,	NULL,	0,	0,	0,	'2019-03-29 10:11:45',	'2019-03-29 10:11:45',	NULL),
(112,	112,	1,	1,	1,	'DR. MOHAMAD NORJAYADI TAMAM',	'1421',	'067073112',	'741205135725',	'',	'No.6, Lorong Semariang 7a, Taman Seri Sena',	'',	'',	'93050',	2538,	15,	'0168602156',	NULL,	NULL,	'norjayadi@mpc.gov.my',	'0',	NULL,	4,	19,	5,	NULL,	304,	1,	1,	0,	NULL,	NULL,	NULL,	NULL,	NULL,	NULL,	NULL,	NULL,	NULL,	NULL,	NULL,	0,	0,	0,	'2021-01-04 01:18:56',	'2021-01-04 01:18:56',	NULL),
(113,	113,	1,	1,	1,	'MOHAMAD SAHRIL AHMAD PUZI',	'1505',	'',	'821115085445',	'',	'',	'',	'',	NULL,	NULL,	NULL,	'0193007289',	NULL,	NULL,	'sahril@mpc.gov.my',	'0',	NULL,	9,	18,	4,	NULL,	99,	1,	1,	0,	NULL,	NULL,	NULL,	NULL,	NULL,	NULL,	NULL,	NULL,	NULL,	NULL,	NULL,	0,	0,	0,	'2019-05-17 16:23:49',	'2019-05-17 16:23:49',	NULL),
(114,	114,	1,	1,	1,	'MOHAMMAD AFDHAN FAUZI',	'3118',	NULL,	'860427565669',	NULL,	NULL,	NULL,	NULL,	NULL,	NULL,	NULL,	NULL,	NULL,	NULL,	'afdhan@mpc.gov.my',	'0',	NULL,	5,	22,	12,	NULL,	36,	1,	1,	0,	NULL,	NULL,	NULL,	NULL,	NULL,	NULL,	NULL,	NULL,	NULL,	NULL,	NULL,	0,	0,	0,	'2019-03-29 10:11:45',	'2019-03-29 10:11:45',	NULL),
(115,	115,	1,	1,	1,	'MOHAMMAD KHAIRUL HAKIMIN ZAINOOR',	'1516',	'',	'830111015487',	'',	'No 22 Jalan Kebun Nenas, Bandar Putera 2',	'',	'',	'41200',	1159,	14,	'0192183483',	NULL,	NULL,	'mkhairul@mpc.gov.my',	'0',	NULL,	6,	18,	4,	NULL,	110,	1,	1,	0,	NULL,	NULL,	NULL,	NULL,	NULL,	NULL,	NULL,	NULL,	NULL,	NULL,	NULL,	0,	0,	0,	'2020-10-15 07:44:45',	'2020-10-15 07:44:45',	NULL),
(116,	116,	1,	1,	1,	'MOHAMMED ALAMIN REHAN',	'1454',	NULL,	'790113065169',	NULL,	NULL,	NULL,	NULL,	NULL,	NULL,	NULL,	NULL,	NULL,	NULL,	'alamin@mpc.gov.my',	'0',	NULL,	6,	19,	5,	NULL,	39,	1,	1,	0,	NULL,	NULL,	NULL,	NULL,	NULL,	NULL,	NULL,	NULL,	NULL,	NULL,	NULL,	0,	0,	0,	'2019-03-29 10:11:45',	'2019-03-29 10:11:45',	NULL),
(117,	117,	1,	1,	1,	'MOHD AMIROL MD. KHAIR',	'1648',	NULL,	'900309026107',	NULL,	NULL,	NULL,	NULL,	NULL,	NULL,	NULL,	NULL,	NULL,	NULL,	'amirol@mpc.gov.my',	'0',	NULL,	3,	27,	3,	NULL,	129,	1,	1,	0,	NULL,	NULL,	NULL,	NULL,	NULL,	NULL,	NULL,	NULL,	NULL,	NULL,	NULL,	0,	0,	0,	'2019-03-29 10:11:45',	'2019-03-29 10:11:45',	NULL),
(118,	118,	1,	1,	1,	'MOHD AZHAR ZAINUDDIN',	'1542',	NULL,	'810110105773',	NULL,	NULL,	NULL,	NULL,	NULL,	NULL,	NULL,	NULL,	NULL,	NULL,	'mohdazhar@mpc.gov.my',	'0',	NULL,	8,	27,	3,	NULL,	33,	1,	1,	0,	NULL,	NULL,	NULL,	NULL,	NULL,	NULL,	NULL,	NULL,	NULL,	NULL,	NULL,	0,	0,	0,	'2019-03-29 10:11:45',	'2019-03-29 10:11:45',	NULL),
(119,	119,	1,	1,	1,	'MOHD. AZRUL KAMIS',	'2782',	NULL,	'770526025423',	NULL,	NULL,	NULL,	NULL,	NULL,	NULL,	NULL,	NULL,	NULL,	NULL,	'mohdazrul@mpc.gov.my',	'0',	NULL,	5,	10,	16,	NULL,	36,	1,	1,	0,	NULL,	NULL,	NULL,	NULL,	NULL,	NULL,	NULL,	NULL,	NULL,	NULL,	NULL,	0,	0,	0,	'2019-03-29 10:11:45',	'2019-03-29 10:11:45',	NULL),
(120,	120,	1,	1,	1,	'MOHD. AZWAN MOHD. SALLEH',	'1453',	'',	'730926075271',	'',	'',	'',	'',	NULL,	NULL,	NULL,	NULL,	NULL,	NULL,	'azwan@mpc.gov.my',	'0',	NULL,	8,	33,	6,	NULL,	307,	1,	1,	0,	NULL,	NULL,	NULL,	NULL,	NULL,	NULL,	NULL,	NULL,	NULL,	NULL,	NULL,	0,	0,	0,	'2020-10-28 09:28:19',	'2020-10-28 09:28:19',	NULL),
(121,	121,	1,	1,	1,	'MOHD FAIZOL ABD. RAHMAN',	'1593',	'312942954',	'841110115033',	'',	'Unit D-5-4, Blk D, Apt Ruby,',	'Jln Matahari U5/102, Bdr Pinggiran Subang,',	'',	'40150',	1077,	14,	'0137118134',	NULL,	NULL,	'mohdfaizol@mpc.gov.my',	'0',	NULL,	2,	27,	3,	NULL,	252,	1,	1,	0,	NULL,	NULL,	NULL,	NULL,	NULL,	NULL,	NULL,	NULL,	NULL,	NULL,	NULL,	0,	0,	0,	'2020-10-15 02:28:55',	'2020-10-15 02:28:55',	NULL),
(122,	122,	1,	1,	1,	'MOHD FAIZZUL SHAHIR',	'3110',	'',	'860917436181',	'',	'',	'',	'',	NULL,	NULL,	NULL,	NULL,	NULL,	NULL,	'faizzul@mpc.gov.my',	'0',	NULL,	5,	23,	12,	NULL,	130,	1,	1,	0,	NULL,	NULL,	NULL,	NULL,	NULL,	NULL,	NULL,	NULL,	NULL,	NULL,	NULL,	0,	0,	0,	'2020-12-30 04:31:09',	'2020-12-30 04:31:09',	NULL),
(123,	123,	1,	1,	1,	'MOHD HILMI BIN MOHD IDRIS',	'1489',	'',	'790308105095',	'',	'C-6-12, Pangsapuri Anggun',	'Jalan 4/1',	'Seksyen 4',	'43650',	1208,	14,	'0192882539',	NULL,	NULL,	'hilmi@mpc.gov.my',	'0',	NULL,	6,	18,	4,	NULL,	108,	1,	1,	0,	NULL,	NULL,	NULL,	NULL,	NULL,	NULL,	NULL,	NULL,	NULL,	NULL,	NULL,	0,	0,	0,	'2020-10-14 14:04:33',	'2020-10-14 14:04:33',	NULL),
(124,	124,	1,	1,	1,	'MOHD HISYAM HATIMTAI',	'1406',	'MH32392020',	'780321105277',	'A38670517',	'Perbadanan Produktiviti Malaysia',	'Pejabat Wilayah Selatan',	'',	'46200',	1239,	14,	'+60164454097',	NULL,	NULL,	'mohdhisyam.hatimtai@gmail.com',	'0',	NULL,	6,	18,	4,	NULL,	255,	1,	1,	0,	NULL,	NULL,	NULL,	NULL,	NULL,	NULL,	NULL,	NULL,	NULL,	NULL,	NULL,	0,	0,	0,	'2020-03-02 06:07:24',	'2020-03-02 06:07:24',	NULL),
(125,	125,	1,	1,	1,	'MOHD. KHAIRIL ANUAR AMIR HAMZAH',	'1513',	NULL,	'840225025017',	NULL,	NULL,	NULL,	NULL,	NULL,	NULL,	NULL,	NULL,	NULL,	NULL,	'khairil@mpc.gov.my',	'0',	NULL,	9,	18,	4,	NULL,	99,	1,	1,	0,	NULL,	NULL,	NULL,	NULL,	NULL,	NULL,	NULL,	NULL,	NULL,	NULL,	NULL,	0,	0,	0,	'2019-03-29 10:11:45',	'2019-03-29 10:11:45',	NULL),
(126,	126,	1,	1,	1,	'MOHD. KHAIRIZAL KHAHIDIR',	'1508',	'',	'830405055353',	'',	'',	'',	'',	NULL,	NULL,	NULL,	NULL,	NULL,	NULL,	'khairizal@mpc.gov.my',	'0',	NULL,	2,	18,	4,	NULL,	242,	1,	1,	0,	NULL,	NULL,	NULL,	NULL,	NULL,	NULL,	NULL,	NULL,	NULL,	NULL,	NULL,	0,	0,	0,	'2019-07-10 16:10:34',	'2019-07-10 16:10:34',	NULL),
(127,	127,	1,	1,	1,	'MOHD. KHAIRUL NAZIR NAWI',	'1456',	NULL,	'770220025957',	NULL,	NULL,	NULL,	NULL,	NULL,	NULL,	NULL,	NULL,	NULL,	NULL,	'khairul@mpc.gov.my',	'0',	NULL,	2,	18,	4,	NULL,	242,	1,	1,	0,	NULL,	NULL,	NULL,	NULL,	NULL,	NULL,	NULL,	NULL,	NULL,	NULL,	NULL,	0,	0,	0,	'2019-03-29 10:11:45',	'2019-03-29 10:11:45',	NULL),
(128,	128,	1,	1,	1,	'MOHD NIZAM ALI',	'3056',	NULL,	'791128145297',	NULL,	NULL,	NULL,	NULL,	NULL,	NULL,	NULL,	NULL,	NULL,	NULL,	'nizam@mpc.gov.my',	'0',	NULL,	5,	14,	18,	NULL,	36,	1,	1,	0,	NULL,	NULL,	NULL,	NULL,	NULL,	NULL,	NULL,	NULL,	NULL,	NULL,	NULL,	0,	0,	0,	'2019-03-29 10:11:45',	'2019-03-29 10:11:45',	NULL),
(129,	129,	1,	1,	1,	'DATO\' MOHD RAZALI HUSSAIN',	'1176',	NULL,	'590826115385',	NULL,	NULL,	NULL,	NULL,	NULL,	NULL,	NULL,	NULL,	NULL,	NULL,	'mrazali@mpc.gov.my',	'0',	NULL,	3,	5,	13,	NULL,	36,	1,	1,	0,	NULL,	NULL,	NULL,	NULL,	NULL,	NULL,	NULL,	NULL,	NULL,	NULL,	NULL,	0,	0,	0,	'2019-03-31 18:45:27',	'2019-03-29 10:11:45',	NULL),
(130,	130,	1,	1,	1,	'MOHD. WAFI ARIP',	'1473',	'',	'770212105551',	'',	'',	'',	'',	NULL,	NULL,	NULL,	NULL,	NULL,	NULL,	'wafi@mpc.gov.my',	'0',	NULL,	5,	27,	3,	NULL,	131,	1,	1,	0,	NULL,	NULL,	NULL,	NULL,	NULL,	NULL,	NULL,	NULL,	NULL,	NULL,	NULL,	0,	0,	0,	'2020-11-20 03:59:55',	'2020-11-20 03:59:55',	NULL),
(131,	131,	1,	1,	1,	'MOHD YAZID ABDUL MAJID',	'1455',	'307097276',	'790310105537',	'',	'28, Jalan Alam Suria 16/23',	'',	'',	'42300',	1185,	14,	'0123041478',	NULL,	NULL,	'yazidmajid@mpc.gov.my',	'0',	NULL,	5,	17,	7,	NULL,	9,	1,	1,	0,	NULL,	NULL,	NULL,	NULL,	NULL,	NULL,	NULL,	NULL,	NULL,	NULL,	NULL,	0,	0,	0,	'2021-06-23 05:15:07',	'2021-06-23 05:15:07',	NULL),
(132,	132,	1,	1,	1,	'MOHD ZULKIFLY CHE MOHD RAWAWI',	'1613',	'313666931',	'830910035265',	'A40874881',	'No 114 Jalan Dm 3/3,',	'Taman Desa Mas,',	'Bandar Country Homes',	'48000',	1332,	14,	'+60199876723',	'+60199876723',	NULL,	'mohdzulkifly@mpc.gov.my',	'0',	NULL,	6,	27,	3,	NULL,	78,	1,	1,	0,	NULL,	NULL,	NULL,	NULL,	NULL,	NULL,	NULL,	NULL,	NULL,	NULL,	NULL,	0,	0,	0,	'2019-05-23 16:19:49',	'2019-05-23 16:19:49',	NULL),
(133,	133,	1,	1,	1,	'MOHD. AZUAR MD. SIDEK',	'2989',	NULL,	'750514105065',	NULL,	NULL,	NULL,	NULL,	NULL,	NULL,	NULL,	NULL,	NULL,	NULL,	'azuar@mpc.gov.my',	'0',	NULL,	5,	7,	9,	NULL,	36,	1,	1,	0,	NULL,	NULL,	NULL,	NULL,	NULL,	NULL,	NULL,	NULL,	NULL,	NULL,	NULL,	0,	0,	0,	'2019-03-29 10:11:45',	'2019-03-29 10:11:45',	NULL),
(134,	134,	1,	1,	1,	'MOHD. HOSNI MAMAT @ ARIFFIN',	'1577',	NULL,	'840528115511',	NULL,	NULL,	NULL,	NULL,	NULL,	NULL,	NULL,	NULL,	NULL,	NULL,	'hosni@mpc.gov.my',	'0',	NULL,	8,	27,	3,	NULL,	33,	1,	1,	0,	NULL,	NULL,	NULL,	NULL,	NULL,	NULL,	NULL,	NULL,	NULL,	NULL,	NULL,	0,	0,	0,	'2019-03-29 10:11:45',	'2019-03-29 10:11:45',	NULL),
(135,	135,	1,	1,	1,	'MOHD. HYKAL MOHD. HALIM',	'3071',	'',	'840415015223',	'',	'',	'',	'',	NULL,	NULL,	NULL,	NULL,	NULL,	NULL,	'hykal@mpc.gov.my',	'0',	NULL,	5,	25,	22,	NULL,	255,	1,	1,	0,	NULL,	NULL,	NULL,	NULL,	NULL,	NULL,	NULL,	NULL,	NULL,	NULL,	NULL,	0,	0,	0,	'2020-11-18 04:23:50',	'2020-11-18 04:23:50',	NULL),
(136,	136,	1,	1,	1,	'MOHD. RIDUAN DAUD',	'3007',	NULL,	'830906045057',	NULL,	NULL,	NULL,	NULL,	NULL,	NULL,	NULL,	NULL,	NULL,	NULL,	'riduan@mpc.gov.my',	'0',	NULL,	5,	10,	16,	NULL,	36,	1,	1,	0,	NULL,	NULL,	NULL,	NULL,	NULL,	NULL,	NULL,	NULL,	NULL,	NULL,	NULL,	0,	0,	0,	'2019-03-29 10:11:45',	'2019-03-29 10:11:45',	NULL),
(137,	137,	1,	1,	1,	'MOHD. ROSDI MOHD KAUZI',	'3046',	NULL,	'750423035989',	NULL,	NULL,	NULL,	NULL,	NULL,	NULL,	NULL,	NULL,	NULL,	NULL,	'rosdi@mpc.gov.my',	'0',	NULL,	5,	7,	9,	NULL,	36,	1,	1,	0,	NULL,	NULL,	NULL,	NULL,	NULL,	NULL,	NULL,	NULL,	NULL,	NULL,	NULL,	0,	0,	0,	'2019-03-29 10:11:45',	'2019-03-29 10:11:45',	NULL),
(138,	138,	1,	1,	1,	'MOHD. SHAPRI ISMAIL',	'2054',	NULL,	'600813085945',	NULL,	NULL,	NULL,	NULL,	NULL,	NULL,	NULL,	NULL,	NULL,	NULL,	'shapri@mpc.gov.my',	'0',	NULL,	5,	11,	19,	NULL,	36,	1,	1,	0,	NULL,	NULL,	NULL,	NULL,	NULL,	NULL,	NULL,	NULL,	NULL,	NULL,	NULL,	0,	0,	0,	'2019-03-29 10:11:45',	'2019-03-29 10:11:45',	NULL),
(139,	139,	1,	1,	1,	'MOHD SUZLEZAN SUPU',	'1443',	'MH60214548',	'781219125145',	'',	'C8-03, Blok C, Appartment Bayu Suria, Off Jalan Meranti,',	'Taman Impian Ehsan,',	'',	'43300',	1203,	14,	'+60193168136',	NULL,	NULL,	'suzlezan@mpc.gov.my',	'0',	NULL,	5,	19,	5,	NULL,	131,	1,	1,	0,	NULL,	NULL,	NULL,	NULL,	NULL,	NULL,	NULL,	NULL,	NULL,	NULL,	NULL,	0,	0,	0,	'2020-10-15 01:56:30',	'2020-10-15 01:56:30',	NULL),
(140,	140,	1,	1,	1,	'MOHD. SYARIF SAMSUDIN',	'2967',	NULL,	'800305075173',	NULL,	NULL,	NULL,	NULL,	NULL,	NULL,	NULL,	NULL,	NULL,	NULL,	'syarif@mpc.gov.my',	'0',	NULL,	9,	7,	9,	NULL,	99,	1,	1,	0,	NULL,	NULL,	NULL,	NULL,	NULL,	NULL,	NULL,	NULL,	NULL,	NULL,	NULL,	0,	0,	0,	'2019-03-29 10:11:45',	'2019-03-29 10:11:45',	NULL),
(141,	141,	1,	1,	1,	'MOHD. ZAKI BIN IBRAHIM',	'1319',	'',	'610119035197',	'',	'',	'',	'',	NULL,	NULL,	NULL,	'0192200822',	NULL,	NULL,	'zaki@mpc.gov.my',	'0',	NULL,	7,	17,	7,	NULL,	66,	1,	1,	0,	NULL,	NULL,	NULL,	NULL,	NULL,	NULL,	NULL,	NULL,	NULL,	NULL,	NULL,	0,	0,	0,	'2020-01-07 23:13:26',	'2020-01-07 23:13:26',	NULL),
(142,	142,	1,	1,	1,	'MOHD. ZAMROS YUSOF',	'2132',	'',	'670705055347',	'',	'',	'',	'',	NULL,	NULL,	NULL,	NULL,	NULL,	NULL,	'zamros@mpc.gov.my',	'0',	NULL,	11,	10,	16,	NULL,	264,	1,	1,	0,	NULL,	NULL,	NULL,	NULL,	NULL,	NULL,	NULL,	NULL,	NULL,	NULL,	NULL,	0,	0,	0,	'2019-08-19 13:31:01',	'2019-08-19 13:31:01',	NULL),
(143,	143,	1,	1,	1,	'MOKHZANI ARIS MOHD. YUSOFF',	'1397',	'',	'730308105015',	'',	'Malaysia Productivity Corporation',	'Level 2, Maa Tower',	'No. 6, Lorong Api-api 1',	'88000',	2139,	13,	'0132722406',	NULL,	NULL,	'mokhzani@mpc.gov.my',	'0',	NULL,	10,	33,	6,	NULL,	66,	1,	1,	0,	NULL,	NULL,	NULL,	NULL,	NULL,	NULL,	NULL,	NULL,	NULL,	NULL,	NULL,	0,	0,	0,	'2020-10-15 14:53:51',	'2020-10-15 14:53:51',	NULL),
(144,	144,	1,	1,	1,	'MUHAMAD AFIQ PIRAMLI',	'1653',	'',	'901211036379',	'',	'',	'',	'',	NULL,	NULL,	NULL,	NULL,	NULL,	NULL,	'afiq@mpc.gov.my',	'0',	NULL,	7,	27,	3,	NULL,	72,	1,	1,	0,	NULL,	NULL,	NULL,	NULL,	NULL,	NULL,	NULL,	NULL,	NULL,	NULL,	NULL,	0,	0,	0,	'2020-10-16 01:49:37',	'2020-10-16 01:49:37',	NULL),
(145,	145,	1,	1,	1,	'MUHAMAD RIZUWAN ABU BAKAR',	'3132',	'',	'860512465355',	'',	'',	'',	'',	NULL,	NULL,	NULL,	'0199296015',	NULL,	NULL,	'muhamadrizuwan@mpc.gov.my',	'0',	NULL,	1,	14,	18,	NULL,	79,	1,	1,	0,	NULL,	NULL,	NULL,	NULL,	NULL,	NULL,	NULL,	NULL,	NULL,	NULL,	NULL,	0,	0,	0,	'2019-10-09 13:18:43',	'2019-10-09 13:18:43',	NULL),
(146,	146,	1,	1,	1,	'MOHAMMAD SHAHAIZAL ABU TALIB',	'3004',	NULL,	'780218025869',	NULL,	NULL,	NULL,	NULL,	NULL,	NULL,	NULL,	NULL,	NULL,	NULL,	'shahaizal@mpc.gov.my',	'0',	NULL,	5,	10,	16,	NULL,	36,	1,	1,	0,	NULL,	NULL,	NULL,	NULL,	NULL,	NULL,	NULL,	NULL,	NULL,	NULL,	NULL,	0,	0,	0,	'2019-03-29 10:11:45',	'2019-03-29 10:11:45',	NULL),
(147,	147,	1,	1,	1,	'MUHAMAD ZAIN MUSA',	'2068',	NULL,	'611224055477',	NULL,	NULL,	NULL,	NULL,	NULL,	NULL,	NULL,	NULL,	NULL,	NULL,	'zain@mpc.gov.my',	'0',	NULL,	1,	1,	1,	NULL,	79,	1,	1,	0,	NULL,	NULL,	NULL,	NULL,	NULL,	NULL,	NULL,	NULL,	NULL,	NULL,	NULL,	0,	0,	0,	'2019-03-29 10:11:45',	'2019-03-29 10:11:45',	NULL),
(148,	148,	1,	1,	1,	'MUHAMAD ZAMRI ZAINOL',	'2991',	NULL,	'690427075433',	NULL,	NULL,	NULL,	NULL,	NULL,	NULL,	NULL,	NULL,	NULL,	NULL,	'zamri@mpc.gov.my',	'0',	NULL,	9,	9,	10,	NULL,	99,	1,	1,	0,	NULL,	NULL,	NULL,	NULL,	NULL,	NULL,	NULL,	NULL,	NULL,	NULL,	NULL,	0,	0,	0,	'2019-03-29 10:11:45',	'2019-03-29 10:11:45',	NULL),
(149,	149,	1,	1,	1,	'MUHAMMAD AFZANI AHMAD',	'3003',	'',	'811125145705',	'',	'',	'',	'',	NULL,	NULL,	NULL,	'0133494943',	NULL,	NULL,	'afzani@mpc.gov.my',	'0',	NULL,	5,	23,	12,	NULL,	197,	1,	1,	0,	NULL,	NULL,	NULL,	NULL,	NULL,	NULL,	NULL,	NULL,	NULL,	NULL,	NULL,	0,	0,	0,	'2020-10-27 00:53:12',	'2020-10-27 00:53:12',	NULL),
(150,	150,	1,	1,	1,	'MUHAMMAAD AIDIL RAZAK',	'3159',	NULL,	'910418035597',	NULL,	NULL,	NULL,	NULL,	NULL,	NULL,	NULL,	NULL,	NULL,	NULL,	'aidil@mpc.gov.my',	'0',	NULL,	5,	10,	16,	NULL,	36,	1,	1,	0,	NULL,	NULL,	NULL,	NULL,	NULL,	NULL,	NULL,	NULL,	NULL,	NULL,	NULL,	0,	0,	0,	'2019-03-29 10:11:45',	'2019-03-29 10:11:45',	NULL),
(151,	151,	1,	1,	1,	'MUHAMMAD FAZRE ZULHELMI FIZWAN',	'1595',	'',	'881014566439',	'',	'No 2, Jalan Cemara',	'3/9 Bandar Sri Damansara',	'',	'52200',	1562,	4,	'0176249121',	NULL,	NULL,	'fazre@mpc.gov.my',	'0',	NULL,	4,	27,	3,	NULL,	163,	1,	1,	0,	NULL,	NULL,	NULL,	NULL,	NULL,	NULL,	NULL,	NULL,	NULL,	NULL,	NULL,	0,	0,	0,	'2020-10-15 02:56:17',	'2020-10-15 02:56:17',	NULL),
(152,	152,	1,	1,	1,	'MUHAMMAD HAFIZ SABARUDIN',	'1517',	'',	'830408065477',	'',	'',	'',	'',	NULL,	NULL,	NULL,	NULL,	NULL,	NULL,	'hafiz@mpc.gov.my',	'0',	NULL,	2,	27,	4,	NULL,	308,	1,	1,	0,	NULL,	NULL,	NULL,	NULL,	NULL,	NULL,	NULL,	NULL,	NULL,	NULL,	NULL,	0,	0,	0,	'2020-12-02 07:34:02',	'2020-12-02 07:34:02',	NULL),
(153,	153,	1,	1,	1,	'MUHAMMAD HISHAM NORDIN',	'1598',	'317000202',	'881113565247',	'',	'Malaysia Productivity Corporation',	'Lorong Produktiviti',	'Jalan Sultan',	'46200',	NULL,	NULL,	'0133943802',	NULL,	NULL,	'mhisham@mpc.gov.my',	'0',	NULL,	4,	27,	3,	NULL,	304,	1,	1,	0,	NULL,	NULL,	NULL,	NULL,	NULL,	NULL,	NULL,	NULL,	NULL,	NULL,	NULL,	0,	0,	0,	'2019-11-22 14:16:44',	'2019-11-22 14:16:44',	NULL),
(154,	154,	1,	1,	1,	'MUHAMMAD IDHAM MOHD ZAIN',	'1405',	NULL,	'731006035511',	NULL,	NULL,	NULL,	NULL,	NULL,	NULL,	NULL,	NULL,	NULL,	NULL,	'idham@mpc.gov.my',	'0',	NULL,	2,	27,	3,	NULL,	242,	1,	1,	0,	NULL,	NULL,	NULL,	NULL,	NULL,	NULL,	NULL,	NULL,	NULL,	NULL,	NULL,	0,	0,	0,	'2019-03-29 10:11:45',	'2019-03-29 10:11:45',	NULL),
(155,	155,	1,	1,	1,	'MUHAMMAD MUIZZUDDIN MUHAMAD',	'3157',	NULL,	'910330036237',	NULL,	NULL,	NULL,	NULL,	NULL,	NULL,	NULL,	NULL,	NULL,	NULL,	'muiz@mpc.gov.my',	'0',	NULL,	5,	9,	10,	NULL,	36,	1,	1,	0,	NULL,	NULL,	NULL,	NULL,	NULL,	NULL,	NULL,	NULL,	NULL,	NULL,	NULL,	0,	0,	0,	'2019-03-29 10:11:45',	'2019-03-29 10:11:45',	NULL),
(156,	156,	1,	1,	1,	'MUHAMMAD SUFFIAN AHMAD',	'1447',	'311148596',	'790617145859',	'',	'',	'',	'',	NULL,	NULL,	NULL,	'0173617611',	NULL,	NULL,	'suffian@mpc.gov.my',	'0',	NULL,	7,	18,	4,	NULL,	216,	1,	1,	0,	NULL,	NULL,	NULL,	NULL,	NULL,	NULL,	NULL,	NULL,	NULL,	NULL,	NULL,	0,	0,	0,	'2019-07-23 13:48:52',	'2019-07-23 13:48:52',	NULL),
(157,	157,	1,	1,	1,	'MUHASLIZAWATI MOHD BAKRI',	'1547',	'',	'820619035746',	'',	'',	'',	'',	NULL,	NULL,	NULL,	NULL,	NULL,	NULL,	'muhaslizawati@mpc.gov.my',	'0',	NULL,	8,	27,	3,	NULL,	33,	1,	1,	0,	NULL,	NULL,	NULL,	NULL,	NULL,	NULL,	NULL,	NULL,	NULL,	NULL,	NULL,	0,	0,	0,	'2019-09-17 17:41:25',	'2019-09-17 17:41:25',	NULL),
(158,	158,	1,	1,	1,	'MUHD. ADHA ABD. HAMID',	'1523',	'',	'830918105555',	'',	'',	'',	'',	NULL,	NULL,	NULL,	NULL,	NULL,	NULL,	'adha@mpc.gov.my',	'0',	NULL,	6,	18,	4,	NULL,	297,	1,	1,	0,	NULL,	NULL,	NULL,	NULL,	NULL,	NULL,	NULL,	NULL,	NULL,	NULL,	NULL,	0,	0,	0,	'2020-12-09 07:41:34',	'2020-12-09 07:41:34',	NULL),
(159,	159,	1,	1,	1,	'NAHDATUL FAEIZIN NORMAN',	'1631',	NULL,	'901028015094',	NULL,	NULL,	NULL,	NULL,	NULL,	NULL,	NULL,	NULL,	NULL,	NULL,	'nahdatul@mpc.gov.my',	'0',	NULL,	12,	27,	3,	NULL,	255,	1,	1,	0,	NULL,	NULL,	NULL,	NULL,	NULL,	NULL,	NULL,	NULL,	NULL,	NULL,	NULL,	0,	0,	0,	'2019-03-29 10:11:45',	'2019-03-29 10:11:45',	NULL),
(160,	160,	1,	1,	1,	'NAZAHIAH MOHAMAD',	'1475',	'',	'790525075056',	'',	'33, Taman Jati Indah,',	'Jalan Nagasari 3',	'Seksyen 32',	'40460',	1084,	14,	'0183757451',	NULL,	NULL,	'nazahiah@mpc.gov.my',	'0',	NULL,	6,	18,	4,	NULL,	112,	1,	1,	0,	NULL,	NULL,	NULL,	NULL,	NULL,	NULL,	NULL,	NULL,	NULL,	NULL,	NULL,	0,	0,	0,	'2020-10-15 08:06:01',	'2020-10-15 08:06:01',	NULL),
(161,	161,	1,	1,	1,	'NAZERI ARIFFIN MADON',	'1633',	NULL,	'860804235965',	NULL,	NULL,	NULL,	NULL,	NULL,	NULL,	NULL,	NULL,	NULL,	NULL,	'nazeri@mpc.gov.my',	'0',	NULL,	8,	27,	3,	NULL,	33,	1,	1,	0,	NULL,	NULL,	NULL,	NULL,	NULL,	NULL,	NULL,	NULL,	NULL,	NULL,	NULL,	0,	0,	0,	'2019-03-29 10:11:45',	'2019-03-29 10:11:45',	NULL),
(162,	162,	1,	1,	1,	'NAZILAH AHMAD',	'1530',	NULL,	'830710016190',	NULL,	NULL,	NULL,	NULL,	NULL,	NULL,	NULL,	NULL,	NULL,	NULL,	'nazilah@mpc.gov.my',	'0',	NULL,	12,	27,	3,	NULL,	255,	1,	1,	0,	NULL,	NULL,	NULL,	NULL,	NULL,	NULL,	NULL,	NULL,	NULL,	NULL,	NULL,	0,	0,	0,	'2019-03-29 10:11:45',	'2019-03-29 10:11:45',	NULL),
(163,	163,	1,	1,	1,	'NIK FAIZAL NIK AHMAD',	'1414',	'',	'690320035423',	'',	'',	'',	'',	NULL,	NULL,	NULL,	NULL,	NULL,	NULL,	'nikfaizal@mpc.gov.my',	'0',	NULL,	3,	19,	5,	NULL,	9,	1,	1,	0,	NULL,	NULL,	NULL,	NULL,	NULL,	NULL,	NULL,	NULL,	NULL,	NULL,	NULL,	0,	0,	0,	'2019-09-28 17:26:12',	'2019-09-28 17:26:12',	NULL),
(164,	164,	1,	1,	1,	'NIK NAZARINA BINTI NEK MOHAMED',	'1651',	'',	'891121146332',	'',	'46, Jalan Bs 2/2, Bukit Saujana',	'Bandar Saujana Utama',	'',	'47000',	1302,	14,	'0173477669',	NULL,	NULL,	'nazarina@mpc.gov.my',	'0',	NULL,	4,	27,	3,	NULL,	184,	1,	1,	0,	NULL,	NULL,	NULL,	NULL,	NULL,	NULL,	NULL,	NULL,	NULL,	NULL,	NULL,	0,	0,	0,	'2020-10-15 03:04:26',	'2020-10-15 03:04:26',	NULL),
(165,	165,	1,	1,	1,	'NIK ROSDI NIK YUSOFF',	'1165',	'062960914',	'591022035333',	'',	'B-4-1 Apartment Fairville',	'Usj 21 Subang Jaya',	'',	'47200',	1313,	14,	'0139278088',	'097441001',	NULL,	'nikrosdi@mpc.gov.my',	'0',	NULL,	7,	33,	6,	NULL,	216,	1,	1,	0,	NULL,	NULL,	NULL,	NULL,	NULL,	NULL,	NULL,	NULL,	NULL,	NULL,	NULL,	0,	0,	0,	'2019-05-02 01:28:10',	'2019-05-02 01:28:10',	NULL),
(166,	166,	1,	1,	1,	'NOOR AISHAH HASSAN',	'1461',	NULL,	'781121145260',	NULL,	NULL,	NULL,	NULL,	NULL,	NULL,	NULL,	NULL,	NULL,	NULL,	'noor_aishah@mpc.gov.my',	'0',	NULL,	6,	18,	4,	NULL,	39,	1,	1,	0,	NULL,	NULL,	NULL,	NULL,	NULL,	NULL,	NULL,	NULL,	NULL,	NULL,	NULL,	0,	0,	0,	'2019-03-29 10:11:45',	'2019-03-29 10:11:45',	NULL),
(167,	167,	1,	1,	1,	'NOOR ANARIZA HASSAN',	'2968',	NULL,	'760121075060',	NULL,	NULL,	NULL,	NULL,	NULL,	NULL,	NULL,	NULL,	NULL,	NULL,	'anariza@mpc.gov.my',	'0',	NULL,	5,	28,	25,	NULL,	36,	1,	1,	0,	NULL,	NULL,	NULL,	NULL,	NULL,	NULL,	NULL,	NULL,	NULL,	NULL,	NULL,	0,	0,	0,	'2019-03-29 10:11:45',	'2019-03-29 10:11:45',	NULL),
(168,	168,	1,	1,	1,	'NOOR ASMAWATI HUSSIN',	'3041',	NULL,	'820725085480',	NULL,	NULL,	NULL,	NULL,	NULL,	NULL,	NULL,	NULL,	NULL,	NULL,	'asmawati@mpc.gov.my',	'0',	NULL,	6,	12,	18,	NULL,	9,	1,	1,	0,	NULL,	NULL,	NULL,	NULL,	NULL,	NULL,	NULL,	NULL,	NULL,	NULL,	NULL,	0,	0,	0,	'2019-03-29 10:11:45',	'2019-03-29 10:11:45',	NULL),
(169,	169,	1,	1,	1,	'NOOR AZIAH OTHMAN',	'2945',	NULL,	'790928075448',	NULL,	NULL,	NULL,	NULL,	NULL,	NULL,	NULL,	NULL,	NULL,	NULL,	'noraziah@mpc.gov.my',	'0',	NULL,	2,	15,	19,	NULL,	242,	1,	1,	0,	NULL,	NULL,	NULL,	NULL,	NULL,	NULL,	NULL,	NULL,	NULL,	NULL,	NULL,	0,	0,	0,	'2019-03-29 10:11:45',	'2019-03-29 10:11:45',	NULL),
(170,	170,	1,	1,	1,	'NOOR AZMAN HASSAN',	'2957',	'',	'770211036515',	'',	'',	'',	'',	NULL,	NULL,	NULL,	'0132689899',	NULL,	NULL,	'azman@mpc.gov.my',	'0',	NULL,	5,	26,	8,	NULL,	36,	1,	1,	0,	NULL,	NULL,	NULL,	NULL,	NULL,	NULL,	NULL,	NULL,	NULL,	NULL,	NULL,	0,	0,	0,	'2019-06-24 13:45:31',	'2019-06-24 13:45:31',	NULL),
(171,	171,	1,	1,	1,	'NOOR HAZILAH ABDULLAH',	'3069',	NULL,	'820318035814',	NULL,	NULL,	NULL,	NULL,	NULL,	NULL,	NULL,	NULL,	NULL,	NULL,	'hazilah@mpc.gov.my',	'0',	NULL,	8,	14,	19,	NULL,	33,	1,	1,	0,	NULL,	NULL,	NULL,	NULL,	NULL,	NULL,	NULL,	NULL,	NULL,	NULL,	NULL,	0,	0,	0,	'2019-03-29 10:11:45',	'2019-03-29 10:11:45',	NULL),
(172,	172,	1,	1,	1,	'NOOR IZZATI KAMIS',	'1620',	'',	'900629145658',	'',	'',	'',	'',	NULL,	NULL,	NULL,	'0122867346',	NULL,	NULL,	'noorizzati@mpc.gov.my',	'0',	NULL,	1,	27,	3,	NULL,	79,	1,	1,	0,	NULL,	NULL,	NULL,	NULL,	NULL,	NULL,	NULL,	NULL,	NULL,	NULL,	NULL,	0,	0,	0,	'2020-09-12 16:10:01',	'2020-09-12 16:10:01',	NULL),
(173,	173,	1,	1,	1,	'NOOR MOHAMMAD FARHAN NOR AZMAN',	'3124',	'',	'881216566111',	'',	'',	'',	'',	NULL,	NULL,	NULL,	NULL,	NULL,	NULL,	'mfarhan@mpc.gov.my',	'0',	NULL,	5,	27,	3,	NULL,	139,	1,	1,	0,	NULL,	NULL,	NULL,	NULL,	NULL,	NULL,	NULL,	NULL,	NULL,	NULL,	NULL,	0,	0,	0,	'2020-11-04 02:25:02',	'2020-11-04 02:25:02',	NULL),
(174,	174,	1,	1,	1,	'NOOR RAHIDAH ABDUL RAZAK',	'3057',	'',	'830505045048',	'',	'',	'',	'',	NULL,	NULL,	NULL,	NULL,	NULL,	NULL,	'rahidah@mpc.gov.my',	'0',	NULL,	3,	15,	18,	NULL,	91,	1,	1,	0,	NULL,	NULL,	NULL,	NULL,	NULL,	NULL,	NULL,	NULL,	NULL,	NULL,	NULL,	0,	0,	0,	'2020-11-05 06:51:59',	'2020-11-05 06:51:59',	NULL),
(175,	175,	1,	1,	1,	'NOOR SALFARINA JAMALUDIN',	'1532',	NULL,	'830202045278',	NULL,	NULL,	NULL,	NULL,	NULL,	NULL,	NULL,	NULL,	NULL,	NULL,	'salfarina@mpc.gov.my',	'0',	NULL,	6,	27,	3,	NULL,	307,	1,	1,	0,	NULL,	NULL,	NULL,	NULL,	NULL,	NULL,	NULL,	NULL,	NULL,	NULL,	NULL,	0,	0,	0,	'2019-03-29 10:11:45',	'2019-03-29 10:11:45',	NULL),
(176,	176,	1,	1,	1,	'NOORSAMSINAR SUM ABDULLAH',	'2075',	NULL,	'610608105088',	NULL,	NULL,	NULL,	NULL,	NULL,	NULL,	NULL,	NULL,	NULL,	NULL,	'noorsamsi@mpc.gov.my',	'0',	NULL,	2,	25,	24,	NULL,	242,	1,	1,	0,	NULL,	NULL,	NULL,	NULL,	NULL,	NULL,	NULL,	NULL,	NULL,	NULL,	NULL,	0,	0,	0,	'2019-03-29 10:11:45',	'2019-03-29 10:11:45',	NULL),
(177,	177,	1,	1,	1,	'NOR ADIRA ADNAN',	'1627',	'MH31570559',	'870504295260',	'',	'',	'',	'',	NULL,	NULL,	NULL,	'0179860758',	NULL,	NULL,	'noradira@mpc.gov.my',	'0',	NULL,	4,	27,	3,	NULL,	288,	1,	1,	0,	NULL,	NULL,	NULL,	NULL,	NULL,	NULL,	NULL,	NULL,	NULL,	NULL,	NULL,	0,	0,	0,	'2020-10-15 01:08:35',	'2020-10-15 01:08:35',	NULL),
(178,	178,	1,	1,	1,	'NOR AISHAH HASSAN',	'1399',	NULL,	'740928085894',	NULL,	NULL,	NULL,	NULL,	NULL,	NULL,	NULL,	NULL,	NULL,	NULL,	'shah@mpc.gov.my',	'0',	NULL,	6,	19,	5,	NULL,	9,	1,	1,	0,	NULL,	NULL,	NULL,	NULL,	NULL,	NULL,	NULL,	NULL,	NULL,	NULL,	NULL,	0,	0,	0,	'2019-03-29 10:11:45',	'2019-03-29 10:11:45',	NULL),
(179,	179,	1,	1,	1,	'NOR AKMA CHE WAN NAMAN',	'1645',	'',	'890101035104',	'',	'',	'',	'',	NULL,	NULL,	NULL,	NULL,	NULL,	NULL,	'norakma@mpc.gov.my',	'0',	NULL,	6,	27,	3,	NULL,	112,	1,	1,	0,	NULL,	NULL,	NULL,	NULL,	NULL,	NULL,	NULL,	NULL,	NULL,	NULL,	NULL,	0,	0,	0,	'2020-12-01 07:54:04',	'2020-12-01 07:54:04',	NULL),
(180,	180,	1,	1,	1,	'NOR AZMI YAHAYA',	'2139',	NULL,	'600102065139',	NULL,	NULL,	NULL,	NULL,	NULL,	NULL,	NULL,	NULL,	NULL,	NULL,	'norazmi@mpc.gov.my',	'0',	NULL,	5,	14,	20,	NULL,	36,	1,	1,	0,	NULL,	NULL,	NULL,	NULL,	NULL,	NULL,	NULL,	NULL,	NULL,	NULL,	NULL,	0,	0,	0,	'2019-03-29 10:11:45',	'2019-03-29 10:11:45',	NULL),
(181,	181,	1,	1,	1,	'NOR ESHAH ABD. RAMAN',	'2134',	NULL,	'620113065052',	NULL,	NULL,	NULL,	NULL,	NULL,	NULL,	NULL,	NULL,	NULL,	NULL,	'noreshah@mpc.gov.my',	'0',	NULL,	3,	15,	18,	NULL,	129,	1,	1,	0,	NULL,	NULL,	NULL,	NULL,	NULL,	NULL,	NULL,	NULL,	NULL,	NULL,	NULL,	0,	0,	0,	'2019-03-29 10:11:45',	'2019-03-29 10:11:45',	NULL),
(182,	182,	1,	1,	1,	'NOR FADILAH ZULKIFLI MUHAMAD',	'3158',	'',	'941219036070',	'',	'',	'',	'',	NULL,	NULL,	NULL,	NULL,	NULL,	NULL,	'norfadilah@mpc.gov.my',	'0',	NULL,	5,	14,	18,	NULL,	131,	1,	1,	0,	NULL,	NULL,	NULL,	NULL,	NULL,	NULL,	NULL,	NULL,	NULL,	NULL,	NULL,	0,	0,	0,	'2021-06-23 06:35:53',	'2021-06-23 06:35:53',	NULL),
(183,	183,	1,	1,	1,	'NOR FAZILA HASHIM',	'1351',	'',	'660129086196',	'',	'',	'',	'',	NULL,	NULL,	NULL,	NULL,	NULL,	NULL,	'ila@mpc.gov.my',	'0',	NULL,	4,	33,	6,	NULL,	304,	1,	1,	0,	NULL,	NULL,	NULL,	NULL,	NULL,	NULL,	NULL,	NULL,	NULL,	NULL,	NULL,	0,	0,	0,	'2020-02-12 10:21:10',	'2020-02-12 10:21:10',	NULL),
(184,	184,	1,	1,	1,	'NOR HAFIZAH MOHD AROP',	'1329',	'',	'681203105352',	'',	'',	'',	'',	NULL,	NULL,	NULL,	NULL,	NULL,	NULL,	'hafizah@mpc.gov.my',	'0',	NULL,	4,	33,	6,	NULL,	285,	1,	1,	0,	NULL,	NULL,	NULL,	NULL,	NULL,	NULL,	NULL,	NULL,	NULL,	NULL,	NULL,	0,	0,	0,	'2020-10-15 04:33:09',	'2020-10-15 04:33:09',	NULL),
(185,	185,	1,	1,	1,	'NOR HALISA MOHAMAD HALIL',	'1386',	'',	'730228125374',	'',	'',	'',	'',	NULL,	NULL,	NULL,	'0133517073',	NULL,	NULL,	'halisa@mpc.gov.my',	'0',	NULL,	4,	18,	4,	NULL,	285,	1,	1,	0,	NULL,	NULL,	NULL,	NULL,	NULL,	NULL,	NULL,	NULL,	NULL,	NULL,	NULL,	0,	0,	0,	'2020-10-15 07:16:53',	'2020-10-15 07:16:53',	NULL),
(186,	186,	1,	1,	1,	'NOR HASIMAH AB. RAHMAN',	'2074',	NULL,	'610823105654',	NULL,	NULL,	NULL,	NULL,	NULL,	NULL,	NULL,	NULL,	NULL,	NULL,	'hasimah@mpc.gov.my',	'0',	NULL,	2,	14,	19,	NULL,	242,	1,	1,	0,	NULL,	NULL,	NULL,	NULL,	NULL,	NULL,	NULL,	NULL,	NULL,	NULL,	NULL,	0,	0,	0,	'2019-03-29 10:11:45',	'2019-03-29 10:11:45',	NULL),
(187,	187,	1,	1,	1,	'NOR IDAYUNIZA RAHMAT',	'1419',	'',	'781012145720',	'',	'',	'',	'',	NULL,	NULL,	NULL,	'0129254820',	NULL,	NULL,	'ayu@mpc.gov.my',	'0',	NULL,	7,	18,	4,	NULL,	263,	1,	1,	0,	NULL,	NULL,	NULL,	NULL,	NULL,	NULL,	NULL,	NULL,	NULL,	NULL,	NULL,	0,	0,	0,	'2020-11-29 08:14:35',	'2020-11-29 08:14:35',	NULL),
(188,	188,	1,	1,	1,	'NOR IZZATI NORHISAM',	'1538',	'MH30846478',	'850514105100',	'',	'Taman Wira Permai',	'',	'',	'40460',	1084,	14,	'0126688724',	'0351665496',	NULL,	'izzati@mpc.gov.my',	'0',	NULL,	4,	18,	4,	NULL,	131,	1,	1,	0,	NULL,	NULL,	NULL,	NULL,	NULL,	NULL,	NULL,	NULL,	NULL,	NULL,	NULL,	0,	0,	0,	'2021-06-23 05:27:15',	'2021-06-23 05:27:15',	NULL),
(189,	189,	1,	1,	1,	'NOR ROBAAYAH MOHD. NOOR',	'1290',	'',	'660915085430',	'',	'',	'',	'',	NULL,	NULL,	NULL,	NULL,	NULL,	NULL,	'nrmn@mpc.gov.my',	'0',	NULL,	4,	33,	6,	NULL,	304,	1,	1,	0,	NULL,	NULL,	NULL,	NULL,	NULL,	NULL,	NULL,	NULL,	NULL,	NULL,	NULL,	0,	0,	0,	'2019-04-16 20:44:02',	'2019-04-16 20:44:02',	NULL),
(190,	190,	1,	1,	1,	'NOR SURAYYA ABD. SAMAD',	'1385',	NULL,	'751119145758',	NULL,	NULL,	NULL,	NULL,	NULL,	NULL,	NULL,	NULL,	NULL,	NULL,	'surayya@mpc.gov.my',	'0',	NULL,	6,	18,	4,	NULL,	39,	1,	1,	0,	NULL,	NULL,	NULL,	NULL,	NULL,	NULL,	NULL,	NULL,	NULL,	NULL,	NULL,	0,	0,	0,	'2019-03-29 10:11:45',	'2019-03-29 10:11:45',	NULL),
(191,	191,	1,	1,	1,	'NOR ZAIRISHAM ZAKARIA',	'2668',	'',	'681118015811',	'',	'',	'',	'',	NULL,	NULL,	NULL,	NULL,	NULL,	NULL,	'norzairisham@mpc.gov.my',	'0',	NULL,	5,	10,	17,	NULL,	36,	1,	1,	0,	NULL,	NULL,	NULL,	NULL,	NULL,	NULL,	NULL,	NULL,	NULL,	NULL,	NULL,	0,	0,	0,	'2019-10-10 13:28:49',	'2019-10-10 13:28:49',	NULL),
(192,	192,	1,	1,	1,	'NORA\'IN AHMAD KAMIL',	'1367',	'',	'690916016290',	'',	'',	'',	'',	NULL,	NULL,	NULL,	'0196328140',	'0333242248',	NULL,	'norain@mpc.gov.my',	'0',	NULL,	12,	18,	4,	NULL,	255,	1,	1,	0,	NULL,	NULL,	NULL,	NULL,	NULL,	NULL,	NULL,	NULL,	NULL,	NULL,	NULL,	0,	0,	0,	'2020-10-19 03:53:46',	'2020-10-19 03:53:46',	NULL),
(193,	193,	1,	1,	1,	'NORAFIDAH RAMLI',	'2951',	NULL,	'770815016494',	NULL,	NULL,	NULL,	NULL,	NULL,	NULL,	NULL,	NULL,	NULL,	NULL,	'norafidah@mpc.gov.my',	'0',	NULL,	2,	14,	18,	NULL,	242,	1,	1,	0,	NULL,	NULL,	NULL,	NULL,	NULL,	NULL,	NULL,	NULL,	NULL,	NULL,	NULL,	0,	0,	0,	'2019-03-29 10:11:45',	'2019-03-29 10:11:45',	NULL),
(194,	194,	1,	1,	1,	'NORANIZA DAUD',	'2987',	'',	'821008065262',	'',	'',	'',	'',	NULL,	NULL,	NULL,	NULL,	NULL,	NULL,	'noraniza@mpc.gov.my',	'0',	NULL,	3,	15,	19,	NULL,	224,	1,	1,	0,	NULL,	NULL,	NULL,	NULL,	NULL,	NULL,	NULL,	NULL,	NULL,	NULL,	NULL,	0,	0,	0,	'2020-11-05 02:23:50',	'2020-11-05 02:23:50',	NULL),
(195,	195,	1,	1,	1,	'NORASHIKIN ABDUL SHUKOR',	'3051',	'',	'820722086154',	'',	'Perbadanan Produktiviti Malaysia (mpc)',	'Tingkat 2, Menara Maa',	'No. 6, Lorong Api-api 1',	'88000',	2139,	13,	'+60125843044',	NULL,	NULL,	'shikin@mpc.gov.my',	'0',	NULL,	6,	12,	18,	NULL,	307,	1,	1,	0,	NULL,	NULL,	NULL,	NULL,	NULL,	NULL,	NULL,	NULL,	NULL,	NULL,	NULL,	0,	0,	0,	'2020-01-23 19:28:27',	'2020-01-23 19:28:27',	NULL),
(196,	196,	1,	1,	1,	'NORASHIMA HAMZAH',	'1533',	'',	'771210115582',	'',	'',	'',	'',	NULL,	NULL,	NULL,	'0192679988',	NULL,	NULL,	'norashima@mpc.gov.my',	'0',	NULL,	5,	27,	3,	NULL,	36,	1,	1,	0,	NULL,	NULL,	NULL,	NULL,	NULL,	NULL,	NULL,	NULL,	NULL,	NULL,	NULL,	0,	0,	0,	'2019-10-21 18:40:13',	'2019-10-21 18:40:13',	NULL),
(197,	197,	1,	1,	1,	'NORAZLINA TUN IBRAHIM',	'1518',	'',	'800222145850',	'',	'',	'',	'',	NULL,	NULL,	NULL,	NULL,	NULL,	NULL,	'norazlina@mpc.gov.my',	'0',	NULL,	5,	18,	4,	NULL,	139,	1,	1,	0,	NULL,	NULL,	NULL,	NULL,	NULL,	NULL,	NULL,	NULL,	NULL,	NULL,	NULL,	0,	0,	0,	'2020-11-20 04:00:42',	'2020-11-20 04:00:42',	NULL),
(198,	198,	1,	1,	1,	'NORDIEANA NORDIN',	'2955',	NULL,	'790206105078',	NULL,	NULL,	NULL,	NULL,	NULL,	NULL,	NULL,	NULL,	NULL,	NULL,	'deana@mpc.gov.my',	'0',	NULL,	7,	12,	18,	NULL,	36,	1,	1,	0,	NULL,	NULL,	NULL,	NULL,	NULL,	NULL,	NULL,	NULL,	NULL,	NULL,	NULL,	0,	0,	0,	'2019-03-29 10:11:45',	'2019-03-29 10:11:45',	NULL),
(199,	199,	1,	1,	1,	'NORFAIZAH ABDUL RAHMAN',	'1358',	NULL,	'720531065416',	NULL,	NULL,	NULL,	NULL,	NULL,	NULL,	NULL,	NULL,	NULL,	NULL,	'faizah@mpc.gov.my',	'0',	NULL,	7,	27,	3,	NULL,	141,	1,	1,	0,	NULL,	NULL,	NULL,	NULL,	NULL,	NULL,	NULL,	NULL,	NULL,	NULL,	NULL,	0,	0,	0,	'2019-03-29 10:11:45',	'2019-03-29 10:11:45',	NULL),
(200,	200,	1,	1,	1,	'NORHAIDA ROSLAN',	'3094',	NULL,	'830513035616',	NULL,	NULL,	NULL,	NULL,	NULL,	NULL,	NULL,	NULL,	NULL,	NULL,	'norhaida@mpc.gov.my',	'0',	NULL,	8,	15,	18,	NULL,	33,	1,	1,	0,	NULL,	NULL,	NULL,	NULL,	NULL,	NULL,	NULL,	NULL,	NULL,	NULL,	NULL,	0,	0,	0,	'2019-03-29 10:11:45',	'2019-03-29 10:11:45',	NULL),
(201,	201,	1,	1,	1,	'NORHANIDA AHMAD PUAD',	'2954',	'',	'800929085038',	'',	'',	'',	'',	NULL,	NULL,	NULL,	NULL,	NULL,	NULL,	'norhanida@mpc.gov.my',	'0',	NULL,	5,	15,	18,	NULL,	299,	1,	1,	0,	NULL,	NULL,	NULL,	NULL,	NULL,	NULL,	NULL,	NULL,	NULL,	NULL,	NULL,	0,	0,	0,	'2020-12-01 02:47:31',	'2020-12-01 02:47:31',	NULL),
(202,	202,	1,	1,	1,	'NORHANIZA HAMIR',	'1436',	'',	'790131086326',	'',	'',	'',	'',	NULL,	NULL,	NULL,	NULL,	NULL,	NULL,	'norhaniza@mpc.gov.my',	'0',	NULL,	6,	18,	4,	NULL,	108,	1,	1,	0,	NULL,	NULL,	NULL,	NULL,	NULL,	NULL,	NULL,	NULL,	NULL,	NULL,	NULL,	0,	0,	0,	'2020-10-15 08:07:13',	'2020-10-15 08:07:13',	NULL),
(203,	203,	1,	1,	1,	'NORHASIMAH IBRAHIM',	'1422',	'MH01484100',	'750420105494',	'A 38583195',	'Lot 11 Jalan 7',	'Kampung Melayu',	'',	'68100',	1688,	14,	'0173910849',	'0361884793',	NULL,	'norhasimah@mpc.gov.my',	'0',	NULL,	1,	19,	5,	NULL,	79,	1,	1,	0,	NULL,	NULL,	NULL,	NULL,	NULL,	NULL,	NULL,	NULL,	NULL,	NULL,	NULL,	0,	0,	0,	'2019-07-23 15:51:58',	'2019-07-23 15:51:58',	NULL),
(204,	204,	1,	1,	1,	'NORHAYATI HARUN',	'2823',	NULL,	'741211025426',	NULL,	NULL,	NULL,	NULL,	NULL,	NULL,	NULL,	NULL,	NULL,	NULL,	'norhayatiharun@mpc.gov.my',	'0',	NULL,	9,	23,	12,	NULL,	99,	1,	1,	0,	NULL,	NULL,	NULL,	NULL,	NULL,	NULL,	NULL,	NULL,	NULL,	NULL,	NULL,	0,	0,	0,	'2019-03-29 10:11:45',	'2019-03-29 10:11:45',	NULL),
(205,	205,	1,	1,	1,	'NORHISAM AHMAD',	'2066',	NULL,	'590121085147',	NULL,	NULL,	NULL,	NULL,	NULL,	NULL,	NULL,	NULL,	NULL,	NULL,	'norhisam@mpc.gov.my',	'0',	NULL,	5,	23,	12,	NULL,	36,	1,	1,	0,	NULL,	NULL,	NULL,	NULL,	NULL,	NULL,	NULL,	NULL,	NULL,	NULL,	NULL,	0,	0,	0,	'2019-03-29 10:11:45',	'2019-03-29 10:11:45',	NULL),
(206,	206,	1,	1,	1,	'NORHUDA ABDULLAH',	'3000',	'',	'810924075016',	'',	'',	'',	'',	NULL,	NULL,	NULL,	NULL,	NULL,	NULL,	'norhuda@mpc.gov.my',	'0',	NULL,	9,	14,	19,	NULL,	99,	1,	1,	0,	NULL,	NULL,	NULL,	NULL,	NULL,	NULL,	NULL,	NULL,	NULL,	NULL,	NULL,	0,	0,	0,	'2020-11-18 04:24:38',	'2020-11-18 04:24:38',	NULL),
(207,	207,	1,	1,	1,	'NORIJAH JUEN',	'3009',	'MH20372678',	'760715135972',	'',	'Blok 3, C3-3-6',	'Hartana Apartment,',	'Jalan Demak Laut',	'93050',	2538,	15,	'0138140335',	NULL,	NULL,	'norijah@mpc.gov.my',	'0',	NULL,	11,	6,	19,	NULL,	264,	1,	1,	0,	NULL,	NULL,	NULL,	NULL,	NULL,	NULL,	NULL,	NULL,	NULL,	NULL,	NULL,	0,	0,	0,	'2019-08-19 13:31:47',	'2019-08-19 13:31:47',	NULL),
(208,	208,	1,	1,	1,	'NORKAMILA SHAHRUDIN',	'3018',	NULL,	'810301106066',	NULL,	NULL,	NULL,	NULL,	NULL,	NULL,	NULL,	NULL,	NULL,	NULL,	'norkamila@mpc.gov.my',	'0',	NULL,	12,	6,	18,	NULL,	255,	1,	1,	0,	NULL,	NULL,	NULL,	NULL,	NULL,	NULL,	NULL,	NULL,	NULL,	NULL,	NULL,	0,	0,	0,	'2019-03-29 10:11:45',	'2019-03-29 10:11:45',	NULL),
(209,	209,	1,	1,	1,	'NORLIANA MAHMUD',	'1466',	NULL,	'770521075034',	NULL,	NULL,	NULL,	NULL,	NULL,	NULL,	NULL,	NULL,	NULL,	NULL,	'norliana@mpc.gov.my',	'0',	NULL,	2,	27,	3,	NULL,	242,	1,	1,	0,	NULL,	NULL,	NULL,	NULL,	NULL,	NULL,	NULL,	NULL,	NULL,	NULL,	NULL,	0,	0,	0,	'2019-03-29 10:11:45',	'2019-03-29 10:11:45',	NULL),
(210,	210,	1,	1,	1,	'NORLIZA AHMAD',	'1460',	'',	'761213035482',	'',	'',	'',	'',	NULL,	NULL,	NULL,	NULL,	NULL,	NULL,	'norlizaahmad@mpc.gov.my',	'0',	NULL,	6,	18,	4,	NULL,	131,	1,	1,	0,	NULL,	NULL,	NULL,	NULL,	NULL,	NULL,	NULL,	NULL,	NULL,	NULL,	NULL,	0,	0,	0,	'2021-06-23 05:28:44',	'2021-06-23 05:28:44',	NULL),
(211,	211,	1,	1,	1,	'NORLIZA ROSLI',	'3075',	NULL,	'850306055196',	NULL,	NULL,	NULL,	NULL,	NULL,	NULL,	NULL,	NULL,	NULL,	NULL,	'norlizarosli@mpc.gov.my',	'0',	NULL,	5,	15,	18,	NULL,	36,	1,	1,	0,	NULL,	NULL,	NULL,	NULL,	NULL,	NULL,	NULL,	NULL,	NULL,	NULL,	NULL,	0,	0,	0,	'2019-03-29 10:11:45',	'2019-03-29 10:11:45',	NULL),
(212,	212,	1,	1,	1,	'NORUL HASILA ABDULLAH',	'1548',	NULL,	'830714065344',	NULL,	NULL,	NULL,	NULL,	NULL,	NULL,	NULL,	NULL,	NULL,	NULL,	'norulhasila@mpc.gov.my',	'0',	NULL,	1,	27,	3,	NULL,	79,	1,	1,	0,	NULL,	NULL,	NULL,	NULL,	NULL,	NULL,	NULL,	NULL,	NULL,	NULL,	NULL,	0,	0,	0,	'2019-03-29 10:11:45',	'2019-03-29 10:11:45',	NULL),
(213,	213,	1,	1,	1,	'NORWAHIDAH ABDULLAH',	'3006',	NULL,	'800603035364',	NULL,	NULL,	NULL,	NULL,	NULL,	NULL,	NULL,	NULL,	NULL,	NULL,	'norwahidah@mpc.gov.my',	'0',	NULL,	12,	12,	18,	NULL,	255,	1,	1,	0,	NULL,	NULL,	NULL,	NULL,	NULL,	NULL,	NULL,	NULL,	NULL,	NULL,	NULL,	0,	0,	0,	'2019-03-29 10:11:45',	'2019-03-29 10:11:45',	NULL),
(214,	214,	1,	1,	1,	'NORWAHIZAN BT MOHAMED',	'3008',	NULL,	'781117035608',	NULL,	NULL,	NULL,	NULL,	NULL,	NULL,	NULL,	NULL,	NULL,	NULL,	'norwahizan@mpc.gov.my',	'0',	NULL,	5,	8,	9,	NULL,	36,	1,	1,	0,	NULL,	NULL,	NULL,	NULL,	NULL,	NULL,	NULL,	NULL,	NULL,	NULL,	NULL,	0,	0,	0,	'2019-03-29 10:11:45',	'2019-03-29 10:11:45',	NULL),
(215,	215,	1,	1,	1,	'NORZIAH KABIL',	'3022',	'203715223',	'741111135206',	'K50871162',	'Lot 894, Lorong Demak Laut 3a',	'Taman Perindustrian Demak Laut',	'Jalan Bako, Petra Jaya',	'93050',	2538,	15,	'0198442393',	NULL,	NULL,	'norziah@mpc.gov.my',	'0',	NULL,	11,	14,	18,	NULL,	264,	1,	1,	0,	NULL,	NULL,	NULL,	NULL,	NULL,	NULL,	NULL,	NULL,	NULL,	NULL,	NULL,	0,	0,	0,	'2019-08-19 13:32:44',	'2019-08-19 13:32:44',	NULL),
(216,	216,	1,	1,	1,	'NORZIRIN ARIFFIN',	'1291',	'',	'640927075362',	'',	'',	'',	'',	NULL,	NULL,	NULL,	NULL,	NULL,	NULL,	'zirin@mpc.gov.my',	'0',	NULL,	7,	17,	7,	NULL,	129,	1,	1,	0,	NULL,	NULL,	NULL,	NULL,	NULL,	NULL,	NULL,	NULL,	NULL,	NULL,	NULL,	0,	0,	0,	'2019-04-16 21:05:53',	'2019-04-16 21:05:53',	NULL),
(217,	217,	1,	1,	1,	'NUR JIHAN RAMLI',	'3024',	NULL,	'820215065332',	NULL,	NULL,	NULL,	NULL,	NULL,	NULL,	NULL,	NULL,	NULL,	NULL,	'nurjihan@mpc.gov.my',	'0',	NULL,	8,	6,	18,	NULL,	33,	1,	1,	0,	NULL,	NULL,	NULL,	NULL,	NULL,	NULL,	NULL,	NULL,	NULL,	NULL,	NULL,	0,	0,	0,	'2019-03-29 10:11:45',	'2019-03-29 10:11:45',	NULL),
(218,	218,	1,	1,	1,	'NUR \'AMIRAH SHAABAN',	'3146',	NULL,	'911229075316',	NULL,	NULL,	NULL,	NULL,	NULL,	NULL,	NULL,	NULL,	NULL,	NULL,	'nuramirah@mpc.gov.my',	'0',	NULL,	3,	14,	18,	NULL,	129,	1,	1,	0,	NULL,	NULL,	NULL,	NULL,	NULL,	NULL,	NULL,	NULL,	NULL,	NULL,	NULL,	0,	0,	0,	'2019-03-29 10:11:45',	'2019-03-29 10:11:45',	NULL),
(219,	219,	1,	1,	1,	'NUR FAIZAH TASMAN',	'1554',	'',	'820719015320',	'',	'',	'',	'',	NULL,	NULL,	NULL,	'0133759729',	NULL,	NULL,	'nurfaizah@mpc.gov.my',	'0',	NULL,	3,	27,	3,	NULL,	40,	1,	1,	0,	NULL,	NULL,	NULL,	NULL,	NULL,	NULL,	NULL,	NULL,	NULL,	NULL,	NULL,	0,	0,	0,	'2020-10-28 08:17:42',	'2020-10-28 08:17:42',	NULL),
(220,	220,	1,	1,	1,	'NUR FATIMAH MOHD ZAKI',	'1588',	'',	'890703085766',	'',	'B-28-11',	'Ppam Metropolitan',	'Jalan Lingkaran Tengah Mrr2',	'52100',	1561,	4,	'01110190313',	NULL,	NULL,	'nurfatimah@mpc.gov.my',	'0',	NULL,	4,	27,	3,	NULL,	262,	1,	1,	0,	NULL,	NULL,	NULL,	NULL,	NULL,	NULL,	NULL,	NULL,	NULL,	NULL,	NULL,	0,	0,	0,	'2020-10-15 00:22:19',	'2020-10-15 00:22:19',	NULL),
(221,	221,	1,	1,	1,	'NUR HAFIZAH HALIMUDDIN',	'3038',	'',	'830829145870',	'',	'',	'',	'',	NULL,	NULL,	NULL,	NULL,	NULL,	NULL,	'nurhafizah@mpc.gov.my',	'0',	NULL,	12,	12,	18,	NULL,	255,	1,	1,	0,	NULL,	NULL,	NULL,	NULL,	NULL,	NULL,	NULL,	NULL,	NULL,	NULL,	NULL,	0,	0,	0,	'2019-04-16 12:29:32',	'2019-04-16 12:29:32',	NULL),
(222,	222,	1,	1,	1,	'NUR HANIM ABD GHANI',	'1463',	'',	'760301145732',	'',	'',	'',	'',	NULL,	NULL,	NULL,	NULL,	NULL,	NULL,	'hanim@mpc.gov.my',	'0',	NULL,	7,	19,	5,	NULL,	263,	1,	1,	0,	NULL,	NULL,	NULL,	NULL,	NULL,	NULL,	NULL,	NULL,	NULL,	NULL,	NULL,	0,	0,	0,	'2020-10-15 08:58:13',	'2020-10-15 08:58:13',	NULL),
(223,	223,	1,	1,	1,	'NUR RAFIDAH ZULKIFLI',	'1615',	'',	'880707086492',	'',	'',	'',	'',	NULL,	NULL,	NULL,	NULL,	NULL,	NULL,	'nurrafidah@mpc.gov.my',	'0',	NULL,	9,	27,	3,	NULL,	99,	1,	1,	0,	NULL,	NULL,	NULL,	NULL,	NULL,	NULL,	NULL,	NULL,	NULL,	NULL,	NULL,	0,	0,	0,	'2020-11-05 04:08:09',	'2020-11-05 04:08:09',	NULL),
(224,	224,	1,	1,	1,	'NUR SULIA SAARI',	'1502',	NULL,	'830512145776',	NULL,	NULL,	NULL,	NULL,	NULL,	NULL,	NULL,	NULL,	NULL,	NULL,	'sulia@mpc.gov.my',	'0',	NULL,	3,	18,	4,	NULL,	129,	1,	1,	0,	NULL,	NULL,	NULL,	NULL,	NULL,	NULL,	NULL,	NULL,	NULL,	NULL,	NULL,	0,	0,	0,	'2019-03-29 10:11:45',	'2019-03-29 10:11:45',	NULL),
(225,	225,	1,	1,	1,	'NUR SYAFINA ANUAR',	'1522',	'',	'830628105688',	'',	'',	'',	'',	NULL,	NULL,	NULL,	NULL,	NULL,	NULL,	'syafina@mpc.gov.my',	'0',	NULL,	4,	27,	3,	NULL,	285,	1,	1,	0,	NULL,	NULL,	NULL,	NULL,	NULL,	NULL,	NULL,	NULL,	NULL,	NULL,	NULL,	0,	0,	0,	'2020-10-16 00:57:43',	'2020-10-16 00:57:43',	NULL),
(226,	226,	1,	1,	1,	'NUR SYAHRINA MUHAMAD NOR',	'1557',	NULL,	'830726146360',	NULL,	NULL,	NULL,	NULL,	NULL,	NULL,	NULL,	NULL,	NULL,	NULL,	'syahrina@mpc.gov.my',	'0',	NULL,	7,	27,	3,	NULL,	216,	1,	1,	0,	NULL,	NULL,	NULL,	NULL,	NULL,	NULL,	NULL,	NULL,	NULL,	NULL,	NULL,	0,	0,	0,	'2019-03-29 10:11:45',	'2019-03-29 10:11:45',	NULL),
(227,	227,	1,	1,	1,	'NURAIZAH HARUN @ HARRON',	'1578',	'MH32119482',	'831217015586',	'',	'',	'',	'',	NULL,	NULL,	NULL,	'0173872284',	NULL,	NULL,	'nuraizah@mpc.gov.my',	'0',	NULL,	6,	27,	3,	NULL,	307,	1,	1,	0,	NULL,	NULL,	NULL,	NULL,	NULL,	NULL,	NULL,	NULL,	NULL,	NULL,	NULL,	0,	0,	0,	'2019-11-22 14:53:53',	'2019-11-22 14:53:53',	NULL),
(228,	228,	1,	1,	1,	'NURFAYUNIE PAKHRURURZI',	'1647',	'',	'880219145668',	'',	'',	'',	'',	NULL,	NULL,	NULL,	'0132956444',	NULL,	NULL,	'nurfayunie@mpc.gov.my',	'0',	NULL,	3,	27,	3,	NULL,	77,	1,	1,	0,	NULL,	NULL,	NULL,	NULL,	NULL,	NULL,	NULL,	NULL,	NULL,	NULL,	NULL,	0,	0,	0,	'2020-10-14 11:43:47',	'2020-10-14 11:43:47',	NULL),
(229,	229,	1,	1,	1,	'NURFAZILA HAJI ZULAIHI',	'1605',	'',	'900802136836',	'',	'',	'',	'',	NULL,	NULL,	NULL,	NULL,	NULL,	NULL,	'nurfazila@mpc.gov.my',	'0',	NULL,	11,	27,	3,	NULL,	264,	1,	1,	0,	NULL,	NULL,	NULL,	NULL,	NULL,	NULL,	NULL,	NULL,	NULL,	NULL,	NULL,	0,	0,	0,	'2019-08-19 12:55:23',	'2019-08-19 12:55:23',	NULL),
(230,	230,	1,	1,	1,	'NURSYAHIDA MUHAMAD ASZAHARI',	'3121',	NULL,	'890921146168',	NULL,	NULL,	NULL,	NULL,	NULL,	NULL,	NULL,	NULL,	NULL,	NULL,	'nursyahida@mpc.gov.my',	'0',	NULL,	9,	27,	3,	NULL,	99,	1,	1,	0,	NULL,	NULL,	NULL,	NULL,	NULL,	NULL,	NULL,	NULL,	NULL,	NULL,	NULL,	0,	0,	0,	'2019-03-29 10:11:45',	'2019-03-29 10:11:45',	NULL),
(231,	231,	1,	1,	1,	'NURUL AIN ALIA  ABDULLAH ZAWAWI',	'1583',	NULL,	'860805435694',	NULL,	NULL,	NULL,	NULL,	NULL,	NULL,	NULL,	NULL,	NULL,	NULL,	'alia@mpc.gov.my',	'0',	NULL,	6,	27,	3,	NULL,	307,	1,	1,	0,	NULL,	NULL,	NULL,	NULL,	NULL,	NULL,	NULL,	NULL,	NULL,	NULL,	NULL,	0,	0,	0,	'2019-03-29 10:11:45',	'2019-03-29 10:11:45',	NULL),
(232,	232,	1,	1,	1,	'NURUL FARAHATON NAJIHAN JUSOH',	'1634',	NULL,	'900430115822',	NULL,	NULL,	NULL,	NULL,	NULL,	NULL,	NULL,	NULL,	NULL,	NULL,	'farahaton@mpc.gov.my',	'0',	NULL,	6,	27,	3,	NULL,	39,	1,	1,	0,	NULL,	NULL,	NULL,	NULL,	NULL,	NULL,	NULL,	NULL,	NULL,	NULL,	NULL,	0,	0,	0,	'2019-03-29 10:11:45',	'2019-03-29 10:11:45',	NULL),
(233,	233,	1,	1,	1,	'NURUL FATIHAH BINTI MOHD AZLAN',	'1576',	'',	'860509295922',	'',	'224, Jalan Laman Azalea 3/3,',	'Laman Azalea, Nilai Impian,',	'',	'71800',	1794,	7,	'+60129371650',	NULL,	NULL,	'fatihahazlan14@gmail.com',	'0',	NULL,	6,	27,	3,	NULL,	58,	1,	1,	0,	NULL,	NULL,	NULL,	NULL,	NULL,	NULL,	NULL,	NULL,	NULL,	NULL,	NULL,	0,	0,	0,	'2020-12-09 04:45:32',	'2020-12-09 04:45:32',	NULL),
(234,	234,	1,	1,	1,	'NURUL NADIA ZAINAL ADNAN',	'3133',	NULL,	'870825565508',	NULL,	NULL,	NULL,	NULL,	NULL,	NULL,	NULL,	NULL,	NULL,	NULL,	'nurulnadia@mpc.gov.my',	'0',	NULL,	1,	12,	18,	NULL,	79,	1,	1,	0,	NULL,	NULL,	NULL,	NULL,	NULL,	NULL,	NULL,	NULL,	NULL,	NULL,	NULL,	0,	0,	0,	'2019-03-29 10:11:45',	'2019-03-29 10:11:45',	NULL),
(235,	235,	1,	1,	1,	'NURUL SAZRINA MOHD SHUKOR',	'1520',	'',	'830322105028',	'',	'',	'',	'',	NULL,	NULL,	NULL,	NULL,	NULL,	NULL,	'sazrina@mpc.gov.my',	'0',	NULL,	5,	29,	26,	NULL,	299,	1,	1,	0,	NULL,	NULL,	NULL,	NULL,	NULL,	NULL,	NULL,	NULL,	NULL,	NULL,	NULL,	0,	0,	0,	'2020-11-07 04:16:10',	'2020-11-07 04:16:10',	NULL),
(236,	236,	1,	1,	1,	'NURUL SYAMIMI ISMAIL',	'1574',	'',	'850926035516',	'',	'',	'',	'',	'47610',	1323,	14,	'0196635516',	NULL,	NULL,	'syamimi@mpc.gov.my',	'0',	NULL,	6,	27,	3,	NULL,	287,	1,	1,	0,	NULL,	NULL,	NULL,	NULL,	NULL,	NULL,	NULL,	NULL,	NULL,	NULL,	NULL,	0,	0,	0,	'2020-10-15 03:14:34',	'2020-10-15 03:14:34',	NULL),
(237,	237,	1,	1,	1,	'NURZARINA JAAFAR',	'2992',	'',	'800509075538',	'',	'',	'',	'',	NULL,	NULL,	NULL,	NULL,	NULL,	NULL,	'nurzarina@mpc.gov.my',	'0',	NULL,	9,	30,	22,	NULL,	99,	1,	1,	0,	NULL,	NULL,	NULL,	NULL,	NULL,	NULL,	NULL,	NULL,	NULL,	NULL,	NULL,	0,	0,	0,	'2019-04-16 12:20:43',	'2019-04-16 12:20:43',	NULL),
(238,	238,	1,	1,	1,	'OMI KALSOM OSMAN',	'2060',	NULL,	'590905085292',	NULL,	NULL,	NULL,	NULL,	NULL,	NULL,	NULL,	NULL,	NULL,	NULL,	'omi@mpc.gov.my',	'0',	NULL,	5,	14,	20,	NULL,	36,	1,	1,	0,	NULL,	NULL,	NULL,	NULL,	NULL,	NULL,	NULL,	NULL,	NULL,	NULL,	NULL,	0,	0,	0,	'2019-03-29 10:11:45',	'2019-03-29 10:11:45',	NULL),
(239,	239,	1,	1,	1,	'OSMAN ZAIDAN',	'2996',	'',	'680925135225',	'',	'',	'',	'',	NULL,	NULL,	NULL,	NULL,	NULL,	NULL,	'osmanzaidan@mpc.gov.my',	'0',	NULL,	11,	7,	9,	NULL,	264,	1,	1,	0,	NULL,	NULL,	NULL,	NULL,	NULL,	NULL,	NULL,	NULL,	NULL,	NULL,	NULL,	0,	0,	0,	'2019-08-19 13:35:16',	'2019-08-19 13:35:16',	NULL),
(240,	240,	1,	1,	1,	'RABIATUL HANA ISHAK',	'1610',	'310360562',	'901211146770',	'',	'',	'',	'',	NULL,	NULL,	NULL,	'0147169285',	NULL,	NULL,	'rabiatulhana@mpc.gov.my',	'0',	NULL,	4,	27,	3,	NULL,	304,	1,	1,	0,	NULL,	NULL,	NULL,	NULL,	NULL,	NULL,	NULL,	NULL,	NULL,	NULL,	NULL,	0,	0,	0,	'2019-09-26 14:23:28',	'2019-09-26 14:23:28',	NULL),
(241,	241,	1,	1,	1,	'RAHAYU ABD. RAHMAN',	'3085',	'',	'821114115518',	'',	'',	'',	'',	NULL,	NULL,	NULL,	NULL,	NULL,	NULL,	'rahayur@mpc.gov.my',	'0',	NULL,	8,	14,	18,	NULL,	120,	1,	1,	0,	NULL,	NULL,	NULL,	NULL,	NULL,	NULL,	NULL,	NULL,	NULL,	NULL,	NULL,	0,	0,	0,	'2020-11-18 04:21:17',	'2020-11-18 04:21:17',	NULL),
(242,	242,	1,	1,	1,	'DR. RAHMAT MD. SMAIL',	'1186',	'',	'600302045271',	'',	'',	'',	'',	NULL,	NULL,	NULL,	NULL,	NULL,	NULL,	'rahmat@mpc.gov.my',	'0',	NULL,	2,	17,	7,	NULL,	129,	1,	1,	0,	NULL,	NULL,	NULL,	NULL,	NULL,	NULL,	NULL,	NULL,	NULL,	NULL,	NULL,	0,	0,	0,	'2019-04-16 21:07:48',	'2019-04-16 21:07:48',	NULL),
(243,	243,	1,	1,	1,	'RAINAH OSMAN',	'3020',	'',	'731111125252',	'',	'',	'',	'',	NULL,	NULL,	NULL,	NULL,	NULL,	NULL,	'rainah@mpc.gov.my',	'0',	NULL,	10,	6,	18,	NULL,	41,	1,	1,	0,	NULL,	NULL,	NULL,	NULL,	NULL,	NULL,	NULL,	NULL,	NULL,	NULL,	NULL,	0,	0,	0,	'2020-01-23 19:29:15',	'2020-01-23 19:29:15',	NULL),
(244,	244,	1,	1,	1,	'RAJA AINUL BISMI RAJA ABD. HADI',	'1509',	NULL,	'831026086234',	NULL,	NULL,	NULL,	NULL,	NULL,	NULL,	NULL,	NULL,	NULL,	NULL,	'rajaainul@mpc.gov.my',	'0',	NULL,	1,	18,	4,	NULL,	79,	1,	1,	0,	NULL,	NULL,	NULL,	NULL,	NULL,	NULL,	NULL,	NULL,	NULL,	NULL,	NULL,	0,	0,	0,	'2019-03-29 10:11:45',	'2019-03-29 10:11:45',	NULL),
(245,	245,	1,	1,	1,	'RAMALE YUSOFF',	'2146',	NULL,	'640510035445',	NULL,	NULL,	NULL,	NULL,	NULL,	NULL,	NULL,	NULL,	NULL,	NULL,	'ramale@mpc.gov.my',	'0',	NULL,	5,	10,	16,	NULL,	36,	1,	1,	0,	NULL,	NULL,	NULL,	NULL,	NULL,	NULL,	NULL,	NULL,	NULL,	NULL,	NULL,	0,	0,	0,	'2019-03-29 10:11:45',	'2019-03-29 10:11:45',	NULL),
(246,	246,	1,	1,	1,	'RAMLAN SAINAN',	'2067',	NULL,	'610228105027',	NULL,	NULL,	NULL,	NULL,	NULL,	NULL,	NULL,	NULL,	NULL,	NULL,	'ramlan@mpc.gov.my',	'0',	NULL,	2,	10,	17,	NULL,	242,	1,	1,	0,	NULL,	NULL,	NULL,	NULL,	NULL,	NULL,	NULL,	NULL,	NULL,	NULL,	NULL,	0,	0,	0,	'2019-03-29 10:11:45',	'2019-03-29 10:11:45',	NULL),
(247,	247,	1,	1,	1,	'ROSELEENA HASHIM',	'1306',	'069415032',	'650318035284',	'A40195054',	'No 38 Jalan Pjs 10/3',	'Taman Subang Indah',	'Petaling Jaya',	'46100',	1237,	14,	'0192648143',	NULL,	NULL,	'leena@mpc.gov.my',	'0',	NULL,	3,	33,	6,	NULL,	9,	1,	1,	0,	NULL,	NULL,	NULL,	NULL,	NULL,	NULL,	NULL,	NULL,	NULL,	NULL,	NULL,	0,	0,	0,	'2020-11-30 00:30:13',	'2020-11-30 00:30:13',	NULL),
(248,	248,	1,	1,	1,	'ROSLAH MD YUSOF',	'2105',	NULL,	'610210105328',	NULL,	NULL,	NULL,	NULL,	NULL,	NULL,	NULL,	NULL,	NULL,	NULL,	'roslah@mpc.gov.my',	'0',	NULL,	6,	31,	23,	NULL,	78,	1,	1,	0,	NULL,	NULL,	NULL,	NULL,	NULL,	NULL,	NULL,	NULL,	NULL,	NULL,	NULL,	0,	0,	0,	'2019-03-29 10:11:45',	'2019-03-29 10:11:45',	NULL),
(249,	249,	1,	1,	1,	'ROSLI MAT DOM',	'2098',	'',	'610314055177',	'',	'',	'',	'',	NULL,	NULL,	NULL,	NULL,	NULL,	NULL,	'rosli@mpc.gov.my',	'0',	NULL,	1,	14,	20,	NULL,	297,	1,	1,	0,	NULL,	NULL,	NULL,	NULL,	NULL,	NULL,	NULL,	NULL,	NULL,	NULL,	NULL,	0,	0,	0,	'2020-02-14 01:58:34',	'2020-02-14 01:58:34',	NULL),
(250,	250,	1,	1,	1,	'ROSLINDA ABDUL HAMID',	'1493',	NULL,	'770706065860',	NULL,	NULL,	NULL,	NULL,	NULL,	NULL,	NULL,	NULL,	NULL,	NULL,	'lynda@mpc.gov.my',	'0',	NULL,	7,	27,	3,	NULL,	141,	1,	1,	0,	NULL,	NULL,	NULL,	NULL,	NULL,	NULL,	NULL,	NULL,	NULL,	NULL,	NULL,	0,	0,	0,	'2019-03-29 10:11:45',	'2019-03-29 10:11:45',	NULL),
(251,	251,	1,	1,	1,	'ROSLINDA AHMAD',	'2977',	NULL,	'780922105002',	NULL,	NULL,	NULL,	NULL,	NULL,	NULL,	NULL,	NULL,	NULL,	NULL,	'roslinda@mpc.gov.my',	'0',	NULL,	7,	30,	22,	NULL,	264,	1,	1,	0,	NULL,	NULL,	NULL,	NULL,	NULL,	NULL,	NULL,	NULL,	NULL,	NULL,	NULL,	0,	0,	0,	'2019-03-29 10:11:45',	'2019-03-29 10:11:45',	NULL),
(252,	252,	1,	1,	1,	'ROSMI  ABDULLAH',	'1274',	'301713860',	'630525035473',	'A51286075',	'',	'',	'',	NULL,	NULL,	NULL,	NULL,	NULL,	NULL,	'rosmi@mpc.gov.my',	'0',	NULL,	7,	17,	7,	NULL,	307,	1,	1,	0,	NULL,	NULL,	NULL,	NULL,	NULL,	NULL,	NULL,	NULL,	NULL,	NULL,	NULL,	0,	0,	0,	'2020-11-02 10:57:54',	'2020-11-02 10:57:54',	NULL),
(253,	253,	1,	1,	1,	'ROSMIZA ROSLY',	'1374',	'',	'721031065086',	'',	'',	'',	'',	NULL,	NULL,	NULL,	'0192251114',	NULL,	NULL,	'iza@mpc.gov.my',	'0',	NULL,	6,	19,	5,	NULL,	303,	1,	1,	0,	NULL,	NULL,	NULL,	NULL,	NULL,	NULL,	NULL,	NULL,	NULL,	NULL,	NULL,	0,	0,	0,	'2020-10-15 05:07:35',	'2020-10-15 05:07:35',	NULL),
(254,	254,	1,	1,	1,	'ROSNIWATI ABDULLAH',	'2783',	NULL,	'760405075492',	NULL,	NULL,	NULL,	NULL,	NULL,	NULL,	NULL,	NULL,	NULL,	NULL,	'rosniwati@mpc.gov.my',	'0',	NULL,	1,	6,	18,	NULL,	79,	1,	1,	0,	NULL,	NULL,	NULL,	NULL,	NULL,	NULL,	NULL,	NULL,	NULL,	NULL,	NULL,	0,	0,	0,	'2019-03-29 10:11:45',	'2019-03-29 10:11:45',	NULL),
(255,	255,	1,	1,	1,	'ROZIANA OTHMAN',	'1289',	'',	'660928015060',	'',	'',	'',	'',	NULL,	NULL,	NULL,	NULL,	NULL,	NULL,	'ogie@mpc.gov.my',	'0',	NULL,	12,	33,	6,	NULL,	66,	1,	1,	0,	NULL,	NULL,	NULL,	NULL,	NULL,	NULL,	NULL,	NULL,	NULL,	NULL,	NULL,	0,	0,	0,	'2019-04-18 13:28:01',	'2019-04-18 13:28:01',	NULL),
(256,	256,	1,	1,	1,	'ROZITAH MA\'AL',	'1400',	'',	'730323145672',	'',	'',	'',	'',	NULL,	NULL,	NULL,	'0192152550',	NULL,	NULL,	'rozitah@mpc.gov.my',	'0',	NULL,	6,	19,	5,	NULL,	67,	1,	1,	0,	NULL,	NULL,	NULL,	NULL,	NULL,	NULL,	NULL,	NULL,	NULL,	NULL,	NULL,	0,	0,	0,	'2020-11-04 02:13:16',	'2020-11-04 02:13:16',	NULL),
(257,	257,	1,	1,	1,	'RUSDI MUDA',	'1312',	'',	'650803035157',	'',	'',	'',	'',	NULL,	NULL,	NULL,	NULL,	NULL,	NULL,	'rusdi@mpc.gov.my',	'0',	NULL,	8,	19,	5,	NULL,	33,	1,	1,	0,	NULL,	NULL,	NULL,	NULL,	NULL,	NULL,	NULL,	NULL,	NULL,	NULL,	NULL,	0,	0,	0,	'2019-07-03 13:04:02',	'2019-07-03 13:04:02',	NULL),
(258,	258,	1,	1,	1,	'SABRI HASAN',	'1458',	'',	'750708035595',	'',	'',	'',	'',	NULL,	NULL,	NULL,	NULL,	NULL,	NULL,	'sabri@mpc.gov.my',	'0',	NULL,	2,	18,	4,	NULL,	252,	1,	1,	0,	NULL,	NULL,	NULL,	NULL,	NULL,	NULL,	NULL,	NULL,	NULL,	NULL,	NULL,	0,	0,	0,	'2019-04-16 20:45:20',	'2019-04-16 20:45:20',	NULL),
(259,	259,	1,	1,	1,	'SAFARWAN BIN MOHD SUHAIMI',	'1596',	'310673215',	'890306146107',	'',	'',	'',	'',	NULL,	NULL,	NULL,	'0194434801',	NULL,	NULL,	'safarwan@mpc.gov.my',	'0',	NULL,	4,	27,	3,	NULL,	225,	1,	1,	0,	NULL,	NULL,	NULL,	NULL,	NULL,	NULL,	NULL,	NULL,	NULL,	NULL,	NULL,	0,	0,	0,	'2020-12-02 03:24:07',	'2020-12-02 03:24:07',	NULL),
(260,	260,	1,	1,	1,	'SAFIAH MITRI',	'3080',	NULL,	'830413125884',	NULL,	NULL,	NULL,	NULL,	NULL,	NULL,	NULL,	NULL,	NULL,	NULL,	'safiah@mpc.gov.my',	'0',	NULL,	3,	15,	18,	NULL,	129,	1,	1,	0,	NULL,	NULL,	NULL,	NULL,	NULL,	NULL,	NULL,	NULL,	NULL,	NULL,	NULL,	0,	0,	0,	'2019-03-29 10:11:45',	'2019-03-29 10:11:45',	NULL),
(261,	261,	1,	1,	1,	'SAFNIWATI JASRI',	'1392',	'',	'760217715026',	'',	'',	'',	'',	NULL,	NULL,	NULL,	NULL,	NULL,	NULL,	'safniwati@mpc.gov.my',	'0',	NULL,	7,	19,	5,	NULL,	263,	1,	1,	0,	NULL,	NULL,	NULL,	NULL,	NULL,	NULL,	NULL,	NULL,	NULL,	NULL,	NULL,	0,	0,	0,	'2020-10-16 07:47:34',	'2020-10-16 07:47:34',	NULL),
(262,	262,	1,	1,	1,	'SAFURA ABDUL MALEK',	'1579',	'MH08064589',	'860904525900',	'',	'',	'',	'',	NULL,	NULL,	NULL,	'0128920999',	NULL,	NULL,	'safura@mpc.gov.my',	'0',	NULL,	4,	18,	4,	NULL,	285,	1,	1,	0,	NULL,	NULL,	NULL,	NULL,	NULL,	NULL,	NULL,	NULL,	NULL,	NULL,	NULL,	0,	0,	0,	'2020-10-15 00:21:22',	'2020-10-15 00:21:22',	NULL),
(263,	263,	1,	1,	1,	'SALIZA SAARI',	'1415',	'',	'770801066220',	'',	'',	'',	'',	NULL,	NULL,	NULL,	NULL,	NULL,	NULL,	'saliza@mpc.gov.my',	'0',	NULL,	2,	33,	6,	NULL,	307,	1,	1,	0,	NULL,	NULL,	NULL,	NULL,	NULL,	NULL,	NULL,	NULL,	NULL,	NULL,	NULL,	0,	0,	0,	'2020-11-02 10:59:17',	'2020-11-02 10:59:17',	NULL),
(264,	264,	1,	1,	1,	'SARIMAH MISMAN',	'1311',	'',	'640414107066',	'',	'61,jalan Kp 2/15 Seksyen 2',	'Taman Kota Perdana',	'Bandar Putra Permai',	NULL,	NULL,	NULL,	'0196291662',	NULL,	NULL,	'sarimah@mpc.gov.my',	'0',	NULL,	11,	17,	7,	NULL,	307,	1,	1,	0,	NULL,	NULL,	NULL,	NULL,	NULL,	NULL,	NULL,	NULL,	NULL,	NULL,	NULL,	0,	0,	0,	'2020-10-28 09:52:51',	'2020-10-28 09:52:51',	NULL),
(265,	265,	1,	1,	1,	'SAWIAH ABDUL SAMAD',	'1339',	'303487660',	'680101045120',	'',	'',	'',	'',	NULL,	NULL,	NULL,	'0183814621',	NULL,	NULL,	'sawiah@mpc.gov.my',	'0',	NULL,	6,	33,	6,	NULL,	307,	1,	1,	0,	NULL,	NULL,	NULL,	NULL,	NULL,	NULL,	NULL,	NULL,	NULL,	NULL,	NULL,	0,	0,	0,	'2019-11-25 19:31:56',	'2019-11-25 19:31:56',	NULL),
(266,	266,	1,	1,	1,	'SEMAWI ZAKARIA',	'1370',	NULL,	'630328085527',	NULL,	NULL,	NULL,	NULL,	NULL,	NULL,	NULL,	NULL,	NULL,	NULL,	'semawi@mpc.gov.my',	'0',	NULL,	2,	18,	4,	NULL,	242,	1,	1,	0,	NULL,	NULL,	NULL,	NULL,	NULL,	NULL,	NULL,	NULL,	NULL,	NULL,	NULL,	0,	0,	0,	'2019-03-29 10:11:45',	'2019-03-29 10:11:45',	NULL),
(267,	267,	1,	1,	1,	'SHAFIRUL IZWAR SAAD',	'2999',	NULL,	'810418025235',	NULL,	NULL,	NULL,	NULL,	NULL,	NULL,	NULL,	NULL,	NULL,	NULL,	'shafirul@mpc.gov.my',	'0',	NULL,	9,	14,	18,	NULL,	99,	1,	1,	0,	NULL,	NULL,	NULL,	NULL,	NULL,	NULL,	NULL,	NULL,	NULL,	NULL,	NULL,	0,	0,	0,	'2019-03-29 10:11:45',	'2019-03-29 10:11:45',	NULL),
(268,	268,	1,	1,	1,	'SHAHIDAH SAMSUDIN',	'1558',	NULL,	'820526145858',	NULL,	NULL,	NULL,	NULL,	NULL,	NULL,	NULL,	NULL,	NULL,	NULL,	'shahidah@mpc.gov.my',	'0',	NULL,	4,	27,	3,	NULL,	304,	1,	1,	0,	NULL,	NULL,	NULL,	NULL,	NULL,	NULL,	NULL,	NULL,	NULL,	NULL,	NULL,	0,	0,	0,	'2019-03-29 10:11:45',	'2019-03-29 10:11:45',	NULL),
(269,	269,	1,	1,	1,	'SHAHRIZA BAHARI',	'1428',	NULL,	'751226145016',	NULL,	NULL,	NULL,	NULL,	NULL,	NULL,	NULL,	NULL,	NULL,	NULL,	'shahriza@mpc.gov.my',	'0',	NULL,	6,	18,	4,	NULL,	39,	1,	1,	0,	NULL,	NULL,	NULL,	NULL,	NULL,	NULL,	NULL,	NULL,	NULL,	NULL,	NULL,	0,	0,	0,	'2019-03-29 10:11:45',	'2019-03-29 10:11:45',	NULL),
(270,	270,	1,	1,	1,	'DR. SHAIK ROSLINAH BUX',	'1320',	'',	'630619106404',	'',	'',	'',	'',	NULL,	NULL,	NULL,	NULL,	NULL,	NULL,	'roslinahbux@mpc.gov.my',	'0',	NULL,	4,	33,	6,	NULL,	304,	1,	1,	0,	NULL,	NULL,	NULL,	NULL,	NULL,	NULL,	NULL,	NULL,	NULL,	NULL,	NULL,	0,	0,	0,	'2019-04-16 20:46:27',	'2019-04-16 20:46:27',	NULL),
(271,	271,	1,	1,	1,	'SHANTHINI TAMADORAM',	'1592',	'',	'800528145896',	'',	'No 7, Jalan Anggerik Aranda 31/171',	'',	'',	'40460',	1084,	14,	'0122880144',	NULL,	NULL,	'shanthini@mpc.gov.my',	'0',	NULL,	6,	27,	3,	NULL,	108,	1,	1,	0,	NULL,	NULL,	NULL,	NULL,	NULL,	NULL,	NULL,	NULL,	NULL,	NULL,	NULL,	0,	0,	0,	'2020-10-15 09:26:48',	'2020-10-15 09:26:48',	NULL),
(272,	272,	1,	1,	1,	'SHARIPAH MAZINA SYED MOHAMMED',	'1322',	NULL,	'660228035028',	NULL,	NULL,	NULL,	NULL,	NULL,	NULL,	NULL,	NULL,	NULL,	NULL,	'sharipah@mpc.gov.my',	'0',	NULL,	1,	19,	5,	NULL,	79,	1,	1,	0,	NULL,	NULL,	NULL,	NULL,	NULL,	NULL,	NULL,	NULL,	NULL,	NULL,	NULL,	0,	0,	0,	'2019-03-29 10:11:45',	'2019-03-29 10:11:45',	NULL),
(273,	273,	1,	1,	1,	'SHARIZAL SAMSUDIN',	'2978',	NULL,	'800809085025',	NULL,	NULL,	NULL,	NULL,	NULL,	NULL,	NULL,	NULL,	NULL,	NULL,	'sharizal@mpc.gov.my',	'0',	NULL,	5,	10,	16,	NULL,	36,	1,	1,	0,	NULL,	NULL,	NULL,	NULL,	NULL,	NULL,	NULL,	NULL,	NULL,	NULL,	NULL,	0,	0,	0,	'2019-03-29 10:11:45',	'2019-03-29 10:11:45',	NULL),
(274,	274,	1,	1,	1,	'SHEZLINA ZAKARIA',	'1377',	'',	'720408025822',	'',	'',	'',	'',	NULL,	NULL,	NULL,	NULL,	NULL,	NULL,	'shez@mpc.gov.my',	'0',	NULL,	1,	33,	6,	NULL,	79,	1,	1,	0,	NULL,	NULL,	NULL,	NULL,	NULL,	NULL,	NULL,	NULL,	NULL,	NULL,	NULL,	0,	0,	0,	'2019-04-16 20:46:57',	'2019-04-16 20:46:57',	NULL),
(275,	275,	1,	1,	1,	'SITI ASLINDAH AHMAD',	'3054',	'MH30296361',	'830813125234',	'',	'',	'',	'',	NULL,	NULL,	NULL,	NULL,	NULL,	NULL,	'sitiaslindah@mpc.gov.my',	'0',	NULL,	5,	15,	18,	NULL,	298,	1,	1,	0,	NULL,	NULL,	NULL,	NULL,	NULL,	NULL,	NULL,	NULL,	NULL,	NULL,	NULL,	0,	0,	0,	'2020-11-05 04:05:28',	'2020-11-05 04:05:28',	NULL),
(276,	276,	1,	1,	1,	'SITI RAHAYU MD. DESA',	'3052',	'',	'750514075062',	'',	'',	'',	'',	NULL,	NULL,	NULL,	NULL,	NULL,	NULL,	'rahayu@mpc.gov.my',	'0',	NULL,	5,	14,	19,	NULL,	299,	1,	1,	0,	NULL,	NULL,	NULL,	NULL,	NULL,	NULL,	NULL,	NULL,	NULL,	NULL,	NULL,	0,	0,	0,	'2020-12-22 02:28:37',	'2020-12-22 02:28:37',	NULL),
(277,	277,	1,	1,	1,	'SITI RAWAIDA SHARIFF',	'3076',	'',	'840604075284',	'',	'',	'',	'',	NULL,	NULL,	NULL,	NULL,	NULL,	NULL,	'rawaida@mpc.gov.my',	'0',	NULL,	5,	21,	27,	NULL,	299,	1,	1,	0,	NULL,	NULL,	NULL,	NULL,	NULL,	NULL,	NULL,	NULL,	NULL,	NULL,	NULL,	0,	0,	0,	'2020-11-19 01:15:25',	'2020-11-19 01:15:25',	NULL),
(278,	278,	1,	1,	1,	'SITI SAKINAH MOHD ZAKI',	'1654',	'',	'890129035608',	'',	'',	'',	'',	NULL,	NULL,	NULL,	NULL,	NULL,	NULL,	'sakinah@mpc.gov.my',	'0',	NULL,	6,	27,	3,	NULL,	314,	1,	1,	0,	NULL,	NULL,	NULL,	NULL,	NULL,	NULL,	NULL,	NULL,	NULL,	NULL,	NULL,	0,	0,	0,	'2020-11-13 03:32:27',	'2020-11-13 03:32:27',	NULL),
(279,	279,	1,	1,	1,	'SITI SALIA AZIZAN',	'1562',	'',	'770502025592',	'',	'',	'',	'',	NULL,	NULL,	NULL,	NULL,	NULL,	NULL,	'salia@mpc.gov.my',	'0',	NULL,	5,	2,	28,	NULL,	299,	1,	1,	0,	NULL,	NULL,	NULL,	NULL,	NULL,	NULL,	NULL,	NULL,	NULL,	NULL,	NULL,	0,	0,	0,	'2020-12-07 04:32:36',	'2020-12-07 04:32:36',	NULL),
(280,	280,	1,	1,	1,	'SITI SALMIAH YAHAYA',	'2135',	NULL,	'641101065170',	NULL,	NULL,	NULL,	NULL,	NULL,	NULL,	NULL,	NULL,	NULL,	NULL,	'siti@mpc.gov.my',	'0',	NULL,	5,	14,	19,	NULL,	36,	1,	1,	0,	NULL,	NULL,	NULL,	NULL,	NULL,	NULL,	NULL,	NULL,	NULL,	NULL,	NULL,	0,	0,	0,	'2019-03-29 10:11:45',	'2019-03-29 10:11:45',	NULL),
(281,	281,	1,	1,	1,	'SITI SYAFIQAH AHMAD',	'1586',	'MH31045616',	'891122146000',	'A50377080',	'',	'',	'',	NULL,	NULL,	NULL,	'0184066193',	NULL,	NULL,	'syafiqah@mpc.gov.my',	'0',	NULL,	3,	27,	3,	NULL,	247,	1,	1,	0,	NULL,	NULL,	NULL,	NULL,	NULL,	NULL,	NULL,	NULL,	NULL,	NULL,	NULL,	0,	0,	0,	'2020-10-15 04:44:44',	'2020-10-15 04:44:44',	NULL),
(282,	282,	1,	1,	1,	'SITI ZAHARAH MOHAMED',	'3039',	NULL,	'860913235390',	NULL,	NULL,	NULL,	NULL,	NULL,	NULL,	NULL,	NULL,	NULL,	NULL,	'zaharah@mpc.gov.my',	'0',	NULL,	5,	6,	18,	NULL,	36,	1,	1,	0,	NULL,	NULL,	NULL,	NULL,	NULL,	NULL,	NULL,	NULL,	NULL,	NULL,	NULL,	0,	0,	0,	'2019-03-29 10:11:45',	'2019-03-29 10:11:45',	NULL),
(283,	283,	1,	1,	1,	'SITI ZURIANAH OTHMAN',	'1528',	'',	'780808045202',	'',	'',	'',	'',	NULL,	NULL,	NULL,	'0132086101',	NULL,	NULL,	'zurianah@mpc.gov.my',	'0',	NULL,	5,	27,	3,	NULL,	131,	1,	1,	0,	NULL,	NULL,	NULL,	NULL,	NULL,	NULL,	NULL,	NULL,	NULL,	NULL,	NULL,	0,	0,	0,	'2020-11-27 06:15:40',	'2020-11-27 06:15:40',	NULL),
(284,	284,	1,	1,	1,	'SUGUMAR A/L SAMINATHAN',	'1353',	'',	'650711025373',	'',	'',	'',	'',	NULL,	NULL,	NULL,	NULL,	NULL,	NULL,	'sugumar@mpc.gov.my',	'0',	NULL,	6,	33,	7,	NULL,	9,	1,	1,	0,	NULL,	NULL,	NULL,	NULL,	NULL,	NULL,	NULL,	NULL,	NULL,	NULL,	NULL,	0,	0,	0,	'2020-02-03 14:46:27',	'2020-02-03 14:46:27',	NULL),
(285,	285,	1,	1,	1,	'SUHAIMI HAMAD',	'1209',	'',	'610920035475',	'',	'',	'',	'',	NULL,	NULL,	NULL,	NULL,	NULL,	NULL,	'suhaimi@mpc.gov.my',	'0',	NULL,	4,	17,	7,	NULL,	304,	1,	1,	0,	NULL,	NULL,	NULL,	NULL,	NULL,	NULL,	NULL,	NULL,	NULL,	NULL,	NULL,	0,	0,	0,	'2020-01-07 23:15:19',	'2020-01-07 23:15:19',	NULL),
(286,	286,	1,	1,	1,	'SUHAIMI ROBINI',	'2988',	'',	'821006015819',	'',	'',	'',	'',	NULL,	NULL,	NULL,	NULL,	NULL,	NULL,	'suhaimi_robini@mpc.gov.my',	'0',	NULL,	5,	14,	18,	NULL,	91,	1,	1,	0,	NULL,	NULL,	NULL,	NULL,	NULL,	NULL,	NULL,	NULL,	NULL,	NULL,	NULL,	0,	0,	0,	'2020-11-18 05:55:10',	'2020-11-18 05:55:10',	NULL),
(287,	287,	1,	1,	1,	'DR. SURIATI ZAINAL ABIDIN',	'1378',	'',	'720615045084',	'',	'',	'',	'',	NULL,	NULL,	NULL,	NULL,	NULL,	NULL,	'ati@mpc.gov.my',	'0',	NULL,	6,	19,	5,	NULL,	284,	1,	1,	0,	NULL,	NULL,	NULL,	NULL,	NULL,	NULL,	NULL,	NULL,	NULL,	NULL,	NULL,	0,	0,	0,	'2020-10-15 03:10:08',	'2020-10-15 03:10:08',	NULL),
(288,	288,	1,	1,	1,	'SUZANA ISMAIL',	'2941',	NULL,	'730505035706',	NULL,	NULL,	NULL,	NULL,	NULL,	NULL,	NULL,	NULL,	NULL,	NULL,	'suzana@mpc.gov.my',	'0',	NULL,	2,	18,	4,	NULL,	242,	1,	1,	0,	NULL,	NULL,	NULL,	NULL,	NULL,	NULL,	NULL,	NULL,	NULL,	NULL,	NULL,	0,	0,	0,	'2019-03-29 10:11:45',	'2019-03-29 10:11:45',	NULL),
(289,	289,	1,	1,	1,	'SYAIRAH ZAIMAH SHAFIEE',	'3143',	'',	'860504387326',	'',	'',	'',	'',	NULL,	NULL,	NULL,	NULL,	NULL,	NULL,	'syairah@mpc.gov.my',	'0',	NULL,	9,	14,	18,	NULL,	99,	1,	1,	0,	NULL,	NULL,	NULL,	NULL,	NULL,	NULL,	NULL,	NULL,	NULL,	NULL,	NULL,	0,	0,	0,	'2019-11-25 19:45:40',	'2019-11-25 19:45:40',	NULL),
(290,	290,	1,	1,	1,	'SYED MOHAMMAD FITRI SYED ABDUL RAHIM',	'2979',	NULL,	'780905065205',	NULL,	NULL,	NULL,	NULL,	NULL,	NULL,	NULL,	NULL,	NULL,	NULL,	'smfitri@mpc.gov.my',	'0',	NULL,	5,	24,	2,	NULL,	36,	1,	1,	0,	NULL,	NULL,	NULL,	NULL,	NULL,	NULL,	NULL,	NULL,	NULL,	NULL,	NULL,	0,	0,	0,	'2019-03-29 10:11:45',	'2019-03-29 10:11:45',	NULL),
(291,	291,	1,	1,	1,	'SYED MOHD. AL-KHAFIEZ SHAH SYED MOHD. AZAM SHAH',	'2966',	'',	'800531145133',	'',	'',	'',	'',	NULL,	NULL,	NULL,	NULL,	NULL,	NULL,	'syed@mpc.gov.my',	'0',	NULL,	5,	27,	3,	NULL,	36,	1,	1,	0,	NULL,	NULL,	NULL,	NULL,	NULL,	NULL,	NULL,	NULL,	NULL,	NULL,	NULL,	0,	0,	0,	'2019-09-11 18:26:36',	'2019-09-11 18:26:36',	NULL),
(292,	292,	1,	1,	1,	'THEA JUMINITA CHEONG KIAM',	'2119',	'',	'611123125392',	'',	'',	'',	'',	NULL,	NULL,	NULL,	NULL,	NULL,	NULL,	'thea@mpc.gov.my',	'0',	NULL,	10,	14,	19,	NULL,	143,	1,	1,	0,	NULL,	NULL,	NULL,	NULL,	NULL,	NULL,	NULL,	NULL,	NULL,	NULL,	NULL,	0,	0,	0,	'2020-11-16 07:39:37',	'2020-11-16 07:39:37',	NULL),
(293,	293,	1,	1,	1,	'UMI KALSOM OSMAN',	'2082',	NULL,	'610102045102',	NULL,	NULL,	NULL,	NULL,	NULL,	NULL,	NULL,	NULL,	NULL,	NULL,	'umi@mpc.gov.my',	'0',	NULL,	7,	31,	23,	NULL,	66,	1,	1,	0,	NULL,	NULL,	NULL,	NULL,	NULL,	NULL,	NULL,	NULL,	NULL,	NULL,	NULL,	0,	0,	0,	'2019-03-29 10:11:45',	'2019-03-29 10:11:45',	NULL),
(294,	294,	1,	1,	1,	'VIMALA A/P R.MUNIANDY',	'1567',	'',	'830708146260',	'',	'',	'',	'',	NULL,	NULL,	NULL,	'0122435208',	'0122435208',	NULL,	'vimala@mpc.gov.my',	'0',	NULL,	6,	27,	3,	NULL,	86,	1,	1,	0,	NULL,	NULL,	NULL,	NULL,	NULL,	NULL,	NULL,	NULL,	NULL,	NULL,	NULL,	0,	0,	0,	'2020-10-15 03:17:58',	'2020-10-15 03:17:58',	NULL),
(295,	295,	1,	1,	1,	'WAILA MOHD. NASIR',	'1381',	'',	'730621106022',	'',	'',	'',	'',	NULL,	NULL,	NULL,	NULL,	NULL,	NULL,	'waila@mpc.gov.my',	'0',	NULL,	11,	19,	5,	NULL,	264,	1,	1,	0,	NULL,	NULL,	NULL,	NULL,	NULL,	NULL,	NULL,	NULL,	NULL,	NULL,	NULL,	0,	0,	0,	'2019-08-19 14:01:04',	'2019-08-19 14:01:04',	NULL),
(296,	296,	1,	1,	1,	'WAN FARID WAN HAMAD @ WAN AHMAD',	'1587',	'',	'791024105661',	'',	'C-6-20, Level 6, Block C, Masreca19',	'',	'',	'63200',	1684,	14,	'+60163841467',	NULL,	NULL,	'wanfarid@mpc.gov.my',	'0',	NULL,	3,	27,	3,	NULL,	9,	1,	1,	0,	NULL,	NULL,	NULL,	NULL,	NULL,	NULL,	NULL,	NULL,	NULL,	NULL,	NULL,	0,	0,	0,	'2019-09-28 17:25:44',	'2019-09-28 17:25:44',	NULL),
(297,	297,	1,	1,	1,	'WAN FAZLIN NADIA WAN OSMAN',	'1417',	'309836715',	'791126015974',	'',	'',	'',	'',	NULL,	NULL,	NULL,	'0123884464',	NULL,	NULL,	'nadia@mpc.gov.my',	'0',	NULL,	6,	17,	7,	NULL,	9,	1,	1,	0,	NULL,	NULL,	NULL,	NULL,	NULL,	NULL,	NULL,	NULL,	NULL,	NULL,	NULL,	0,	0,	0,	'2020-02-03 14:46:02',	'2020-02-03 14:46:02',	NULL),
(298,	298,	1,	1,	1,	'WAN KHAIRUNNISA AZMI',	'1569',	'',	'860225295576',	'',	'',	'',	'',	NULL,	NULL,	NULL,	NULL,	NULL,	NULL,	'khairunnisa@mpc.gov.my',	'0',	NULL,	5,	27,	3,	NULL,	131,	1,	1,	0,	NULL,	NULL,	NULL,	NULL,	NULL,	NULL,	NULL,	NULL,	NULL,	NULL,	NULL,	0,	0,	0,	'2021-06-23 05:17:41',	'2021-06-23 05:17:41',	NULL),
(299,	299,	1,	1,	1,	'WAN NORHANI WAN KHALID',	'1536',	'',	'640706115164',	'',	'',	'',	'',	NULL,	NULL,	NULL,	'0196664016',	NULL,	NULL,	'wannorhani@mpc.gov.my',	'0',	NULL,	5,	4,	30,	NULL,	131,	1,	1,	0,	NULL,	NULL,	NULL,	NULL,	NULL,	NULL,	NULL,	NULL,	NULL,	NULL,	NULL,	0,	0,	0,	'2020-10-16 07:19:22',	'2020-10-16 07:19:22',	NULL),
(300,	300,	1,	1,	1,	'WAN ROZITA HUSSAIN',	'2959',	'',	'770518065820',	'',	'',	'',	'',	NULL,	NULL,	NULL,	NULL,	NULL,	NULL,	'wanrozita@mpc.gov.my',	'0',	NULL,	3,	30,	23,	NULL,	129,	1,	1,	0,	NULL,	NULL,	NULL,	NULL,	NULL,	NULL,	NULL,	NULL,	NULL,	NULL,	NULL,	0,	0,	0,	'2019-07-01 16:07:04',	'2019-07-01 16:07:04',	NULL),
(301,	301,	1,	1,	1,	'WAN YUSNAINI WAN YAACOB',	'1403',	NULL,	'710502035534',	NULL,	NULL,	NULL,	NULL,	NULL,	NULL,	NULL,	NULL,	NULL,	NULL,	'yusnaini@mpc.gov.my',	'0',	NULL,	7,	18,	4,	NULL,	216,	1,	1,	0,	NULL,	NULL,	NULL,	NULL,	NULL,	NULL,	NULL,	NULL,	NULL,	NULL,	NULL,	0,	0,	0,	'2019-03-29 10:11:45',	'2019-03-29 10:11:45',	NULL),
(302,	302,	1,	1,	1,	'WAN ZAINULHAQ THANIAH CHE HARON',	'3091',	NULL,	'710129035076',	NULL,	NULL,	NULL,	NULL,	NULL,	NULL,	NULL,	NULL,	NULL,	NULL,	'WanZainulhaq@mpc.gov.my',	'0',	NULL,	5,	6,	18,	NULL,	36,	1,	1,	0,	NULL,	NULL,	NULL,	NULL,	NULL,	NULL,	NULL,	NULL,	NULL,	NULL,	NULL,	0,	0,	0,	'2019-03-29 10:11:45',	'2019-03-29 10:11:45',	NULL),
(303,	303,	1,	1,	1,	'ZAFFRULLA BIN HUSSEIN',	'1379',	'MH31484961',	'691003035395',	'A51979816',	'No 17',	'Jalan Spektrum U16/13b',	'',	'40160',	1078,	14,	'+60133413195',	'0133413195',	NULL,	'zaff@mpc.gov.my',	'0',	NULL,	6,	19,	6,	NULL,	285,	1,	1,	0,	NULL,	NULL,	NULL,	NULL,	NULL,	NULL,	NULL,	NULL,	NULL,	NULL,	NULL,	0,	0,	0,	'2020-10-29 16:10:08',	'2020-10-29 16:10:08',	NULL),
(304,	304,	1,	1,	1,	'ZAHID ISMAIL',	'1315',	'081875426',	'660320075225',	'',	'No. 35, Jalan Suadamai 11/5',	'Bandar Tun Hussein Onn',	'',	'43200',	1201,	14,	'0192796198',	NULL,	NULL,	'zahid@mpc.gov.my',	'0',	NULL,	4,	17,	7,	NULL,	9,	1,	1,	0,	NULL,	NULL,	NULL,	NULL,	NULL,	NULL,	NULL,	NULL,	NULL,	NULL,	NULL,	0,	0,	0,	'2020-09-12 15:51:53',	'2020-09-12 15:51:53',	NULL),
(305,	305,	1,	1,	1,	'ZAIDAH HASSAN',	'3017',	NULL,	'810614065568',	NULL,	NULL,	NULL,	NULL,	NULL,	NULL,	NULL,	NULL,	NULL,	NULL,	'zaidah@mpc.gov.my',	'0',	NULL,	6,	30,	22,	NULL,	9,	1,	1,	0,	NULL,	NULL,	NULL,	NULL,	NULL,	NULL,	NULL,	NULL,	NULL,	NULL,	NULL,	0,	0,	0,	'2019-03-29 10:11:45',	'2019-03-29 10:11:45',	NULL),
(306,	306,	1,	1,	1,	'ZAINI HARON',	'2993',	NULL,	'830119105073',	NULL,	NULL,	NULL,	NULL,	NULL,	NULL,	NULL,	NULL,	NULL,	NULL,	'zainiharon@mpc.gov.my',	'0',	NULL,	8,	10,	16,	NULL,	33,	1,	1,	0,	NULL,	NULL,	NULL,	NULL,	NULL,	NULL,	NULL,	NULL,	NULL,	NULL,	NULL,	0,	0,	0,	'2019-03-29 10:11:45',	'2019-03-29 10:11:45',	NULL),
(307,	307,	1,	1,	1,	'DATIN ZAINON BAKAR',	'1280',	'601462396',	'630524106620',	'A36811501',	'No 30 Jalan Tun Teja 35/2a',	'Alam Impian Seksyen 35',	'',	'40470',	1085,	14,	NULL,	'0351670707',	NULL,	'zaiba63@gmail.com',	'0',	NULL,	6,	17,	7,	NULL,	9,	1,	1,	0,	NULL,	NULL,	NULL,	NULL,	NULL,	NULL,	NULL,	NULL,	NULL,	NULL,	NULL,	0,	0,	0,	'2020-01-07 23:13:51',	'2020-01-07 23:13:51',	NULL),
(308,	308,	1,	1,	1,	'ZAINUDIN ELIAS',	'1296',	'',	'650322015235',	'',	'',	'',	'',	NULL,	NULL,	NULL,	NULL,	NULL,	NULL,	'zainudine@mpc.gov.my',	'0',	NULL,	2,	33,	6,	NULL,	66,	1,	1,	0,	NULL,	NULL,	NULL,	NULL,	NULL,	NULL,	NULL,	NULL,	NULL,	NULL,	NULL,	0,	0,	0,	'2019-04-16 20:55:12',	'2019-04-16 20:55:12',	NULL),
(309,	309,	1,	1,	1,	'ZAITON NORDIN',	'2136',	NULL,	'621101065316',	NULL,	NULL,	NULL,	NULL,	NULL,	NULL,	NULL,	NULL,	NULL,	NULL,	'zainordin@mpc.gov.my',	'0',	NULL,	3,	14,	19,	NULL,	129,	1,	1,	0,	NULL,	NULL,	NULL,	NULL,	NULL,	NULL,	NULL,	NULL,	NULL,	NULL,	NULL,	0,	0,	0,	'2019-03-29 10:11:45',	'2019-03-29 10:11:45',	NULL),
(310,	310,	1,	1,	1,	'ZAKI JAAFAR',	'1341',	'314867210',	'670719035611',	'A39749933',	'45, Jln Bj14',	'Taman Balakong Jaya',	'',	'43300',	1203,	14,	'0122694835',	'0389594835',	NULL,	'zeck@mpc.gov.my',	'0',	NULL,	6,	19,	5,	NULL,	304,	1,	1,	0,	NULL,	NULL,	NULL,	NULL,	NULL,	NULL,	NULL,	NULL,	NULL,	NULL,	NULL,	0,	0,	0,	'2020-01-28 17:33:40',	'2020-01-28 17:33:40',	NULL),
(311,	311,	1,	1,	1,	'ZAWIYAH ABD MANAF',	'3111',	'',	'871012235530',	'',	'',	'',	'',	NULL,	NULL,	NULL,	NULL,	NULL,	NULL,	'zawiyahmanaf@mpc.gov.my',	'0',	NULL,	5,	14,	18,	NULL,	188,	1,	1,	0,	NULL,	NULL,	NULL,	NULL,	NULL,	NULL,	NULL,	NULL,	NULL,	NULL,	NULL,	0,	0,	0,	'2020-12-16 07:55:28',	'2020-12-16 07:55:28',	NULL),
(312,	312,	1,	1,	1,	'ZUBIR ZAINUDDIN',	'2283',	NULL,	'720327055077',	NULL,	NULL,	NULL,	NULL,	NULL,	NULL,	NULL,	NULL,	NULL,	NULL,	'zack@mpc.gov.my',	'0',	NULL,	5,	10,	16,	NULL,	36,	1,	1,	0,	NULL,	NULL,	NULL,	NULL,	NULL,	NULL,	NULL,	NULL,	NULL,	NULL,	NULL,	0,	0,	0,	'2019-03-29 10:11:45',	'2019-03-29 10:11:45',	NULL),
(313,	313,	1,	1,	1,	'ZUL EZWAN MUHAMAD',	'1511',	NULL,	'810122015257',	NULL,	NULL,	NULL,	NULL,	NULL,	NULL,	NULL,	NULL,	NULL,	NULL,	'zulezwan@mpc.gov.my',	'0',	NULL,	12,	27,	3,	NULL,	255,	1,	1,	0,	NULL,	NULL,	NULL,	NULL,	NULL,	NULL,	NULL,	NULL,	NULL,	NULL,	NULL,	0,	0,	0,	'2019-03-29 10:11:45',	'2019-03-29 10:11:45',	NULL),
(314,	314,	1,	1,	1,	'ZULAIFAH OMAR',	'1307',	'',	'631016015006',	'',	'',	'',	'',	NULL,	NULL,	NULL,	NULL,	NULL,	NULL,	'xue@mpc.gov.my',	'0',	NULL,	4,	33,	6,	NULL,	304,	1,	1,	0,	NULL,	NULL,	NULL,	NULL,	NULL,	NULL,	NULL,	NULL,	NULL,	NULL,	NULL,	0,	0,	0,	'2019-04-16 20:48:34',	'2019-04-16 20:48:34',	NULL),
(315,	315,	1,	1,	1,	'ZUNAIDAH AWANG NAWI',	'2972',	NULL,	'820911035882',	NULL,	NULL,	NULL,	NULL,	NULL,	NULL,	NULL,	NULL,	NULL,	NULL,	'zunaidah@mpc.gov.my',	'0',	NULL,	5,	14,	19,	NULL,	36,	1,	1,	0,	NULL,	NULL,	NULL,	NULL,	NULL,	NULL,	NULL,	NULL,	NULL,	NULL,	NULL,	0,	0,	0,	'2019-03-29 10:11:45',	'2019-03-29 10:11:45',	NULL),
(316,	316,	1,	1,	1,	'ZURAIDI ZAINOL',	'1500',	'',	'830428095219',	'',	'',	'',	'',	NULL,	NULL,	NULL,	'0196441983',	NULL,	NULL,	'zuraidi@mpc.gov.my',	'0',	NULL,	1,	18,	4,	NULL,	203,	1,	1,	0,	NULL,	NULL,	NULL,	NULL,	NULL,	NULL,	NULL,	NULL,	NULL,	NULL,	NULL,	0,	0,	0,	'2021-01-04 07:05:56',	'2021-01-04 07:05:56',	NULL),
(317,	317,	1,	1,	1,	'ZURAINI SUBKI',	'1658',	'',	'820829035744',	'',	'',	'',	'',	NULL,	NULL,	NULL,	NULL,	NULL,	NULL,	'zuraini@mpc.gov.my',	'0',	NULL,	11,	27,	3,	NULL,	264,	1,	1,	0,	NULL,	NULL,	NULL,	NULL,	NULL,	NULL,	NULL,	NULL,	NULL,	NULL,	NULL,	0,	0,	0,	'2019-08-19 12:58:49',	'2019-08-19 12:58:49',	NULL),
(318,	318,	1,	1,	1,	'ZURIANTI NOR AZIAN MOHD. NAFI',	'3148',	'',	'880229065872',	'',	'',	'',	'',	NULL,	NULL,	NULL,	NULL,	NULL,	NULL,	'zurianti@mpc.gov.my',	'0',	NULL,	5,	14,	18,	NULL,	299,	1,	1,	0,	NULL,	NULL,	NULL,	NULL,	NULL,	NULL,	NULL,	NULL,	NULL,	NULL,	NULL,	0,	0,	0,	'2020-12-01 02:46:58',	'2020-12-01 02:46:58',	NULL),
(319,	319,	1,	1,	1,	'ABDUL RAHMAN KAMIS',	'1699',	'',	'911019085241',	'',	'',	'',	'',	NULL,	NULL,	NULL,	'0133693243',	NULL,	NULL,	'arahman@mpc.gov.my',	'0',	NULL,	4,	27,	3,	NULL,	304,	1,	1,	0,	NULL,	NULL,	NULL,	NULL,	NULL,	NULL,	NULL,	NULL,	NULL,	NULL,	NULL,	0,	0,	0,	'2019-04-17 19:41:51',	'2019-04-17 19:41:51',	NULL),
(320,	320,	1,	1,	1,	'AIMI ZAHIRA AZAMI',	'3154',	NULL,	'891008026064',	NULL,	NULL,	NULL,	NULL,	NULL,	NULL,	NULL,	NULL,	NULL,	NULL,	'aimizahira@mpc.gov.my',	'0',	NULL,	8,	14,	18,	NULL,	33,	1,	1,	0,	NULL,	NULL,	NULL,	NULL,	NULL,	NULL,	NULL,	NULL,	NULL,	NULL,	NULL,	0,	0,	0,	'2019-03-29 10:11:45',	'2019-03-29 10:11:45',	NULL),
(321,	321,	1,	1,	1,	'ANIS SYAFIQAH AYOB',	'3161',	NULL,	'910208095030',	NULL,	NULL,	NULL,	NULL,	NULL,	NULL,	NULL,	NULL,	NULL,	NULL,	'anissyafiqah@mpc.gov.my',	'0',	NULL,	7,	27,	3,	NULL,	66,	1,	1,	0,	NULL,	NULL,	NULL,	NULL,	NULL,	NULL,	NULL,	NULL,	NULL,	NULL,	NULL,	0,	0,	0,	'2019-03-29 10:11:45',	'2019-03-29 10:11:45',	NULL),
(322,	322,	1,	1,	1,	'JERRECY ELSIE P. TOJIPUN',	'3099',	'',	'841208125352',	'',	'',	'',	'',	NULL,	NULL,	NULL,	NULL,	NULL,	NULL,	'jerrecy@mpc.gov.my',	'0',	NULL,	10,	14,	18,	NULL,	143,	1,	1,	0,	NULL,	NULL,	NULL,	NULL,	NULL,	NULL,	NULL,	NULL,	NULL,	NULL,	NULL,	0,	0,	0,	'2020-11-16 07:36:29',	'2020-11-16 07:36:29',	NULL),
(323,	323,	1,	1,	1,	'MOHAMAD AMIRUL ARIF SAHIMI',	'3128',	NULL,	'910408036123',	NULL,	NULL,	NULL,	NULL,	NULL,	NULL,	NULL,	NULL,	NULL,	NULL,	'mohamad@mpc.gov.my',	'0',	NULL,	8,	14,	18,	NULL,	33,	1,	1,	0,	NULL,	NULL,	NULL,	NULL,	NULL,	NULL,	NULL,	NULL,	NULL,	NULL,	NULL,	0,	0,	0,	'2019-03-29 10:11:45',	'2019-03-29 10:11:45',	NULL),
(324,	324,	1,	1,	1,	'MOHAMMAD FADZRUL FARIDZ HAZNI',	'1678',	'',	'930527045223',	'',	'',	'',	'',	NULL,	NULL,	NULL,	NULL,	NULL,	NULL,	'mfadzrul@mpc.gov.my',	'0',	NULL,	5,	27,	3,	NULL,	36,	1,	1,	0,	NULL,	NULL,	NULL,	NULL,	NULL,	NULL,	NULL,	NULL,	NULL,	NULL,	NULL,	0,	0,	0,	'2020-12-30 04:29:12',	'2020-12-30 04:29:12',	NULL),
(325,	325,	1,	1,	1,	'MOHD AIZUDDIN NOOR AZMAN',	'1674',	NULL,	'890129085541',	NULL,	NULL,	NULL,	NULL,	NULL,	NULL,	NULL,	NULL,	NULL,	NULL,	'aizuddin@mpc.gov.my',	'0',	NULL,	6,	27,	3,	NULL,	9,	1,	1,	0,	NULL,	NULL,	NULL,	NULL,	NULL,	NULL,	NULL,	NULL,	NULL,	NULL,	NULL,	0,	0,	0,	'2019-03-29 10:11:45',	'2019-03-29 10:11:45',	NULL),
(326,	326,	1,	1,	1,	'MOHD MUJAHID MOHD YUSOFF',	'1662',	'',	'900521036193',	'',	'',	'',	'',	NULL,	NULL,	NULL,	'0194490379',	NULL,	NULL,	'mujahid@mpc.gov.my',	'0',	NULL,	7,	27,	3,	NULL,	216,	1,	1,	0,	NULL,	NULL,	NULL,	NULL,	NULL,	NULL,	NULL,	NULL,	NULL,	NULL,	NULL,	0,	0,	0,	'2020-02-06 06:16:04',	'2020-02-06 06:16:04',	NULL),
(327,	327,	1,	1,	1,	'MUHAMMAD ADIB FITRIE MUKHTAR',	'1676',	NULL,	'910416036107',	NULL,	NULL,	NULL,	NULL,	NULL,	NULL,	NULL,	NULL,	NULL,	NULL,	'adibfitrie@mpc.gov.my',	'0',	NULL,	4,	27,	3,	NULL,	285,	1,	1,	0,	NULL,	NULL,	NULL,	NULL,	NULL,	NULL,	NULL,	NULL,	NULL,	NULL,	NULL,	0,	0,	0,	'2019-03-29 10:11:45',	'2019-03-29 10:11:45',	NULL),
(328,	328,	1,	1,	1,	'MUHAMMAD AZRULL NAZREEN',	'1683',	NULL,	'940822015325',	NULL,	NULL,	NULL,	NULL,	NULL,	NULL,	NULL,	NULL,	NULL,	NULL,	'azrullnazreen@mpc.gov.my',	'0',	NULL,	4,	27,	3,	NULL,	304,	1,	1,	0,	NULL,	NULL,	NULL,	NULL,	NULL,	NULL,	NULL,	NULL,	NULL,	NULL,	NULL,	0,	0,	0,	'2019-03-29 10:11:45',	'2019-03-29 10:11:45',	NULL),
(329,	329,	1,	1,	1,	'MUHAMMAD FIRDAUS YAHYA',	'1693',	NULL,	'940723015733',	NULL,	NULL,	NULL,	NULL,	NULL,	NULL,	NULL,	NULL,	NULL,	NULL,	'firdaus@mpc.gov.my',	'0',	NULL,	4,	27,	3,	NULL,	304,	1,	1,	0,	NULL,	NULL,	NULL,	NULL,	NULL,	NULL,	NULL,	NULL,	NULL,	NULL,	NULL,	0,	0,	0,	'2019-03-29 10:11:45',	'2019-03-29 10:11:45',	NULL),
(330,	330,	1,	1,	1,	'MUHAMMAD HANIF CHE WAN NAMAN',	'1685',	'323906332',	'950913035929',	'',	'',	'',	'',	NULL,	NULL,	NULL,	'0194707856',	NULL,	NULL,	'hanif@mpc.gov.my',	'0',	NULL,	6,	27,	3,	NULL,	39,	1,	1,	0,	NULL,	NULL,	NULL,	NULL,	NULL,	NULL,	NULL,	NULL,	NULL,	NULL,	NULL,	0,	0,	0,	'2019-04-17 20:29:31',	'2019-04-17 20:29:31',	NULL),
(331,	331,	1,	1,	1,	'MUHAMMAD IMAZAKWAN ABDUL RAZAK',	'1696',	NULL,	'930213145205',	NULL,	NULL,	NULL,	NULL,	NULL,	NULL,	NULL,	NULL,	NULL,	NULL,	'imazakwan@mpc.gov.my',	'0',	NULL,	2,	27,	3,	NULL,	242,	1,	1,	0,	NULL,	NULL,	NULL,	NULL,	NULL,	NULL,	NULL,	NULL,	NULL,	NULL,	NULL,	0,	0,	0,	'2019-03-29 10:11:45',	'2019-03-29 10:11:45',	NULL),
(332,	332,	1,	1,	1,	'MUHAMMAD ZARUL NAIM ZUL HADDI',	'1677',	NULL,	'941218085225',	NULL,	NULL,	NULL,	NULL,	NULL,	NULL,	NULL,	NULL,	NULL,	NULL,	'zarulnaim@mpc.gov.my',	'0',	NULL,	6,	27,	3,	NULL,	9,	1,	1,	0,	NULL,	NULL,	NULL,	NULL,	NULL,	NULL,	NULL,	NULL,	NULL,	NULL,	NULL,	0,	0,	0,	'2019-03-29 10:11:45',	'2019-03-29 10:11:45',	NULL),
(333,	333,	1,	1,	1,	'MUNIRA ABD RAZAK',	'3150',	NULL,	'821219105244',	NULL,	NULL,	NULL,	NULL,	NULL,	NULL,	NULL,	NULL,	NULL,	NULL,	'muniraabd@mpc.gov.my',	'0',	NULL,	12,	14,	18,	NULL,	255,	1,	1,	0,	NULL,	NULL,	NULL,	NULL,	NULL,	NULL,	NULL,	NULL,	NULL,	NULL,	NULL,	0,	0,	0,	'2019-03-29 10:11:45',	'2019-03-29 10:11:45',	NULL),
(334,	334,	1,	1,	1,	'NADIAH JAMAL',	'1668',	NULL,	'930416105414',	NULL,	NULL,	NULL,	NULL,	NULL,	NULL,	NULL,	NULL,	NULL,	NULL,	'nadiah@mpc.gov.my',	'0',	NULL,	6,	27,	3,	NULL,	9,	1,	1,	0,	NULL,	NULL,	NULL,	NULL,	NULL,	NULL,	NULL,	NULL,	NULL,	NULL,	NULL,	0,	0,	0,	'2019-03-29 10:11:45',	'2019-03-29 10:11:45',	NULL),
(335,	335,	1,	1,	1,	'NARATUL NURHANIZA RUSLI',	'3169',	NULL,	'940209146298',	NULL,	NULL,	NULL,	NULL,	NULL,	NULL,	NULL,	NULL,	NULL,	NULL,	'naratul@mpc.gov.my',	'0',	NULL,	5,	14,	18,	NULL,	36,	1,	1,	0,	NULL,	NULL,	NULL,	NULL,	NULL,	NULL,	NULL,	NULL,	NULL,	NULL,	NULL,	0,	0,	0,	'2019-03-29 10:11:45',	'2019-03-29 10:11:45',	NULL),
(336,	336,	1,	1,	1,	'NASUHA BINTI MISRI',	'1671',	'',	'930827016256',	'',	'',	'',	'',	NULL,	NULL,	NULL,	NULL,	NULL,	NULL,	'nasuha@mpc.gov.my',	'0',	NULL,	3,	27,	3,	NULL,	77,	1,	1,	0,	NULL,	NULL,	NULL,	NULL,	NULL,	NULL,	NULL,	NULL,	NULL,	NULL,	NULL,	0,	0,	0,	'2020-11-27 06:19:57',	'2020-11-27 06:19:57',	NULL),
(337,	337,	1,	1,	1,	'NIK HANEEZ AMIZAN NIK ROSDI',	'1661',	'328214633',	'920718895010',	'A51451598',	'B-4-1, Fairville Apartment,',	'Jalan Usj 22/1, Usj 21,',	'',	'47630',	1325,	14,	'+60197181804',	NULL,	NULL,	'nikhaneez@mpc.gov.my',	'0',	NULL,	1,	27,	3,	NULL,	274,	1,	1,	0,	NULL,	NULL,	NULL,	NULL,	NULL,	NULL,	NULL,	NULL,	NULL,	NULL,	NULL,	0,	0,	0,	'2020-10-14 10:33:35',	'2020-10-14 10:33:35',	NULL),
(338,	338,	1,	1,	1,	'NOORAZLIN MOHD NASIR',	'1695',	NULL,	'930103085678',	NULL,	NULL,	NULL,	NULL,	NULL,	NULL,	NULL,	NULL,	NULL,	NULL,	'noorazlin@mpc.gov.my',	'0',	NULL,	6,	27,	3,	NULL,	9,	1,	1,	0,	NULL,	NULL,	NULL,	NULL,	NULL,	NULL,	NULL,	NULL,	NULL,	NULL,	NULL,	0,	0,	0,	'2019-03-29 10:11:45',	'2019-03-29 10:11:45',	NULL),
(339,	339,	1,	1,	1,	'NUR ASYIKIN SETAPA',	'1670',	NULL,	'920609035740',	NULL,	NULL,	NULL,	NULL,	NULL,	NULL,	NULL,	NULL,	NULL,	NULL,	'nurasyikin@mpc.gov.my',	'0',	NULL,	6,	27,	3,	NULL,	9,	1,	1,	0,	NULL,	NULL,	NULL,	NULL,	NULL,	NULL,	NULL,	NULL,	NULL,	NULL,	NULL,	0,	0,	0,	'2019-03-29 10:11:45',	'2019-03-29 10:11:45',	NULL),
(340,	340,	1,	1,	1,	'NUR FARHANA ZAIBIDI',	'3168',	'',	'871216015126',	'',	'',	'',	'',	NULL,	NULL,	NULL,	NULL,	NULL,	NULL,	'nurfarhana@mpc.gov.my',	'0',	NULL,	5,	14,	18,	NULL,	299,	1,	1,	0,	NULL,	NULL,	NULL,	NULL,	NULL,	NULL,	NULL,	NULL,	NULL,	NULL,	NULL,	0,	0,	0,	'2020-12-01 02:47:58',	'2020-12-01 02:47:58',	NULL),
(341,	341,	1,	1,	1,	'NURAIN SYAFIQAH NORAZMAN',	'1692',	'',	'930624016096',	'',	'',	'',	'',	NULL,	NULL,	NULL,	'0177053718',	NULL,	NULL,	'ainsyafiqah@mpc.gov.my',	'0',	NULL,	7,	27,	3,	NULL,	NULL,	1,	1,	0,	NULL,	NULL,	NULL,	NULL,	NULL,	NULL,	NULL,	NULL,	NULL,	NULL,	NULL,	0,	0,	0,	'2020-12-08 07:05:13',	'2020-12-08 07:05:13',	NULL),
(342,	342,	1,	1,	1,	'NUREZYAN SOFEA ZAIRUL MUJAHIDIN',	'1700',	NULL,	'940312015130',	NULL,	NULL,	NULL,	NULL,	NULL,	NULL,	NULL,	NULL,	NULL,	NULL,	'nurezyansofea@mpc.gov.my',	'0',	NULL,	4,	27,	3,	NULL,	304,	1,	1,	0,	NULL,	NULL,	NULL,	NULL,	NULL,	NULL,	NULL,	NULL,	NULL,	NULL,	NULL,	0,	0,	0,	'2019-03-29 10:11:45',	'2019-03-29 10:11:45',	NULL),
(343,	343,	1,	1,	1,	'NURFARIHA AHMAD',	'1698',	'',	'951130136162',	'',	'Malaysia Productivity Corporation',	'Level 2, Maa Tower',	'No. 6, Lorong Api-api 1',	'88000',	2139,	13,	'01165518008',	NULL,	NULL,	'nurfariha@mpc.gov.my',	'0',	NULL,	10,	27,	3,	NULL,	143,	1,	1,	0,	NULL,	NULL,	NULL,	NULL,	NULL,	NULL,	NULL,	NULL,	NULL,	NULL,	NULL,	0,	0,	0,	'2020-10-15 14:46:53',	'2020-10-15 14:46:53',	NULL),
(344,	344,	1,	1,	1,	'NURUL HUSNA BINTI ABDUL RASHID',	'1690',	'',	'920422086556',	'',	'',	'',	'',	NULL,	NULL,	NULL,	NULL,	NULL,	NULL,	'nurulhusna@mpc.gov.my',	'0',	NULL,	7,	27,	3,	NULL,	263,	1,	1,	0,	NULL,	NULL,	NULL,	NULL,	NULL,	NULL,	NULL,	NULL,	NULL,	NULL,	NULL,	0,	0,	0,	'2020-11-27 06:20:56',	'2020-11-27 06:20:56',	NULL),
(345,	345,	1,	1,	1,	'RABIATUL ADAWIYAH ARZAHAR',	'3164',	NULL,	'970504145308',	NULL,	NULL,	NULL,	NULL,	NULL,	NULL,	NULL,	NULL,	NULL,	NULL,	'rabiatuladawiyah@mpc.gov.my',	'0',	NULL,	2,	14,	18,	NULL,	242,	1,	1,	0,	NULL,	NULL,	NULL,	NULL,	NULL,	NULL,	NULL,	NULL,	NULL,	NULL,	NULL,	0,	0,	0,	'2019-03-29 10:11:45',	'2019-03-29 10:11:45',	NULL),
(346,	346,	1,	1,	1,	'ROZAINY ELYZA ROSLI',	'1667',	NULL,	'940817146750',	NULL,	NULL,	NULL,	NULL,	NULL,	NULL,	NULL,	NULL,	NULL,	NULL,	'rozainy@mpc.gov.my',	'0',	NULL,	3,	27,	3,	NULL,	129,	1,	1,	0,	NULL,	NULL,	NULL,	NULL,	NULL,	NULL,	NULL,	NULL,	NULL,	NULL,	NULL,	0,	0,	0,	'2019-03-29 10:11:45',	'2019-03-29 10:11:45',	NULL),
(347,	347,	1,	1,	1,	'SHAZYMIN MAZLAN',	'3163',	'',	'930205075796',	'',	'',	'',	'',	NULL,	NULL,	NULL,	NULL,	NULL,	NULL,	'shazymin@mpc.gov.my',	'0',	NULL,	9,	14,	18,	NULL,	99,	1,	1,	0,	NULL,	NULL,	NULL,	NULL,	NULL,	NULL,	NULL,	NULL,	NULL,	NULL,	NULL,	0,	0,	0,	'2019-04-16 12:19:18',	'2019-04-16 12:19:18',	NULL),
(348,	348,	1,	1,	1,	'SITI HAJAR ISMAIL',	'1686',	NULL,	'930122085702',	NULL,	NULL,	NULL,	NULL,	NULL,	NULL,	NULL,	NULL,	NULL,	NULL,	'sitihajar@mpc.gov.my',	'0',	NULL,	4,	27,	3,	NULL,	304,	1,	1,	0,	NULL,	NULL,	NULL,	NULL,	NULL,	NULL,	NULL,	NULL,	NULL,	NULL,	NULL,	0,	0,	0,	'2019-03-29 10:11:45',	'2019-03-29 10:11:45',	NULL),
(349,	349,	1,	1,	1,	'SITI NUR SYUHAIDA BINTI MOHD SALLEH',	'1705',	'329581873',	'960416115070',	'',	'Jalan Loji Air',	'Kampung Bukit Bunga',	'',	'22010',	621,	16,	'01119773745',	NULL,	NULL,	'syuhaidasalleh96@gmail.com',	'0',	NULL,	6,	27,	3,	NULL,	285,	1,	1,	0,	NULL,	NULL,	NULL,	NULL,	NULL,	NULL,	NULL,	NULL,	NULL,	NULL,	NULL,	0,	0,	0,	'2020-11-27 06:21:32',	'2020-11-27 06:21:32',	NULL),
(350,	350,	1,	1,	1,	'SITI NURAINI AB HALIM',	'3167',	NULL,	'921013065046',	NULL,	NULL,	NULL,	NULL,	NULL,	NULL,	NULL,	NULL,	NULL,	NULL,	'sitinuraini@mpc.gov.my',	'0',	NULL,	5,	21,	27,	NULL,	36,	1,	1,	0,	NULL,	NULL,	NULL,	NULL,	NULL,	NULL,	NULL,	NULL,	NULL,	NULL,	NULL,	0,	0,	0,	'2019-03-29 10:11:45',	'2019-03-29 10:11:45',	NULL),
(351,	351,	1,	1,	1,	'SITI ROHANA RUBAIDI',	'1666',	'',	'910516106408',	'',	'',	'',	'',	NULL,	NULL,	NULL,	'0192313877',	NULL,	NULL,	'rohana@mpc.gov.my',	'0',	NULL,	6,	27,	3,	NULL,	307,	1,	1,	0,	NULL,	NULL,	NULL,	NULL,	NULL,	NULL,	NULL,	NULL,	NULL,	NULL,	NULL,	0,	0,	0,	'2019-08-05 14:39:15',	'2019-08-05 14:39:15',	NULL),
(352,	352,	1,	1,	1,	'SITI ZAHARAH IBRAHIM',	'1702',	'',	'830226045192',	'',	'',	'',	'',	NULL,	NULL,	NULL,	'0129710691',	'0129710691',	NULL,	'szaharah@mpc.gov.my',	'0',	NULL,	6,	27,	3,	NULL,	78,	1,	1,	0,	NULL,	NULL,	NULL,	NULL,	NULL,	NULL,	NULL,	NULL,	NULL,	NULL,	NULL,	0,	0,	0,	'2019-12-03 16:38:42',	'2019-12-03 16:38:42',	NULL),
(353,	353,	1,	1,	1,	'SYED IZZAT EMIR SYED AHMAD RAZALI',	'1691',	NULL,	'940405105629',	NULL,	NULL,	NULL,	NULL,	NULL,	NULL,	NULL,	NULL,	NULL,	NULL,	'syedizzat@mpc.gov.my',	'0',	NULL,	6,	27,	3,	NULL,	9,	1,	1,	0,	NULL,	NULL,	NULL,	NULL,	NULL,	NULL,	NULL,	NULL,	NULL,	NULL,	NULL,	0,	0,	0,	'2019-03-29 10:11:45',	'2019-03-29 10:11:45',	NULL),
(354,	354,	1,	1,	1,	'UMMU \'AMMARAH BASYIRAH HASHIM',	'1687',	'',	'940826017328',	'',	'No 1843, Jalan Mawar 2, Taman Gemas Indah,',	'',	'',	'73400',	1832,	7,	'01139237530',	NULL,	NULL,	'ummu@mpc.gov.my',	'0',	NULL,	7,	27,	3,	NULL,	222,	1,	1,	0,	NULL,	NULL,	NULL,	NULL,	NULL,	NULL,	NULL,	NULL,	NULL,	NULL,	NULL,	0,	0,	0,	'2020-10-15 07:59:25',	'2020-10-15 07:59:25',	NULL),
(516,	355,	1,	1,	1,	'AHMAD SYAFIQ BIN IDRUS',	'4545',	'5317',	'860716335317',	'',	'',	'',	'',	'43100',	1200,	14,	'0176223554',	NULL,	NULL,	'emailtester.451@gmail.com',	'0',	NULL,	6,	34,	31,	NULL,	356,	1,	1,	0,	NULL,	NULL,	NULL,	NULL,	NULL,	NULL,	NULL,	NULL,	NULL,	NULL,	NULL,	0,	0,	0,	'2019-03-31 16:51:28',	'2019-03-31 16:51:28',	NULL),
(517,	356,	1,	1,	1,	'NORAIZAM BIN BADRON',	'5937',	'5937',	'740102015937',	'',	'Test',	'',	'',	NULL,	NULL,	NULL,	'01766727272',	'01887777777',	NULL,	'mpcflightsystem@gmail.com',	'0',	NULL,	6,	33,	5,	NULL,	39,	1,	1,	0,	NULL,	NULL,	NULL,	NULL,	NULL,	NULL,	NULL,	NULL,	NULL,	NULL,	NULL,	0,	0,	0,	'2019-03-31 17:08:26',	'2019-03-31 13:10:29',	NULL),
(518,	357,	1,	1,	1,	'MUHAMMAD FATHI BIN MD TAIB',	'01713',	'',	'9106070950',	'',	'',	'',	'',	NULL,	NULL,	NULL,	'0194230231',	NULL,	NULL,	'fathi@mpc.gov.my',	'0',	NULL,	6,	27,	3,	NULL,	39,	1,	1,	0,	NULL,	NULL,	NULL,	NULL,	NULL,	NULL,	NULL,	NULL,	NULL,	NULL,	NULL,	0,	0,	0,	'2019-04-17 20:39:26',	'2019-04-17 20:39:26',	NULL),
(519,	358,	1,	1,	1,	'MOHAMED AMIRUL ZAFAREN MOHAMED ZAKIR',	'01717',	'',	'9409041463',	'',	'',	'',	'',	NULL,	NULL,	NULL,	'0132343906',	NULL,	NULL,	'zafaren@mpc.gov.my',	'0',	NULL,	6,	27,	3,	NULL,	39,	1,	1,	0,	NULL,	NULL,	NULL,	NULL,	NULL,	NULL,	NULL,	NULL,	NULL,	NULL,	NULL,	0,	0,	0,	'2019-04-17 20:47:51',	'2019-04-17 20:47:51',	NULL),
(520,	359,	1,	1,	1,	'MOHD NOOR AZRIN BIN ADNAN',	'1723',	'327160164',	'871129035559',	'',	'',	'',	'',	NULL,	NULL,	NULL,	'0172728290',	NULL,	NULL,	'azrin@mpc.gov.my',	'0',	NULL,	7,	27,	3,	NULL,	252,	1,	1,	0,	NULL,	NULL,	NULL,	NULL,	NULL,	NULL,	NULL,	NULL,	NULL,	NULL,	NULL,	0,	0,	0,	'2020-11-27 06:22:04',	'2020-11-27 06:22:04',	NULL),
(521,	360,	1,	1,	1,	'AZIRAH BT MOHD',	'01719',	'',	'940610115324',	'',	'',	'',	'',	NULL,	NULL,	NULL,	'01161036364',	NULL,	NULL,	'azirah@mpc.gov.my',	'0',	NULL,	4,	27,	3,	NULL,	304,	1,	1,	0,	NULL,	NULL,	NULL,	NULL,	NULL,	NULL,	NULL,	NULL,	NULL,	NULL,	NULL,	0,	0,	0,	'2019-04-22 12:16:25',	'2019-04-22 12:16:25',	NULL),
(522,	361,	1,	1,	1,	'NUR ILINA BINTI ROSLI',	'01729',	'',	'940603146456',	'',	'',	'',	'',	NULL,	NULL,	NULL,	'0133101770',	NULL,	NULL,	'nurilina@mpc.gov.my',	'0',	NULL,	4,	27,	3,	NULL,	304,	1,	1,	0,	NULL,	NULL,	NULL,	NULL,	NULL,	NULL,	NULL,	NULL,	NULL,	NULL,	NULL,	0,	0,	0,	'2019-04-24 17:56:56',	'2019-04-24 17:56:56',	NULL),
(523,	362,	1,	1,	1,	'NOOR IDDEANNA BINTI IDRIS',	'1718',	'',	'950806146236',	'',	'No.2 Jalan Sp2/15',	'Taman Subang Perdana',	'',	'40150',	1077,	14,	'0132232452',	NULL,	NULL,	'iddeanna@mpc.gov.my',	'0',	NULL,	6,	27,	3,	NULL,	39,	1,	1,	0,	NULL,	NULL,	NULL,	NULL,	NULL,	NULL,	NULL,	NULL,	NULL,	NULL,	NULL,	0,	0,	0,	'2019-05-02 19:35:10',	'2019-05-02 19:35:10',	NULL),
(524,	363,	1,	1,	1,	'AMIRUL HAIZAD BIN REDZWAN',	'01716',	'',	'940109015151',	'',	'',	'',	'',	NULL,	NULL,	NULL,	'0196963517',	NULL,	NULL,	'haizad@mpc.gov.my',	'0',	NULL,	4,	27,	3,	NULL,	304,	1,	1,	0,	NULL,	NULL,	NULL,	NULL,	NULL,	NULL,	NULL,	NULL,	NULL,	NULL,	NULL,	0,	0,	0,	'2019-05-21 12:43:57',	'2019-05-21 12:43:57',	NULL),
(525,	364,	1,	1,	1,	'NOR AZZATUL AKMARISHA BINTI SERJALI',	'01724',	'',	'940801086140',	'',	'',	'',	'',	NULL,	NULL,	NULL,	NULL,	NULL,	NULL,	'azzatul@mpc.gov.my',	'0',	NULL,	3,	27,	3,	NULL,	129,	1,	1,	0,	NULL,	NULL,	NULL,	NULL,	NULL,	NULL,	NULL,	NULL,	NULL,	NULL,	NULL,	0,	0,	0,	'2019-05-27 15:13:16',	'2019-05-27 15:13:16',	NULL),
(526,	365,	1,	1,	1,	'NURUL NADIA BINTI ABDUL PATAH',	'01730',	'',	'950526145298',	'',	'',	'',	'',	NULL,	NULL,	NULL,	NULL,	NULL,	NULL,	'nuruln@mpc.gov.my',	'0',	NULL,	4,	27,	3,	NULL,	304,	1,	1,	0,	NULL,	NULL,	NULL,	NULL,	NULL,	NULL,	NULL,	NULL,	NULL,	NULL,	NULL,	0,	0,	0,	'2019-06-12 13:38:57',	'2019-06-12 13:38:57',	NULL),
(527,	366,	1,	1,	1,	'MAHZAR REZZA BIN ITHNIN',	'01733',	'308201633',	'860306335779',	'',	'',	'',	'',	NULL,	NULL,	NULL,	'0122447148',	NULL,	NULL,	'mahzar@mpc.gov.my',	'0',	NULL,	6,	27,	3,	NULL,	78,	1,	1,	0,	NULL,	NULL,	NULL,	NULL,	NULL,	NULL,	NULL,	NULL,	NULL,	NULL,	NULL,	0,	0,	0,	'2019-11-15 13:59:46',	'2019-11-15 13:59:46',	NULL),
(528,	367,	1,	1,	1,	'NURRUL NUR AISYAH HAMRAN',	'01734',	'309714963',	'950829135206',	'',	'',	'',	'',	NULL,	NULL,	NULL,	'0109609108',	NULL,	NULL,	'nurrul@mpc.gov.my',	'0',	NULL,	6,	27,	3,	NULL,	110,	1,	1,	0,	NULL,	NULL,	NULL,	NULL,	NULL,	NULL,	NULL,	NULL,	NULL,	NULL,	NULL,	0,	0,	0,	'2020-11-27 06:22:57',	'2020-11-27 06:22:57',	NULL),
(529,	368,	1,	1,	1,	'NORLIYANA BINTI MOHD SHAMSUDDIN',	'01731',	'',	'920812105660',	'',	'',	'',	'',	NULL,	NULL,	NULL,	'0132240240',	NULL,	NULL,	'norliyanas@mpc.gov.my',	'0',	NULL,	6,	27,	3,	NULL,	307,	1,	1,	0,	NULL,	NULL,	NULL,	NULL,	NULL,	NULL,	NULL,	NULL,	NULL,	NULL,	NULL,	0,	0,	0,	'2019-07-02 13:19:42',	'2019-07-02 13:19:42',	NULL),
(530,	369,	1,	1,	1,	'NIK NUR ATIQAH BINTI SAIDI',	'01710',	'328242110',	'920916035644',	'',	'',	'',	'',	NULL,	NULL,	NULL,	'0192413700',	NULL,	NULL,	'niknuratiqah@mpc.gov.my',	'0',	NULL,	6,	27,	3,	NULL,	39,	1,	1,	0,	NULL,	NULL,	NULL,	NULL,	NULL,	NULL,	NULL,	NULL,	NULL,	NULL,	NULL,	0,	0,	0,	'2019-11-14 16:08:33',	'2019-11-14 16:08:33',	NULL),
(531,	370,	1,	1,	1,	'SARAH AFIQAH BINTI KAMARUZAMAN',	'01737',	'328313215',	'970218145040',	'',	'',	'',	'',	NULL,	NULL,	NULL,	'0174746234',	NULL,	NULL,	'sarah@mpc.gov.my',	'0',	NULL,	3,	27,	3,	NULL,	77,	1,	1,	0,	NULL,	NULL,	NULL,	NULL,	NULL,	NULL,	NULL,	NULL,	NULL,	NULL,	NULL,	0,	0,	0,	'2020-11-27 06:23:44',	'2020-11-27 06:23:44',	NULL),
(532,	371,	1,	1,	1,	'NURUL AZNEE BT ABDUL AZIZ',	'01736',	'',	'930505106566',	'',	'',	'',	'',	NULL,	NULL,	NULL,	'0182354569',	NULL,	NULL,	'aznee@mpc.gov.my',	'0',	NULL,	6,	27,	3,	NULL,	78,	1,	1,	0,	NULL,	NULL,	NULL,	NULL,	NULL,	NULL,	NULL,	NULL,	NULL,	NULL,	NULL,	0,	0,	0,	'2019-07-22 15:40:43',	'2019-07-22 15:40:43',	NULL),
(533,	372,	1,	1,	1,	'NUR AISYA AIDA BINTI KHAIRUL SALLEH',	'01742',	'',	'960623105318',	'',	'',	'',	'',	NULL,	NULL,	NULL,	'0127889096',	NULL,	NULL,	'nuraisya@mpc.gov.my',	'0',	NULL,	6,	27,	3,	NULL,	78,	1,	1,	0,	NULL,	NULL,	NULL,	NULL,	NULL,	NULL,	NULL,	NULL,	NULL,	NULL,	NULL,	0,	0,	0,	'2019-07-25 19:31:17',	'2019-07-25 19:31:17',	NULL),
(534,	373,	1,	1,	1,	'ANIS UMAIRAH BINTI JASNI',	'01732',	'',	'941212065370',	'',	'',	'',	'',	NULL,	NULL,	NULL,	'0174134703',	NULL,	NULL,	'anisumairah@mpc.gov.my',	'0',	NULL,	4,	27,	3,	NULL,	304,	1,	1,	0,	NULL,	NULL,	NULL,	NULL,	NULL,	NULL,	NULL,	NULL,	NULL,	NULL,	NULL,	0,	0,	0,	'2019-07-29 19:06:39',	'2019-07-29 19:06:39',	NULL),
(535,	374,	1,	1,	1,	'NORNADIA BINTI OMAR',	'01722',	'',	'910330036544',	'',	'',	'',	'',	NULL,	NULL,	NULL,	'0145281834',	NULL,	NULL,	'nornadia@mpc.gov.my',	'0',	NULL,	4,	27,	3,	NULL,	285,	1,	1,	0,	NULL,	NULL,	NULL,	NULL,	NULL,	NULL,	NULL,	NULL,	NULL,	NULL,	NULL,	0,	0,	0,	'2019-08-26 12:30:02',	'2019-08-26 12:30:02',	NULL),
(536,	375,	1,	1,	1,	'MOHD AFIQ BIN MOHD ADNAN',	'03160',	'',	'890219136111',	'',	'',	'',	'',	NULL,	NULL,	NULL,	'0174478129',	NULL,	NULL,	'mohdafiqn@mpc.gov.my',	'0',	NULL,	12,	10,	16,	NULL,	255,	1,	1,	0,	NULL,	NULL,	NULL,	NULL,	NULL,	NULL,	NULL,	NULL,	NULL,	NULL,	NULL,	0,	0,	0,	'2019-08-28 19:37:45',	'2019-08-28 19:37:45',	NULL),
(537,	376,	1,	1,	1,	'NANCY ANAK JOAN',	'01744',	'',	'950124136348',	'',	'',	'',	'',	NULL,	NULL,	NULL,	'0199773615',	NULL,	NULL,	'nancy@mpc.gov.my',	'0',	NULL,	3,	27,	3,	NULL,	77,	1,	1,	0,	NULL,	NULL,	NULL,	NULL,	NULL,	NULL,	NULL,	NULL,	NULL,	NULL,	NULL,	0,	0,	0,	'2020-11-27 06:25:22',	'2020-11-27 06:25:22',	NULL),
(538,	377,	1,	1,	1,	'YOGESVARI A/P SAMBASEVAM',	'01741',	'',	'910210025912',	'',	'',	'',	'',	NULL,	NULL,	NULL,	'0164696181',	NULL,	NULL,	'yogesvari@mpc.gov.my',	'0',	NULL,	6,	27,	3,	NULL,	116,	1,	1,	0,	NULL,	NULL,	NULL,	NULL,	NULL,	NULL,	NULL,	NULL,	NULL,	NULL,	NULL,	0,	0,	0,	'2020-11-27 06:24:31',	'2020-11-27 06:24:31',	NULL),
(539,	378,	1,	1,	1,	'NIK NUR MAISARAH NIK SOH',	'01712',	'',	'951224035354',	'',	'',	'',	'',	NULL,	NULL,	NULL,	NULL,	NULL,	NULL,	'niknur@mpc.gov.my',	'0',	NULL,	1,	27,	3,	NULL,	79,	1,	1,	0,	NULL,	NULL,	NULL,	NULL,	NULL,	NULL,	NULL,	NULL,	NULL,	NULL,	NULL,	0,	0,	0,	'2019-10-07 15:06:12',	'2019-10-07 15:06:12',	NULL),
(540,	379,	1,	1,	1,	'NIK ZARITH ELIDA BINTI NIK RAMLI',	'01745',	'',	'950406035924',	'',	'',	'',	'',	NULL,	NULL,	NULL,	'0142523882',	NULL,	NULL,	'nikzarith@mpc.gov.my',	'0',	NULL,	6,	27,	3,	NULL,	39,	1,	1,	0,	NULL,	NULL,	NULL,	NULL,	NULL,	NULL,	NULL,	NULL,	NULL,	NULL,	NULL,	0,	0,	0,	'2019-10-15 12:46:24',	'2019-10-15 12:46:24',	NULL),
(541,	380,	1,	1,	1,	'MOHD SYAMAEL BIN MOHD NASIR',	'01738',	'',	'931007015295',	'',	'',	'',	'',	NULL,	NULL,	NULL,	'0104345834',	NULL,	NULL,	'syamaelr@mpc.gov.my',	'0',	NULL,	6,	27,	3,	NULL,	78,	1,	1,	0,	NULL,	NULL,	NULL,	NULL,	NULL,	NULL,	NULL,	NULL,	NULL,	NULL,	NULL,	0,	0,	0,	'2019-11-18 18:18:05',	'2019-11-18 18:18:05',	NULL),
(542,	381,	1,	1,	1,	'AISYAH BINTI ISMAIL',	'01727',	'',	'940502115546',	'',	'',	'',	'',	NULL,	NULL,	NULL,	'0194576246',	NULL,	NULL,	'aisyah@mpc.gov.my',	'0',	NULL,	6,	27,	3,	NULL,	39,	1,	1,	0,	NULL,	NULL,	NULL,	NULL,	NULL,	NULL,	NULL,	NULL,	NULL,	NULL,	NULL,	0,	0,	0,	'2020-01-28 13:35:43',	'2020-01-28 13:35:43',	NULL),
(543,	382,	1,	1,	1,	'NUR MUNIRAH BINTI MUSTAFFA KAMAL',	'1755',	'',	'940908106180',	'',	'',	'',	'',	NULL,	NULL,	NULL,	NULL,	NULL,	NULL,	'munirah@mpc.gov.my',	'0',	NULL,	6,	27,	3,	NULL,	287,	1,	1,	0,	NULL,	NULL,	NULL,	NULL,	NULL,	NULL,	NULL,	NULL,	NULL,	NULL,	NULL,	0,	0,	0,	'2020-11-27 05:26:31',	'2020-11-27 05:26:31',	NULL),
(544,	383,	1,	1,	1,	'DANIAL ZARKASYI BIN MAZLAN',	'1752',	'',	'910703105531',	'',	'',	'',	'',	NULL,	NULL,	NULL,	NULL,	NULL,	NULL,	'danial@mpc.gov.my',	'0',	NULL,	6,	27,	3,	NULL,	184,	1,	1,	0,	NULL,	NULL,	NULL,	NULL,	NULL,	NULL,	NULL,	NULL,	NULL,	NULL,	NULL,	0,	0,	0,	'2020-11-27 05:51:19',	'2020-11-27 05:51:19',	NULL),
(545,	384,	1,	1,	1,	'LIM EU YIK KRISHEN',	'1754',	'',	'930319105017',	'',	'',	'',	'',	NULL,	NULL,	NULL,	NULL,	NULL,	NULL,	'krishen@mpc.gov.my',	'0',	NULL,	7,	27,	3,	NULL,	263,	1,	1,	0,	NULL,	NULL,	NULL,	NULL,	NULL,	NULL,	NULL,	NULL,	NULL,	NULL,	NULL,	0,	0,	0,	'2020-11-27 06:26:28',	'2020-11-27 06:26:28',	NULL),
(546,	385,	1,	1,	1,	'MOHD SHAHRILL RIZA BIN MOHD FADZILAH',	'1756',	'',	'910909115321',	'',	'',	'',	'',	NULL,	NULL,	NULL,	NULL,	NULL,	NULL,	'riza@mpc.gov.my',	'0',	NULL,	3,	27,	NULL,	NULL,	77,	1,	1,	0,	NULL,	NULL,	NULL,	NULL,	NULL,	NULL,	NULL,	NULL,	NULL,	NULL,	NULL,	0,	0,	0,	'2020-11-27 05:54:20',	'2020-11-27 05:54:20',	NULL),
(547,	386,	1,	1,	1,	'MUHAMMAD FAHMI ASYRAF BIN ABD. KAHAR',	'3175',	'',	'981222106785',	'',	'',	'',	'',	NULL,	NULL,	NULL,	NULL,	NULL,	NULL,	'fahmiasyraf@mpc.gov.my',	'0',	NULL,	1,	14,	18,	NULL,	203,	1,	1,	0,	NULL,	NULL,	NULL,	NULL,	NULL,	NULL,	NULL,	NULL,	NULL,	NULL,	NULL,	0,	0,	0,	'2020-11-27 06:28:23',	'2020-11-27 06:28:23',	NULL),
(548,	387,	1,	1,	1,	'NORHASMIRA BINTI MD SUHAIMI',	'3177',	'',	'910308146130',	'',	'',	'',	'',	NULL,	NULL,	NULL,	NULL,	NULL,	NULL,	'norhasmira@mpc.gov.my',	'0',	NULL,	7,	14,	18,	NULL,	263,	1,	1,	0,	NULL,	NULL,	NULL,	NULL,	NULL,	NULL,	NULL,	NULL,	NULL,	NULL,	NULL,	0,	0,	0,	'2020-11-27 05:59:32',	'2020-11-27 05:59:32',	NULL),
(549,	388,	1,	1,	1,	'NUR AISYAH BINTI AHMAD JAILANI',	'3179',	'',	'990927106384',	'',	'',	'',	'',	NULL,	NULL,	NULL,	NULL,	NULL,	NULL,	'nuraisyah@mpc.gov.my',	'0',	NULL,	3,	14,	18,	NULL,	77,	1,	1,	0,	NULL,	NULL,	NULL,	NULL,	NULL,	NULL,	NULL,	NULL,	NULL,	NULL,	NULL,	0,	0,	0,	'2020-11-27 06:00:42',	'2020-11-27 06:00:42',	NULL),
(550,	389,	1,	1,	1,	'NUR SYAWAL BIN MOHAMAD SHARIF',	'3180',	'',	'890514145547',	'',	'',	'',	'',	NULL,	NULL,	NULL,	NULL,	NULL,	NULL,	'syawal@mpc.gov.my',	'0',	NULL,	5,	14,	18,	NULL,	299,	1,	1,	0,	NULL,	NULL,	NULL,	NULL,	NULL,	NULL,	NULL,	NULL,	NULL,	NULL,	NULL,	0,	0,	0,	'2020-12-01 02:48:55',	'2020-12-01 02:48:55',	NULL),
(551,	390,	1,	1,	1,	'JENNIFER KAVITHAMBIGAI PANIR SILVAM',	'3181',	'',	'990709089280',	'',	'',	'',	'',	NULL,	NULL,	NULL,	NULL,	NULL,	NULL,	'jennifer@mpc.gov.my',	'0',	NULL,	5,	14,	18,	NULL,	131,	1,	1,	0,	NULL,	NULL,	NULL,	NULL,	NULL,	NULL,	NULL,	NULL,	NULL,	NULL,	NULL,	0,	0,	0,	'2021-06-23 05:30:46',	'2021-06-23 05:30:46',	NULL),
(552,	391,	1,	1,	1,	'PUTERI NABILAH HUSNA BINTI ZULKEFLEE',	'3176',	'',	'980224016260',	'',	'',	'',	'',	NULL,	NULL,	NULL,	NULL,	NULL,	NULL,	'puteri@mpc.gov.my',	'0',	NULL,	5,	14,	18,	NULL,	283,	1,	1,	0,	NULL,	NULL,	NULL,	NULL,	NULL,	NULL,	NULL,	NULL,	NULL,	NULL,	NULL,	0,	0,	0,	'2020-11-27 06:28:51',	'2020-11-27 06:28:51',	NULL),
(553,	392,	1,	1,	1,	'AMALINA SAPIREN',	'1714',	'',	'940902015050',	'',	'',	'',	'',	NULL,	NULL,	NULL,	NULL,	NULL,	NULL,	'amalina@mpc.gov.my',	'0',	NULL,	7,	27,	3,	NULL,	308,	1,	1,	0,	NULL,	NULL,	NULL,	NULL,	NULL,	NULL,	NULL,	NULL,	NULL,	NULL,	NULL,	0,	0,	0,	'2020-12-30 05:05:05',	'2020-12-30 05:05:05',	NULL),
(554,	393,	2,	1,	1,	'TAJODIN BIN SANUSI',	NULL,	NULL,	'470901015813',	NULL,	'BP-1-18, BLOCK B,',	'JALAN BPD 1',	'D\'ALPINIA BUSINESS PARK',	'47100',	NULL,	NULL,	'0192249323',	NULL,	NULL,	'info@leap.com.my',	'0',	NULL,	NULL,	NULL,	NULL,	NULL,	NULL,	1,	1,	0,	NULL,	NULL,	'2021-02-15',	'2022-02-14',	'357-02243226',	NULL,	3,	NULL,	23,	'562807534443',	NULL,	0,	0,	0,	NULL,	'2021-06-20 12:28:02',	NULL),
(555,	394,	2,	1,	1,	'MOHD ZULKIFLI BIN ITAM',	NULL,	NULL,	'510117105317',	NULL,	'ATRIA SOFO SUITES, A-11-2A,',	'LEVEL 11, JALAN SS22/23,',	'DAMANSARA JAYA',	'47400',	NULL,	NULL,	'0122091914',	NULL,	NULL,	'imohdzulkifli@gmail.com',	'0',	NULL,	NULL,	NULL,	NULL,	NULL,	NULL,	1,	1,	0,	NULL,	NULL,	'2021-02-15',	'2022-02-14',	'357-02155035',	NULL,	3,	'PEOPLE SYNERGY SDN BHD',	23,	'514123807961',	NULL,	0,	0,	0,	NULL,	'2021-06-20 12:28:02',	NULL),
(556,	395,	2,	1,	1,	'GOH SWEE SEANG',	NULL,	NULL,	'510613075049',	NULL,	'24, JALAN KAJANG 2,',	'TAMAN SRI KAJANG',	NULL,	'43000',	NULL,	NULL,	'0132723483',	NULL,	NULL,	'sweeseangoh@yahoo.com',	'0',	NULL,	NULL,	NULL,	NULL,	NULL,	NULL,	1,	1,	0,	NULL,	NULL,	'2021-02-15',	'2022-02-14',	NULL,	NULL,	3,	'GOH SWEE SEANG',	23,	'114160001915',	NULL,	0,	0,	0,	NULL,	'2021-06-20 12:28:02',	NULL),
(557,	396,	2,	1,	1,	'ANDREW WING KAY CHAN',	NULL,	NULL,	'51814681',	NULL,	'LEVEL 11, 1 SENTRAL,',	'JALAN RAKYAT',	NULL,	'50706',	NULL,	NULL,	NULL,	NULL,	'0321731188',	NULL,	'0',	NULL,	NULL,	NULL,	NULL,	NULL,	NULL,	1,	1,	0,	NULL,	NULL,	'2021-02-15',	'2022-02-14',	NULL,	NULL,	3,	'PRISEWATERHOUSECOOPERS ADVISORY SERVICES SDN BHD',	30,	'321194630089',	NULL,	0,	0,	0,	NULL,	'2021-06-20 12:28:02',	NULL),
(558,	397,	2,	1,	1,	'OOI SAY CHUAN',	NULL,	NULL,	'521019075437',	NULL,	'1 JALAN SS22/15,',	'DAMANSARA JAYA',	NULL,	'47400',	NULL,	NULL,	'0193587427',	NULL,	NULL,	'oschuan@yahoo.com',	'0',	NULL,	NULL,	NULL,	NULL,	NULL,	NULL,	1,	1,	0,	NULL,	NULL,	'2021-02-15',	'2022-02-14',	NULL,	NULL,	3,	'OOI SAY CHUAN',	15,	'8000765586',	NULL,	0,	0,	0,	NULL,	'2021-06-20 12:28:02',	NULL),
(559,	398,	2,	1,	1,	'FAZIL SHUHAIMI BIN HAJI TALIB',	NULL,	NULL,	'530910085647',	NULL,	NULL,	NULL,	NULL,	NULL,	NULL,	NULL,	'0193196601',	NULL,	NULL,	'fazil@gmail.com',	'0',	NULL,	NULL,	NULL,	NULL,	NULL,	NULL,	1,	1,	0,	NULL,	NULL,	'2021-02-15',	'2022-02-14',	NULL,	NULL,	3,	'FAZIL SHUHAIMI BIN HAJI TALIB',	23,	'114187320385',	NULL,	0,	0,	0,	NULL,	'2021-06-20 12:28:02',	NULL),
(560,	399,	2,	1,	1,	'SANTHRAMORGAN VARATHARAJU',	NULL,	NULL,	'531205025037',	NULL,	'8-11-11, MENARA MUTIARA BANGSAR,',	'JALAN LIKU',	'OFF JALAN RIONG,',	'59100',	NULL,	NULL,	'0102259397',	NULL,	'0322014533',	'sales@scalatrainingmatch.com',	'0',	NULL,	NULL,	NULL,	NULL,	NULL,	NULL,	1,	1,	0,	NULL,	NULL,	'2021-02-15',	'2022-02-14',	'357-0002315155',	NULL,	3,	'GKK CONSULTANTS SDN BHD',	23,	'514187360068',	NULL,	0,	0,	0,	NULL,	'2021-06-20 12:28:02',	NULL),
(561,	400,	2,	1,	1,	'YOONG KEE SIN',	NULL,	NULL,	'531229055273',	NULL,	'23, JALAN SS19/4G,',	'SUBANG JAYA',	NULL,	'47500',	NULL,	NULL,	'0122036815',	NULL,	NULL,	'yoong.kee.sin@gmail.com',	'0',	NULL,	NULL,	NULL,	NULL,	NULL,	NULL,	1,	1,	0,	NULL,	NULL,	'2021-02-15',	'2022-02-14',	NULL,	NULL,	3,	'YOONG KEE SIN',	23,	'14187507843',	NULL,	0,	0,	0,	NULL,	'2021-06-20 12:28:02',	NULL),
(562,	401,	2,	1,	1,	'ABD RASHID ANUAR BIN ZAKARIA',	NULL,	NULL,	'540312086171',	NULL,	'NO. 5-2, JALAN SP1/1,',	'BANDAR SAUJANA PUTRA',	'ELITE HIGHWAY',	'42610',	NULL,	NULL,	'0177788819',	NULL,	'01045388819',	'admin@faisalmalikco.com',	'0',	NULL,	NULL,	NULL,	NULL,	NULL,	NULL,	1,	1,	0,	NULL,	NULL,	'2021-02-15',	'2022-02-14',	NULL,	NULL,	3,	'FAISAL MALIK & CO',	6,	'12159010024122',	NULL,	0,	0,	0,	NULL,	'2021-06-20 12:28:02',	NULL),
(563,	402,	2,	1,	1,	'KASUDDIN BIN MD YASIN',	NULL,	NULL,	'540625105767',	NULL,	'7313, JALAN GHAZALY',	'SUNGAI KANTAN,',	NULL,	'43000',	NULL,	NULL,	'0123130088',	NULL,	NULL,	'kassudinyassin@gmail.com',	'0',	NULL,	NULL,	NULL,	NULL,	NULL,	NULL,	1,	1,	0,	NULL,	NULL,	'2021-02-15',	'2022-02-14',	NULL,	NULL,	3,	'KASUDDIN BIN MD YASIN',	23,	'114187654746',	NULL,	0,	0,	0,	NULL,	'2021-06-20 12:28:02',	NULL),
(564,	403,	2,	1,	1,	'ABD WAHAB BIN IKHSAN',	NULL,	NULL,	'540825015053',	NULL,	'NO.11 TINGKAT 1, JALAN USJ 10/1E,',	'TAIPAN TRIANGLE',	NULL,	'47620',	NULL,	NULL,	'0122088167',	NULL,	'0358974748',	'info@qai.com.my',	'0',	NULL,	NULL,	NULL,	NULL,	NULL,	NULL,	1,	1,	0,	NULL,	NULL,	'2021-02-15',	'2022-02-14',	'357-02074092',	NULL,	3,	'QAI SDN BHD',	23,	'512482102866',	NULL,	0,	0,	0,	NULL,	'2021-06-20 12:28:02',	NULL),
(565,	404,	2,	1,	1,	'PHAN POH CHOO',	NULL,	NULL,	'540911085904',	NULL,	'26, JALAN PJU3/20B TROPICANAN HOMES,',	'KOTA DAMANSARA',	NULL,	'47410',	NULL,	NULL,	'0123719888',	NULL,	NULL,	'pennywinwin@gmail.com',	'0',	NULL,	NULL,	NULL,	NULL,	NULL,	NULL,	1,	1,	0,	NULL,	NULL,	'2021-02-15',	'2022-02-14',	NULL,	NULL,	3,	'PHAN POH CHOO',	23,	'114758118570',	NULL,	0,	0,	0,	NULL,	'2021-06-20 12:28:02',	NULL),
(566,	405,	2,	1,	1,	'ISHAK BIN SALLEH',	NULL,	NULL,	'540923025255',	NULL,	'D/A: SURAU AL ISLAH,',	'BILIK 1, JALAN PJS 1/54A,',	NULL,	'46150',	NULL,	NULL,	'0192672628',	NULL,	NULL,	'yassarishak6806680@gmail.com',	'0',	NULL,	NULL,	NULL,	NULL,	NULL,	NULL,	1,	1,	0,	NULL,	NULL,	'2021-02-15',	'2022-02-14',	'357-02090729',	NULL,	3,	'KAIZEN SOLUTION SDN BHD',	23,	'564164104873',	NULL,	0,	0,	0,	NULL,	'2021-06-20 12:28:02',	NULL),
(567,	406,	2,	1,	1,	'SANGARAN A/L NARAYANAN',	NULL,	NULL,	'550217085567',	NULL,	'MEIF C/O MUHIBBAH ENGINEERING BHD., LOT 586,',	'2ND MILE',	'JALAN BATU TIGA LAMA',	'41300',	NULL,	NULL,	'0192696774',	NULL,	'0333424323',	'bgsangaran@gmail.com',	'0',	NULL,	NULL,	NULL,	NULL,	NULL,	NULL,	1,	1,	0,	NULL,	NULL,	'2021-02-15',	'2022-02-14',	NULL,	NULL,	3,	'SANGARAN A/L NARAYANAN',	15,	'8000475762',	NULL,	0,	0,	0,	NULL,	'2021-06-20 12:28:02',	NULL),
(568,	407,	2,	1,	1,	'NOELINE CHANAN SINGH',	NULL,	NULL,	'550322105400',	NULL,	'NO. 20, JALAN 10/3,',	NULL,	NULL,	'46000',	NULL,	NULL,	'0133937033',	NULL,	NULL,	'noelinesingh@gmail.com',	'0',	NULL,	NULL,	NULL,	NULL,	NULL,	NULL,	1,	1,	0,	NULL,	NULL,	'2021-02-15',	'2022-02-14',	NULL,	NULL,	3,	'NOELINE CHANAN SINGH',	NULL,	'114169614343',	NULL,	0,	0,	0,	NULL,	'2021-06-20 12:28:02',	NULL),
(569,	408,	2,	1,	1,	'HAMDI BIN OTHMAN',	NULL,	NULL,	'550324025551',	NULL,	'17, JALAN CERI 6/8A,',	'HILLPARK BANDAR PUNCAK ALAM',	NULL,	'42300',	NULL,	NULL,	'0192782595',	NULL,	NULL,	'okhamdi@gmail.com',	'0',	NULL,	NULL,	NULL,	NULL,	NULL,	NULL,	1,	1,	0,	NULL,	NULL,	'2021-02-15',	'2022-02-14',	NULL,	NULL,	3,	'HAMDI BIN OTHMAN',	23,	'14169208605',	NULL,	0,	0,	0,	NULL,	'2021-06-20 12:28:02',	NULL),
(570,	409,	2,	1,	1,	'LEE BOON TECK',	NULL,	NULL,	'550514075277',	NULL,	'22, JALAN ANGGERIK ONCIDIUM 31/74B,',	'KOTA KEMUNING',	NULL,	'40460',	NULL,	NULL,	'0122830916',	NULL,	NULL,	'bteck200@gmail.com',	'0',	NULL,	NULL,	NULL,	NULL,	NULL,	NULL,	1,	1,	0,	NULL,	NULL,	'2021-02-15',	'2022-02-14',	NULL,	NULL,	3,	'LEE BOON TECK',	23,	'114197110765',	NULL,	0,	0,	0,	NULL,	'2021-06-20 12:28:02',	NULL),
(571,	410,	2,	1,	1,	'DATO\' DR AMIN KHAN',	NULL,	NULL,	'550520136179',	NULL,	'16 U2/50A, MAPPLEWOODS SAUJANA RESORT,',	NULL,	NULL,	'40150',	NULL,	NULL,	'0193304008',	NULL,	NULL,	'aminkhan@abconsulting.asia',	'0',	NULL,	NULL,	NULL,	NULL,	NULL,	NULL,	1,	1,	0,	NULL,	NULL,	'2021-02-15',	'2022-02-14',	NULL,	NULL,	1,	'MOHD AMIN KHAN',	23,	'012080202322',	NULL,	0,	0,	0,	NULL,	'2021-06-20 12:28:02',	NULL),
(572,	411,	2,	1,	1,	'WAN HASSAN BIN W KADIR',	NULL,	NULL,	'550613035155',	NULL,	'2513, TAMAN CHEMPAKA PUTIH BERIS JAMBU,',	'PANJI',	NULL,	'16100',	NULL,	NULL,	'0197503464',	NULL,	'097733464',	'qkaizen@yahoo.com',	'0',	NULL,	NULL,	NULL,	NULL,	NULL,	NULL,	1,	1,	0,	NULL,	NULL,	'2021-02-15',	'2022-02-14',	'357-02078551',	NULL,	3,	'Q KAIZEN CENTRE',	29,	'25301600005898',	NULL,	0,	0,	0,	NULL,	'2021-06-20 12:28:02',	NULL),
(573,	412,	2,	1,	1,	'LOK LEE LEE',	NULL,	NULL,	'550920075010',	NULL,	'272, JALAN SELESA 9,',	'HAPPY GARDEN',	NULL,	'58200',	NULL,	NULL,	'0123150309',	NULL,	NULL,	'lilee33@gmail.com',	'0',	NULL,	NULL,	NULL,	NULL,	NULL,	NULL,	1,	1,	0,	NULL,	NULL,	'2021-02-15',	'2022-02-14',	NULL,	NULL,	3,	'LOK LEE LEE',	29,	'11403510184960',	NULL,	0,	0,	0,	NULL,	'2021-06-20 12:28:02',	NULL),
(574,	413,	2,	1,	1,	'MEGAT AKBARRUDIN MEGAT ISMAIL',	NULL,	NULL,	'560129085611',	NULL,	'44, JALAN BUKIT INDAH 2/14,',	'TAMAN BUKIT INDAH',	NULL,	'46800',	NULL,	NULL,	'0129911707',	NULL,	NULL,	'megatakbarrudin@gmail.com',	'0',	NULL,	NULL,	NULL,	NULL,	NULL,	NULL,	1,	1,	0,	NULL,	NULL,	'2021-02-15',	'2022-02-14',	NULL,	NULL,	3,	'MEGAT AKBARRUDIN MEGAT ISMAIL',	23,	'114169614433',	NULL,	0,	0,	0,	NULL,	'2021-06-20 12:28:02',	NULL),
(575,	414,	2,	1,	1,	'KAMARUDIN MAMAT',	NULL,	NULL,	'560216035129',	NULL,	'73, JALAN LAMAN DELFINA 1/10,',	'NILAI IMPIAN',	NULL,	'71800',	NULL,	NULL,	'0145612017',	NULL,	NULL,	'k5mamat@gmail.com',	'0',	NULL,	NULL,	NULL,	NULL,	NULL,	NULL,	1,	1,	0,	NULL,	NULL,	'2021-02-15',	'2022-02-14',	NULL,	NULL,	3,	'KAMARUDIN MAMAT',	23,	'157111001075',	NULL,	0,	0,	0,	NULL,	'2021-06-20 12:28:02',	NULL),
(576,	415,	2,	1,	1,	'PARMINDAR SINGH',	NULL,	NULL,	'560216055533',	NULL,	'40, JALAN PINGGIRAN USJ 1/15,',	'TAMAN PINGGIRAN USJ 1',	NULL,	NULL,	NULL,	NULL,	'0129817982',	NULL,	NULL,	'parmindar@e-response.biz',	'0',	NULL,	NULL,	NULL,	NULL,	NULL,	NULL,	1,	1,	0,	NULL,	NULL,	'2021-02-15',	'2022-02-14',	NULL,	NULL,	3,	'PARMINDAR SINGH',	23,	'106098397846',	NULL,	0,	0,	0,	NULL,	'2021-06-20 12:28:02',	NULL),
(577,	416,	2,	1,	1,	'ARONI BIN MAT ISA',	NULL,	NULL,	'560305095043',	NULL,	'NO 11A, JALAN SUADAMAI 7/3,',	'BANDAR TUN HUSSEIN ONN',	NULL,	'43200',	NULL,	NULL,	'0134363325',	NULL,	NULL,	'ronmts56@gmail.com',	'0',	NULL,	NULL,	NULL,	NULL,	NULL,	NULL,	1,	1,	0,	NULL,	NULL,	'2021-02-15',	'2022-02-14',	NULL,	NULL,	3,	'ARONI BIN MAT ISA',	23,	'507415101339',	NULL,	0,	0,	0,	NULL,	'2021-06-20 12:28:02',	NULL),
(578,	417,	2,	1,	1,	'DR. MOHD KAMIL YUSOFF',	NULL,	NULL,	'560317035187',	NULL,	'BLOCK D, UPM-MTDC TECHNOLOGY CENTRE,',	NULL,	NULL,	'43400',	NULL,	NULL,	NULL,	NULL,	'038959 3405',	'upmet.training@gmail.com',	'0',	NULL,	NULL,	NULL,	NULL,	NULL,	NULL,	1,	1,	0,	NULL,	NULL,	'2021-02-15',	'2022-02-14',	'357-02170055',	NULL,	1,	'UPM EDUCATION & TRAINING SDN BHD',	15,	'8002167906',	NULL,	0,	0,	0,	NULL,	'2021-06-20 12:28:02',	NULL),
(579,	418,	2,	1,	1,	'OMAR BIN OTHMAN',	NULL,	NULL,	'560327025599',	NULL,	'NO 19, JALAN DUTAMAS SEROJA 6,',	'TAMAN SEGAMBUT SPPK',	NULL,	NULL,	NULL,	NULL,	'0166196251',	NULL,	NULL,	'omarothman956@gmail.com',	'0',	NULL,	NULL,	NULL,	NULL,	NULL,	NULL,	1,	1,	0,	NULL,	NULL,	'2021-02-15',	'2022-02-14',	NULL,	NULL,	3,	'OMAR BIN OTHMAN',	23,	'14169414169',	NULL,	0,	0,	0,	NULL,	'2021-06-20 12:28:02',	NULL),
(580,	419,	2,	1,	1,	'NIK MUSTAFA BIN RAJA SALLEH',	NULL,	NULL,	'560428035489',	NULL,	'NO 82, JALAN SS19/1,',	NULL,	NULL,	'47500',	NULL,	NULL,	'0192231000',	NULL,	NULL,	'nikmustafars@gmail.com',	'0',	NULL,	NULL,	NULL,	NULL,	NULL,	NULL,	1,	1,	0,	NULL,	NULL,	'2021-02-15',	'2022-02-14',	'K10352847911870745',	NULL,	3,	NULL,	11,	NULL,	NULL,	0,	0,	0,	NULL,	'2021-06-20 12:28:02',	NULL),
(581,	420,	2,	1,	1,	'RODNEY JOSEPH ESPECKERMAN',	NULL,	NULL,	'560520055247',	NULL,	'UNIT 352A, KELANA CENRE POINT,',	'3, JALAN SS7/19,',	'KELANA JAYA',	'47301',	NULL,	NULL,	'0166391166',	NULL,	NULL,	'senatcsb@gmail.com',	'0',	NULL,	NULL,	NULL,	NULL,	NULL,	NULL,	1,	1,	0,	NULL,	NULL,	'2021-02-15',	'2022-02-14',	'357-000228698',	NULL,	3,	'SENA TRAINING & CONSULTANCY SERVICES',	23,	'562357516576',	NULL,	0,	0,	0,	NULL,	'2021-06-20 12:28:02',	NULL),
(582,	421,	2,	1,	1,	'PROF. DR. AHMAD ZAKI BIN A BAKAR',	NULL,	NULL,	'560529025247',	NULL,	'UNIT A-31-03, ROYAL REGENT CONDOMINIUM,',	'SRI PUTRAMAS 3',	'JALAN PUTRAMAS 2',	'51200',	NULL,	NULL,	'0127081170',	NULL,	NULL,	'profzaki@yahoo.com',	'0',	NULL,	NULL,	NULL,	NULL,	NULL,	NULL,	1,	1,	0,	NULL,	NULL,	'2021-02-15',	'2022-02-14',	NULL,	NULL,	1,	'AHMAD ZAKI BIN A BAKAR',	15,	'8006059790',	NULL,	0,	0,	0,	NULL,	'2021-06-20 12:28:02',	NULL),
(583,	422,	2,	1,	1,	'ISMAIL BIN HASHIM',	NULL,	NULL,	'560605075423',	NULL,	'11-2, JALAN PUTERI 5/7,',	'BANDAR PUTERI',	NULL,	'47100',	NULL,	NULL,	'0122042827',	NULL,	NULL,	'info@asiabigwave.com',	'0',	NULL,	NULL,	NULL,	NULL,	NULL,	NULL,	1,	1,	0,	NULL,	NULL,	'2021-02-15',	'2022-02-14',	'375-02056255',	NULL,	3,	NULL,	23,	'51234350514',	NULL,	0,	0,	0,	NULL,	'2021-06-20 12:28:02',	NULL),
(584,	423,	2,	1,	1,	'CHUA KEE MOH',	NULL,	NULL,	'560731106067',	NULL,	'C/O BISTANIKA SDN BHD, 145 JALAN KIP8,',	'TAMAN PERINDUSTRIAN KIP',	NULL,	'52200',	NULL,	NULL,	'0193382186',	NULL,	'0362741566',	'kmchua.bistanika@gmail.com',	'0',	NULL,	NULL,	NULL,	NULL,	NULL,	NULL,	1,	1,	0,	NULL,	NULL,	'2021-02-15',	'2022-02-14',	NULL,	NULL,	3,	'CHUA KEE MOH',	15,	'8003171963',	NULL,	0,	0,	0,	NULL,	'2021-06-20 12:28:02',	NULL),
(585,	424,	2,	1,	1,	'CHAN SENG KIT',	NULL,	NULL,	'570506016369',	NULL,	'2, JALAN SS1/7,',	'KAMPUNG TUNKU SUNGAI WAY SUBANG',	NULL,	'47300',	NULL,	NULL,	'0192168466',	NULL,	NULL,	'kitchan@kfarm.com',	'0',	NULL,	NULL,	NULL,	NULL,	NULL,	NULL,	1,	1,	0,	NULL,	NULL,	'2021-02-15',	'2022-02-14',	NULL,	NULL,	3,	'CHAN SENG KIT',	23,	'012231812334',	NULL,	0,	0,	0,	NULL,	'2021-06-20 12:28:02',	NULL),
(586,	425,	2,	1,	1,	'SHARIFAH NORMAH BINTI SYED OMAR',	NULL,	NULL,	'570613115500',	NULL,	'NO. 90, JALAN BAYAS SATU 18/14A,',	'SEKSYEN 18',	NULL,	'40200',	NULL,	NULL,	'0173818196',	NULL,	NULL,	'shnorms@gmail.com',	'0',	NULL,	NULL,	NULL,	NULL,	NULL,	NULL,	1,	1,	0,	NULL,	NULL,	'2021-02-15',	'2022-02-14',	NULL,	NULL,	3,	'SHARIFAH NORMAH SYED OMAR',	23,	'514169528908',	NULL,	0,	0,	0,	NULL,	'2021-06-20 12:28:02',	NULL),
(587,	426,	2,	1,	1,	'SYED ABDULLAH BIN SYED HASHIM',	NULL,	NULL,	'570701065443',	NULL,	'70, AMBER BUSINESS PLAZA 2,',	'JALAN JELAWAT 1',	NULL,	'56000',	NULL,	NULL,	NULL,	NULL,	'0391715054',	'nadiilmu@gmail.com',	'0',	NULL,	NULL,	NULL,	NULL,	NULL,	NULL,	1,	1,	0,	NULL,	NULL,	'2021-02-15',	'2022-02-14',	'357-02065811',	NULL,	3,	'NADILMU SDN BHD',	29,	'26216600005755',	NULL,	0,	0,	0,	NULL,	'2021-06-20 12:28:02',	NULL),
(588,	427,	2,	1,	1,	'ABD RAHMAN ABD RAHIM',	NULL,	NULL,	'570828055939',	NULL,	'NO 21-A, JALAN BPU8,',	'BANDAR PERNIAGAAN BANDAR PUCHONG',	NULL,	'47100',	NULL,	NULL,	'0129057104',	NULL,	NULL,	'ararventure@yahoo.com',	'0',	NULL,	NULL,	NULL,	NULL,	NULL,	NULL,	1,	1,	0,	NULL,	NULL,	'2021-02-15',	'2022-02-14',	'357-02235771',	NULL,	3,	'ARAR VENTURE',	6,	'12047010041868',	NULL,	0,	0,	0,	NULL,	'2021-06-20 12:28:02',	NULL),
(589,	428,	2,	1,	1,	'LAILAH BINTI CHE MOHD DARUS',	NULL,	NULL,	'571016035398',	NULL,	'11, JALAN AKUATIK,',	'13/777E, D\'KAYANGAN',	NULL,	'40100',	NULL,	NULL,	'0193344471',	NULL,	NULL,	'asresources2018@gmail.com',	'0',	NULL,	NULL,	NULL,	NULL,	NULL,	NULL,	1,	1,	0,	NULL,	NULL,	'2021-02-15',	'2022-02-14',	'357-0002293904',	NULL,	3,	'ACTIVE SYNERGY RESOURCES',	NULL,	'562106686297',	NULL,	0,	0,	0,	NULL,	'2021-06-20 12:28:02',	NULL),
(590,	429,	2,	1,	1,	'LIEW YUEN CHUN',	NULL,	NULL,	'571112105050',	NULL,	'63 JALAN DESA DAMAI',	'TAMAN DESA,',	NULL,	'58100',	NULL,	NULL,	'0173333821',	NULL,	NULL,	'evelynliew57@gmail.com',	'0',	NULL,	NULL,	NULL,	NULL,	NULL,	NULL,	1,	1,	0,	NULL,	NULL,	'2021-02-15',	'2022-02-14',	NULL,	NULL,	3,	'LIEW YUEN CHUN',	23,	'11415003203',	NULL,	0,	0,	0,	NULL,	'2021-06-20 12:28:02',	NULL),
(591,	430,	2,	1,	1,	'CHUA GEOK BOON',	NULL,	NULL,	'571118115129',	NULL,	'D12-7-1, BLOCK 12,',	'DANA 1',	'JALAN PJU 1A/46',	'47301',	NULL,	NULL,	'0123816907',	NULL,	'0378426968',	'alphakaizensbm@gmail.com',	'0',	NULL,	NULL,	NULL,	NULL,	NULL,	NULL,	1,	1,	0,	NULL,	NULL,	'2021-02-15',	'2022-02-14',	'357-02062700',	NULL,	3,	'ALPHAKAIZEN SDN BHD',	27,	'7071018333',	NULL,	0,	0,	0,	NULL,	'2021-06-20 12:28:02',	NULL),
(592,	431,	2,	1,	1,	'TIONG KHE HOCK',	NULL,	NULL,	'571218085385',	NULL,	'25, JALAN SETIA NUSANTARA U13/22Q,',	'SETIA ECO PARK',	NULL,	'40170',	NULL,	NULL,	'0193528811',	NULL,	NULL,	'kh_tiong@hotmail.com',	'0',	NULL,	NULL,	NULL,	NULL,	NULL,	NULL,	1,	1,	0,	NULL,	NULL,	'2021-02-15',	'2022-02-14',	NULL,	NULL,	3,	'TIONG KHE HOCK',	23,	'514271429030',	NULL,	0,	0,	0,	NULL,	'2021-06-20 12:28:02',	NULL),
(593,	432,	2,	1,	1,	'G. ANTHONY MARIADAS (TONY MARIADASS)',	NULL,	NULL,	'580615105997',	NULL,	'8-11-11, MENARA MUTIARA BANGSAR,',	'JALAN LIKU',	'OFF JALAN RIONG',	'59100',	NULL,	NULL,	'0102259397',	NULL,	'0322014533',	'sales@scalatrainingmatch.com',	'0',	NULL,	NULL,	NULL,	NULL,	NULL,	NULL,	1,	1,	0,	NULL,	NULL,	'2021-02-15',	'2022-02-14',	'357-0002315155',	NULL,	3,	'GKK CONSULTANTS SDN BHD',	23,	'514187360068',	NULL,	0,	0,	0,	NULL,	'2021-06-20 12:28:02',	NULL),
(594,	433,	2,	1,	1,	'ZULKIFLI BIN IBRAHIM',	NULL,	NULL,	'580723025513',	NULL,	'A-01, BLOK B,',	'PEKAN FRANCAIS MARA',	NULL,	NULL,	NULL,	NULL,	'0197280336',	NULL,	NULL,	'jhiresourcessdnbhd@gmail.com',	'0',	NULL,	NULL,	NULL,	NULL,	NULL,	NULL,	1,	1,	0,	NULL,	NULL,	'2021-02-15',	'2022-02-14',	'357-02242625',	NULL,	3,	'JHI RESOURCES SDN BHD',	6,	'01041010063658',	NULL,	0,	0,	0,	NULL,	'2021-06-20 12:28:02',	NULL),
(595,	434,	2,	1,	1,	'AB AZIZ BIN SALLEH',	NULL,	NULL,	'580802035701',	NULL,	'14, JALAN KOTA RAJA E27/E,',	'PUSAT BANDAR HICOM',	'SEKSYEN 27',	'40400',	NULL,	NULL,	'0122453842',	NULL,	'0351924617',	'info@budimandinamik.com',	'0',	NULL,	NULL,	NULL,	NULL,	NULL,	NULL,	1,	1,	0,	NULL,	NULL,	'2021-02-15',	'2022-02-14',	'357-02091333',	NULL,	3,	'BUDIMAN DINAMIK SDN BHD',	28,	'3143860627',	NULL,	0,	0,	0,	NULL,	'2021-06-20 12:28:02',	NULL),
(596,	435,	2,	1,	1,	'TAN BENG TEONG',	NULL,	NULL,	'580828035339',	NULL,	'NO. 1, GROUND FLOOR BLOCK 2,',	'PUSAT PERNIAGAAN WORLDWIDE',	'JALAN TINJU 13/50 SECTION 13',	'40100',	NULL,	NULL,	'0169969304',	NULL,	NULL,	'ziti@shrdc.org.my',	'0',	NULL,	NULL,	NULL,	NULL,	NULL,	NULL,	1,	1,	0,	NULL,	NULL,	'2021-02-15',	'2022-02-14',	'357-02069186',	NULL,	3,	'SELANGOR HUMAN RESOURCES DEVELOPMENT CENTRE',	15,	'8001926125',	NULL,	0,	0,	0,	NULL,	'2021-06-20 12:28:02',	NULL),
(597,	436,	2,	1,	1,	'AB AZIZ BIN AB RAHMAN',	NULL,	NULL,	'580828035443',	NULL,	'NO 4, JALAN TANJUNG BIDARA 30/76A,',	'TAMAN ALAM PERMAI, SECTION 30,',	NULL,	'40460',	NULL,	NULL,	'0193375786',	NULL,	NULL,	'ab.aziz.rahman@gmail.com',	'0',	NULL,	NULL,	NULL,	NULL,	NULL,	NULL,	1,	1,	0,	NULL,	NULL,	'2021-02-15',	'2022-02-14',	NULL,	NULL,	3,	'AB AZIZ BIN AB RAHMAN',	15,	'8002174603',	NULL,	0,	0,	0,	NULL,	'2021-06-20 12:28:02',	NULL),
(598,	437,	2,	1,	1,	'NOOR HASHIMAH BINTI ABDUL AHAFUR',	NULL,	NULL,	'580921021958',	NULL,	'NO. 7, JALAN SS1/29,',	'KAMPUNG TUNKU',	NULL,	'47300',	NULL,	NULL,	'0122933500',	NULL,	'0378630247',	'noor@nhaacademy.com',	'0',	NULL,	NULL,	NULL,	NULL,	NULL,	NULL,	1,	1,	0,	NULL,	NULL,	'2021-02-15',	'2022-02-14',	NULL,	NULL,	3,	'NOOR HASHIMAH BINTI ABDUL AHAFUR',	23,	'164017019232',	NULL,	0,	0,	0,	NULL,	'2021-06-20 12:28:02',	NULL),
(599,	438,	2,	1,	1,	'DR NORSAIDATUL AKMAR BINTI MAZELAN',	NULL,	NULL,	'581022085112',	NULL,	'B-6-20, ATIVO PLAZA,',	'BANDAR SRI DAMANSARA',	NULL,	'52200',	NULL,	NULL,	'0123981246',	NULL,	NULL,	'norsaidatul@gmail.com',	'0',	NULL,	NULL,	NULL,	NULL,	NULL,	NULL,	1,	1,	0,	NULL,	NULL,	'2021-02-15',	'2022-02-14',	NULL,	NULL,	1,	NULL,	23,	'564874512084',	NULL,	0,	0,	0,	NULL,	'2021-06-20 12:28:02',	NULL),
(600,	439,	2,	1,	1,	'LEONG KIN CHOONG',	NULL,	NULL,	'581023085659',	NULL,	'61, JALAN SS22/20,',	NULL,	NULL,	'47400',	NULL,	NULL,	'0129172808',	NULL,	NULL,	'2clockleong@gmail.com',	'0',	NULL,	NULL,	NULL,	NULL,	NULL,	NULL,	1,	1,	0,	NULL,	NULL,	'2021-02-15',	'2022-02-14',	NULL,	NULL,	3,	'LEONG KIN CHOONG',	23,	'14057215003',	NULL,	0,	0,	0,	NULL,	'2021-06-20 12:28:02',	NULL),
(601,	440,	2,	1,	1,	'FARID BIN FAIZ',	NULL,	NULL,	'581029075283',	NULL,	'KOPERASI BELIA ISLAM MALAYSIA BERHAD, N0 10,',	'JALAN TC 2A/2',	'TAMAN CEMERLANG',	'01022',	NULL,	NULL,	'0163358044',	NULL,	'0341472143',	'kbihq@kbi.com.my',	'0',	NULL,	NULL,	NULL,	NULL,	NULL,	NULL,	1,	1,	0,	NULL,	NULL,	'2021-02-15',	'2022-02-14',	'357-02212904',	NULL,	3,	'KOPERASI BELIA ISLAM MALAYSIA BERHAD',	23,	'564061102115',	NULL,	0,	0,	0,	NULL,	'2021-06-20 12:28:02',	NULL),
(602,	441,	2,	1,	1,	'DR. M. SUGUMARAN',	NULL,	NULL,	'581205025315',	NULL,	'30, JALAN NURI 6,',	'BANDAR PUCHONG JAYA',	NULL,	'47100',	NULL,	NULL,	'0192935741',	NULL,	NULL,	'sugujica@gmail.com',	'0',	NULL,	NULL,	NULL,	NULL,	NULL,	NULL,	1,	1,	0,	NULL,	NULL,	'2021-02-15',	'2022-02-14',	'357-0002299184',	NULL,	1,	'OED MANAGEMENT',	15,	'8009758423',	NULL,	0,	0,	0,	NULL,	'2021-06-20 12:28:02',	NULL),
(603,	442,	2,	1,	1,	'THIRUMALAI KUPPUSAMY',	NULL,	NULL,	'590205085283',	NULL,	'NSSDC BATU 8 1/2,',	'JALAN SEREMBAN',	NULL,	'71700',	NULL,	NULL,	'0123829547',	NULL,	NULL,	'thiru.nssdc@gmail.com',	'0',	NULL,	NULL,	NULL,	NULL,	NULL,	NULL,	1,	1,	0,	NULL,	NULL,	'2021-02-15',	'2022-02-14',	NULL,	NULL,	3,	'THIRUMALAI KUPPUSAMY',	28,	'4582583334',	NULL,	0,	0,	0,	NULL,	'2021-06-20 12:28:02',	NULL),
(604,	443,	2,	1,	1,	'ANTHONY TAN ENG LAN',	NULL,	NULL,	'590302015033',	NULL,	'BLOCK A1-13A-01 (BUSINESS SUITE), ARCORIS MONT KIARA,',	'NO. 10 JALAN KIARA',	'50480 MONT KIARA',	'50480',	NULL,	NULL,	'0122171686',	NULL,	'0364113142',	'info@topforesight.com',	'0',	NULL,	NULL,	NULL,	NULL,	NULL,	NULL,	1,	1,	0,	NULL,	NULL,	'2021-02-15',	'2022-02-14',	'357-02237833',	NULL,	3,	'TOP FORESIGHT SDN. BHD.',	23,	'564726671891',	NULL,	0,	0,	0,	NULL,	'2021-06-20 12:28:02',	NULL),
(605,	444,	2,	1,	1,	'KATIJAH ATAN',	NULL,	NULL,	'590305715086',	NULL,	'NO. 102, BLOK 9,',	'FLAT HICOM, JALAN DUSUN TUA 27/9',	NULL,	'40400',	NULL,	NULL,	'0133566190',	NULL,	NULL,	'katijahatan@gmail.com',	'0',	NULL,	NULL,	NULL,	NULL,	NULL,	NULL,	1,	1,	0,	NULL,	NULL,	'2021-02-15',	'2022-02-14',	NULL,	NULL,	3,	'KATIJAH BINTI ATAN',	23,	'112277035147',	NULL,	0,	0,	0,	NULL,	'2021-06-20 12:28:02',	NULL),
(606,	445,	2,	1,	1,	'JOHARI BIN ISMAIL',	NULL,	NULL,	'590308015923',	NULL,	'906B LEVEL 2 BLOCK D, KOMPLEKS DIAMOND,',	'BANGI BUSINESS PARK',	NULL,	'43650',	NULL,	NULL,	'0193109559',	NULL,	'0327243826',	'finance@ventures.com.my',	'0',	NULL,	NULL,	NULL,	NULL,	NULL,	NULL,	1,	1,	0,	NULL,	NULL,	'2021-02-15',	'2022-02-14',	'357-02007498',	NULL,	3,	'AUTHENTIC VENTURE SDN BHD',	15,	'8002162313',	NULL,	0,	0,	0,	NULL,	'2021-06-20 12:28:02',	NULL),
(607,	446,	2,	1,	1,	'DATO\' DR MOHAMED NOOR SANY',	NULL,	NULL,	'590419085271',	NULL,	'35, JALAN PULAU TIOMAN U10/97,',	'TAMAN GREENHILL',	NULL,	'40170',	NULL,	NULL,	'0196000555',	NULL,	NULL,	'sany@e-response.biz',	'0',	NULL,	NULL,	NULL,	NULL,	NULL,	NULL,	1,	1,	0,	NULL,	NULL,	'2021-02-15',	'2022-02-14',	NULL,	NULL,	1,	'DATO\' DR MOHAMED NOOR SANY',	23,	'514392051604',	NULL,	0,	0,	0,	NULL,	'2021-06-20 12:28:02',	NULL),
(608,	447,	2,	1,	1,	'DR. MOHHIDIN BIN OTHMAN',	NULL,	NULL,	'590612025167',	NULL,	'14, JALAN P15H 2/3,',	'PRESINT 15',	NULL,	'62050',	NULL,	NULL,	'0172373824',	NULL,	NULL,	'mohhidin@gmail.com',	'0',	NULL,	NULL,	NULL,	NULL,	NULL,	NULL,	1,	1,	0,	NULL,	NULL,	'2021-02-15',	'2022-02-14',	NULL,	NULL,	1,	'MOHHIDIN OTHMAN',	23,	'114169614278',	NULL,	0,	0,	0,	NULL,	'2021-06-20 12:28:02',	NULL),
(609,	448,	2,	1,	1,	'HARIDASS A/L NAGALINGAM',	NULL,	NULL,	'590918105379',	NULL,	'16, LORONG KADOK,',	'TAMAN CHI-LIUNG',	NULL,	'41200',	NULL,	NULL,	'0102034730',	NULL,	NULL,	'kalahasti1999@hotmail.com',	'0',	NULL,	NULL,	NULL,	NULL,	NULL,	NULL,	1,	1,	0,	NULL,	NULL,	'2021-02-15',	'2022-02-14',	NULL,	NULL,	3,	'HARIDASS A/L NAGALINGAM',	15,	'7007352439',	NULL,	0,	0,	0,	NULL,	'2021-06-20 12:28:02',	NULL),
(610,	449,	2,	1,	1,	'NIK ROSDI BIN NIK YUSOFF',	NULL,	NULL,	'591022035333',	NULL,	'LOT 1902, JALAN ABDUL KADIR ADABI,',	'KPG PAYA BEMBAN',	NULL,	'15200',	NULL,	NULL,	'0139278088',	NULL,	'097441001',	'dmc_solutions@yahoo.com',	'0',	NULL,	NULL,	NULL,	NULL,	NULL,	NULL,	1,	1,	0,	NULL,	NULL,	'2021-02-15',	'2022-02-14',	'357-0002314460',	NULL,	3,	'DMC SOLUTIONS AND SERVICES',	23,	'564164450714',	NULL,	0,	0,	0,	NULL,	'2021-06-20 12:28:02',	NULL),
(611,	450,	2,	1,	1,	'ISHAK BIN AB RAHMAN',	NULL,	NULL,	'591208035227',	NULL,	'LOT 1461, TAMAN HAJI MAT,',	'KG. PENGKALAN NANGKA PENGKALAN CHEPA',	NULL,	'16100',	NULL,	NULL,	'0129008166',	NULL,	NULL,	'koperasi@mpc.gov.my',	'0',	NULL,	NULL,	NULL,	NULL,	NULL,	NULL,	1,	1,	0,	NULL,	NULL,	'2021-02-15',	'2022-02-14',	'357-0002329977',	NULL,	3,	NULL,	15,	'8604167143',	NULL,	0,	0,	0,	NULL,	'2021-06-20 12:28:02',	NULL),
(612,	451,	2,	1,	1,	'KABIR AHMAD BIN MOHD JAMIL',	NULL,	NULL,	'600101025303',	NULL,	'62, JALAN UNGU U9/36,',	'SUNWAY KAYANGAN',	NULL,	'40150',	NULL,	NULL,	'0192271000',	NULL,	NULL,	'kabir60@gmail.com',	'0',	NULL,	NULL,	NULL,	NULL,	NULL,	NULL,	1,	1,	0,	NULL,	NULL,	'2021-02-15',	'2022-02-14',	NULL,	NULL,	3,	'KABIR AHMAD BIN MOHD JAMIL',	23,	'114160086127',	NULL,	0,	0,	0,	NULL,	'2021-06-20 12:28:02',	NULL),
(613,	452,	2,	1,	1,	'MOHD ZIN UDIN',	NULL,	NULL,	'600117055005',	NULL,	'NO 59, TINGKAT 3,',	'BANGUNAN KPPMNS',	'JALAN TUANKU ATAH',	'70100',	NULL,	NULL,	'0133545655',	NULL,	NULL,	'osheqman@gmail.com',	'0',	NULL,	NULL,	NULL,	NULL,	NULL,	NULL,	1,	1,	0,	NULL,	NULL,	'2021-02-15',	'2022-02-14',	'357-02260958',	NULL,	3,	'OSHEQ MANAGEMENT SDN BHD',	23,	'555135107317',	NULL,	0,	0,	0,	NULL,	'2021-06-20 12:28:02',	NULL),
(614,	453,	2,	1,	1,	'AHMAD NASAR BIN JOHARI',	NULL,	NULL,	'600209085367',	NULL,	'D/A: SURAU AL ISLAH,',	'BILIK 1, JALAN PJS 1/54A,',	NULL,	'46150',	NULL,	NULL,	'0192672628',	NULL,	NULL,	'ishaksalleh@yahoo.com.my',	'0',	NULL,	NULL,	NULL,	NULL,	NULL,	NULL,	1,	1,	0,	NULL,	NULL,	'2021-02-15',	'2022-02-14',	'357-02090729',	NULL,	3,	'KAIZEN SOLUTION SDN BHD',	23,	'564164104873',	NULL,	0,	0,	0,	NULL,	'2021-06-20 12:28:02',	NULL),
(615,	454,	2,	1,	1,	'DR HJ NOORHISHAM MOHD ALWI',	NULL,	NULL,	'600216015877',	NULL,	'29, JALAN STRATEGIC RESOURCES,',	'BANDAR BARU SRI PETALING',	NULL,	'57000',	NULL,	NULL,	'0192815847',	NULL,	NULL,	'nhstrategicresources@gmail.com',	'0',	NULL,	NULL,	NULL,	NULL,	NULL,	NULL,	1,	1,	0,	NULL,	NULL,	'2021-02-15',	'2022-02-14',	'357-02225422',	NULL,	1,	'NH STRATEGIC RESOURCES',	15,	'800099058',	NULL,	0,	0,	0,	NULL,	'2021-06-20 12:28:02',	NULL),
(616,	455,	2,	1,	1,	'ABDUL RAHMAN BIN YAHYA',	NULL,	NULL,	'600219025667',	NULL,	'18-02 JALAN BIDARA 7/1,',	'SAUJANA UTAMA',	NULL,	'47000',	NULL,	NULL,	'0162057575',	NULL,	'0360385656',	'info.arwres@gmail.com',	'0',	NULL,	NULL,	NULL,	NULL,	NULL,	NULL,	1,	1,	0,	NULL,	NULL,	'2021-02-15',	'2022-02-14',	'357-0002285812',	NULL,	3,	NULL,	23,	'562740149304',	NULL,	0,	0,	0,	NULL,	'2021-06-20 12:28:02',	NULL),
(617,	456,	2,	1,	1,	'AZMAN BIN ZAKARIA',	NULL,	NULL,	'600416085909',	NULL,	'31-1, JALAN PJS 3/46,',	'TAMAN SRI MANJA',	NULL,	'46000',	NULL,	NULL,	'0124652923',	NULL,	NULL,	'nlacconsultancy@yahoo.com.my',	'0',	NULL,	NULL,	NULL,	NULL,	NULL,	NULL,	1,	1,	0,	NULL,	NULL,	'2021-02-15',	'2022-02-14',	'K66223507362166320',	NULL,	3,	'NLA CONSULTANCY',	15,	'8602317366',	NULL,	0,	0,	0,	NULL,	'2021-06-20 12:28:02',	NULL),
(618,	457,	2,	1,	1,	'DR MOHD PAUZE BIN MOHAMAD TAHA',	NULL,	NULL,	'600419045339',	NULL,	'NO 10, JALAN P15H/7,',	'PRESINT 15, PUTRAJAYA',	NULL,	'62050',	NULL,	NULL,	'0176765842',	NULL,	NULL,	'mpauzetaha@gmail.com',	'0',	NULL,	NULL,	NULL,	NULL,	NULL,	NULL,	1,	1,	0,	NULL,	NULL,	'2021-02-15',	'2022-02-14',	NULL,	NULL,	1,	'MOHD PAUZE BIN MOHAMAD TAHA',	15,	'7601227948',	NULL,	0,	0,	0,	NULL,	'2021-06-20 12:28:02',	NULL),
(619,	458,	2,	1,	1,	'DATO\' DR ONG GUA PAK',	NULL,	NULL,	'600428035167',	NULL,	'11, JALAN AKUATIK,',	'13/777E, D\'KAYANGAN',	NULL,	'40100',	NULL,	NULL,	'0193344471',	NULL,	NULL,	'asresources2018@gmail.com',	'0',	NULL,	NULL,	NULL,	NULL,	NULL,	NULL,	1,	1,	0,	NULL,	NULL,	'2021-02-15',	'2022-02-14',	'357-0002293904',	NULL,	1,	'ACTIVE SYNERGY RESOURCES',	NULL,	'562106686297',	NULL,	0,	0,	0,	NULL,	'2021-06-20 12:28:02',	NULL),
(620,	459,	2,	1,	1,	'SAIFUL ANWAR BIN ABU HASSAN',	NULL,	NULL,	'600509105235',	NULL,	'70, AMBER BUSINESS PLAZA 2,',	'JALAN JELAWAT 1',	NULL,	'56000',	NULL,	NULL,	NULL,	NULL,	'0391715054',	'nadiilmu@gmail.com',	'0',	NULL,	NULL,	NULL,	NULL,	NULL,	NULL,	1,	1,	0,	NULL,	NULL,	'2021-02-15',	'2022-02-14',	'357-02065811',	NULL,	3,	'NADILMU SDN BHD',	29,	'26216600005755',	NULL,	0,	0,	0,	NULL,	'2021-06-20 12:28:02',	NULL),
(621,	460,	2,	1,	1,	'PAUZI BIN HANIPI',	NULL,	NULL,	'600610035251',	NULL,	'67-2, LEVEL 2,',	'JALAN SETIA GEMILANG BG U13/BG',	'BANDAR SETIA ALAM, SEKSYEN U13',	'40170',	NULL,	NULL,	'0192228315',	NULL,	NULL,	'pauzi.hanipi@gmail.com',	'0',	NULL,	NULL,	NULL,	NULL,	NULL,	NULL,	1,	1,	0,	NULL,	NULL,	'2021-02-15',	'2022-02-14',	'357-02159898',	NULL,	3,	NULL,	23,	'7012862621',	NULL,	0,	0,	0,	NULL,	'2021-06-20 12:28:02',	NULL),
(622,	461,	2,	1,	1,	'ARUNGKALATHEVAN A/L S. ANNAMALAI',	NULL,	NULL,	'600630015725',	NULL,	'NO. 47-1, JALAN ADENIUM 2G/6,',	'PUSAT PERNIAGAAN ADENIUM SEKSYEN BB5',	'BUKIT BERUNTUNG',	'48300',	NULL,	NULL,	'0162084366',	NULL,	'0360215288',	'mnsmodulazmarketing@gmail.com',	'0',	NULL,	NULL,	NULL,	NULL,	NULL,	NULL,	1,	1,	0,	NULL,	NULL,	'2021-02-15',	'2022-02-14',	'357-0002287672',	NULL,	3,	'MNS MODULAZ MARKETING SDN BHD',	3,	'0172022006543',	NULL,	0,	0,	0,	NULL,	'2021-06-20 12:28:02',	NULL),
(623,	462,	2,	1,	1,	'WONG WING KIN',	NULL,	NULL,	'600716105983',	NULL,	'UNIT 625 & 627, BLOCK A,',	'KELANA CENTRE POINT',	'NO 3, JALAN SS7/19',	'47301',	NULL,	NULL,	'0123057283',	NULL,	NULL,	'inquiries@nqs.com.my',	'0',	NULL,	NULL,	NULL,	NULL,	NULL,	NULL,	1,	1,	0,	NULL,	NULL,	'2021-02-15',	'2022-02-14',	'357-02072580',	NULL,	3,	NULL,	23,	'512352301890',	NULL,	0,	0,	0,	NULL,	'2021-06-20 12:28:02',	NULL),
(624,	463,	2,	1,	1,	'FAUZIAH BINTI TALIB',	NULL,	NULL,	'600727016038',	NULL,	'14, LORONG BURHANUDDIN HELMI 11,',	'TAMAN TUN DR ISMAIL',	NULL,	'60000',	NULL,	NULL,	'0192231818',	NULL,	'0377312348',	'adsuccess08@yahoo.com',	'0',	NULL,	NULL,	NULL,	NULL,	NULL,	NULL,	1,	1,	0,	NULL,	NULL,	'2021-02-15',	'2022-02-14',	'357-02095822',	NULL,	3,	'AD SUCCESS CONSULTING',	23,	'514271131084',	NULL,	0,	0,	0,	NULL,	'2021-06-20 12:28:02',	NULL),
(625,	464,	2,	1,	1,	'LIM HONG SIEW',	NULL,	NULL,	'600810075063',	NULL,	'1, JALAN SULTAN AZLAN SHAH,',	'BANDAR BAYAN BARU',	NULL,	'11900',	NULL,	NULL,	NULL,	NULL,	'046437929',	'admin@psdc.org.my',	'0',	NULL,	NULL,	NULL,	NULL,	NULL,	NULL,	1,	1,	0,	NULL,	NULL,	'2021-02-15',	'2022-02-14',	'357-02165939',	NULL,	3,	'PEANG SKILLS DEVELOPMENT CENTRE',	15,	'8003878276',	NULL,	0,	0,	0,	NULL,	'2021-06-20 12:28:02',	NULL),
(626,	465,	2,	1,	1,	'ANUAR BIN PANDAK AHMAD',	NULL,	NULL,	'600912086257',	NULL,	'NO. 18, LRG PJS 1/2B,',	'TAMAN PERANGSANG, JLN KLANG LAMA,',	NULL,	'46200',	NULL,	NULL,	'0123351557',	NULL,	NULL,	'anuaqml@yahoo.com',	'0',	NULL,	NULL,	NULL,	NULL,	NULL,	NULL,	1,	1,	0,	NULL,	NULL,	'2021-02-15',	'2022-02-14',	'K60756846682146731',	NULL,	3,	'QML CONSULTANCY',	23,	'564164452133',	NULL,	0,	0,	0,	NULL,	'2021-06-20 12:28:02',	NULL),
(627,	466,	2,	1,	1,	'MARCUS PIERS OSBORNE',	NULL,	NULL,	'600914875049',	NULL,	'3A08, BLOCK D,',	'PHILEO DAMANSARA ONE',	'JALAN DAMANSARA',	'46350',	NULL,	NULL,	'0139725900',	NULL,	NULL,	'admin@fusionbrand.com',	'0',	NULL,	NULL,	NULL,	NULL,	NULL,	NULL,	1,	1,	0,	NULL,	NULL,	'2021-02-15',	'2022-02-14',	'357-02086823',	NULL,	3,	NULL,	15,	'8007273376',	NULL,	0,	0,	0,	NULL,	'2021-06-20 12:28:02',	NULL),
(628,	467,	2,	1,	1,	'DZULKIFLI SIPON',	NULL,	NULL,	'601212015025',	NULL,	'NO 14, USJ3/C 47301,',	'SUBANG JAYA, SELANGOR',	NULL,	'47301',	NULL,	NULL,	NULL,	NULL,	NULL,	'dzulkiflisipon@grr',	'0',	NULL,	NULL,	NULL,	NULL,	NULL,	NULL,	1,	1,	0,	NULL,	NULL,	'2021-02-15',	'2022-02-14',	NULL,	NULL,	3,	NULL,	NULL,	NULL,	NULL,	0,	0,	0,	NULL,	'2021-06-20 12:28:02',	NULL),
(629,	468,	2,	1,	1,	'ALLAN LEE SIT CHOY',	NULL,	NULL,	'610105075825',	NULL,	'A-7-8, PINNACLE,',	'JALAN SS7/26, SS7',	NULL,	'47301',	NULL,	NULL,	'0123357546',	NULL,	'0376604779',	'desho@desho.com.my',	'0',	NULL,	NULL,	NULL,	NULL,	NULL,	NULL,	1,	1,	0,	NULL,	NULL,	'2021-02-15',	'2022-02-14',	NULL,	NULL,	3,	'DESMOND HO & ASSOCIATES',	23,	'553110505333',	NULL,	0,	0,	0,	NULL,	'2021-06-20 12:28:02',	NULL),
(630,	469,	2,	1,	1,	'MAZLAN ABBAS',	NULL,	NULL,	'610123016247',	NULL,	'133, JALAN UP3/1,',	'TAMAN UKAY PERDANA',	NULL,	'68000',	NULL,	NULL,	'0193303474',	NULL,	'0341611231',	'mazlan@gmail.com',	'0',	NULL,	NULL,	NULL,	NULL,	NULL,	NULL,	1,	1,	0,	NULL,	NULL,	'2021-02-15',	'2022-02-14',	NULL,	NULL,	3,	'MAZLAN BIN ABBAS',	23,	'014057343423',	NULL,	0,	0,	0,	NULL,	'2021-06-20 12:28:02',	NULL),
(631,	470,	2,	1,	1,	'AZMAN SHAH BIN D. AZIZ',	NULL,	NULL,	'610304045389',	NULL,	'NO 20-2&3, JALAN PJU5/4,',	'DATARAN SUNWAY',	NULL,	'47810',	NULL,	NULL,	NULL,	NULL,	'0361418378',	'train@pdcmsb.com',	'0',	NULL,	NULL,	NULL,	NULL,	NULL,	NULL,	1,	1,	0,	NULL,	NULL,	'2021-02-15',	'2022-02-14',	'357-02018639',	NULL,	3,	'PERFORMANCE DEVELOPMENT CONSULTANTS SDN BHD',	23,	'14271425016',	NULL,	0,	0,	0,	NULL,	'2021-06-20 12:28:02',	NULL),
(632,	471,	2,	1,	1,	'TOH CHU HWA',	NULL,	NULL,	'610307015396',	NULL,	'NO 11-01, JALAN MOLEK 3/10,',	'TAMAN MOLEK',	NULL,	'11000',	NULL,	NULL,	'0127071260',	NULL,	NULL,	'gmd6621@gmail.com',	'0',	NULL,	NULL,	NULL,	NULL,	NULL,	NULL,	1,	1,	0,	NULL,	NULL,	'2021-02-15',	'2022-02-14',	'35T-02272242',	NULL,	3,	'GMD TRAINING & CONSULTANCY PLT',	29,	'20140000034111',	NULL,	0,	0,	0,	NULL,	'2021-06-20 12:28:02',	NULL),
(633,	472,	2,	1,	1,	'NORHAYATI BINTI SHUJA',	NULL,	NULL,	'610314015036',	NULL,	'NO 14, JALAN IDAH 1/9,',	'TAMAN UNIVERSITI INDAH',	NULL,	'43300',	NULL,	NULL,	'0133883096',	NULL,	NULL,	'yatishuja@gmail.com',	'0',	NULL,	NULL,	NULL,	NULL,	NULL,	NULL,	1,	1,	0,	NULL,	NULL,	'2021-02-15',	'2022-02-14',	NULL,	NULL,	3,	'NORHAYATI BINTI SHUJA',	23,	'114150321853',	NULL,	0,	0,	0,	NULL,	'2021-06-20 12:28:02',	NULL),
(634,	473,	2,	1,	1,	'TS ZAINUDIN BIN ELIAS',	NULL,	NULL,	'610322015239',	NULL,	'14, JALAN KOTA RAJA E27/E,',	'PUSAT BANDAR HICOM',	'SEKSYEN 27',	'40400',	NULL,	NULL,	'0122453842',	NULL,	'0351924617',	'zainudin@budimandinamik.com',	'0',	NULL,	NULL,	NULL,	NULL,	NULL,	NULL,	1,	1,	0,	NULL,	NULL,	'2021-02-15',	'2022-02-14',	'357-02091333',	NULL,	3,	'BUDIMAN DINAMIK SDN BHD',	28,	'3143860627',	NULL,	0,	0,	0,	NULL,	'2021-06-20 12:28:02',	NULL),
(635,	474,	2,	1,	1,	'HALIMATUS SAADIAH ALIAS',	NULL,	NULL,	'610403055064',	NULL,	'1, LORONG AU4/17A,',	'TAMAN SRI KERAMAT TENGAH',	NULL,	'54200',	NULL,	NULL,	'019  3196849',	NULL,	NULL,	'halimatusalias02@gmail.com',	'0',	NULL,	NULL,	NULL,	NULL,	NULL,	NULL,	1,	1,	0,	NULL,	NULL,	'2021-02-15',	'2022-02-14',	NULL,	NULL,	3,	'HALIMATUS SAADIAH ALIAS',	23,	'114011705628',	NULL,	0,	0,	0,	NULL,	'2021-06-20 12:28:02',	NULL),
(636,	475,	2,	1,	1,	'IR AZIZ BIN ISMAIL',	NULL,	NULL,	'610410015263',	NULL,	'906B LEVEL 2 BLOCK D, KOMPLEKS DIAMOND,',	'BANGI BUSINESS PARK',	NULL,	'43650',	NULL,	NULL,	'0193109559',	NULL,	'0327243826',	'finance@ventures.com.my',	'0',	NULL,	NULL,	NULL,	NULL,	NULL,	NULL,	1,	1,	0,	NULL,	NULL,	'2021-02-15',	'2022-02-14',	'357-02007498',	NULL,	3,	'AUTHENTIC VENTURE SDN BHD',	15,	'8002162313',	NULL,	0,	0,	0,	NULL,	'2021-06-20 12:28:02',	NULL),
(637,	476,	2,	1,	1,	'MOHAMAD ABDUL KADIR BIN JOHARI',	NULL,	NULL,	'610414135043',	NULL,	'D32-2. 1ST FLOOR, BLOCK D,',	'YOSHI SQUARE',	'LOT 67, JALAN PELABUHAN',	'93450',	NULL,	NULL,	'0164216061',	NULL,	NULL,	'makj144@gmail.com',	'0',	NULL,	NULL,	NULL,	NULL,	NULL,	NULL,	1,	1,	0,	NULL,	NULL,	'2021-02-15',	'2022-02-14',	NULL,	NULL,	3,	'ARIESTAR TRAINING AND SERVICES',	15,	'8007997660',	NULL,	0,	0,	0,	NULL,	'2021-06-20 12:28:02',	NULL),
(638,	477,	2,	1,	1,	'MUHAMMAD KHAIRUDDIN SOH',	NULL,	NULL,	'610524036003',	NULL,	'NO. 71E, 1ST FLOOR, WISMA DATO\' MANSOR ENTERPRISE (DME)',	'OFF JALAN SULTAN ISMAIL',	NULL,	'20200',	NULL,	NULL,	'0199155329',	NULL,	'096223898',	'akintegrationofficial@gmail.com',	'0',	NULL,	NULL,	NULL,	NULL,	NULL,	NULL,	1,	1,	0,	NULL,	NULL,	'2021-02-15',	'2022-02-14',	'357-0002295616',	NULL,	3,	'AK INTEGRATION SDN BHD',	6,	'13017018297598',	NULL,	0,	0,	0,	NULL,	'2021-06-20 12:28:02',	NULL),
(639,	478,	2,	1,	1,	'LIM CHEAN SHEN',	NULL,	NULL,	'610606085351',	NULL,	'UNIT 11-25, AVENUE CREST,',	'JALAN JUBLI PERAK 22/1',	NULL,	'40150',	NULL,	NULL,	'0122434368',	NULL,	'0350323793',	'fauzi@msctech.com.my',	'0',	NULL,	NULL,	NULL,	NULL,	NULL,	NULL,	1,	1,	0,	NULL,	NULL,	'2021-02-15',	'2022-02-14',	'357-02065465',	NULL,	3,	'MSC TECHNOLOGY CENTRE SDN BHD',	23,	'512446204789',	NULL,	0,	0,	0,	NULL,	'2021-06-20 12:28:02',	NULL),
(640,	479,	2,	1,	1,	'RAJINI RAMLAN',	NULL,	NULL,	'610626106367',	NULL,	'11, JALAN AKUATIK,',	'13/777E, D\'KAYANGAN',	NULL,	'40100',	NULL,	NULL,	'0193344471',	NULL,	NULL,	'asresources2018@gmail.com',	'0',	NULL,	NULL,	NULL,	NULL,	NULL,	NULL,	1,	1,	0,	NULL,	NULL,	'2021-02-15',	'2022-02-14',	'357-0002293904',	NULL,	3,	'ACTIVE SYNERGY RESOURCES',	NULL,	'562106686297',	NULL,	0,	0,	0,	NULL,	'2021-06-20 12:28:02',	NULL),
(641,	480,	2,	1,	1,	'DR HJ ZULKIFLI HASSAN',	NULL,	NULL,	'610802715007',	NULL,	'M2-15-02, LEVEL 15,',	'8TRIUM TOWER 2',	'JALAN CHEMPAKA SD 12/5, BANDAR SRI DAMANSARA',	'52200',	NULL,	NULL,	'0133981038',	NULL,	'0362729276',	'info@zohlgroup.com',	'0',	NULL,	NULL,	NULL,	NULL,	NULL,	NULL,	1,	1,	0,	NULL,	NULL,	'2021-02-15',	'2022-02-14',	'357-00045850',	NULL,	1,	'ZOHL INDUSTRIES SDN BHD',	23,	'514392307566',	NULL,	0,	0,	0,	NULL,	'2021-06-20 12:28:02',	NULL),
(642,	481,	2,	1,	1,	'DATO\' NOOR ZALEHA BAHARUDDIN',	NULL,	NULL,	'610804085926',	NULL,	'NO.55, JALAN SS19/1B,',	NULL,	NULL,	'47500',	NULL,	NULL,	'0122326152',	NULL,	NULL,	'noorzaleha1961@gmail.com',	'0',	NULL,	NULL,	NULL,	NULL,	NULL,	NULL,	1,	1,	0,	NULL,	NULL,	'2021-02-15',	'2022-02-14',	NULL,	NULL,	3,	'NOORZALEHA BAHARUDDIN',	NULL,	'14123417650',	NULL,	0,	0,	0,	NULL,	'2021-06-20 12:28:02',	NULL),
(643,	482,	2,	1,	1,	'MOHD FUAD BIN AHMAD',	NULL,	NULL,	'610806015059',	NULL,	'14, LORONG BURHANUDDIN HELMI 11,',	'TAMAN TUN DR ISMAIL',	NULL,	'60000',	NULL,	NULL,	'0192231818',	NULL,	'0377312348',	'adsuccess08@yahoo.com',	'0',	NULL,	NULL,	NULL,	NULL,	NULL,	NULL,	1,	1,	0,	NULL,	NULL,	'2021-02-15',	'2022-02-14',	'357-02095822',	NULL,	3,	'AD SUCCESS CONSULTING',	23,	'514271131084',	NULL,	0,	0,	0,	NULL,	'2021-06-20 12:28:02',	NULL),
(644,	483,	2,	1,	1,	'SOH BENG HOCK',	NULL,	NULL,	'611114015861',	NULL,	'22, JALAN NJM 1/3,',	'TAMAN NUSA JAYA MAS',	NULL,	'81300',	NULL,	NULL,	'0197143039',	NULL,	NULL,	'independentprofessional2019@gmail.com',	'0',	NULL,	NULL,	NULL,	NULL,	NULL,	NULL,	1,	1,	0,	NULL,	NULL,	'2021-02-15',	'2022-02-14',	NULL,	NULL,	3,	'SOH BENG HOCK',	23,	'112222239653',	NULL,	0,	0,	0,	NULL,	'2021-06-20 12:28:02',	NULL),
(645,	484,	2,	1,	1,	'AHMAD KAMAL BIN ABDUL HAMID',	NULL,	NULL,	'611226025335',	NULL,	'NO 65, JALAN PUTRA PERMAI 10/3B,',	'PUTRA HEIGHTS',	NULL,	'47650',	NULL,	NULL,	'0193573997',	NULL,	NULL,	'dzeck_1702@yahoo.com',	'0',	NULL,	NULL,	NULL,	NULL,	NULL,	NULL,	1,	1,	0,	NULL,	NULL,	'2021-02-15',	'2022-02-14',	'357-01013713',	NULL,	3,	NULL,	23,	'512361316841',	NULL,	0,	0,	0,	NULL,	'2021-06-20 12:28:02',	NULL),
(646,	485,	2,	1,	1,	'KU NOR IZAH KU ISMAIL',	NULL,	NULL,	'620104025710',	NULL,	'502, JALAN UNIVERSITI,',	'BANDAR DARULAMAN',	NULL,	'06000',	NULL,	NULL,	'0195780666',	NULL,	'049131411',	'norizah@uum.edu.my',	'0',	NULL,	NULL,	NULL,	NULL,	NULL,	NULL,	1,	1,	0,	NULL,	NULL,	'2021-02-15',	'2022-02-14',	NULL,	NULL,	3,	'KU NOR IZAH KU ISMAIL',	6,	'02093010000886',	NULL,	0,	0,	0,	NULL,	'2021-06-20 12:28:02',	NULL),
(647,	486,	2,	1,	1,	'ISHAR BIN OMAR',	NULL,	NULL,	'620113065159',	NULL,	'8, JALAN CECAWI 6/29B SEKSYEN 6,',	'KOTA DAMANSARA',	NULL,	'47810',	NULL,	NULL,	'0149562650',	NULL,	NULL,	'maiqinfo@gmail.com',	'0',	NULL,	NULL,	NULL,	NULL,	NULL,	NULL,	1,	1,	0,	NULL,	NULL,	'2021-02-15',	'2022-02-14',	'357-0002290796',	NULL,	3,	'MAI Q CONSULT & SERVICES',	3,	'1282022004907',	NULL,	0,	0,	0,	NULL,	'2021-06-20 12:28:02',	NULL),
(648,	487,	2,	1,	1,	'DZULKIFLI BIN HAMZAH',	NULL,	NULL,	'620217015535',	NULL,	'NO 65, JALAN PUTRA PERMAI 10/3B,',	'PUTRA HEIGHTS',	NULL,	'47650',	NULL,	NULL,	'0193573997',	NULL,	NULL,	'dzeck_1702@yahoo.com',	'0',	NULL,	NULL,	NULL,	NULL,	NULL,	NULL,	1,	1,	0,	NULL,	NULL,	'2021-02-15',	'2022-02-14',	'357-01013713',	NULL,	3,	NULL,	23,	'512361316841',	NULL,	0,	0,	0,	NULL,	'2021-06-20 12:28:02',	NULL),
(649,	488,	2,	1,	1,	'AMINAH ABD RAHMAN',	NULL,	NULL,	'620323106596',	NULL,	'NO. 56, JALAN BIRAU U8/66,',	'BUKIT JELUTONG',	NULL,	'40150',	NULL,	NULL,	'0192859817',	NULL,	NULL,	'minx.aminah@gmail.com',	'0',	NULL,	NULL,	NULL,	NULL,	NULL,	NULL,	1,	1,	0,	NULL,	NULL,	'2021-02-15',	'2022-02-14',	NULL,	NULL,	3,	'AMINAH ABD RAHMAN',	23,	'112101322757',	NULL,	0,	0,	0,	NULL,	'2021-06-20 12:28:02',	NULL),
(650,	489,	2,	1,	1,	'DR IZHAR CHE MEE',	NULL,	NULL,	'620422106479',	NULL,	'BANGUNAN PUSAT PENDIDIKAN PROFESIONAL DAN LANJUTAN (PACE), UNIVERSITI UTARA MALAYSIA,',	NULL,	NULL,	'06010',	NULL,	NULL,	'0175022214',	NULL,	NULL,	'drizhar@drizhar.com',	'0',	NULL,	NULL,	NULL,	NULL,	NULL,	NULL,	1,	1,	0,	NULL,	NULL,	'2021-02-15',	'2022-02-14',	'357-02180205',	NULL,	1,	'TETUAN UNIUTAMA EDUCATION AND CONSULTATION SDN BHD',	6,	'2093010007784',	NULL,	0,	0,	0,	NULL,	'2021-06-20 12:28:02',	NULL),
(651,	490,	2,	1,	1,	'EMMY SURAYA BT HUSSEIN',	NULL,	NULL,	'621231085526',	NULL,	'LOT 558, JALAN 7,',	'TAMAN AMPANG UTAMA',	NULL,	'68000',	NULL,	NULL,	'0122118425',	NULL,	NULL,	'eshsmg@gmail.com',	'0',	NULL,	NULL,	NULL,	NULL,	NULL,	NULL,	1,	1,	0,	NULL,	NULL,	'2021-02-15',	'2022-02-14',	NULL,	NULL,	3,	'EMMY SURAYA HUSSEIN',	23,	'556066106765',	NULL,	0,	0,	0,	NULL,	'2021-06-20 12:28:02',	NULL),
(652,	491,	2,	1,	1,	'MUHAMAD FUAAD BIN AMRAN',	NULL,	NULL,	'630108715443',	NULL,	'14, LORONG BURHANUDDIN HELMI 11,',	'TAMAN TUN DR ISMAIL',	NULL,	'60000',	NULL,	NULL,	'0192231818',	NULL,	'0377312348',	'adsuccess08@yahoo.com',	'0',	NULL,	NULL,	NULL,	NULL,	NULL,	NULL,	1,	1,	0,	NULL,	NULL,	'2021-02-15',	'2022-02-14',	'357-02095822',	NULL,	3,	'AD SUCCESS CONSULTING',	23,	'514271131084',	NULL,	0,	0,	0,	NULL,	'2021-06-20 12:28:02',	NULL),
(653,	492,	2,	1,	1,	'WAN ZAINAL ABIDIN BIN WAN HANAFI',	NULL,	NULL,	'630408035407',	NULL,	'NO.11 TINGKAT 1, JALAN USJ 10/1E,',	'TAIPAN TRIANGLE',	NULL,	'47620',	NULL,	NULL,	'0122088167',	NULL,	'0358974748',	'info@qai.com.my',	'0',	NULL,	NULL,	NULL,	NULL,	NULL,	NULL,	1,	1,	0,	NULL,	NULL,	'2021-02-15',	'2022-02-14',	'357-02074092',	NULL,	3,	'QAI SDN BHD',	23,	'512482102866',	NULL,	0,	0,	0,	NULL,	'2021-06-20 12:28:02',	NULL),
(654,	493,	2,	1,	1,	'NORA MORSHIDI',	NULL,	NULL,	'630422135164',	NULL,	'70, AMBER BUSINESS PLAZA 2,',	'JALAN JELAWAT 1',	NULL,	'56000',	NULL,	NULL,	NULL,	NULL,	'0391715054',	'nadiilmu@gmail.com',	'0',	NULL,	NULL,	NULL,	NULL,	NULL,	NULL,	1,	1,	0,	NULL,	NULL,	'2021-02-15',	'2022-02-14',	'357-02065811',	NULL,	3,	'NADILMU SDN BHD',	29,	'26216600005755',	NULL,	0,	0,	0,	NULL,	'2021-06-20 12:28:02',	NULL),
(655,	494,	2,	1,	1,	'MAHADI BIN AHAMAD',	NULL,	NULL,	'630522107435',	NULL,	'LOT 1927C, JALAN TANJUNG,',	'KAMPUNG SIJANGKANG',	'TELOK PANGLIMA GARANG',	'42500',	NULL,	NULL,	'0125697856',	NULL,	NULL,	'mahadiahamd.63@gmail.com',	'0',	NULL,	NULL,	NULL,	NULL,	NULL,	NULL,	1,	1,	0,	NULL,	NULL,	'2021-02-15',	'2022-02-14',	'357-0002290911',	NULL,	3,	NULL,	15,	'8603317853',	NULL,	0,	0,	0,	NULL,	'2021-06-20 12:28:02',	NULL),
(656,	495,	2,	1,	1,	'MAZIBAH BINTI MOHD ZIN',	NULL,	NULL,	'630623055048',	NULL,	'NO. 70-1, AMBER BUSINESS PLAZA 2,',	'JALAN JELAWAT 1',	NULL,	'56000',	NULL,	NULL,	'0193212224',	NULL,	'0391717173',	'dayafasih@gmail.com',	'0',	NULL,	NULL,	NULL,	NULL,	NULL,	NULL,	1,	1,	0,	NULL,	NULL,	'2021-02-15',	'2022-02-14',	'357-00042995',	NULL,	3,	'DAYAFASIH SDN BHD',	29,	'212161000011490',	NULL,	0,	0,	0,	NULL,	'2021-06-20 12:28:02',	NULL),
(657,	496,	2,	1,	1,	'WONG POH WEN',	NULL,	NULL,	'630805715027',	NULL,	'37, JALAN PJS 10/5,',	'SUBANG INDAH',	NULL,	'46150',	NULL,	NULL,	'0122347678',	NULL,	'0356128553',	'rku578@gmail.com',	'0',	NULL,	NULL,	NULL,	NULL,	NULL,	NULL,	1,	1,	0,	NULL,	NULL,	'2021-02-15',	'2022-02-14',	NULL,	NULL,	3,	'WONG POH WEN',	15,	'8008833136',	NULL,	0,	0,	0,	NULL,	'2021-06-20 12:28:02',	NULL),
(658,	497,	2,	1,	1,	'IKMAL HISHAM MOHD HASHIM',	NULL,	NULL,	'630821085723',	NULL,	'NO 59, TINGKAT 3,',	'BANGUNAN KPPMNS',	'JALAN TUANKU ATAH',	'70100',	NULL,	NULL,	'0133545655',	NULL,	NULL,	'osheqman@gmail.com',	'0',	NULL,	NULL,	NULL,	NULL,	NULL,	NULL,	1,	1,	0,	NULL,	NULL,	'2021-02-15',	'2022-02-14',	'357-02260958',	NULL,	3,	'OSHEQ MANAGEMENT SDN BHD',	23,	'555135107317',	NULL,	0,	0,	0,	NULL,	'2021-06-20 12:28:02',	NULL),
(659,	498,	2,	1,	1,	'MOHD YAZID BIN JENIN',	NULL,	NULL,	'63090915039',	NULL,	'NO. 10, JALAN SUADAMAI 11/3,',	'PRIMAYA BANDAR TUN HUSSEIN ONN,',	NULL,	'43200',	NULL,	NULL,	'0192642418',	NULL,	'0390815025',	'yazidjte@gmail.com',	'0',	NULL,	NULL,	NULL,	NULL,	NULL,	NULL,	1,	1,	0,	NULL,	NULL,	'2021-02-15',	'2022-02-14',	NULL,	NULL,	3,	'MOHD YAZID BIN JENIN',	23,	'114160660461',	NULL,	0,	0,	0,	NULL,	'2021-06-20 12:28:02',	NULL),
(660,	499,	2,	1,	1,	'MOHD SHAHREEN ZAINOOREEN B MADROS',	NULL,	NULL,	'631013715023',	NULL,	'NO. 2, USJ 12/2E,',	'UEP SUBANG JAYA',	NULL,	'47630',	NULL,	NULL,	'0122882650',	NULL,	NULL,	'shahreen.madros@gmail.com',	'0',	NULL,	NULL,	NULL,	NULL,	NULL,	NULL,	1,	1,	0,	NULL,	NULL,	'2021-02-15',	'2022-02-14',	NULL,	NULL,	3,	'MOHD SHAHREEN ZAINOOREEN B MADROS',	15,	'8000540088',	NULL,	0,	0,	0,	NULL,	'2021-06-20 12:28:02',	NULL),
(661,	500,	2,	1,	1,	'IR. HJ. RIWAYAT BIN MANSOR',	NULL,	NULL,	'631014025657',	NULL,	'18-02 JALAN BIDARA 7/1,',	'SAUJANA UTAMA',	NULL,	'47000',	NULL,	NULL,	'0162057575',	NULL,	'0360385656',	'andalconsult@gmail.com',	'0',	NULL,	NULL,	NULL,	NULL,	NULL,	NULL,	1,	1,	0,	NULL,	NULL,	'2021-02-15',	'2022-02-14',	'357-0002285812',	NULL,	3,	NULL,	23,	'562740149304',	NULL,	0,	0,	0,	NULL,	'2021-06-20 12:28:02',	NULL),
(662,	501,	2,	1,	1,	'MIRZA MANIRAJAH BIN ABDULLAH',	NULL,	NULL,	'631031106889',	NULL,	'47-2, JALAN PPM 8,',	'PLAZA PANDAN MALIM BUSINESS PARK',	NULL,	'75250',	NULL,	NULL,	'0126128373',	NULL,	'063350619',	'account@its1998.com',	'0',	NULL,	NULL,	NULL,	NULL,	NULL,	NULL,	1,	1,	0,	NULL,	NULL,	'2021-02-15',	'2022-02-14',	'357-02127521',	NULL,	3,	'ITS MANAGEMENT SDN BHD',	28,	'3147799206',	NULL,	0,	0,	0,	NULL,	'2021-06-20 12:28:02',	NULL),
(663,	502,	2,	1,	1,	'MAT ZANI BIN PUTEH',	NULL,	NULL,	'640105115871',	NULL,	'NO.73, MEZZANINE FLOOR,',	'JALAN DATO\' ISAAC\'S',	NULL,	'20100',	NULL,	NULL,	'0199845648',	NULL,	NULL,	'unicete.my@gmail.com',	'0',	NULL,	NULL,	NULL,	NULL,	NULL,	NULL,	1,	1,	0,	NULL,	NULL,	'2021-02-15',	'2022-02-14',	'357-02015160',	NULL,	3,	'UNI C.E.T.E (M) SDN. BHD',	15,	'8006626677',	NULL,	0,	0,	0,	NULL,	'2021-06-20 12:28:02',	NULL),
(664,	503,	2,	1,	1,	'LOURDES CHANDRAMOHAN S APPOLINARIS',	NULL,	NULL,	'640316085529',	NULL,	'907, MENARA PJ,',	'NO 18 JALAN PERSIARAN BARAT',	'PUSAT PERDAGANGAN AMCORP',	'46050',	NULL,	NULL,	NULL,	NULL,	'0376227915',	'perintis@perintis.biz',	'0',	NULL,	NULL,	NULL,	NULL,	NULL,	NULL,	1,	1,	0,	NULL,	NULL,	'2021-02-15',	'2022-02-14',	'357-02091301',	NULL,	3,	'PERINTIS EMBUN SDN BHD',	15,	'8008017673',	NULL,	0,	0,	0,	NULL,	'2021-06-20 12:28:02',	NULL),
(665,	504,	2,	1,	1,	'CHEE KOK BENG',	NULL,	NULL,	'640326075295',	NULL,	'LEVEL 2, BLOCK C,',	'SAINS@USM',	'10 PERSIARAN BUKIT JAMBUL',	'11900',	NULL,	NULL,	'046437420',	NULL,	NULL,	'info@usainsgroup.com',	'0',	NULL,	NULL,	NULL,	NULL,	NULL,	NULL,	1,	1,	0,	NULL,	NULL,	'2021-02-15',	'2022-02-14',	'357-02126761',	NULL,	3,	'USAINS HOLDING SDN BHD',	3,	'8881009850380',	NULL,	0,	0,	0,	NULL,	'2021-06-20 12:28:02',	NULL),
(666,	505,	2,	1,	1,	'ANICETA V TAN (NANCY TAN)',	NULL,	NULL,	'640417655068',	NULL,	'NO. 6, JALAN ANGGERIK ONCIDIUM 31/71D',	'KOTA KEMUNING',	NULL,	'40460',	NULL,	NULL,	'0173790000',	NULL,	NULL,	'nancyvaldellon@gmail.com',	'0',	NULL,	NULL,	NULL,	NULL,	NULL,	NULL,	1,	1,	0,	NULL,	NULL,	'2021-02-15',	'2022-02-14',	NULL,	NULL,	3,	'ANICETA V TAN',	23,	'112344061261',	NULL,	0,	0,	0,	NULL,	'2021-06-20 12:28:02',	NULL),
(667,	506,	2,	1,	1,	'MOHD ZAMRI BIN AMINUDDIN',	NULL,	NULL,	'640531065467',	NULL,	'NO 15, TAMAN VISTANA INDAH,',	'JALAN LANGGAR',	NULL,	'06500',	NULL,	NULL,	'0162336441',	NULL,	NULL,	'dshcapitals@gmail.com',	'0',	NULL,	NULL,	NULL,	NULL,	NULL,	NULL,	1,	1,	0,	NULL,	NULL,	'2021-02-15',	'2022-02-14',	'357-02261237',	NULL,	3,	NULL,	6,	'2075010048979',	NULL,	0,	0,	0,	NULL,	'2021-06-20 12:28:02',	NULL),
(668,	507,	2,	1,	1,	'ROZLIHAM BIN ALI',	NULL,	NULL,	'640705107779',	NULL,	'NO 6, JALAN ANGGERIK 2,',	'PRIMA BERUNTUNG, BUKIT BERUNTUNG',	NULL,	'48300',	NULL,	NULL,	'011 2736 800',	NULL,	NULL,	'rozlihamali@gmail.com',	'0',	NULL,	NULL,	NULL,	NULL,	NULL,	NULL,	1,	1,	0,	NULL,	NULL,	'2021-02-15',	'2022-02-14',	NULL,	NULL,	3,	'ROZLIHAM BIN ALI',	23,	'114357186538',	NULL,	0,	0,	0,	NULL,	'2021-06-20 12:28:02',	NULL),
(669,	508,	2,	1,	1,	'MUSTAPHA KAMAL BIN ZULKARNAIN',	NULL,	NULL,	'641119106057',	NULL,	'BLOCK E-1-49, JALAN PJU 1/45,',	'AMAN SURIA DAMANSARA',	NULL,	'47301',	NULL,	NULL,	'0193183429',	NULL,	'0378052528',	'mkbz@amk.com.my',	'0',	NULL,	NULL,	NULL,	NULL,	NULL,	NULL,	1,	1,	0,	NULL,	NULL,	'2021-02-15',	'2022-02-14',	NULL,	NULL,	3,	'MUSTAPHA KAMAL BIN ZULKARNAIN',	29,	'21210700022981',	NULL,	0,	0,	0,	NULL,	'2021-06-20 12:28:02',	NULL),
(670,	509,	2,	1,	1,	'BASKARAN SUBRAMANIAM',	NULL,	NULL,	'641128085251',	NULL,	'S1-3A-06, VISTA ALAM,',	'JALAN IKHTISAS, SEKSYEN 14',	NULL,	'40000',	NULL,	NULL,	NULL,	NULL,	'0355241653',	'info@intellectmomentum.com.my',	'0',	NULL,	NULL,	NULL,	NULL,	NULL,	NULL,	1,	1,	0,	NULL,	NULL,	'2021-02-15',	'2022-02-14',	'357-0002302176',	NULL,	3,	'INTELLECT MOMENTUM TRAINING & CONSULTING SDN BHD',	23,	'562106677178',	NULL,	0,	0,	0,	NULL,	'2021-06-20 12:28:02',	NULL),
(671,	510,	2,	1,	1,	'AHMAD AZHAR BIN WAGIRAN',	NULL,	NULL,	'650102105087',	NULL,	'14, JALAN KOTA RAJA E27/E,',	'PUSAT BANDAR HICOM',	'SEKSYEN 27',	'40400',	NULL,	NULL,	'0122453842',	NULL,	'0351924617',	'info@budimandinamik.com',	'0',	NULL,	NULL,	NULL,	NULL,	NULL,	NULL,	1,	1,	0,	NULL,	NULL,	'2021-02-15',	'2022-02-14',	'357-02091333',	NULL,	3,	'BUDIMAN DINAMIK SDN BHD',	28,	'3143860627',	NULL,	0,	0,	0,	NULL,	'2021-06-20 12:28:02',	NULL),
(672,	511,	2,	1,	1,	'UZAIDI UDANIS',	NULL,	NULL,	'650129025693',	NULL,	'NO. 8, JALAN 4,',	'TAMAN SRI UKAY',	NULL,	'68000',	NULL,	NULL,	'0192381875',	NULL,	NULL,	'uzaidi@mita.my',	'0',	NULL,	NULL,	NULL,	NULL,	NULL,	NULL,	1,	1,	0,	NULL,	NULL,	'2021-02-15',	'2022-02-14',	NULL,	NULL,	3,	'UZAIDI UDANIS',	NULL,	'564098802497',	NULL,	0,	0,	0,	NULL,	'2021-06-20 12:28:02',	NULL),
(673,	512,	2,	1,	1,	'TAMIZARASU NANDAN',	NULL,	NULL,	'650404016231',	NULL,	'PUTRA BUSINESS SCHOOL, LEVEL 3 OFFICE BUILDING OF THE DEPUTY VICE CHANCELLOR (RESEARCH & INNOVATION)',	NULL,	NULL,	'43400',	NULL,	NULL,	'01113370394',	NULL,	'0397691790',	'enquiry@putrabs.edu.my',	'0',	NULL,	NULL,	NULL,	NULL,	NULL,	NULL,	1,	1,	0,	NULL,	NULL,	'2021-02-15',	'2022-02-14',	'357-0002311905',	NULL,	3,	'YAYASAN PUTRA BUSINESS SCHOOL',	23,	'562142405860',	NULL,	0,	0,	0,	NULL,	'2021-06-20 12:28:02',	NULL),
(674,	513,	2,	1,	1,	'YUSNI BT MOHD SOM',	NULL,	NULL,	'650510107858',	NULL,	'M2-15-02, LEVEL 15,',	'8TRIUM TOWER 2',	'JALAN CHEMPAKA SD 12/5, BANDAR SRI DAMANSARA',	'52200',	NULL,	NULL,	'0133981038',	NULL,	'0362729276',	'info@zohlgroup.com',	'0',	NULL,	NULL,	NULL,	NULL,	NULL,	NULL,	1,	1,	0,	NULL,	NULL,	'2021-02-15',	'2022-02-14',	'357-00045850',	NULL,	3,	'ZOHL INDUSTRIES SDN BHD',	23,	'514392307566',	NULL,	0,	0,	0,	NULL,	'2021-06-20 12:28:02',	NULL),
(675,	514,	2,	1,	1,	'MOHAMED NAZMI BIN SALLEHHUDDIN',	NULL,	NULL,	'650630035457',	NULL,	'NO 15, JALAN RIMBA RIANG 9/10/',	'RIMBAVALLEY@9 KOTA DAMANSARA',	NULL,	'47810',	NULL,	NULL,	'0122090515',	NULL,	NULL,	'nazmisallehhudin@gmail.com',	'0',	NULL,	NULL,	NULL,	NULL,	NULL,	NULL,	1,	1,	0,	NULL,	NULL,	'2021-02-15',	'2022-02-14',	NULL,	NULL,	3,	'MOHAMED NAZMI BIN SALLEHHUDDIN',	19,	'359103140025',	NULL,	0,	0,	0,	NULL,	'2021-06-20 12:28:02',	NULL),
(676,	515,	2,	1,	1,	'AR DATUK HJ SAIFUL ANUAR BIN ABDUL AZIZ',	NULL,	NULL,	'650725085203',	NULL,	'601 C, LEVEL 6,',	'TOWER 6, UPTOWN 5,',	'NO.5 JALAN SS 21/39, DAMANSARA UPTOWN',	'47400',	NULL,	NULL,	NULL,	NULL,	'0377263875',	'admin2@arte-axis.com',	'0',	NULL,	NULL,	NULL,	NULL,	NULL,	NULL,	1,	1,	0,	NULL,	NULL,	'2021-02-15',	'2022-02-14',	'465-02001718',	NULL,	3,	'HEALTHDESIGNS ASIA SDN BHD',	23,	'564191570390',	NULL,	0,	0,	0,	NULL,	'2021-06-20 12:28:02',	NULL),
(677,	516,	2,	1,	1,	'ZAMARI BIN MUHYI',	NULL,	NULL,	'650811085787',	NULL,	NULL,	NULL,	NULL,	NULL,	NULL,	NULL,	'0122315831',	NULL,	NULL,	'drakular118@yahoo.com',	'0',	NULL,	NULL,	NULL,	NULL,	NULL,	NULL,	1,	1,	0,	NULL,	NULL,	'2021-02-15',	'2022-02-14',	NULL,	NULL,	3,	'ZAMARI BIN MUHYI',	18,	'1200151174',	NULL,	0,	0,	0,	NULL,	'2021-06-20 12:28:02',	NULL),
(678,	517,	2,	1,	1,	'MAZMI BIN KAMAL',	NULL,	NULL,	'650921025291',	NULL,	'NO. 5-2, JALAN SP1/1,',	'BANDAR SAUJANA PUTRA',	'ELITE HIGHWAY',	'42610',	NULL,	NULL,	'0177788819',	NULL,	'01045388819',	'mazmikamal@gmail.com',	'0',	NULL,	NULL,	NULL,	NULL,	NULL,	NULL,	1,	1,	0,	NULL,	NULL,	'2021-02-15',	'2022-02-14',	NULL,	NULL,	3,	'FAISAL MALIK & CO',	6,	'12159010024122',	NULL,	0,	0,	0,	NULL,	'2021-06-20 12:28:02',	NULL),
(679,	518,	2,	1,	1,	'YEAP KAH PHAIK',	NULL,	NULL,	'651114075502',	NULL,	'35, SCOTLAND ROAD,',	NULL,	NULL,	'10450',	NULL,	NULL,	NULL,	NULL,	'042290619',	'humphreyho@yglworld.com',	'0',	NULL,	NULL,	NULL,	NULL,	NULL,	NULL,	1,	1,	0,	NULL,	NULL,	'2021-02-15',	'2022-02-14',	'357-0002309453',	NULL,	3,	'YGL INTELLIGENT TECHNOLOGY SDN BHD',	23,	'557045604746',	NULL,	0,	0,	0,	NULL,	'2021-06-20 12:28:02',	NULL),
(680,	519,	2,	1,	1,	'MOHD ANUAR BIN ABDUL KARIM',	NULL,	NULL,	'651115055271',	NULL,	'KI05-05, KASTURI IDAMAN,',	'JALAN PEKAKA 8/6 KOTA DAMANSARA',	NULL,	'47810',	NULL,	NULL,	'01123177620',	NULL,	'0376214301',	'trcconsult@gmail.com',	'0',	NULL,	NULL,	NULL,	NULL,	NULL,	NULL,	1,	1,	0,	NULL,	NULL,	'2021-02-15',	'2022-02-14',	'EP-1008F07UP',	NULL,	3,	'TRC CONSULTING',	1,	'101790003151',	NULL,	0,	0,	0,	NULL,	'2021-06-20 12:28:02',	NULL),
(681,	520,	2,	1,	1,	'NG SOON KIANG',	NULL,	NULL,	'651118065125',	NULL,	'M2-15-02, LEVEL 15,',	'8TRIUM TOWER 2',	'JALAN CHEMPAKA SD 12/5, BANDAR SRI DAMANSARA',	'52200',	NULL,	NULL,	'0133981038',	NULL,	'0362729276',	'info@zohlgroup.com',	'0',	NULL,	NULL,	NULL,	NULL,	NULL,	NULL,	1,	1,	0,	NULL,	NULL,	'2021-02-15',	'2022-02-14',	'357-00045850',	NULL,	3,	'ZOHL INDUSTRIES SDN BHD',	23,	'514392307566',	NULL,	0,	0,	0,	NULL,	'2021-06-20 12:28:02',	NULL),
(682,	521,	2,	1,	1,	'KAMARUZAMAN BIN JAHIDIN',	NULL,	NULL,	'660114055477',	NULL,	'NO 18A, JALAN JIMAT 25/87,',	'SEKSYEN 25, TAMAN SRI MUDA',	NULL,	'40400',	NULL,	NULL,	'0102138524',	NULL,	NULL,	'bmproso@gmail.com',	'0',	NULL,	NULL,	NULL,	NULL,	NULL,	NULL,	1,	1,	0,	NULL,	NULL,	'2021-02-15',	'2022-02-14',	'357-02177149',	NULL,	3,	NULL,	6,	'12159010029620',	NULL,	0,	0,	0,	NULL,	'2021-06-20 12:28:02',	NULL),
(683,	522,	2,	1,	1,	'DR THANMOLI A/P PEARIASAMY',	NULL,	NULL,	'660211015360',	NULL,	'73-3, AMBER BUSINESS PLAZA,',	'JALAN JELAWAT 1',	NULL,	'56000',	NULL,	NULL,	'0126765635',	NULL,	'0328568651',	'info@hba.com.my',	'0',	NULL,	NULL,	NULL,	NULL,	NULL,	NULL,	1,	1,	0,	NULL,	NULL,	'2021-02-15',	'2022-02-14',	'357-02277850',	NULL,	1,	'HUMANOLOGY SDN BHD',	15,	'8008551961',	NULL,	0,	0,	0,	NULL,	'2021-06-20 12:28:02',	NULL),
(684,	523,	2,	1,	1,	'MEOR WAZIR ZUL\'AIDIN',	NULL,	NULL,	'660425086713',	NULL,	'NO. 5D, 4TH FLOOR,',	'JALAN TENGKU AMPUAN ZABEDAH F9/F',	'SEKSYEN 9',	'40100',	NULL,	NULL,	'0133691809',	NULL,	'0355244703',	'e-main@mwz-corp.com',	'0',	NULL,	NULL,	NULL,	NULL,	NULL,	NULL,	1,	1,	0,	NULL,	NULL,	'2021-02-15',	'2022-02-14',	'465-02041803',	NULL,	3,	'MWZ CONSORTIUM SDN BHD',	23,	'56278606177',	NULL,	0,	0,	0,	NULL,	'2021-06-20 12:28:02',	NULL),
(685,	524,	2,	1,	1,	'MOHD RASHID BIN KANCHIL',	NULL,	NULL,	'660427045149',	NULL,	'NO. 17, JALAN 15/3C,',	'SEKSYEN 15',	NULL,	'43650',	NULL,	NULL,	'0148764430',	NULL,	'0389268935',	'ideastc2010@gmail.com',	'0',	NULL,	NULL,	NULL,	NULL,	NULL,	NULL,	1,	1,	0,	NULL,	NULL,	'2021-02-15',	'2022-02-14',	'357-02272433',	NULL,	3,	'IDEAS TRAINING AND CONSULTANCY',	15,	'8003205678',	NULL,	0,	0,	0,	NULL,	'2021-06-20 12:28:02',	NULL),
(686,	525,	2,	1,	1,	'MADZURAH BINTI MOHD ZIN',	NULL,	NULL,	'660515055312',	NULL,	'NO. 70-1, AMBER BUSINESS PLAZA 2,',	'JALAN JELAWAT 1',	NULL,	'56000',	NULL,	NULL,	'0193212224',	NULL,	'0391717173',	'dayafasih@gmail.com',	'0',	NULL,	NULL,	NULL,	NULL,	NULL,	NULL,	1,	1,	0,	NULL,	NULL,	'2021-02-15',	'2022-02-14',	'357-00042995',	NULL,	3,	'DAYAFASIH SDN BHD',	29,	'212161000011490',	NULL,	0,	0,	0,	NULL,	'2021-06-20 12:28:02',	NULL),
(687,	526,	2,	1,	1,	'HASNAN BIN JAMALUDDIN',	NULL,	NULL,	'660606085293',	NULL,	'WISMA CWSB NO 17-1, JALAN UTAMA SURIA TROPIKA 1,',	'TAMAN SURIA TROPIKA',	NULL,	'43300',	NULL,	NULL,	'0123809321',	NULL,	'0389539788',	'allianz.certi@gmail.com',	'0',	NULL,	NULL,	NULL,	NULL,	NULL,	NULL,	1,	1,	0,	NULL,	NULL,	'2021-02-15',	'2022-02-14',	'357-02283652',	NULL,	3,	'ALLIANZ CERTIFICATION INTERNATIONAL SDN BHD',	23,	'564016634649',	NULL,	0,	0,	0,	NULL,	'2021-06-20 12:28:02',	NULL),
(688,	527,	2,	1,	1,	'MOHD AZLAN MOHD YAACOB',	NULL,	NULL,	'660612075139',	NULL,	'UNIT 11-25, AVENUE CREST,',	'JALAN JUBLI PERAK 22/1',	NULL,	'40150',	NULL,	NULL,	'0122434368',	NULL,	'0350323793',	'fauzi@msctech.com.my',	'0',	NULL,	NULL,	NULL,	NULL,	NULL,	NULL,	1,	1,	0,	NULL,	NULL,	'2021-02-15',	'2022-02-14',	'357-02065465',	NULL,	3,	'MSC TECHNOLOGY CENTRE SDN BHD',	23,	'512446204789',	NULL,	0,	0,	0,	NULL,	'2021-06-20 12:28:02',	NULL),
(689,	528,	2,	1,	1,	'KAMARUZZAMAN KASIM',	NULL,	NULL,	'660724106075',	NULL,	'NO 2, LRG TAMAN KG PADANG JAYA 16/6,',	'TAMAN KG PADANG JAYA',	NULL,	'25200',	NULL,	NULL,	'0133852509',	NULL,	NULL,	'kzkconsulting@yahoo.com',	'0',	NULL,	NULL,	NULL,	NULL,	NULL,	NULL,	1,	1,	0,	NULL,	NULL,	'2021-02-15',	'2022-02-14',	'357-022235390',	NULL,	3,	'KZK CONSULTING',	6,	'6019010101376',	NULL,	0,	0,	0,	NULL,	'2021-06-20 12:28:02',	NULL),
(690,	529,	2,	1,	1,	'MOHD NATRAH BIN LOMAN',	NULL,	NULL,	'660804035385',	NULL,	'NO. 5, JALAN BAKAWALI 2C/11,',	'SEKSYEN BS 10, BUKIT SENTOSA 3',	NULL,	'48300',	NULL,	NULL,	'0123725481',	NULL,	NULL,	'abu4866@yahoo.com',	'0',	NULL,	NULL,	NULL,	NULL,	NULL,	NULL,	1,	1,	0,	NULL,	NULL,	'2021-02-15',	'2022-02-14',	NULL,	NULL,	3,	'MOHD NATRAH BIN LOMAN',	15,	'7007749265',	NULL,	0,	0,	0,	NULL,	'2021-06-20 12:28:02',	NULL),
(691,	530,	2,	1,	1,	'DR KAMARUL BAHARI BIN YAAKUB',	NULL,	NULL,	'660812035019',	NULL,	'NO 31, JALAN BERNAM 7/3',	'TAMAN BERNAM BARU',	NULL,	'35900',	NULL,	NULL,	'0193570570',	NULL,	NULL,	'kamarul128@gmail.com',	'0',	NULL,	NULL,	NULL,	NULL,	NULL,	NULL,	1,	1,	0,	NULL,	NULL,	'2021-02-15',	'2022-02-14',	NULL,	NULL,	1,	'KAMARUL BAHARI BIN YAAKUB',	6,	'8068020247372',	NULL,	0,	0,	0,	NULL,	'2021-06-20 12:28:02',	NULL),
(692,	531,	2,	1,	1,	'MOHD FADZIL BIN HARUN',	NULL,	NULL,	'661107085103',	NULL,	'NO.13, JALAN TERATAI 2/1,',	'SAUJANA UTAMA 3',	'SAUJANA UTAMA',	'47000',	NULL,	NULL,	'0135127777',	NULL,	NULL,	'fadzilharun2014@gmail.com',	'0',	NULL,	NULL,	NULL,	NULL,	NULL,	NULL,	1,	1,	0,	NULL,	NULL,	'2021-02-15',	'2022-02-14',	NULL,	NULL,	3,	'MOHD FADZIL BIN HARUN',	23,	'154062548447',	NULL,	0,	0,	0,	NULL,	'2021-06-20 12:28:02',	NULL),
(693,	532,	2,	1,	1,	'MOHD FADGLULLAH BIN IBRAHIM',	NULL,	NULL,	'661203025397',	NULL,	'NO. 53, JALAN NILAM 1/2,',	'SUBANG HI-TECH INDUSTRIAL PARK',	NULL,	'47500',	NULL,	NULL,	'0196691269',	NULL,	'0356381886',	'fadhibrahim@gmail.com',	'0',	NULL,	NULL,	NULL,	NULL,	NULL,	NULL,	1,	1,	0,	NULL,	NULL,	'2021-02-15',	'2022-02-14',	'K10121063652752303',	NULL,	3,	'LPS LEARNING PLATFORM',	23,	'562272616910',	NULL,	0,	0,	0,	NULL,	'2021-06-20 12:28:02',	NULL),
(694,	533,	2,	1,	1,	'KHAIRUL ANUAR BIN SHARIFF',	NULL,	NULL,	'661208106233',	NULL,	'C-22-1, ANJALI NORTH KIARA,',	'JALAN 3/61',	'BUKIT SEGAMBUT',	'51200',	NULL,	NULL,	'0123925390',	NULL,	NULL,	'info@karlconsult.com',	'0',	NULL,	NULL,	NULL,	NULL,	NULL,	NULL,	1,	1,	0,	NULL,	NULL,	'2021-02-15',	'2022-02-14',	'357-02284268',	NULL,	3,	'KARL CONSULT SDN BHD',	15,	'8602293666',	NULL,	0,	0,	0,	NULL,	'2021-06-20 12:28:02',	NULL),
(695,	534,	2,	1,	1,	'AHMAD NAJIB BIN ARIFFIN (NADGE)',	NULL,	NULL,	'661231105829',	NULL,	'419, JALAN 5B TAMAN MELAWATI,',	NULL,	NULL,	'53100',	NULL,	NULL,	'0178706896',	NULL,	'0123477983',	'nadge.my@gmail.com',	'0',	NULL,	NULL,	NULL,	NULL,	NULL,	NULL,	1,	1,	0,	NULL,	NULL,	'2021-02-15',	'2022-02-14',	NULL,	NULL,	3,	'AHMAD NAJIB BIN ARIFFIN',	15,	'8001343324',	NULL,	0,	0,	0,	NULL,	'2021-06-20 12:28:02',	NULL),
(696,	535,	2,	1,	1,	'MUSRI BIN TUKIMAN @ MUSA',	NULL,	NULL,	'670225016277',	NULL,	'NO.11 TINGKAT 1, JALAN USJ 10/1E,',	'TAIPAN TRIANGLE',	NULL,	'47620',	NULL,	NULL,	'0122088167',	NULL,	'0358974748',	'info@qai.com.my',	'0',	NULL,	NULL,	NULL,	NULL,	NULL,	NULL,	1,	1,	0,	NULL,	NULL,	'2021-02-15',	'2022-02-14',	'357-02074092',	NULL,	3,	'QAI SDN BHD',	23,	'512482102866',	NULL,	0,	0,	0,	NULL,	'2021-06-20 12:28:02',	NULL),
(697,	536,	2,	1,	1,	'SHAHRIR BIN SHAHABUDIM',	NULL,	NULL,	'670505045339',	NULL,	'121-01, JALAN MUTIARA EMAS 2A,',	'TAMAN MOUNT AUSTIN',	NULL,	'81100',	NULL,	NULL,	'0197508529',	NULL,	NULL,	'shahrir00@gmail.com',	'0',	NULL,	NULL,	NULL,	NULL,	NULL,	NULL,	1,	1,	0,	NULL,	NULL,	'2021-02-15',	'2022-02-14',	NULL,	NULL,	3,	'SHAHRIR SHAHBUDIM',	NULL,	'27401002363',	NULL,	0,	0,	0,	NULL,	'2021-06-20 12:28:02',	NULL),
(698,	537,	2,	1,	1,	'WAN HISHAM BALKIAH BIN WAN HASSAN',	NULL,	NULL,	'670518115455',	NULL,	'WISMA CWSB NO 17-1, JALAN UTAMA SURIA TROPIKA 1,',	'TAMAN SURIA TROPIKA',	NULL,	'43300',	NULL,	NULL,	'0123809321',	NULL,	'0389539788',	'allianz.certi@gmail.com',	'0',	NULL,	NULL,	NULL,	NULL,	NULL,	NULL,	1,	1,	0,	NULL,	NULL,	'2021-02-15',	'2022-02-14',	'357-02283652',	NULL,	3,	'ALLIANZ CERTIFICATION INTERNATIONAL SDN BHD',	23,	'564016634649',	NULL,	0,	0,	0,	NULL,	'2021-06-20 12:28:02',	NULL),
(699,	538,	2,	1,	1,	'FATKURRADZI BIN JAMIL',	NULL,	NULL,	'670519105427',	NULL,	'S1-3A-06, VISTA ALAM,',	'JALAN IKHTISAS, SEKSYEN 14',	NULL,	'40000',	NULL,	NULL,	NULL,	NULL,	'0355241653',	'info@intellectmomentum.com.my',	'0',	NULL,	NULL,	NULL,	NULL,	NULL,	NULL,	1,	1,	0,	NULL,	NULL,	'2021-02-15',	'2022-02-14',	'357-0002302176',	NULL,	3,	'INTELLECT MOMENTUM TRAINING & CONSULTING SDN BHD',	23,	'562106677178',	NULL,	0,	0,	0,	NULL,	'2021-06-20 12:28:02',	NULL),
(700,	539,	2,	1,	1,	'NAZRI BIN A. WAHAB',	NULL,	NULL,	'670822015707',	NULL,	'NO 49-1, JALAN ADENIUM 2G/6 ,',	'PUSAT PERNIAGAAN ADENIUM SEKSYEN BB5 BUKIT BERUNTUNG',	NULL,	'48300',	NULL,	NULL,	'0162610214',	NULL,	'0360215288',	'selapis.ultra@gmail.com',	'0',	NULL,	NULL,	NULL,	NULL,	NULL,	NULL,	1,	1,	0,	NULL,	NULL,	'2021-02-15',	'2022-02-14',	'357-02217567',	NULL,	3,	'SELAPIS ULTRA SDN BHD',	3,	'0172022007319',	NULL,	0,	0,	0,	NULL,	'2021-06-20 12:28:02',	NULL),
(701,	540,	2,	1,	1,	'NAZARI HARON',	NULL,	NULL,	'671002055353',	NULL,	'713, S2F18,',	'GARDEN HOMES',	'SEREMBAN 2',	'70300',	NULL,	NULL,	'0196220209',	NULL,	NULL,	'nazari.leantrainer@yahoo.com',	'0',	NULL,	NULL,	NULL,	NULL,	NULL,	NULL,	1,	1,	0,	NULL,	NULL,	'2021-02-15',	'2022-02-14',	NULL,	NULL,	3,	'NASDIQ MANUFACTURING CONSULTANT',	6,	'5012010047694',	NULL,	0,	0,	0,	NULL,	'2021-06-20 12:28:02',	NULL),
(702,	541,	2,	1,	1,	'SAVARANJIT SINGH BHATT',	NULL,	NULL,	'671007106367',	NULL,	'12-01, JALAN PERMAS 10/09,',	'BANDAR BARU PERMAS JAYA',	NULL,	'81750',	NULL,	NULL,	'0197999940',	NULL,	'073862777',	'admin@synergycert.com',	'0',	NULL,	NULL,	NULL,	NULL,	NULL,	NULL,	1,	1,	0,	NULL,	NULL,	'2021-02-15',	'2022-02-14',	'K10343321912126006',	NULL,	3,	'SYNERGY CERTIFICATION SDN BHD',	28,	'3213714223',	NULL,	0,	0,	0,	NULL,	'2021-06-20 12:28:02',	NULL),
(703,	542,	2,	1,	1,	'YAN KWAI SENG',	NULL,	NULL,	'671108105259',	NULL,	'NO 43, JALAN KOTA RAJA F2/F,',	'HICOM TOWN CENTRE',	'SEKSYEN 27',	'43227',	NULL,	NULL,	NULL,	NULL,	'0351918113',	'yongcj@ynytechnology.com.my',	'0',	NULL,	NULL,	NULL,	NULL,	NULL,	NULL,	1,	1,	0,	NULL,	NULL,	'2021-02-15',	'2022-02-14',	'K10140446732273612',	NULL,	3,	'YNY TECHNOLOGY SDN BHD',	29,	'21211640124889',	NULL,	0,	0,	0,	NULL,	'2021-06-20 12:28:02',	NULL),
(704,	543,	2,	1,	1,	'KAMARIZAN BIN MUHMAD IDRIS',	NULL,	NULL,	'671110055385',	NULL,	'TINGKAT 1, BANGUNAN 3,',	'KOMPLEKS SIRIM',	'1, PERSIARAN DATO MENTERI',	'40700',	NULL,	NULL,	'0355446301',	NULL,	NULL,	'sirimsts@sirim.my',	'0',	NULL,	NULL,	NULL,	NULL,	NULL,	NULL,	1,	1,	0,	NULL,	NULL,	'2021-02-15',	'2022-02-14',	'357-00051135',	NULL,	3,	'SIRIM STS SDN BHD',	6,	'12038010024580',	NULL,	0,	0,	0,	NULL,	'2021-06-20 12:28:02',	NULL),
(705,	544,	2,	1,	1,	'FUAD MOHAMAD IDRIS',	NULL,	NULL,	'671211025935',	NULL,	'LEVEL 2, BLOCK C,',	'SAINS@USM',	'10 PERSIARAN BUKIT JAMBUL',	'11900',	NULL,	NULL,	'046437420',	NULL,	NULL,	'info@usainsgroup.com',	'0',	NULL,	NULL,	NULL,	NULL,	NULL,	NULL,	1,	1,	0,	NULL,	NULL,	'2021-02-15',	'2022-02-14',	'357-02126761',	NULL,	3,	'USAINS HOLDING SDN BHD',	3,	'8881009850380',	NULL,	0,	0,	0,	NULL,	'2021-06-20 12:28:02',	NULL),
(706,	545,	2,	1,	1,	'SHAHRULAZAM BIN JAAFAR',	NULL,	NULL,	'680120016421',	NULL,	'A-01, BLOK B,',	'PEKAN FRANCAIS MARA',	NULL,	NULL,	NULL,	NULL,	'0197280336',	NULL,	NULL,	'jhitc@yahoo.com',	'0',	NULL,	NULL,	NULL,	NULL,	NULL,	NULL,	1,	1,	0,	NULL,	NULL,	'2021-02-15',	'2022-02-14',	'357-02242625',	NULL,	3,	'JHI RESOURCES SDN BHD',	6,	'01041010063658',	NULL,	0,	0,	0,	NULL,	'2021-06-20 12:28:02',	NULL),
(707,	546,	2,	1,	1,	'TAN YEAN CHIN',	NULL,	NULL,	'680229075177',	NULL,	'WISMA G&P, 39-5,',	'JALAN TASIK SELATAN 3',	'BANDAR TASIK SELATAN',	'57000',	NULL,	NULL,	'0122894933',	NULL,	NULL,	'tanyeanchin@gmail.com',	'0',	NULL,	NULL,	NULL,	NULL,	NULL,	NULL,	1,	1,	0,	NULL,	NULL,	'2021-02-15',	'2022-02-14',	NULL,	NULL,	3,	'TAN YEAN CHIN',	2,	'140910010016610',	NULL,	0,	0,	0,	NULL,	'2021-06-20 12:28:02',	NULL),
(708,	547,	2,	1,	1,	'MEGAT MOHD AZLANN MD. ARSHAD',	NULL,	NULL,	'680401025033',	NULL,	'NO 10, JALAN TC 2A/2,',	'TAMAN CEMERLANG GOMBAK',	NULL,	'53100',	NULL,	NULL,	'016 3358044',	NULL,	'0341472143',	'kbihq@kbi.com.my',	'0',	NULL,	NULL,	NULL,	NULL,	NULL,	NULL,	1,	1,	0,	NULL,	NULL,	'2021-02-15',	'2022-02-14',	'35702159030',	NULL,	3,	'KOPERASI BELIA ISLAM MALAYSIA BERHAD',	NULL,	'564061102115',	NULL,	0,	0,	0,	NULL,	'2021-06-20 12:28:02',	NULL),
(709,	548,	2,	1,	1,	'ABD. RANI BIN MAT SALLEH',	NULL,	NULL,	'680501086677',	NULL,	'NO. 21, JLN SAUJANA 2/14,',	'TAMAN SAUJANA SEK 2, BKT KATIL',	NULL,	'75450',	NULL,	NULL,	'0123895908',	NULL,	NULL,	'ronmatsalleh@gmail.com',	'0',	NULL,	NULL,	NULL,	NULL,	NULL,	NULL,	1,	1,	0,	NULL,	NULL,	'2021-02-15',	'2022-02-14',	NULL,	NULL,	3,	'ABD RANI BIN MAT SALLEH',	29,	'21443730011448',	NULL,	0,	0,	0,	NULL,	'2021-06-20 12:28:02',	NULL),
(710,	549,	2,	1,	1,	'SHARIFAH ANISAH SYED IDRUS',	NULL,	NULL,	'680727045042',	NULL,	'NO 59, TINGKAT 3,',	'BANGUNAN KPPMNS',	'JALAN TUANKU ATAH',	'70100',	NULL,	NULL,	'0133545655',	NULL,	NULL,	'osheqman@gmail.com',	'0',	NULL,	NULL,	NULL,	NULL,	NULL,	NULL,	1,	1,	0,	NULL,	NULL,	'2021-02-15',	'2022-02-14',	'357-02260958',	NULL,	3,	'OSHEQ MANAGEMENT SDN BHD',	23,	'555135107317',	NULL,	0,	0,	0,	NULL,	'2021-06-20 12:28:02',	NULL),
(711,	550,	2,	1,	1,	'ISVARAN P RAMASAMY',	NULL,	NULL,	'680801107767',	NULL,	'NO. 53A-G, JALAN KAJANG PERDANA 8,',	'TAMAN KAJANG PERDANA',	NULL,	'43000',	NULL,	NULL,	'0173564961',	NULL,	NULL,	'isvaran_ramasamy@yahoo.com',	'0',	NULL,	NULL,	NULL,	NULL,	NULL,	NULL,	1,	1,	0,	NULL,	NULL,	'2021-02-15',	'2022-02-14',	NULL,	NULL,	3,	'ISVARAN P RAMASAMY',	23,	'114478052297',	NULL,	0,	0,	0,	NULL,	'2021-06-20 12:28:02',	NULL),
(712,	551,	2,	1,	1,	'AHMAD IZHAM KHAIRUDDIN',	NULL,	NULL,	'680809106297',	NULL,	'120 JALAN DELIMA',	'TAMAN SETIA GOMBAK',	NULL,	'53100',	NULL,	NULL,	'0193117397',	NULL,	NULL,	'izham.khairuddin@gmail.com',	'0',	NULL,	NULL,	NULL,	NULL,	NULL,	NULL,	1,	1,	0,	NULL,	NULL,	'2021-02-15',	'2022-02-14',	NULL,	NULL,	3,	'AHMAD IZHAM BIN KHAIRUDDIN',	23,	'514329057005',	NULL,	0,	0,	0,	NULL,	'2021-06-20 12:28:02',	NULL),
(713,	552,	2,	1,	1,	'ZOHAIME BIN MUHAMAD SORI',	NULL,	NULL,	'680819045381',	NULL,	'BATU 19 1/2, JALAN SEKOLAH LAMA,',	'KAMPUNG AYER LIMAU, MASJID TANAH',	NULL,	'78300',	NULL,	NULL,	'0192753707',	NULL,	NULL,	'zohaime@gmail.com',	'0',	NULL,	NULL,	NULL,	NULL,	NULL,	NULL,	1,	1,	0,	NULL,	NULL,	'2021-02-15',	'2022-02-14',	NULL,	NULL,	3,	'ZOHAIME BIN MUHAMAD SORI',	23,	'154062510382',	NULL,	0,	0,	0,	NULL,	'2021-06-20 12:28:02',	NULL),
(714,	553,	2,	1,	1,	'ROZIAH MD NOH',	NULL,	NULL,	'680826016108',	NULL,	'398, JALAN KEMPAS 4,',	'BANDAR PUTRA',	NULL,	'81000',	NULL,	NULL,	'0127138331',	NULL,	NULL,	'enquiries@efrmanagement.com',	'0',	NULL,	NULL,	NULL,	NULL,	NULL,	NULL,	1,	1,	0,	NULL,	NULL,	'2021-02-15',	'2022-02-14',	'357-02095638',	NULL,	3,	'EFR MANAGEMENT CONSULTANT',	29,	'20113800018504',	NULL,	0,	0,	0,	NULL,	'2021-06-20 12:28:02',	NULL),
(715,	554,	2,	1,	1,	'HOOD BIN ATAN',	NULL,	NULL,	'681024016127',	NULL,	'1630, JALAN SENAI UTAMA,',	'1/9 TAMAN SENAI UTAMA',	NULL,	'81400',	NULL,	NULL,	'0197627007',	NULL,	'075987445',	'hood.atan@yahoo.com',	'0',	NULL,	NULL,	NULL,	NULL,	NULL,	NULL,	1,	1,	0,	NULL,	NULL,	'2021-02-15',	'2022-02-14',	'357-02194981',	NULL,	3,	'ELSMAR COVE MANAGEMENT CONSULTANT',	29,	'20113800020142',	NULL,	0,	0,	0,	NULL,	'2021-06-20 12:28:02',	NULL),
(716,	555,	2,	1,	1,	'SR SHARIFAH NORAINI NOREEN SYED IBRAHIM',	NULL,	NULL,	'681024105170',	NULL,	'NO 21, JALAN ZUHAL U5/178A,',	'TAMAN SUBANG IMPIAN',	NULL,	'40150',	NULL,	NULL,	'0172509907',	NULL,	NULL,	'sharifah2noreen@gmail.com',	'0',	NULL,	NULL,	NULL,	NULL,	NULL,	NULL,	1,	1,	0,	NULL,	NULL,	'2021-02-15',	'2022-02-14',	NULL,	NULL,	3,	'SHARIFAH NORAINI NOREEN SYED IBRAHIM',	23,	'14226314966',	NULL,	0,	0,	0,	NULL,	'2021-06-20 12:28:02',	NULL),
(717,	556,	2,	1,	1,	'ZUHAIRAH ARIFF BT ABD GHADAS',	NULL,	NULL,	'681025055064',	NULL,	'LOT 10226, KG BARU TETAMBAH',	'KUALA TERENGGANU, TERENGGANU',	NULL,	'21200',	NULL,	NULL,	'0122605462',	NULL,	NULL,	'zuhairahariff@unisza.edu.my',	'0',	NULL,	NULL,	NULL,	NULL,	NULL,	NULL,	1,	1,	0,	NULL,	NULL,	'2021-02-15',	'2022-02-14',	NULL,	NULL,	3,	'ZUHAIRAH ARIFF BT ABD GHADAS',	6,	'14162010009268',	NULL,	0,	0,	0,	NULL,	'2021-06-20 12:28:02',	NULL),
(718,	557,	2,	1,	1,	'CHUA GOH BOON HUA',	NULL,	NULL,	'681111015309',	NULL,	'A-13A- 03, ARTE KUCHAI CONDO,',	'JLN KUCHAI MAJUR',	'OFF JLN KUCHAI LAMA',	'58200',	NULL,	NULL,	'0123144663',	NULL,	NULL,	'chuagoh123@gmail.com',	'0',	NULL,	NULL,	NULL,	NULL,	NULL,	NULL,	1,	1,	0,	NULL,	NULL,	'2021-02-15',	'2022-02-14',	NULL,	NULL,	3,	'CHUA GOH BOON HUA',	23,	'564119400831',	NULL,	0,	0,	0,	NULL,	'2021-06-20 12:28:02',	NULL),
(719,	558,	2,	1,	1,	'AHMAD KAMAL BIN MOHAMMED',	NULL,	NULL,	'681223085539',	NULL,	'ET2-26-17, MENARA ECLIPSE,',	'PERSIARAN MULTIMEDIA CYBER 11',	NULL,	'63000',	NULL,	NULL,	'0174434614',	NULL,	NULL,	'creativeinnovationctr@gmail.com',	'0',	NULL,	NULL,	NULL,	NULL,	NULL,	NULL,	1,	1,	0,	NULL,	NULL,	'2021-02-15',	'2022-02-14',	'357-02271554',	NULL,	3,	'CREATIVE INNOVATION CENTRE',	NULL,	NULL,	NULL,	0,	0,	0,	NULL,	'2021-06-20 12:28:02',	NULL),
(720,	559,	2,	1,	1,	'ANDI MUHAMAD FAJAR',	NULL,	NULL,	'6834772',	NULL,	'E602, EAST WING BLOCK,',	'METROPOLITAN SQ',	'NO 2, JALAN PJU8/1, DAMANSARA PERDANA',	'47820',	NULL,	NULL,	'0377251651',	NULL,	NULL,	'corporate.actconsulting@gmail.com',	'0',	NULL,	NULL,	NULL,	NULL,	NULL,	NULL,	1,	1,	0,	NULL,	NULL,	'2021-02-15',	'2022-02-14',	'357-02194133',	NULL,	3,	'ACT CONSULTING & EDUCATION SDN BHD',	23,	'564191559275',	NULL,	0,	0,	0,	NULL,	'2021-06-20 12:28:02',	NULL),
(721,	560,	2,	1,	1,	'LEE WAH PHENG',	NULL,	NULL,	'690104075543',	NULL,	'21, JALAN PU9/2C,',	'TAMAN PUCHONG UTAMA',	NULL,	'47100',	NULL,	NULL,	'0123111246',	NULL,	NULL,	'leewp@tarc.edu.my',	'0',	NULL,	NULL,	NULL,	NULL,	NULL,	NULL,	1,	1,	0,	NULL,	NULL,	'2021-02-15',	'2022-02-14',	NULL,	NULL,	3,	'LEE WAH PHENG',	28,	'4118226520',	NULL,	0,	0,	0,	NULL,	'2021-06-20 12:28:02',	NULL),
(722,	561,	2,	1,	1,	'ABDUL RASHID B MOKHTAR',	NULL,	NULL,	'690120086621',	NULL,	'47-2, JALAN PPM 8,',	'PLAZA PANDAN MALIM BUSINESS PARK',	NULL,	'75250',	NULL,	NULL,	'0126128373',	NULL,	'063350619',	'account@its1998.com',	'0',	NULL,	NULL,	NULL,	NULL,	NULL,	NULL,	1,	1,	0,	NULL,	NULL,	'2021-02-15',	'2022-02-14',	'357-02127521',	NULL,	3,	'ITS MANAGEMENT SDN BHD',	28,	'3147799206',	NULL,	0,	0,	0,	NULL,	'2021-06-20 12:28:02',	NULL),
(723,	562,	2,	1,	1,	'SHAIRUL BAKI BIN MOHAMAD SALEH',	NULL,	NULL,	'690201085823',	NULL,	'NO. 53, JALAN NILAM 1/2,',	'SUBANG HI-TECH INDUSTRIAL PARK',	NULL,	'47500',	NULL,	NULL,	'0196691269',	NULL,	'0356381886',	'shairul@leading-platform.com',	'0',	NULL,	NULL,	NULL,	NULL,	NULL,	NULL,	1,	1,	0,	NULL,	NULL,	'2021-02-15',	'2022-02-14',	'K10121063652752303',	NULL,	3,	'LPS LEARNING PLATFORM',	23,	'562272616910',	NULL,	0,	0,	0,	NULL,	'2021-06-20 12:28:02',	NULL),
(724,	563,	2,	1,	1,	'DATO\' BEATRICE NIRMALA A/P SWAMIRAJU',	NULL,	NULL,	'690224085316',	NULL,	'UNIT NO. 23A-8, OVAL DAMANSARA,',	'NO. 685, JALAN DAMANSARA,',	NULL,	'60000',	NULL,	NULL,	'0122989126',	NULL,	'0377325886',	'accounts@ibrasiagroup.com',	'0',	NULL,	NULL,	NULL,	NULL,	NULL,	NULL,	1,	1,	0,	NULL,	NULL,	'2021-02-15',	'2022-02-14',	'357-02023139',	NULL,	3,	'THE IBR ASIA GROUP SDN BHD',	3,	'0012012032495',	NULL,	0,	0,	0,	NULL,	'2021-06-20 12:28:02',	NULL),
(725,	564,	2,	1,	1,	'ZAINORNI BINTI MOHD JANIS',	NULL,	NULL,	'690304715058',	NULL,	'TINGKAT 1, BANGUNAN 3,',	'KOMPLEKS SIRIM',	'1, PERSIARAN DATO MENTERI',	'40700',	NULL,	NULL,	'0355446301',	NULL,	NULL,	'sirimsts@sirim.my',	'0',	NULL,	NULL,	NULL,	NULL,	NULL,	NULL,	1,	1,	0,	NULL,	NULL,	'2021-02-15',	'2022-02-14',	'357-00051135',	NULL,	3,	'SIRIM STS SDN BHD',	6,	'12038010024580',	NULL,	0,	0,	0,	NULL,	'2021-06-20 12:28:02',	NULL),
(726,	565,	2,	1,	1,	'NIK SHEHAR BIN NIK WAN',	NULL,	NULL,	'690326035037',	NULL,	'NO. 15B, JALAN SG3/17,',	'PUSAT BANDAR TAMAN SERI GOMBAK',	NULL,	'68100',	NULL,	NULL,	'0199839001',	NULL,	'0361780055',	'nik.baraka@gmail.com',	'0',	NULL,	NULL,	NULL,	NULL,	NULL,	NULL,	1,	1,	0,	NULL,	NULL,	'2021-02-15',	'2022-02-14',	'357-0002288634',	NULL,	3,	'BARAKA RESOURCES',	15,	'8002565718',	NULL,	0,	0,	0,	NULL,	'2021-06-20 12:28:02',	NULL),
(727,	566,	2,	1,	1,	'ZALIZAN MUID',	NULL,	NULL,	'690329045361',	NULL,	'LEVEL 10-01-02, PJX-HM SHAH TOWER,',	'16A PERSIARAN BARAT',	NULL,	'46050',	NULL,	NULL,	NULL,	NULL,	'0327146105',	'enquiry@genaxis.com.my',	'0',	NULL,	NULL,	NULL,	NULL,	NULL,	NULL,	1,	1,	0,	NULL,	NULL,	'2021-02-15',	'2022-02-14',	'357-02002302',	NULL,	3,	'GENAXIS GROUP SDN BHD',	23,	'512183343065',	NULL,	0,	0,	0,	NULL,	'2021-06-20 12:28:02',	NULL),
(728,	567,	2,	1,	1,	'ZALINA BINTI MAT NASIR',	NULL,	NULL,	'690517085600',	NULL,	'NO 35, JALAN TUN MAMAT 35/91,',	'ALAM IMPIAN',	NULL,	'40470',	NULL,	NULL,	'0193146999',	NULL,	NULL,	'ginanasir@gmail.com',	'0',	NULL,	NULL,	NULL,	NULL,	NULL,	NULL,	1,	1,	0,	NULL,	NULL,	'2021-02-15',	'2022-02-14',	NULL,	NULL,	3,	'ZALINA MAT NASIR',	29,	'11212500473710',	NULL,	0,	0,	0,	NULL,	'2021-06-20 12:28:02',	NULL),
(729,	568,	2,	1,	1,	'ANIJAH BINTI PANGAT',	NULL,	NULL,	'690801105664',	NULL,	'TINGKAT 1, BANGUNAN 3,',	'KOMPLEKS SIRIM',	'1, PERSIARAN DATO MENTERI',	'40700',	NULL,	NULL,	'0355446301',	NULL,	NULL,	'sirimsts@sirim.my',	'0',	NULL,	NULL,	NULL,	NULL,	NULL,	NULL,	1,	1,	0,	NULL,	NULL,	'2021-02-15',	'2022-02-14',	'357-00051135',	NULL,	3,	'SIRIM STS SDN BHD',	6,	'12038010024580',	NULL,	0,	0,	0,	NULL,	'2021-06-20 12:28:02',	NULL),
(730,	569,	2,	1,	1,	'LIM TECK LOON',	NULL,	NULL,	'690913055067',	NULL,	'22C, JALAN PJS 1/46,',	'TAMAN PETALING UTAMA',	NULL,	'46000',	NULL,	NULL,	'0124570213',	NULL,	'0377836866',	'accounts@cadcam.com.my',	'0',	NULL,	NULL,	NULL,	NULL,	NULL,	NULL,	1,	1,	0,	NULL,	NULL,	'2021-02-15',	'2022-02-14',	'K10122908502598095',	NULL,	3,	'IME CADCAM TRAINING CENTRE SDN BHD',	15,	'8002281032',	NULL,	0,	0,	0,	NULL,	'2021-06-20 12:28:02',	NULL),
(731,	570,	2,	1,	1,	'SAMSUDIN BIN MAMAT @ DAUD',	NULL,	NULL,	'700102116723',	NULL,	'NO. 53, JALAN NILAM 1/2,',	'SUBANG HI-TECH INDUSTRIAL PARK',	NULL,	'47500',	NULL,	NULL,	'0196691269',	NULL,	'0356381886',	'shairul@leading-platform.com',	'0',	NULL,	NULL,	NULL,	NULL,	NULL,	NULL,	1,	1,	0,	NULL,	NULL,	'2021-02-15',	'2022-02-14',	'K10121063652752303',	NULL,	3,	'LPS LEARNING PLATFORM',	23,	'562272616910',	NULL,	0,	0,	0,	NULL,	'2021-06-20 12:28:02',	NULL),
(732,	571,	2,	1,	1,	'RUDZIAH BINTI MOHD DARUS',	NULL,	NULL,	'700111035298',	NULL,	'LOT 3338, JALAN DESA VISTA,',	'BANDAR BARU SALAK TINGGI',	NULL,	'43800',	NULL,	NULL,	'0133808445',	NULL,	NULL,	'salampq@gmail.com',	'0',	NULL,	NULL,	NULL,	NULL,	NULL,	NULL,	1,	1,	0,	NULL,	NULL,	'2021-02-15',	'2022-02-14',	'357-0002316321',	NULL,	3,	'SALAM CONSULTANCY',	15,	'8603234671',	NULL,	0,	0,	0,	NULL,	'2021-06-20 12:28:02',	NULL),
(733,	572,	2,	1,	1,	'KONG TZEH FUNG',	NULL,	NULL,	'700117135249',	NULL,	'1A, LORONG KUMPANG2,',	NULL,	NULL,	'93200',	NULL,	NULL,	'01163236436',	NULL,	NULL,	'lawrencekong.tf@gmail.com',	'0',	NULL,	NULL,	NULL,	NULL,	NULL,	NULL,	1,	1,	0,	NULL,	NULL,	'2021-02-15',	'2022-02-14',	NULL,	NULL,	3,	'KONG TZEH FUNG',	23,	'161118918974',	NULL,	0,	0,	0,	NULL,	'2021-06-20 12:28:02',	NULL),
(734,	573,	2,	1,	1,	'LOH KOK LIANG',	NULL,	NULL,	'700118085087',	NULL,	'16, JALAN DAMAI MURNI 9,',	'ALAM DAMAI',	NULL,	'56000',	NULL,	NULL,	'01139313391',	NULL,	NULL,	'klloh1963@gmail.com',	'0',	NULL,	NULL,	NULL,	NULL,	NULL,	NULL,	1,	1,	0,	NULL,	NULL,	'2021-02-15',	'2022-02-14',	NULL,	NULL,	3,	'LOH KOK LIANG',	23,	'564666200204',	NULL,	0,	0,	0,	NULL,	'2021-06-20 12:28:02',	NULL),
(735,	574,	2,	1,	1,	'JEYA KUMAR VAIHILINGAM',	NULL,	NULL,	'700203105599',	NULL,	'A501, BLOCK A,',	'LOBBY A,  KELANA CENTRE POINT',	NULL,	NULL,	NULL,	NULL,	'0167254561',	NULL,	'0374917565',	'enquiry@peopleprowess.com',	'0',	NULL,	NULL,	NULL,	NULL,	NULL,	NULL,	1,	1,	0,	NULL,	NULL,	'2021-02-15',	'2022-02-14',	'K10140398982255476',	NULL,	3,	'PEOPLE PROWESS SDN BHD',	23,	'564838408423',	NULL,	0,	0,	0,	NULL,	'2021-06-20 12:28:02',	NULL),
(736,	575,	2,	1,	1,	'PROF. MADYA DR MOHD NOR HAKIMIN YUSOFF',	NULL,	NULL,	'700306035271',	NULL,	'ARAS 1, BANGUNAN HEPA LAMA,',	'UNISZA KAMPUS GONG BADAK',	NULL,	'21300',	NULL,	NULL,	'0199902149',	NULL,	'096671495',	'ucbs.training@gmail.com',	'0',	NULL,	NULL,	NULL,	NULL,	NULL,	NULL,	1,	1,	0,	NULL,	NULL,	'2021-02-15',	'2022-02-14',	'357-02206409',	NULL,	1,	'UNISZA CONSULTANCY SDN BHD',	6,	'13062010008574',	NULL,	0,	0,	0,	NULL,	'2021-06-20 12:28:02',	NULL),
(737,	576,	2,	1,	1,	'DATUK AR. EZUMI HARZANI BIN ISMAIL',	NULL,	NULL,	'700412035523',	NULL,	'104, JALAN MULIA 1/3,',	'BUKIT ANTARABANGSA',	NULL,	'68000',	NULL,	NULL,	'0122666866',	NULL,	NULL,	'infor@architectcentre.com.my',	'0',	NULL,	NULL,	NULL,	NULL,	NULL,	NULL,	1,	1,	0,	NULL,	NULL,	'2021-02-15',	'2022-02-14',	NULL,	NULL,	3,	'EZUMI HARZANI BIN ISMAIL',	23,	'164717000131',	NULL,	0,	0,	0,	NULL,	'2021-06-20 12:28:02',	NULL),
(738,	577,	2,	1,	1,	'PROF. MADYA DR. AZLIZAM AZIZ',	NULL,	NULL,	'700424085181',	NULL,	'UNIT 11-25, AVENUE CREST,',	'JALAN JUBLI PERAK 22/1',	NULL,	'40150',	NULL,	NULL,	'0122434368',	NULL,	'0350323793',	'fauzi@msctech.com.my',	'0',	NULL,	NULL,	NULL,	NULL,	NULL,	NULL,	1,	1,	0,	NULL,	NULL,	'2021-02-15',	'2022-02-14',	'357-02065465',	NULL,	1,	'MSC TECHNOLOGY CENTRE SDN BHD',	23,	'512446204789',	NULL,	0,	0,	0,	NULL,	'2021-06-20 12:28:02',	NULL),
(739,	578,	2,	1,	1,	'AWANG MOSLEM AWANG ANNUAR',	NULL,	NULL,	'700507135949',	NULL,	'GROUND FLOOR, SUBLOT 8,',	'LOT 1423, SECTION 65,',	'KTLD LORONG METORCITY 1A',	NULL,	NULL,	NULL,	'010 2055806',	NULL,	NULL,	'azniaga@gmail.com',	'0',	NULL,	NULL,	NULL,	NULL,	NULL,	NULL,	1,	1,	0,	NULL,	NULL,	'2021-02-15',	'2022-02-14',	'357-3000027737',	NULL,	3,	'AAZ PUNCAK PINNACLE',	NULL,	'26121700002162',	NULL,	0,	0,	0,	NULL,	'2021-06-20 12:28:02',	NULL),
(740,	579,	2,	1,	1,	'YUSAINY BIN YUSOP',	NULL,	NULL,	'700512085447',	NULL,	'1393, KG TANJUNG,',	'JALAN TUALAK',	NULL,	NULL,	NULL,	NULL,	'0167716441',	NULL,	NULL,	'dshcapitals@gmail.com',	'0',	NULL,	NULL,	NULL,	NULL,	NULL,	NULL,	1,	1,	0,	NULL,	NULL,	'2021-02-15',	'2022-02-14',	'357-02178930',	NULL,	3,	NULL,	6,	'2075010047709',	NULL,	0,	0,	0,	NULL,	'2021-06-20 12:28:02',	NULL),
(741,	580,	2,	1,	1,	'DR. MUHAMMAD BIN OMAR',	NULL,	NULL,	'700519115419',	NULL,	'LOT 3338, JALAN DESA VISTA,',	'BANDAR BARU SALAK TINGGI',	NULL,	'43800',	NULL,	NULL,	'0133808445',	NULL,	NULL,	'salampq@gmail.com',	'0',	NULL,	NULL,	NULL,	NULL,	NULL,	NULL,	1,	1,	0,	NULL,	NULL,	'2021-02-15',	'2022-02-14',	'357-0002316321',	NULL,	1,	'SALAM CONSULTANCY',	15,	'8603234671',	NULL,	0,	0,	0,	NULL,	'2021-06-20 12:28:02',	NULL),
(742,	581,	2,	1,	1,	'AHMAD ZAIDI ABD. WAHAB',	NULL,	NULL,	'700524115245',	NULL,	'21-A, JALAN BPU 8,',	'BANDAR PUCHONG UTAMA',	NULL,	'47100',	NULL,	NULL,	'0192722301',	NULL,	NULL,	'ahmad.zaidi.abd.wahab@gmail.com',	'0',	NULL,	NULL,	NULL,	NULL,	NULL,	NULL,	1,	1,	0,	NULL,	NULL,	'2021-02-15',	'2022-02-14',	NULL,	NULL,	3,	'AHMAD ZAIDI ABD. WAHAB',	4,	'127001080544893',	NULL,	0,	0,	0,	NULL,	'2021-06-20 12:28:02',	NULL),
(743,	582,	2,	1,	1,	'AZIM BIN PAWANCHIK',	NULL,	NULL,	'700622075419',	NULL,	'LEVEL 36, MENARA MAXIS,',	'KLCC',	NULL,	'50088',	NULL,	NULL,	'0123200396',	NULL,	NULL,	'azim@alphacatalyst.com',	'0',	NULL,	NULL,	NULL,	NULL,	NULL,	NULL,	1,	1,	0,	NULL,	NULL,	'2021-02-15',	'2022-02-14',	NULL,	NULL,	3,	'AZIM BIN PAWANCHIK',	19,	'18047977108',	NULL,	0,	0,	0,	NULL,	'2021-06-20 12:28:02',	NULL),
(744,	583,	2,	1,	1,	'DR IDA BINTI MD YASIN',	NULL,	NULL,	'700624105482',	NULL,	'PUTRA BUSINESS SCHOOL, LEVEL 3 OFFICE BUILDING OF THE DEPUTY VICE CHANCELLOR (RESEARCH & INNOVATION)',	'UPM SERDANG',	NULL,	'43400',	NULL,	NULL,	'01113370394',	NULL,	'0397691790',	'idayas@gmail.com',	'0',	NULL,	NULL,	NULL,	NULL,	NULL,	NULL,	1,	1,	0,	NULL,	NULL,	'2021-02-15',	'2022-02-14',	'357-0002311905',	NULL,	1,	'YAYASAN PUTRA BUSINESS SCHOOL',	23,	'562142405860',	NULL,	0,	0,	0,	NULL,	'2021-06-20 12:28:02',	NULL),
(745,	584,	2,	1,	1,	'MAZLAN BIN HASHIM',	NULL,	NULL,	'700724025455',	NULL,	'NO. 71E, 1ST FLOOR, WISMA DATO\' MANSOR ENTERPRISE (DME)',	'OFF JALAN SULTAN ISMAIL',	NULL,	'20200',	NULL,	NULL,	'0199155329',	NULL,	'096223898',	'akintegrationofficial@gmail.com',	'0',	NULL,	NULL,	NULL,	NULL,	NULL,	NULL,	1,	1,	0,	NULL,	NULL,	'2021-02-15',	'2022-02-14',	'357-0002295616',	NULL,	3,	'AK INTEGRATION SDN BHD',	6,	'13017018297598',	NULL,	0,	0,	0,	NULL,	'2021-06-20 12:28:02',	NULL),
(746,	585,	2,	1,	1,	'SHARIFUDDIN BIN MOHD YASIN',	NULL,	NULL,	'701001045393',	NULL,	'NO 18B, 1.7,',	'JALAN JUBLI PERAK 22/1',	'SEKSYEN 22',	'40300',	NULL,	NULL,	'01115443911',	NULL,	NULL,	'admin@simplylean.com.my',	'0',	NULL,	NULL,	NULL,	NULL,	NULL,	NULL,	1,	1,	0,	NULL,	NULL,	'2021-02-15',	'2022-02-14',	NULL,	NULL,	3,	'SIMPLY LEAN SOLUTIONS PLT',	23,	'562106672175',	NULL,	0,	0,	0,	NULL,	'2021-06-20 12:28:02',	NULL),
(747,	586,	2,	1,	1,	'NIRMALA A/P RAMASAMY',	NULL,	NULL,	'701005106202',	NULL,	'NO. 53A-G, JALAN KAJANG PERDANA 8,',	'TAMAN KAJANG PERDANA',	NULL,	'43000',	NULL,	NULL,	'0122273815',	NULL,	NULL,	'nirmalaramasamy1970@gmail.com.my',	'0',	NULL,	NULL,	NULL,	NULL,	NULL,	NULL,	1,	1,	0,	NULL,	NULL,	'2021-02-15',	'2022-02-14',	NULL,	NULL,	3,	'NIRMALA A/P RAMASAMY',	23,	'114066647153',	NULL,	0,	0,	0,	NULL,	'2021-06-20 12:28:02',	NULL),
(748,	587,	2,	1,	1,	'AIMAN @ NARIMAN BT MOHD SULAIMAN',	NULL,	NULL,	'701017015690',	NULL,	'KULIYYAH UNDANG-UNDANG AHMAD IBRAHIM, UNIVERSITI ISLAM ANTARABANGSA,',	'JALAN GOMBAK',	NULL,	'53100',	NULL,	NULL,	'0122230530',	NULL,	NULL,	NULL,	'0',	NULL,	NULL,	NULL,	NULL,	NULL,	NULL,	1,	1,	0,	NULL,	NULL,	'2021-02-15',	'2022-02-14',	NULL,	NULL,	3,	'AIMAN @ NARIMAN MOHD SULAIMAN',	15,	'7010267939',	NULL,	0,	0,	0,	NULL,	'2021-06-20 12:28:02',	NULL),
(749,	588,	2,	1,	1,	'JUMARI BIN KOSRIN',	NULL,	NULL,	'701102106773',	NULL,	'NO 50, JLN MH 26,',	'TAMAN MUZAFFAR HEIGHT',	NULL,	'75450',	NULL,	NULL,	'0176711902',	NULL,	NULL,	'pejabatx3m@gmail.com',	'0',	NULL,	NULL,	NULL,	NULL,	NULL,	NULL,	1,	1,	0,	NULL,	NULL,	'2021-02-15',	'2022-02-14',	'357-02103701',	NULL,	3,	'XTHREEM PATRON ENTERPRISE',	28,	'3992509133',	NULL,	0,	0,	0,	NULL,	'2021-06-20 12:28:02',	NULL),
(750,	589,	2,	1,	1,	'ADLINA BINTI ILYASAK',	NULL,	NULL,	'701104715070',	NULL,	'LOT 1927C, JALAN TANJUNG,',	'KAMPUNG SIJANGKANG',	'TELOK PANGLIMA GARANG',	'42500',	NULL,	NULL,	'0125697856',	NULL,	NULL,	'mahadiahamd.63@gmail.com',	'0',	NULL,	NULL,	NULL,	NULL,	NULL,	NULL,	1,	1,	0,	NULL,	NULL,	'2021-02-15',	'2022-02-14',	'357-0002290911',	NULL,	3,	NULL,	15,	'8603317853',	NULL,	0,	0,	0,	NULL,	'2021-06-20 12:28:02',	NULL),
(751,	590,	2,	1,	1,	'SURAYA BINTI SULAIMAN',	NULL,	NULL,	'701110105682',	NULL,	'LEVEL 36, MENARA MAXIS,',	'KLCC',	NULL,	'50088',	NULL,	NULL,	'0123297045',	NULL,	NULL,	'suraya@alphacatalyst.com',	'0',	NULL,	NULL,	NULL,	NULL,	NULL,	NULL,	1,	1,	0,	NULL,	NULL,	'2021-02-15',	'2022-02-14',	NULL,	NULL,	3,	'SURAYA BINTI SULAIMAN',	15,	'8602066630',	NULL,	0,	0,	0,	NULL,	'2021-06-20 12:28:02',	NULL),
(752,	591,	2,	1,	1,	'PROF. IR. DR. PUVANASVARAN A/L A.PERUMAL',	NULL,	NULL,	'701120045097',	NULL,	'NO 22, JALAN MP 9,',	'MELAKA PERDANA RESORT HOMES',	NULL,	'75450',	NULL,	NULL,	'0136557646',	NULL,	NULL,	'punesh@utem.edu.my',	'0',	NULL,	NULL,	NULL,	NULL,	NULL,	NULL,	1,	1,	0,	NULL,	NULL,	'2021-02-15',	'2022-02-14',	NULL,	NULL,	1,	'PUVANASVARAN A/L A.PERUMAL',	23,	'104022022431',	NULL,	0,	0,	0,	NULL,	'2021-06-20 12:28:02',	NULL),
(753,	592,	2,	1,	1,	'LOUIS TAY CHEE SIONG',	NULL,	NULL,	'710406015197',	NULL,	'NO. 19, JALAN MERANTI PERMAI 3,',	'KAWASAN PERINDUSTRIAN MERANTI PERMAI',	'BATU 15 JALAN PUCHONG,',	'47100',	NULL,	NULL,	'0126912883',	NULL,	'0380612888',	'louistay@plytec.com.my',	'0',	NULL,	NULL,	NULL,	NULL,	NULL,	NULL,	1,	1,	0,	NULL,	NULL,	'2021-02-15',	'2022-02-14',	NULL,	NULL,	3,	'LOUIS TAY CHEE SIONG',	18,	'40200011318',	NULL,	0,	0,	0,	NULL,	'2021-06-20 12:28:02',	NULL),
(754,	593,	2,	1,	1,	'AZHANNIBT MUHAMMAD',	NULL,	NULL,	'710412035370',	NULL,	'NO. 2, JALAN TEMPUA,',	'TAMAN PAKA JAYA 3',	NULL,	'23100',	NULL,	NULL,	'0139385705',	NULL,	'098276706',	'netlinxcs@live.com',	'0',	NULL,	NULL,	NULL,	NULL,	NULL,	NULL,	1,	1,	0,	NULL,	NULL,	'2021-02-15',	'2022-02-14',	'357-01007187',	NULL,	3,	'NETLINX SOLUTION CONSULTANT',	23,	'513087002686',	NULL,	0,	0,	0,	NULL,	'2021-06-20 12:28:02',	NULL),
(755,	594,	2,	1,	1,	'NURFARHANI LEE @ LEE WAN CHUAN',	NULL,	NULL,	'710423105370',	NULL,	'C-22-1, ANJALI NORTH KIARA,',	'JALAN 3/61',	'BUKIT SEGAMBUT',	'51200',	NULL,	NULL,	'0123925390',	NULL,	NULL,	'info@karlconsult.com',	'0',	NULL,	NULL,	NULL,	NULL,	NULL,	NULL,	1,	1,	0,	NULL,	NULL,	'2021-02-15',	'2022-02-14',	'357-02284268',	NULL,	3,	'KARL CONSULT SDN BHD',	15,	'8602293666',	NULL,	0,	0,	0,	NULL,	'2021-06-20 12:28:02',	NULL),
(756,	595,	2,	1,	1,	'NURAIZAH SHAMSUL BAHARIN',	NULL,	NULL,	'710523105992',	NULL,	'B-11-2, ANJUNG HIJAU APTS,',	'JALAN JALIL PERKASA 1',	NULL,	'55100',	NULL,	NULL,	'0126967604',	NULL,	NULL,	'nuraizah@madcatworld.com',	'0',	NULL,	NULL,	NULL,	NULL,	NULL,	NULL,	1,	1,	0,	NULL,	NULL,	'2021-02-15',	'2022-02-14',	NULL,	NULL,	3,	'NURAIZAH SHAMSUL BAHARIN',	23,	'164409541223',	NULL,	0,	0,	0,	NULL,	'2021-06-20 12:28:02',	NULL),
(757,	596,	2,	1,	1,	'MOHAMMED SALIM BIN ASHEDOFF',	NULL,	NULL,	'710602075525',	NULL,	'11-2, JALAN PUTERI 5/7,',	'BANDAR PUTERI',	NULL,	'47100',	NULL,	NULL,	'0122042827',	NULL,	NULL,	'info@asiabigwave.com',	'0',	NULL,	NULL,	NULL,	NULL,	NULL,	NULL,	1,	1,	0,	NULL,	NULL,	'2021-02-15',	'2022-02-14',	'375-02056255',	NULL,	3,	NULL,	23,	'51234350514',	NULL,	0,	0,	0,	NULL,	'2021-06-20 12:28:02',	NULL),
(758,	597,	2,	1,	1,	'PEH CHUN CHUEH',	NULL,	NULL,	'710625105643',	NULL,	'50, JALAN USJ 5/1G,',	NULL,	NULL,	'47610',	NULL,	NULL,	'0162222939',	NULL,	NULL,	'richardpeh@gmail.com',	'0',	NULL,	NULL,	NULL,	NULL,	NULL,	NULL,	1,	1,	0,	NULL,	NULL,	'2021-02-15',	'2022-02-14',	NULL,	NULL,	3,	'PEH CHUN CHUEH',	15,	'7008543815',	NULL,	0,	0,	0,	NULL,	'2021-06-20 12:28:02',	NULL),
(759,	598,	2,	1,	1,	'SUHAILA BINTI MOHAMMAD',	NULL,	NULL,	'710715075628',	NULL,	'NO. 2, JALAN TEMPUA,',	'TAMAN PAKA JAYA 3',	NULL,	'23100',	NULL,	NULL,	'0139385705',	NULL,	'098276706',	'netlinxcs@live.com',	'0',	NULL,	NULL,	NULL,	NULL,	NULL,	NULL,	1,	1,	0,	NULL,	NULL,	'2021-02-15',	'2022-02-14',	'357-01007187',	NULL,	3,	'NETLINX SOLUTION CONSULTANT',	23,	'513087002686',	NULL,	0,	0,	0,	NULL,	'2021-06-20 12:28:02',	NULL),
(760,	599,	2,	1,	1,	'MUHAMAD ROSLAN BIN MUHAMAD YUSOFF',	NULL,	NULL,	'710910106135',	NULL,	'I-1, I-CUBE INCUBATOR,',	'ARAS 2, BLOK J3',	'UNIVERSITI TEKNOLOGI MALAYSIA, JALAN SULTAN YAHYA PETRA',	'54100',	NULL,	NULL,	'0192482044',	NULL,	NULL,	'admin@siri.y',	'0',	NULL,	NULL,	NULL,	NULL,	NULL,	NULL,	1,	1,	0,	NULL,	NULL,	'2021-02-15',	'2022-02-14',	'357-0002308647',	NULL,	3,	'SUSTAINABLE INDUSTRIAL REVOLUTION AND INNOVATION SDN. BHD',	3,	'8881029333889',	NULL,	0,	0,	0,	NULL,	'2021-06-20 12:28:02',	NULL),
(761,	600,	2,	1,	1,	'HELMY BIN BASRI',	NULL,	NULL,	'711001715173',	NULL,	'A-01, BLOK B,',	'PEKAN FRANCAIS MARA',	NULL,	NULL,	NULL,	NULL,	'0197280336',	NULL,	NULL,	'jhitc@yahoo.com',	'0',	NULL,	NULL,	NULL,	NULL,	NULL,	NULL,	1,	1,	0,	NULL,	NULL,	'2021-02-15',	'2022-02-14',	'357-02242625',	NULL,	3,	'JHI RESOURCES SDN BHD',	6,	'01041010063658',	NULL,	0,	0,	0,	NULL,	'2021-06-20 12:28:02',	NULL),
(762,	601,	2,	1,	1,	'MAZNI BINTI SAAD',	NULL,	NULL,	'711002075016',	NULL,	'NO 17, JALAN HARMONI VISTA 9,',	'TAMAN HARMONI VISTA',	'BANDAR UNIVERSITI PAGOH',	'84600',	NULL,	NULL,	'0178787543',	NULL,	NULL,	'maznisaad@iium.edu.my',	'0',	NULL,	NULL,	NULL,	NULL,	NULL,	NULL,	1,	1,	0,	NULL,	NULL,	'2021-02-15',	'2022-02-14',	NULL,	NULL,	3,	'MAZNI BINTI SAAD',	23,	'151230089738',	NULL,	0,	0,	0,	NULL,	'2021-06-20 12:28:02',	NULL),
(763,	602,	2,	1,	1,	'KEVIN ERIC RAJ A/L AMMAL OPENATHAN',	NULL,	NULL,	'711126105723',	NULL,	'8-11-11, MENARA MUTIARA BANGSAR,',	'JALAN LIKU',	'OFF JALAN RIONG',	'59100',	NULL,	NULL,	'0102259397',	NULL,	'0322014533',	'sales@scalatrainingmatch.com',	'0',	NULL,	NULL,	NULL,	NULL,	NULL,	NULL,	1,	1,	0,	NULL,	NULL,	'2021-02-15',	'2022-02-14',	'357-0002315155',	NULL,	3,	'GKK CONSULTANTS SDN BHD',	23,	'514187360068',	NULL,	0,	0,	0,	NULL,	'2021-06-20 12:28:02',	NULL),
(764,	603,	2,	1,	1,	'ZARAK SHAIFUDDIN BIN ZAMRAH',	NULL,	NULL,	'711129035185',	NULL,	'B14-10, SURI PUTERI APARTMENT,',	'JLN SINGA F, 20/F, SEKSYEN 20',	NULL,	'40300',	NULL,	NULL,	'01135051660',	NULL,	NULL,	'zarak.zamrah@gmail.com',	'0',	NULL,	NULL,	NULL,	NULL,	NULL,	NULL,	1,	1,	0,	NULL,	NULL,	'2021-02-15',	'2022-02-14',	NULL,	NULL,	3,	'ZARAK SHAIFUDDIN BIN ZAMRAH',	NULL,	'4662914118',	NULL,	0,	0,	0,	NULL,	'2021-06-20 12:28:02',	NULL),
(765,	604,	2,	1,	1,	'SHADAITUL BINTI MOHD ZIN',	NULL,	NULL,	'711228085102',	NULL,	'BP-1-18, BLOCK B,',	'JALAN BPD 1',	'D\'ALPINIA BUSINESS PARK',	'47100',	NULL,	NULL,	'0192249323',	NULL,	NULL,	'info@leap.com.my',	'0',	NULL,	NULL,	NULL,	NULL,	NULL,	NULL,	1,	1,	0,	NULL,	NULL,	'2021-02-15',	'2022-02-14',	'357-02243226',	NULL,	3,	NULL,	23,	'562807534443',	NULL,	0,	0,	0,	NULL,	'2021-06-20 12:28:02',	NULL),
(766,	605,	2,	1,	1,	'MOHD NAZLI BIN MOHD NAZIR',	NULL,	NULL,	'720123035445',	NULL,	'NO.110, JALAN PC 3/6,',	'TAMAN PINGGIRAN CYBER',	NULL,	'63300',	NULL,	NULL,	'0132642829',	NULL,	NULL,	'mnazli5385@gmail.com',	'0',	NULL,	NULL,	NULL,	NULL,	NULL,	NULL,	1,	1,	0,	NULL,	NULL,	'2021-02-15',	'2022-02-14',	NULL,	NULL,	3,	'MOHD NAZLI MOHD NAZIR',	23,	'162106450087',	NULL,	0,	0,	0,	NULL,	'2021-06-20 12:28:02',	NULL),
(767,	606,	2,	1,	1,	'MARZIDAH BINTI HASBULLAH',	NULL,	NULL,	'720217145522',	NULL,	'NO 49-1, JALAN ADENIUM 2G/6 ,',	'PUSAT PERNIAGAAN ADENIUM SEKSYEN BB5 BUKIT BERUNTUNG',	NULL,	'48300',	NULL,	NULL,	'0162610214',	NULL,	'0360215288',	'mnsmodulazmarketing@gmail.com',	'0',	NULL,	NULL,	NULL,	NULL,	NULL,	NULL,	1,	1,	0,	NULL,	NULL,	'2021-02-15',	'2022-02-14',	'357-02217567',	NULL,	3,	'SELAPIS ULTRA SDN BHD',	3,	'0172022007319',	NULL,	0,	0,	0,	NULL,	'2021-06-20 12:28:02',	NULL),
(768,	607,	2,	1,	1,	'HARTINI BINTI OTHMAN',	NULL,	NULL,	'720225035868',	NULL,	'NO. 17 JALAN SPEKTRUM U16/13B,',	'TAMAN BUKIT SUBANG,',	NULL,	'40160',	NULL,	NULL,	'0193332117',	NULL,	NULL,	'hartinioth@gmail.com',	'0',	NULL,	NULL,	NULL,	NULL,	NULL,	NULL,	1,	1,	0,	NULL,	NULL,	'2021-02-15',	'2022-02-14',	NULL,	NULL,	3,	'HARTINI BINTI OTHMAN',	23,	'012101250196',	NULL,	0,	0,	0,	NULL,	'2021-06-20 12:28:02',	NULL),
(769,	608,	2,	1,	1,	'ROHAIZA BINTI ABD ROKIS',	NULL,	NULL,	'720420115038',	NULL,	'INTERNATIONAL ISLAMIC UNIVERSITY MALAYSIA (IIUM)',	'DEPARTMENT OF SOCIOLOGY AND ANTHROPOLOGY,',	'KIRKHS JALAN GOMBAK',	'53100',	NULL,	NULL,	'0196364072',	NULL,	'0364216109',	'rohaiza@iium.edu.my',	'0',	NULL,	NULL,	NULL,	NULL,	NULL,	NULL,	1,	1,	0,	NULL,	NULL,	'2021-02-15',	'2022-02-14',	NULL,	NULL,	NULL,	'ROHAIZA ROKIS',	15,	'7005167744',	NULL,	0,	0,	0,	NULL,	'2021-06-20 12:28:02',	NULL),
(770,	609,	2,	1,	1,	'NG SOOK KING',	NULL,	NULL,	'720503015697',	NULL,	'11-2, JALAN PUTERI 5/7,',	'BANDAR PUTERI',	NULL,	'47100',	NULL,	NULL,	'0122042827',	NULL,	NULL,	'info@asiabigwave.com',	'0',	NULL,	NULL,	NULL,	NULL,	NULL,	NULL,	1,	1,	0,	NULL,	NULL,	'2021-02-15',	'2022-02-14',	'375-02056255',	NULL,	3,	NULL,	23,	'51234350514',	NULL,	0,	0,	0,	NULL,	'2021-06-20 12:28:02',	NULL),
(771,	610,	2,	1,	1,	'NOOR AZLENDA MOHD NOORDIN',	NULL,	NULL,	'720517075212',	NULL,	'22, BUNGOR 1, BANDAR BOTANIC,',	NULL,	NULL,	'41200',	NULL,	NULL,	'0122041705',	NULL,	NULL,	'lenda.noordin@gmail.com',	'0',	NULL,	NULL,	NULL,	NULL,	NULL,	NULL,	1,	1,	0,	NULL,	NULL,	'2021-02-15',	'2022-02-14',	NULL,	NULL,	3,	'NOOR AZLENDA MOHD NOORDIN',	23,	'112044783444',	NULL,	0,	0,	0,	NULL,	'2021-06-20 12:28:02',	NULL),
(772,	611,	2,	1,	1,	'HJ MAZLIZAN BIN MOHD ZIN',	NULL,	NULL,	'720612055455',	NULL,	'NO. 70-1, AMBER BUSINESS PLAZA 2,',	'JALAN JELAWAT 1',	NULL,	'56000',	NULL,	NULL,	'0193212224',	NULL,	'0391717173',	'dayafasih@gmail.com',	'0',	NULL,	NULL,	NULL,	NULL,	NULL,	NULL,	1,	1,	0,	NULL,	NULL,	'2021-02-15',	'2022-02-14',	'357-00042995',	NULL,	3,	'DAYAFASIH SDN BHD',	29,	'212161000011490',	NULL,	0,	0,	0,	NULL,	'2021-06-20 12:28:02',	NULL),
(773,	612,	2,	1,	1,	'TIMURABANUN BINTI ABDUL HAMID',	NULL,	NULL,	'720717035354',	NULL,	'25, JALAN PJU 1A/1C,',	'ARA DAMANSARA',	NULL,	'47301',	NULL,	NULL,	'0178707002',	NULL,	'03783100444',	'timuraconsultancy@gmail.com',	'0',	NULL,	NULL,	NULL,	NULL,	NULL,	NULL,	1,	1,	0,	NULL,	NULL,	'2021-02-15',	'2022-02-14',	NULL,	NULL,	3,	'TIMURABANUN BINTI ABDUL HAMID',	23,	'114299146473',	NULL,	0,	0,	0,	NULL,	'2021-06-20 12:28:02',	NULL),
(774,	613,	2,	1,	1,	'MEENACHI A/P MUNIANDY',	NULL,	NULL,	'720724085368',	NULL,	'A501, BLOCK A,',	'LOBBY A,  KELANA CENTRE POINT',	NULL,	NULL,	NULL,	NULL,	'0167254561',	NULL,	'0374917565',	'enquiry@peopleprowess.com',	'0',	NULL,	NULL,	NULL,	NULL,	NULL,	NULL,	1,	1,	0,	NULL,	NULL,	'2021-02-15',	'2022-02-14',	'K10140398982255476',	NULL,	3,	'PEOPLE PROWESS SDN BHD',	23,	'564838408423',	NULL,	0,	0,	0,	NULL,	'2021-06-20 12:28:02',	NULL),
(775,	614,	2,	1,	1,	'DR. NOOR AZLIN ISMAIL',	NULL,	NULL,	'720907075488',	NULL,	'SEKOLAH PERNIAGAAN DAN EKONOMI',	'UNIVERSITI PUTRA MALAYSIA',	NULL,	'43400',	NULL,	NULL,	'0162340160',	NULL,	NULL,	'azlin_is@upm.edu.my',	'0',	NULL,	NULL,	NULL,	NULL,	NULL,	NULL,	1,	1,	0,	NULL,	NULL,	'2021-02-15',	'2022-02-14',	NULL,	NULL,	1,	NULL,	NULL,	NULL,	NULL,	0,	0,	0,	NULL,	'2021-06-20 12:28:02',	NULL),
(776,	615,	2,	1,	1,	'NG SIEW IMM',	NULL,	NULL,	'720914025278',	NULL,	'LOT 38, PUTRA INDUSTRIAL PARK,',	'BUKIT RAHMAN PUTRA',	NULL,	'47000',	NULL,	NULL,	'0182343323',	NULL,	NULL,	'imm_ns@upm.edu.my',	'0',	NULL,	NULL,	NULL,	NULL,	NULL,	NULL,	1,	1,	0,	NULL,	NULL,	'2021-02-15',	'2022-02-14',	NULL,	NULL,	3,	'NG SIEW IMM',	15,	'7013577620',	NULL,	0,	0,	0,	NULL,	'2021-06-20 12:28:02',	NULL),
(777,	616,	2,	1,	1,	'MOHD NIZAM BIN MOHD NORDIN',	NULL,	NULL,	'721018105901',	NULL,	'NO 10, JALAN MELURSARI 7,',	'BANDAR BARU SUNGAI BUAYA',	NULL,	'48010',	NULL,	NULL,	'0123907520',	NULL,	NULL,	'mohdnizam.mohdnordin@gmail.com',	'0',	NULL,	NULL,	NULL,	NULL,	NULL,	NULL,	1,	1,	0,	NULL,	NULL,	'2021-02-15',	'2022-02-14',	NULL,	NULL,	3,	'MOHD NIZAM BIN MOHD NORDIN',	23,	'112026459742',	NULL,	0,	0,	0,	NULL,	'2021-06-20 12:28:02',	NULL),
(778,	617,	2,	1,	1,	'SHEILA STANLEY',	NULL,	NULL,	'721023055398',	NULL,	'26-5-6, DESSA VILLA CONDO,',	'JALAN BUKIT DESA 3, TAMAN DESA',	NULL,	'58100',	NULL,	NULL,	'0196159886',	NULL,	NULL,	'fulcrumtv@gmail.com',	'0',	NULL,	NULL,	NULL,	NULL,	NULL,	NULL,	1,	1,	0,	NULL,	NULL,	'2021-02-15',	'2022-02-14',	NULL,	NULL,	3,	'SHEILA ANNE A/P STANLEY ARUMUGAM',	28,	'3158808427',	NULL,	0,	0,	0,	NULL,	'2021-06-20 12:28:02',	NULL),
(779,	618,	2,	1,	1,	'LT.KOL(B) PROF. MADYA DR. NOOR AZMI BIN MOHD ZAINOL',	NULL,	NULL,	'721202025397',	NULL,	'LOT 3338, JALAN DESA VISTA,',	'BANDAR BARU SALAK TINGGI',	NULL,	'43800',	NULL,	NULL,	'0133808445',	NULL,	NULL,	'salampq@gmail.com',	'0',	NULL,	NULL,	NULL,	NULL,	NULL,	NULL,	1,	1,	0,	NULL,	NULL,	'2021-02-15',	'2022-02-14',	'357-0002316321',	NULL,	1,	'SALAM CONSULTANCY',	15,	'8603234671',	NULL,	0,	0,	0,	NULL,	'2021-06-20 12:28:02',	NULL),
(780,	619,	2,	1,	1,	'MOHD ZAINAL  BIN MOHAMMED ARSHED',	NULL,	NULL,	'730102106653',	NULL,	'LG 01 JLN SAUJANA SURIA 3,',	'TAMAN SAUJANA SURIA',	NULL,	'43000',	NULL,	NULL,	'0123766727',	NULL,	NULL,	'zainal_arshed@yahoo.com',	'0',	NULL,	NULL,	NULL,	NULL,	NULL,	NULL,	1,	1,	0,	NULL,	NULL,	'2021-02-15',	'2022-02-14',	NULL,	NULL,	3,	'MOHD ZAINAL BIN MOHAMMED ARSHED',	23,	'108168304378',	NULL,	0,	0,	0,	NULL,	'2021-06-20 12:28:02',	NULL),
(781,	620,	2,	1,	1,	'FUAD BIN MOHAMED FAHMY',	NULL,	NULL,	'730202145801',	NULL,	'204-16-05, SRI SUAJAYA CONDOMINIUM,',	'JALAN KAMPUNG BANDAR DALAM,',	NULL,	'51100',	NULL,	NULL,	'0104262886',	NULL,	NULL,	'fuad.fahmy@gmail.com',	'0',	NULL,	NULL,	NULL,	NULL,	NULL,	NULL,	1,	1,	0,	NULL,	NULL,	'2021-02-15',	'2022-02-14',	NULL,	NULL,	3,	'FUAD BIN MOHAMED FAHMY',	15,	'8001109891',	NULL,	0,	0,	0,	NULL,	'2021-06-20 12:28:02',	NULL),
(782,	621,	2,	1,	1,	'AOBE SDN BHD',	NULL,	NULL,	'730204085187',	NULL,	'NO 199, JLN TEJA 7,',	'TAMAN TEJA FASA 1',	NULL,	'06010',	NULL,	NULL,	'0195773666',	NULL,	NULL,	'info.aobe@gmail.com',	'0',	NULL,	NULL,	NULL,	NULL,	NULL,	NULL,	1,	1,	0,	NULL,	NULL,	'2021-02-15',	'2022-02-14',	'357-0002304349',	NULL,	3,	'ACADEMY OF ORGANISATIONAL AND BUSINESS EXCELLENCE (AOBE) SDN BHD',	1,	'105790005553',	NULL,	0,	0,	0,	NULL,	'2021-06-20 12:28:02',	NULL),
(783,	622,	2,	1,	1,	'MUZAMMIL MARDZUKI',	NULL,	NULL,	'730226145179',	NULL,	'NO 30, JALAN AU5C/2,',	'LEMBAH KERAMAT',	NULL,	'54200',	NULL,	NULL,	'0175557718',	NULL,	NULL,	'zamielzeus@yahoo.com',	'0',	NULL,	NULL,	NULL,	NULL,	NULL,	NULL,	1,	1,	0,	NULL,	NULL,	'2021-02-15',	'2022-02-14',	NULL,	NULL,	3,	'MUZAMMIL MARDZUKI',	15,	'7620308724',	NULL,	0,	0,	0,	NULL,	'2021-06-20 12:28:02',	NULL),
(784,	623,	2,	1,	1,	'NOR ATIKAH BINTI SULAIMAN',	NULL,	NULL,	'730227065154',	NULL,	'NO. 06-2, 3 ELEMENTS,',	'PERSIARAN PUTRA PERMAI SELESA',	'BANDAR PUTRA PERMAI',	'43300',	NULL,	NULL,	'0187667967',	NULL,	NULL,	'atiksulaiman@gmail.com',	'0',	NULL,	NULL,	NULL,	NULL,	NULL,	NULL,	1,	1,	0,	NULL,	NULL,	'2021-02-15',	'2022-02-14',	'357-0002303169',	NULL,	3,	'TAMUASIA DOT COM VENTURES',	18,	'23000015463',	NULL,	0,	0,	0,	NULL,	'2021-06-20 12:28:02',	NULL),
(785,	624,	2,	1,	1,	'GO YEW LIANG',	NULL,	NULL,	'730331135183',	NULL,	'GPO LB 3133, SMT BOX 127,',	NULL,	NULL,	'93250',	NULL,	NULL,	'0128837177',	NULL,	NULL,	'kch-info@consultlead.com',	'0',	NULL,	NULL,	NULL,	NULL,	NULL,	NULL,	1,	1,	0,	NULL,	NULL,	'2021-02-15',	'2022-02-14',	'357-30013735',	NULL,	3,	'CONSULTLEAD SDN BHD',	28,	'3155668215',	NULL,	0,	0,	0,	NULL,	'2021-06-20 12:28:02',	NULL),
(786,	625,	2,	1,	1,	'MAHMIZA BINTI MOHAMED',	NULL,	NULL,	'730410035826',	NULL,	'91, JALAN MULIA 1/4,',	'BUKIT ANTARABANGSA',	NULL,	'68000',	NULL,	NULL,	'0102262592',	NULL,	NULL,	'mazmiha@gmail.com',	'0',	NULL,	NULL,	NULL,	NULL,	NULL,	NULL,	1,	1,	0,	NULL,	NULL,	'2021-02-15',	'2022-02-14',	NULL,	NULL,	3,	'MAHMIZA BINTI MOHAMED',	15,	'7015854979',	NULL,	0,	0,	0,	NULL,	'2021-06-20 12:28:02',	NULL),
(787,	626,	2,	1,	1,	'YAP YUN FANG',	NULL,	NULL,	'730419145327',	NULL,	'NO. 26, JALAN PENAGA 3,',	'BANDAR BOTANIK',	NULL,	'41200',	NULL,	NULL,	'0193746837',	NULL,	NULL,	'alex@ecoleanconsultancy.com',	'0',	NULL,	NULL,	NULL,	NULL,	NULL,	NULL,	1,	1,	0,	NULL,	NULL,	'2021-02-15',	'2022-02-14',	'357-0002328381',	NULL,	3,	'ECOLEAN CONSULTANCY SDN BHD',	23,	'512905519235',	NULL,	0,	0,	0,	NULL,	'2021-06-20 12:28:02',	NULL),
(788,	627,	2,	1,	1,	'DATO\' BRUCE LIM AUN CHOONG',	NULL,	NULL,	'730424075175',	NULL,	'21-5, OVAL TOWER DAMANSARA,',	'685 JALAN DAMANSARA',	NULL,	'60000',	NULL,	NULL,	'0163226989',	NULL,	NULL,	'brucelim@gmail.com',	'0',	NULL,	NULL,	NULL,	NULL,	NULL,	NULL,	1,	1,	0,	NULL,	NULL,	'2021-02-15',	'2022-02-14',	NULL,	NULL,	3,	NULL,	23,	NULL,	NULL,	0,	0,	0,	NULL,	'2021-06-20 12:28:02',	NULL),
(789,	628,	2,	1,	1,	'NOR AZLINA BINTI ISHAK',	NULL,	NULL,	'730507145546',	NULL,	'120 JALAN DELIMA',	'TAMAN SETIA GOMBAK',	NULL,	'53100',	NULL,	NULL,	'0123328888',	NULL,	NULL,	'norazlina.ishak@gmail.com',	'0',	NULL,	NULL,	NULL,	NULL,	NULL,	NULL,	1,	1,	0,	NULL,	NULL,	'2021-02-15',	'2022-02-14',	NULL,	NULL,	3,	'NOR AZLINA BINTI ISHAK',	23,	'114525014597',	NULL,	0,	0,	0,	NULL,	'2021-06-20 12:28:02',	NULL),
(790,	629,	2,	1,	1,	'TS. IR. HAN LIANG KWANG, EDWARD',	NULL,	NULL,	'730614135239',	NULL,	'NO. 19, JALAN MERANTI PERMAI 3,',	'KAWASAN PERINDUSTRIAN MERANTI PERMAI',	'BATU 15 JALAN PUCHONG',	'47100',	NULL,	NULL,	'0122737998',	NULL,	NULL,	'edwardhan@plytec.com.my',	'0',	NULL,	NULL,	NULL,	NULL,	NULL,	NULL,	1,	1,	0,	NULL,	NULL,	'2021-02-15',	'2022-02-14',	NULL,	NULL,	3,	'HAN LIANG KWANG',	18,	'18800039259',	NULL,	0,	0,	0,	NULL,	'2021-06-20 12:28:02',	NULL),
(791,	630,	2,	1,	1,	'PROF IR. DR. SITI MAZLINA MUSTAPA KAMAL',	NULL,	NULL,	'730624055072',	NULL,	'BLOCK D, UPM-MTDC TECHNOLOGY CENTRE,',	NULL,	NULL,	'43400',	NULL,	NULL,	NULL,	NULL,	'038959 3405',	'upmet.training@gmail.com',	'0',	NULL,	NULL,	NULL,	NULL,	NULL,	NULL,	1,	1,	0,	NULL,	NULL,	'2021-02-15',	'2022-02-14',	'357-02170055',	NULL,	1,	'UPM EDUCATION & TRAINING SDN BHD',	15,	'8002167906',	NULL,	0,	0,	0,	NULL,	'2021-06-20 12:28:02',	NULL),
(792,	631,	2,	1,	1,	'ZURAINA BINTI AHMAD',	NULL,	NULL,	'730910025376',	NULL,	'NO 15, TAMAN VISTANA INDAH,',	'JALAN LANGGAR',	NULL,	'06500',	NULL,	NULL,	'0162336441',	NULL,	NULL,	'tastebuds.eatery.services@gmail.com',	'0',	NULL,	NULL,	NULL,	NULL,	NULL,	NULL,	1,	1,	0,	NULL,	NULL,	'2021-02-15',	'2022-02-14',	'357-02261237',	NULL,	3,	NULL,	6,	'2075010048979',	NULL,	0,	0,	0,	NULL,	'2021-06-20 12:28:02',	NULL),
(793,	632,	2,	1,	1,	'MOHAMAD NIZAM BIN MOHD WALID',	NULL,	NULL,	'731012085953',	NULL,	'601 C, LEVEL 6,',	'TOWER 6, UPTOWN 5,',	'NO.5 JALAN SS 21/39, DAMANSARA UPTOWN',	'47400',	NULL,	NULL,	NULL,	NULL,	'0377263875',	'admin2@arte-axis.com',	'0',	NULL,	NULL,	NULL,	NULL,	NULL,	NULL,	1,	1,	0,	NULL,	NULL,	'2021-02-15',	'2022-02-14',	'465-02001718',	NULL,	3,	'HEALTHDESIGNS ASIA SDN BHD',	23,	'564191570390',	NULL,	0,	0,	0,	NULL,	'2021-06-20 12:28:02',	NULL),
(794,	633,	2,	1,	1,	'YIP WAI LEONG',	NULL,	NULL,	'731113145257',	NULL,	'NO. 10-21, 10TH FLOOR,',	'AVENUE CREST',	'JALAN JUBLI PERAK 22/1, SEKSYEN 22',	'40300',	NULL,	NULL,	'0122488064',	NULL,	'0350315342',	'dg.enquiries@gmail.com',	'0',	NULL,	NULL,	NULL,	NULL,	NULL,	NULL,	1,	1,	0,	NULL,	NULL,	'2021-02-15',	'2022-02-14',	'357-02280008',	NULL,	3,	'DO GREAT SDN BHD',	23,	'562085591384',	NULL,	0,	0,	0,	NULL,	'2021-06-20 12:28:02',	NULL),
(795,	634,	2,	1,	1,	'ZATUN ZURAIDA MUHAMMED AMUAR',	NULL,	NULL,	'731127105096',	NULL,	'NO 10-2, JALAN 1/76D',	'DESA PANDAN',	NULL,	'55100',	NULL,	NULL,	'0102260272',	NULL,	NULL,	'zatunzuraida@gmail.com',	'0',	NULL,	NULL,	NULL,	NULL,	NULL,	NULL,	1,	1,	0,	NULL,	NULL,	'2021-02-15',	'2022-02-14',	'357-02251576',	NULL,	3,	'DECK CONSULTING SDN BHD',	23,	'562106652570',	NULL,	0,	0,	0,	NULL,	'2021-06-20 12:28:02',	NULL),
(796,	635,	2,	1,	1,	'RAJIFAH RAMLI',	NULL,	NULL,	'731206065264',	NULL,	'SUITE 8-1, LEVEL 8,',	'MENARA CIMB',	'NO. 1, JALAN SENTRAL 2, KL SENTRAL',	'50470',	NULL,	NULL,	'0172910073',	NULL,	'0168040588',	'hello@data8.my',	'0',	NULL,	NULL,	NULL,	NULL,	NULL,	NULL,	1,	1,	0,	NULL,	NULL,	'2021-02-15',	'2022-02-14',	'357-0002287380',	NULL,	3,	'DATA8 SDN BHD',	23,	'564810519791',	NULL,	0,	0,	0,	NULL,	'2021-06-20 12:28:02',	NULL),
(797,	636,	2,	1,	1,	'ONG KIAN YEW',	NULL,	NULL,	'740121105305',	NULL,	'E1, EMPIRE DAMANSARA,',	'JALAN PJU 8/8A DAMANSARA PERDANA',	NULL,	'47820',	NULL,	NULL,	'0122050879',	NULL,	NULL,	'oky@pikom.org.my',	'0',	NULL,	NULL,	NULL,	NULL,	NULL,	NULL,	1,	1,	0,	NULL,	NULL,	'2021-02-15',	'2022-02-14',	NULL,	NULL,	3,	'ONG KIAN YEW',	23,	'114150443794',	NULL,	0,	0,	0,	NULL,	'2021-06-20 12:28:02',	NULL),
(798,	637,	2,	1,	1,	'NORHASRINA HASAN BASRI',	NULL,	NULL,	'740124085442',	NULL,	'K03-07-12, LEVEL 7,',	'TOWER 3, UOA BUSINESS PARK,',	'NO. 1, JALAN PENGATURCARA U1/51A, SEKSYEN U1',	'40150',	NULL,	NULL,	'0192913218',	NULL,	'0355679190',	'malaysia@kaizen.com',	'0',	NULL,	NULL,	NULL,	NULL,	NULL,	NULL,	1,	1,	0,	NULL,	NULL,	'2021-02-15',	'2022-02-14',	'357-02285569',	NULL,	3,	'KIC GROUP (M) SDN BHD',	23,	'512361506628',	NULL,	0,	0,	0,	NULL,	'2021-06-20 12:28:02',	NULL),
(799,	638,	2,	1,	1,	'SHARIL GOH BIN MD FADHIL',	NULL,	NULL,	'740304715025',	NULL,	'K03-07-12, LEVEL 7,',	'TOWER 3, UOA BUSINESS PARK,',	'NO. 1, JALAN PENGATURCARA U1/51A, SEKSYEN U1',	'40150',	NULL,	NULL,	'0192913218',	NULL,	'0355679190',	'malaysia@kaizen.com',	'0',	NULL,	NULL,	NULL,	NULL,	NULL,	NULL,	1,	1,	0,	NULL,	NULL,	'2021-02-15',	'2022-02-14',	'357-02285569',	NULL,	3,	'KIC GROUP (M) SDN BHD',	23,	'512361506628',	NULL,	0,	0,	0,	NULL,	'2021-06-20 12:28:02',	NULL),
(800,	639,	2,	1,	1,	'SONIA KUMARI RAJ KUMAR',	NULL,	NULL,	'740403045400',	NULL,	'42, JALAN USJ 20/1D,',	'USJ 20',	NULL,	'47640',	NULL,	NULL,	'0178889073',	NULL,	'0380247130',	'sonia@sde-academy.org',	'0',	NULL,	NULL,	NULL,	NULL,	NULL,	NULL,	1,	1,	0,	NULL,	NULL,	'2021-02-15',	'2022-02-14',	NULL,	NULL,	3,	'SONIA KUMARI A/P RAJ KUMAR',	NULL,	NULL,	NULL,	0,	0,	0,	NULL,	'2021-06-20 12:28:02',	NULL),
(801,	640,	2,	1,	1,	'TAN CHEE FAI',	NULL,	NULL,	'740408145953',	NULL,	'11A, JALAN TAMING KIRI 4,',	'TAMAN TAMING JAYA,',	'SERI KEMBANGAN',	'43300',	NULL,	NULL,	'0193810189',	NULL,	NULL,	'cheefaitan@gmail.com',	'0',	NULL,	NULL,	NULL,	NULL,	NULL,	NULL,	1,	1,	0,	NULL,	NULL,	'2021-02-15',	'2022-02-14',	NULL,	NULL,	3,	'ROBOLAB TECHNOLOGY SDN BHD',	28,	'3217477027',	NULL,	0,	0,	0,	NULL,	'2021-06-20 12:28:02',	NULL),
(802,	641,	2,	1,	1,	'SAHARUDDIN BIN A KADIR',	NULL,	NULL,	'740409015085',	NULL,	'67-2, LEVEL 2,',	'JALAN SETIA GEMILANG BG U13/BG',	'BANDAR SETIA ALAM, SEKSYEN U13',	'40170',	NULL,	NULL,	'0192228315',	NULL,	NULL,	'syukri@gembasolution.com.my',	'0',	NULL,	NULL,	NULL,	NULL,	NULL,	NULL,	1,	1,	0,	NULL,	NULL,	'2021-02-15',	'2022-02-14',	'357-02159898',	NULL,	3,	NULL,	23,	'7012862621',	NULL,	0,	0,	0,	NULL,	'2021-06-20 12:28:02',	NULL),
(803,	642,	2,	1,	1,	'HANIFAH SYUKRI BIN ABD AZIZ',	NULL,	NULL,	'740505115131',	NULL,	'NO. 36, JALAN 3/27,',	NULL,	NULL,	'43650',	NULL,	NULL,	'0192750315',	NULL,	NULL,	'onpointgreen@gmail.com',	'0',	NULL,	NULL,	NULL,	NULL,	NULL,	NULL,	1,	1,	0,	NULL,	NULL,	'2021-02-15',	'2022-02-14',	'357-02285252',	NULL,	3,	'ON POINT TRAINING & CONSULTANCY',	23,	'562263529984',	NULL,	0,	0,	0,	NULL,	'2021-06-20 12:28:02',	NULL),
(804,	643,	2,	1,	1,	'PROF.DR.WAN NORHAYATE WAN DAUD',	NULL,	NULL,	'740618115090',	NULL,	'ARAS 1, BANGUNAN HEPA LAMA,',	'UNISZA KAMPUS GONG BADAK',	NULL,	'21300',	NULL,	NULL,	'0199902149',	NULL,	'096671495',	'ucbs.training@gmail.com',	'0',	NULL,	NULL,	NULL,	NULL,	NULL,	NULL,	1,	1,	0,	NULL,	NULL,	'2021-02-15',	'2022-02-14',	'357-02206409',	NULL,	1,	'UNISZA CONSULTANCY SDN BHD',	6,	'13062010008574',	NULL,	0,	0,	0,	NULL,	'2021-06-20 12:28:02',	NULL),
(805,	644,	2,	1,	1,	'GHAZALI BIN HAJI ABU',	NULL,	NULL,	'740707016641',	NULL,	'KOPERASI BELIA ISLAM MALAYSIA BERHAD, N0 10,',	'JALAN TC 2A/2',	'TAMAN CEMERLANG',	'01022',	NULL,	NULL,	'0163358044',	NULL,	'0341472143',	'kbihq@kbi.com.my',	'0',	NULL,	NULL,	NULL,	NULL,	NULL,	NULL,	1,	1,	0,	NULL,	NULL,	'2021-02-15',	'2022-02-14',	'357-02212904',	NULL,	3,	'KOPERASI BELIA ISLAM MALAYSIA BERHAD',	23,	'564061102115',	NULL,	0,	0,	0,	NULL,	'2021-06-20 12:28:02',	NULL),
(806,	645,	2,	1,	1,	'KAMAL HARMONI KAMAL ARIFF',	NULL,	NULL,	'740911085839',	NULL,	'126, JALAN PKNK 1/1 KAWASAN PERUSAHAAN SUNGAI PETANI,',	NULL,	NULL,	'08000',	NULL,	NULL,	NULL,	NULL,	'044414619',	'amri@kismec.org.my',	'0',	NULL,	NULL,	NULL,	NULL,	NULL,	NULL,	1,	1,	0,	NULL,	NULL,	'2021-02-15',	'2022-02-14',	'357-02274328',	NULL,	3,	'KISMEC TRAINING AND CONSULTANCY SDN BHD',	NULL,	NULL,	NULL,	0,	0,	0,	NULL,	'2021-06-20 12:28:02',	NULL),
(807,	646,	2,	1,	1,	'AR ADRIANTA AZIZ',	NULL,	NULL,	'741011146151',	NULL,	'NO. 5, JALAN 3/66,',	'46000 PETALING JAYA',	NULL,	'46000',	NULL,	NULL,	'0172070155',	NULL,	NULL,	'arnconsulting2013@gmail.com',	'0',	NULL,	NULL,	NULL,	NULL,	NULL,	NULL,	1,	1,	0,	NULL,	NULL,	'2021-02-15',	'2022-02-14',	'357-02202385',	NULL,	3,	'ARN CONSULTING',	15,	'8600619260',	NULL,	0,	0,	0,	NULL,	'2021-06-20 12:28:02',	NULL),
(808,	647,	2,	1,	1,	'SIAH SIEN LIE',	NULL,	NULL,	'741028145112',	NULL,	'NO. 27-1, JALAN DINAR E U3/E,',	'TAMAN SUBANG PERDANA',	'SEKSYEN U3',	'40150',	NULL,	NULL,	'0126588493',	NULL,	'0378461175',	'lion_sight@hotmail.com',	'0',	NULL,	NULL,	NULL,	NULL,	NULL,	NULL,	1,	1,	0,	NULL,	NULL,	'2021-02-15',	'2022-02-14',	NULL,	NULL,	3,	'LION SIGHT TRAVEL & TOURS SDN BHD',	23,	'512080244252',	NULL,	0,	0,	0,	NULL,	'2021-06-20 12:28:02',	NULL),
(809,	648,	2,	1,	1,	'PROFESOR MADYA DR RAMZYZAN RAMLY',	NULL,	NULL,	'741103025373',	NULL,	'NO. 2, JALAN GUNUNG NUANG U11/6',	'BUKIT BANDARAYA',	NULL,	'40170',	NULL,	NULL,	'0193985528',	NULL,	NULL,	'ramzyramly@yahoo.com',	'0',	NULL,	NULL,	NULL,	NULL,	NULL,	NULL,	1,	1,	0,	NULL,	NULL,	'2021-02-15',	'2022-02-14',	NULL,	NULL,	1,	'RAMZYZAN RAMLY',	15,	'7603679751',	NULL,	0,	0,	0,	NULL,	'2021-06-20 12:28:02',	NULL),
(810,	649,	2,	1,	1,	'SITI HASLINDA BINTI HASHIM',	NULL,	NULL,	'741116015174',	NULL,	'ET2-26-17, MENARA ECLIPSE,',	'PERSIARAN MULTIMEDIA CYBER 11',	NULL,	'63000',	NULL,	NULL,	'0174434614',	NULL,	NULL,	'creativeinnovationctr@gmail.com',	'0',	NULL,	NULL,	NULL,	NULL,	NULL,	NULL,	1,	1,	0,	NULL,	NULL,	'2021-02-15',	'2022-02-14',	'357-02271554',	NULL,	3,	'CREATIVE INNOVATION CENTRE',	NULL,	NULL,	NULL,	0,	0,	0,	NULL,	'2021-06-20 12:28:02',	NULL),
(811,	650,	2,	1,	1,	'AZLIN NIZA BINTI ISMAIL',	NULL,	NULL,	'741124045058',	NULL,	'LEVEL 21, SUNWAY PUTRA TOWER,',	'100, JALAN PUTRA',	NULL,	'50350',	NULL,	NULL,	'0123740232',	NULL,	NULL,	'azlinniza.ismail@pemandu.org',	'0',	NULL,	NULL,	NULL,	NULL,	NULL,	NULL,	1,	1,	0,	NULL,	NULL,	'2021-02-15',	'2022-02-14',	NULL,	NULL,	3,	'PEMANDU ASSOCIATES SDN BHD',	23,	'566010621501',	NULL,	0,	0,	0,	NULL,	'2021-06-20 12:28:02',	NULL),
(812,	651,	2,	1,	1,	'MOHD IRHAM BIN MOHD IHSAN',	NULL,	NULL,	'750113125567',	NULL,	'NO 50, JLN MH 26,',	'TAMAN MUZAFFAR HEIGHT',	NULL,	'75450',	NULL,	NULL,	'0176711902',	NULL,	NULL,	'pejabatx3m@gmail.com',	'0',	NULL,	NULL,	NULL,	NULL,	NULL,	NULL,	1,	1,	0,	NULL,	NULL,	'2021-02-15',	'2022-02-14',	'357-02103701',	NULL,	3,	'XTHREEM PATRON ENTERPRISE',	28,	'3992509133',	NULL,	0,	0,	0,	NULL,	'2021-06-20 12:28:02',	NULL),
(813,	652,	2,	1,	1,	'DR. HO LEE LEE',	NULL,	NULL,	'750128135784',	NULL,	'GPO LB 3133, SMT BOX 127,',	NULL,	NULL,	'93250',	NULL,	NULL,	'0128837177',	NULL,	NULL,	'kch-info@consultlead.com',	'0',	NULL,	NULL,	NULL,	NULL,	NULL,	NULL,	1,	1,	0,	NULL,	NULL,	'2021-02-15',	'2022-02-14',	'357-30013735',	NULL,	1,	'CONSULTLEAD SDN BHD',	28,	'3155668215',	NULL,	0,	0,	0,	NULL,	'2021-06-20 12:28:02',	NULL),
(814,	653,	2,	1,	1,	'MAIZATUL AKMAM ABDUL WAHAB',	NULL,	NULL,	'750225105368',	NULL,	'N0.5, JALAN KENYALANG 11/9,',	'KOTA DAMANSARA',	NULL,	'47810',	NULL,	NULL,	'0192398171',	NULL,	NULL,	'jazmai2000@yahoo.com',	'0',	NULL,	NULL,	NULL,	NULL,	NULL,	NULL,	1,	1,	0,	NULL,	NULL,	'2021-02-15',	'2022-02-14',	NULL,	NULL,	3,	'MAIZATUL AKMAM ABDUL WAHAB',	6,	'12140020009796',	NULL,	0,	0,	0,	NULL,	'2021-06-20 12:28:02',	NULL),
(815,	654,	2,	1,	1,	'NURASLINA ZAINAL ABIDIN',	NULL,	NULL,	'750307085612',	NULL,	'LEVEL 10-01-02, PJX-HM SHAH TOWER,',	'16A PERSIARAN BARAT',	NULL,	'46050',	NULL,	NULL,	NULL,	NULL,	'0327146105',	'enquiry@genaxis.com.my',	'0',	NULL,	NULL,	NULL,	NULL,	NULL,	NULL,	1,	1,	0,	NULL,	NULL,	'2021-02-15',	'2022-02-14',	'357-02002302',	NULL,	3,	'GENAXIS GROUP SDN BHD',	23,	'512183343065',	NULL,	0,	0,	0,	NULL,	'2021-06-20 12:28:02',	NULL),
(816,	655,	2,	1,	1,	'WONG FOOT YOW',	NULL,	NULL,	'750331055261',	NULL,	'30, JALAN KEMUNING BAYU 33/31B,',	'KEMUNING UTAMA',	NULL,	'40400',	NULL,	NULL,	'0162213028',	NULL,	NULL,	'fywong@ecava.com',	'0',	NULL,	NULL,	NULL,	NULL,	NULL,	NULL,	1,	1,	0,	NULL,	NULL,	'2021-02-15',	'2022-02-14',	NULL,	NULL,	3,	'WONG FOOT YOW',	23,	'512781050378',	NULL,	0,	0,	0,	NULL,	'2021-06-20 12:28:02',	NULL),
(817,	656,	2,	1,	1,	'AINUL ROFIDZA BINTI IBRAHIM',	NULL,	NULL,	'750413086176',	NULL,	'SUITE 8-1, LEVEL 8,',	'MENARA CIMB',	'NO. 1, JALAN SENTRAL 2, KL SENTRAL',	'50470',	NULL,	NULL,	'0172910073',	NULL,	'0168040588',	'hello@data8.my',	'0',	NULL,	NULL,	NULL,	NULL,	NULL,	NULL,	1,	1,	0,	NULL,	NULL,	'2021-02-15',	'2022-02-14',	'357-0002287380',	NULL,	3,	'DATA8 SDN BHD',	23,	'564810519791',	NULL,	0,	0,	0,	NULL,	'2021-06-20 12:28:02',	NULL),
(818,	657,	2,	1,	1,	'ROMAIZA BINTI AB RAHMAN',	NULL,	NULL,	'750430065246',	NULL,	'NO 15, JALAN SE6,',	'PARK VILLA, SUNWAY EASTWOOD',	'EQUINE PARK, SERI KEMBANGAN',	'43300',	NULL,	NULL,	'0106332033',	NULL,	NULL,	'mijarasman@gmail.com',	'0',	NULL,	NULL,	NULL,	NULL,	NULL,	NULL,	1,	1,	0,	NULL,	NULL,	'2021-02-15',	'2022-02-14',	NULL,	NULL,	3,	'ROMAIZA AB RAHMAN',	23,	'164276650574',	NULL,	0,	0,	0,	NULL,	'2021-06-20 12:28:02',	NULL),
(819,	658,	2,	1,	1,	'KHAERIL ANUAR BIN DARUS',	NULL,	NULL,	'750504105811',	NULL,	'NO 97. JALAN PUJ 4/13,',	'TAMAN PUNCAK JALIL,',	'BANDAR PUTRA PERMAI',	'43300',	NULL,	NULL,	'0123480563',	NULL,	NULL,	'mrzqideas@gmail.com',	'0',	NULL,	NULL,	NULL,	NULL,	NULL,	NULL,	1,	1,	0,	NULL,	NULL,	'2021-02-15',	'2022-02-14',	'357-02177671',	NULL,	3,	NULL,	23,	'560214006820',	NULL,	0,	0,	0,	NULL,	'2021-06-20 12:28:02',	NULL),
(820,	659,	2,	1,	1,	'WONG YOKE LING, ELYN',	NULL,	NULL,	'750712095072',	NULL,	'MENARA SUEZCAP 1, D-28-3,',	'LEVEL 28',	'NO.2, JALAN KERINCHI',	'83282',	NULL,	NULL,	'0123029725',	NULL,	NULL,	'david.kong@intertek.com',	'0',	NULL,	NULL,	NULL,	NULL,	NULL,	NULL,	1,	1,	0,	NULL,	NULL,	'2021-02-15',	'2022-02-14',	'357-01015621',	NULL,	3,	'INTERTEK CERTIFICATION INTERNATIONAL SDN BHD',	19,	'205219017101',	NULL,	0,	0,	0,	NULL,	'2021-06-20 12:28:02',	NULL),
(821,	660,	2,	1,	1,	'AFIZA BT MOHAMAD ALI',	NULL,	NULL,	'750717145446',	NULL,	'30, JALAN DAUN INAI 18,',	'SUNWAY SPK DAMANSARA',	NULL,	'52200',	NULL,	NULL,	'0196997697',	NULL,	NULL,	'drfiza@iium.edu.my',	'0',	NULL,	NULL,	NULL,	NULL,	NULL,	NULL,	1,	1,	0,	NULL,	NULL,	'2021-02-15',	'2022-02-14',	NULL,	NULL,	3,	'AFIZA MOHAMAD ALI',	15,	'7000583558',	NULL,	0,	0,	0,	NULL,	'2021-06-20 12:28:02',	NULL),
(822,	661,	2,	1,	1,	'EDLY FERDIN RAMLY',	NULL,	NULL,	'750721015193',	NULL,	'398, JALAN KEMPAS 4,',	'BANDAR PUTRA',	NULL,	'81000',	NULL,	NULL,	'0127138331',	NULL,	NULL,	'enquiries@efrmanagement.com',	'0',	NULL,	NULL,	NULL,	NULL,	NULL,	NULL,	1,	1,	0,	NULL,	NULL,	'2021-02-15',	'2022-02-14',	'357-02095638',	NULL,	3,	'EFR MANAGEMENT CONSULTANT',	29,	'20113800018504',	NULL,	0,	0,	0,	NULL,	'2021-06-20 12:28:02',	NULL),
(823,	662,	2,	1,	1,	'MANZALINA BINTI SULAIMAN',	NULL,	NULL,	'750830145800',	NULL,	'NO 29, JALAN SUTERA 2/1B,',	'TAMAN SUTERA',	NULL,	'43000',	NULL,	NULL,	'0123967071',	NULL,	NULL,	'manza.idealconnectors@gmail.com',	'0',	NULL,	NULL,	NULL,	NULL,	NULL,	NULL,	1,	1,	0,	NULL,	NULL,	'2021-02-15',	'2022-02-14',	'K63810615502237663',	NULL,	3,	NULL,	15,	'8600221687',	NULL,	0,	0,	0,	NULL,	'2021-06-20 12:28:02',	NULL),
(824,	663,	2,	1,	1,	'TS. IR DR. NORDIN BIN RAMLI',	NULL,	NULL,	'750914025195',	NULL,	'N0 5-2, JALAN SEKSYEN 3/5,',	'TAMAN KAJANG UTAMA,',	NULL,	'43000',	NULL,	NULL,	'0133222462',	NULL,	NULL,	'skillzup.asia@gmail.com',	'0',	NULL,	NULL,	NULL,	NULL,	NULL,	NULL,	1,	1,	0,	NULL,	NULL,	'2021-02-15',	'2022-02-14',	'357-0002326444',	NULL,	3,	'ADROIT SOLUTION SDN BHD',	23,	'564418607000',	NULL,	0,	0,	0,	NULL,	'2021-06-20 12:28:02',	NULL),
(825,	664,	2,	1,	1,	'DEVIKA A/P NADARAJAH',	NULL,	NULL,	'751019105468',	NULL,	'PUTRA BUSINESS SCHOOL, ARAS 4,',	'BANGUNAN TNCPI, UPM',	NULL,	'43400',	NULL,	NULL,	'0126315004',	NULL,	NULL,	'devika@putrabs.edu.my',	'0',	NULL,	NULL,	NULL,	NULL,	NULL,	NULL,	1,	1,	0,	NULL,	NULL,	'2021-02-15',	'2022-02-14',	NULL,	NULL,	3,	'DEVIKA A/P NADARAJAH',	23,	'114413005591',	NULL,	0,	0,	0,	NULL,	'2021-06-20 12:28:02',	NULL),
(826,	665,	2,	1,	1,	'NURAISYAH CHUA ABDULLAH',	NULL,	NULL,	'751104016118',	NULL,	'NO. 2, JALAN GUNUNG NUANG U11/6',	'BUKIT BANDARAYA',	NULL,	'40170',	NULL,	NULL,	'0196488348',	NULL,	NULL,	'nuraisyahc@yahoo.com',	'0',	NULL,	NULL,	NULL,	NULL,	NULL,	NULL,	1,	1,	0,	NULL,	NULL,	'2021-02-15',	'2022-02-14',	NULL,	NULL,	3,	'NURAISYAH CHUA ABDULLAH',	15,	'7014919331',	NULL,	0,	0,	0,	NULL,	'2021-06-20 12:28:02',	NULL),
(827,	666,	2,	1,	1,	'MOHAMMAD BIN ABDUL HAMID',	NULL,	NULL,	'751218035343',	NULL,	'37, JALAN DAMAI PERDANA 1/3,',	'BANDAR DAMAI PERDANA',	NULL,	'56000',	NULL,	NULL,	'0192656782',	NULL,	NULL,	'mah@nudge.com.my',	'0',	NULL,	NULL,	NULL,	NULL,	NULL,	NULL,	1,	1,	0,	NULL,	NULL,	'2021-02-15',	'2022-02-14',	NULL,	NULL,	3,	'MOHAMMAD BIN ABDUL HAMID',	23,	'103060090640',	NULL,	0,	0,	0,	NULL,	'2021-06-20 12:28:02',	NULL),
(828,	667,	2,	1,	1,	'LIEN THANG',	NULL,	NULL,	'7600763',	NULL,	'12A, JALAN TEMENGGUNG 25/9,',	'BANDAR MAHKOTA',	NULL,	'43200',	NULL,	NULL,	'0123995250',	NULL,	'0390115111',	'admin@novafusion.net',	'0',	NULL,	NULL,	NULL,	NULL,	NULL,	NULL,	1,	1,	0,	NULL,	NULL,	'2021-02-15',	'2022-02-14',	'K65860243382433094',	NULL,	3,	'NOVA FUSION SDN BHD',	18,	'20800002095',	NULL,	0,	0,	0,	NULL,	'2021-06-20 12:28:02',	NULL),
(829,	668,	2,	1,	1,	'ELINA BINTI MOHD HUSINI',	NULL,	NULL,	'760111016470',	NULL,	'22-C, JALAN 4/76C,',	'DESA PANDAN',	NULL,	'55100',	NULL,	NULL,	NULL,	NULL,	'0392021377',	'ainulrahmanarchitect@yahoo.com',	'0',	NULL,	NULL,	NULL,	NULL,	NULL,	NULL,	1,	1,	0,	NULL,	NULL,	'2021-02-15',	'2022-02-14',	'465-02034845',	NULL,	3,	'AR AINUL RAHMAN BIN ABD RAHIM',	15,	'8600333954',	NULL,	0,	0,	0,	NULL,	'2021-06-20 12:28:02',	NULL),
(830,	669,	2,	1,	1,	'NORSHEILA BINTI ABDULLAH',	NULL,	NULL,	'760127055490',	NULL,	'NO 32, JALAN P9B1/14,',	'PRESINT 9',	NULL,	'62250',	NULL,	NULL,	'01110026710',	NULL,	NULL,	'norsheila@gmail.com',	'0',	NULL,	NULL,	NULL,	NULL,	NULL,	NULL,	1,	1,	0,	NULL,	NULL,	'2021-02-15',	'2022-02-14',	NULL,	NULL,	3,	'NORSHEILA ABDULLAH',	29,	'10504200388434',	NULL,	0,	0,	0,	NULL,	'2021-06-20 12:28:02',	NULL),
(831,	670,	2,	1,	1,	'WAN ZULKIFLI WAN ABDULLAH',	NULL,	NULL,	'760301035699',	NULL,	'PT 310-G,',	'JALAN KUALA KRAI',	NULL,	'15050',	NULL,	NULL,	NULL,	NULL,	'097422493',	'dliciousempire@gmail.com',	'0',	NULL,	NULL,	NULL,	NULL,	NULL,	NULL,	1,	1,	0,	NULL,	NULL,	'2021-02-15',	'2022-02-14',	'357-02272749',	NULL,	3,	'D LICIOUS EMPIRE SDN BHD',	28,	'3813588113',	NULL,	0,	0,	0,	NULL,	'2021-06-20 12:28:02',	NULL),
(832,	671,	2,	1,	1,	'ERIC CHO SUES CHEL',	NULL,	NULL,	'760302135333',	NULL,	'NO 43, JALAN KOTA RAJA F2/F,',	'HICOM TOWN CENTRE',	'SEKSYEN 27',	'43227',	NULL,	NULL,	NULL,	NULL,	'0351918113',	'yongcj@ynytechnology.com.my',	'0',	NULL,	NULL,	NULL,	NULL,	NULL,	NULL,	1,	1,	0,	NULL,	NULL,	'2021-02-15',	'2022-02-14',	'K10140446732273612',	NULL,	3,	'YNY TECHNOLOGY SDN BHD',	29,	'21211640124889',	NULL,	0,	0,	0,	NULL,	'2021-06-20 12:28:02',	NULL),
(833,	672,	2,	1,	1,	'MOHD IRWAN BIN DAHNIL',	NULL,	NULL,	'760322145707',	NULL,	'C-06-01, MILAN TOWER,',	'NO. 2, JALAN ANJUNG PUTRA',	'OFF JALAN SULTAN ISMAIL',	'50250',	NULL,	NULL,	'0123222834',	NULL,	NULL,	'irwan.dahnil@gmail.com',	'0',	NULL,	NULL,	NULL,	NULL,	NULL,	NULL,	1,	1,	0,	NULL,	NULL,	'2021-02-15',	'2022-02-14',	NULL,	NULL,	3,	'MOHD IRWAN BIN DAHNIL',	23,	'514075052998',	NULL,	0,	0,	0,	NULL,	'2021-06-20 12:28:02',	NULL),
(834,	673,	2,	1,	1,	'CHONG SIOW YEN',	NULL,	NULL,	'760413105110',	NULL,	'NO. 26, JALAN PENAGA 3,',	'BANDAR BOTANIK',	NULL,	'41200',	NULL,	NULL,	'0193746837',	NULL,	NULL,	'alex@ecoleanconsultancy.com',	'0',	NULL,	NULL,	NULL,	NULL,	NULL,	NULL,	1,	1,	0,	NULL,	NULL,	'2021-02-15',	'2022-02-14',	'357-0002328381',	NULL,	3,	'ECOLEAN CONSULTANCY SDN BHD',	23,	'512905519235',	NULL,	0,	0,	0,	NULL,	'2021-06-20 12:28:02',	NULL),
(835,	674,	2,	1,	1,	'AHMED RAZMAN BIN ABDUL LATIFF',	NULL,	NULL,	'760425715119',	NULL,	'PUTRA BUSINESS SCHOOL, LEVEL 3 OFFICE BUILDING OF THE DEPUTY VICE CHANCELLOR (RESEARCH & INNOVATION)',	NULL,	NULL,	'43400',	NULL,	NULL,	'01113370394',	NULL,	'0397691790',	'enquiry@peopleprowess.com',	'0',	NULL,	NULL,	NULL,	NULL,	NULL,	NULL,	1,	1,	0,	NULL,	NULL,	'2021-02-15',	'2022-02-14',	'357-0002311905',	NULL,	3,	'YAYASAN PUTRA BUSINESS SCHOOL',	23,	'562142405860',	NULL,	0,	0,	0,	NULL,	'2021-06-20 12:28:02',	NULL),
(836,	675,	2,	1,	1,	'GOPINATH RAO A/L SINNIAH',	NULL,	NULL,	'760521086279',	NULL,	'65, JALAN BK5B/5A',	'BANDAR KINRARA 5B,',	NULL,	'47180',	NULL,	NULL,	'0123760579',	NULL,	NULL,	'gopish@gmail.com',	'0',	NULL,	NULL,	NULL,	NULL,	NULL,	NULL,	1,	1,	0,	NULL,	NULL,	'2021-02-15',	'2022-02-14',	NULL,	NULL,	3,	'GOPINATH RAO A/L SINNIAH',	23,	'512361052230',	NULL,	0,	0,	0,	NULL,	'2021-06-20 12:28:02',	NULL),
(837,	676,	2,	1,	1,	'DESMOND HO CHEE CHEONG',	NULL,	NULL,	'760831045333',	NULL,	'A-7-8, PINNACLE,',	'JALAN SS7/26, SS7',	NULL,	'47301',	NULL,	NULL,	'0123357546',	NULL,	'0376604779',	'desho@desho.com.my',	'0',	NULL,	NULL,	NULL,	NULL,	NULL,	NULL,	1,	1,	0,	NULL,	NULL,	'2021-02-15',	'2022-02-14',	NULL,	NULL,	3,	'DESMOND HO & ASSOCIATES',	23,	'553110505333',	NULL,	0,	0,	0,	NULL,	'2021-06-20 12:28:02',	NULL),
(838,	677,	2,	1,	1,	'WAN MD SYIKRI BIN WAN MOHAMAD ALI',	NULL,	NULL,	'760902115045',	NULL,	'I-1, I-CUBE INCUBATOR,',	'ARAS 2, BLOK J3',	'UNIVERSITI TEKNOLOGI MALAYSIA, JALAN SULTAN YAHYA PETRA',	'54100',	NULL,	NULL,	'0192482044',	NULL,	NULL,	'admin@siri.y',	'0',	NULL,	NULL,	NULL,	NULL,	NULL,	NULL,	1,	1,	0,	NULL,	NULL,	'2021-02-15',	'2022-02-14',	'357-0002308647',	NULL,	3,	'SUSTAINABLE INDUSTRIAL REVOLUTION AND INNOVATION SDN. BHD',	3,	'8881029333889',	NULL,	0,	0,	0,	NULL,	'2021-06-20 12:28:02',	NULL),
(839,	678,	2,	1,	1,	'TOOTY BINTI JAMALUDIN',	NULL,	NULL,	'760904025684',	NULL,	'NO 61, JALAN BANGI AVENUE 6/4,',	'TAMAN BAGI AVENUE',	NULL,	'43000',	NULL,	NULL,	NULL,	NULL,	NULL,	'mstooty09@gmail.com',	'0',	NULL,	NULL,	NULL,	NULL,	NULL,	NULL,	1,	1,	0,	NULL,	NULL,	'2021-02-15',	'2022-02-14',	NULL,	NULL,	3,	'TOOTY BINTI JAMALUDIN',	23,	'164164005883',	NULL,	0,	0,	0,	NULL,	'2021-06-20 12:28:02',	NULL),
(840,	679,	2,	1,	1,	'ROYAN ONG HIAN LEE',	NULL,	NULL,	'760909045553',	NULL,	'LEVEL 2, BLOCK C,',	'SAINS@USM',	'10 PERSIARAN BUKIT JAMBUL',	'11900',	NULL,	NULL,	'046437420',	NULL,	NULL,	'info@usainsgroup.com',	'0',	NULL,	NULL,	NULL,	NULL,	NULL,	NULL,	1,	1,	0,	NULL,	NULL,	'2021-02-15',	'2022-02-14',	'357-02126761',	NULL,	3,	'USAINS HOLDING SDN BHD',	3,	'8881009850380',	NULL,	0,	0,	0,	NULL,	'2021-06-20 12:28:02',	NULL),
(841,	680,	2,	1,	1,	'NG TUCK SEONG, WILLIAM',	NULL,	NULL,	'760915086749',	NULL,	'MENARA SUEZCAP 1, D-28-3,',	'LEVEL 28',	'NO.2, JALAN KERINCHI',	'83282',	NULL,	NULL,	'0123029725',	NULL,	NULL,	'david.kong@intertek.com',	'0',	NULL,	NULL,	NULL,	NULL,	NULL,	NULL,	1,	1,	0,	NULL,	NULL,	'2021-02-15',	'2022-02-14',	'357-01015621',	NULL,	3,	'INTERTEK CERTIFICATION INTERNATIONAL SDN BHD',	19,	'205219017101',	NULL,	0,	0,	0,	NULL,	'2021-06-20 12:28:02',	NULL),
(842,	681,	2,	1,	1,	'KHADIJATUL ISMALASARI BINTI ISMAIL',	NULL,	NULL,	'760922055158',	NULL,	'68, JALAN SETIA DAMAI U13/14D,',	'SEKSYEN U13, SETIA ALAM',	NULL,	'40170',	NULL,	NULL,	'0132696559',	NULL,	NULL,	'kdismalasari@gmail.com',	'0',	NULL,	NULL,	NULL,	NULL,	NULL,	NULL,	1,	1,	0,	NULL,	NULL,	'2021-02-15',	'2022-02-14',	NULL,	NULL,	3,	'KHADIJATUL ISMALASARI',	15,	'7630565529',	NULL,	0,	0,	0,	NULL,	'2021-06-20 12:28:02',	NULL),
(843,	682,	2,	1,	1,	'UNGKU AZLAN SHAH UNGKU CHULAN',	NULL,	NULL,	'761223715289',	NULL,	'17A, JALAN KAJANG IMPIAN 2/1,',	'TAMAN KAJANG IMPIAN',	NULL,	'43650',	NULL,	NULL,	'0193879617',	NULL,	NULL,	'qtfconsulting@gmail.com',	'0',	NULL,	NULL,	NULL,	NULL,	NULL,	NULL,	1,	1,	0,	NULL,	NULL,	'2021-02-15',	'2022-02-14',	'357-02255049',	NULL,	3,	'QTF CONSULTING SDN BHD',	23,	'562834644239',	NULL,	0,	0,	0,	NULL,	'2021-06-20 12:28:02',	NULL),
(844,	683,	2,	1,	1,	'ENG CHEE SAN',	NULL,	NULL,	'761228016316',	NULL,	'MAILBOX 25, NO 305,',	'INDUSTRY CENTRE',	'UTM TECHNOVATION PARK',	'81300',	NULL,	NULL,	'0127163358',	NULL,	NULL,	'admin@etronix.asia',	'0',	NULL,	NULL,	NULL,	NULL,	NULL,	NULL,	1,	1,	0,	NULL,	NULL,	'2021-02-15',	'2022-02-14',	'K10123197732578415',	NULL,	3,	NULL,	23,	'551306531037',	NULL,	0,	0,	0,	NULL,	'2021-06-20 12:28:02',	NULL),
(845,	684,	2,	1,	1,	'HJ SYAMSUL ARMAN BIN YAP',	NULL,	NULL,	'770115145105',	NULL,	'601 C, LEVEL 6,',	'TOWER 6, UPTOWN 5,',	'NO.5 JALAN SS 21/39, DAMANSARA UPTOWN',	'47400',	NULL,	NULL,	NULL,	NULL,	'0377263875',	'arman@arte-axis.com',	'0',	NULL,	NULL,	NULL,	NULL,	NULL,	NULL,	1,	1,	0,	NULL,	NULL,	'2021-02-15',	'2022-02-14',	'465-02001718',	NULL,	3,	'HEALTHDESIGNS ASIA SDN BHD',	23,	'564191570390',	NULL,	0,	0,	0,	NULL,	'2021-06-20 12:28:02',	NULL),
(846,	685,	2,	1,	1,	'PROF. MADYA DR FAKHRUL ANWAR ZAINOL',	NULL,	NULL,	'770222025651',	NULL,	'ARAS 1, BANGUNAN HEPA LAMA,',	'UNISZA KAMPUS GONG BADAK',	NULL,	'21300',	NULL,	NULL,	'0199902149',	NULL,	'096671495',	'ucbs.training@gmail.com',	'0',	NULL,	NULL,	NULL,	NULL,	NULL,	NULL,	1,	1,	0,	NULL,	NULL,	'2021-02-15',	'2022-02-14',	'357-02206409',	NULL,	1,	'UNISZA CONSULTANCY SDN BHD',	6,	'13062010008574',	NULL,	0,	0,	0,	NULL,	'2021-06-20 12:28:02',	NULL),
(847,	686,	2,	1,	1,	'MOHAMAD SHUKRI ABDUL GHANI',	NULL,	NULL,	'770327075743',	NULL,	'NO. 1, GROUND FLOOR BLOCK 2,',	'PUSAT PERNIAGAAN WORLDWIDE',	'JALAN TINJU 13/50 SECTION 13',	'40100',	NULL,	NULL,	'0169969304',	NULL,	NULL,	'ziti@shrdc.org.my',	'0',	NULL,	NULL,	NULL,	NULL,	NULL,	NULL,	1,	1,	0,	NULL,	NULL,	'2021-02-15',	'2022-02-14',	'357-02069186',	NULL,	3,	'SELANGOR HUMAN RESOURCES DEVELOPMENT CENTRE',	15,	'8001926125',	NULL,	0,	0,	0,	NULL,	'2021-06-20 12:28:02',	NULL),
(848,	687,	2,	1,	1,	'MOHD LIZUAN BIN ABD LATIF',	NULL,	NULL,	'770512105289',	NULL,	'NO 1, JALAN SPEKTRUM U16/30 TAMAN BUKIT SUBANG,',	NULL,	NULL,	'40150',	NULL,	NULL,	'0193839702',	NULL,	NULL,	'qualitymind9@gmail.com',	'0',	NULL,	NULL,	NULL,	NULL,	NULL,	NULL,	1,	1,	0,	NULL,	NULL,	'2021-02-15',	'2022-02-14',	'K63253043742040828',	NULL,	3,	NULL,	29,	'21225500051943',	NULL,	0,	0,	0,	NULL,	'2021-06-20 12:28:02',	NULL),
(849,	688,	2,	1,	1,	'PROF IR TS DR AHMAD SULAIMAN',	NULL,	NULL,	'770604715017',	NULL,	'ARAS 9, FAKULTI KEJURUTERAAN ELEKTRIK,',	'UNIVERSITI TEKNOLOGI MARA',	NULL,	'40450',	NULL,	NULL,	'0122001843',	NULL,	NULL,	'utechtium@uitm.edu.my',	'0',	NULL,	NULL,	NULL,	NULL,	NULL,	NULL,	1,	1,	0,	NULL,	NULL,	'2021-02-15',	'2022-02-14',	'357-0002313660',	NULL,	1,	'UTECHTIUM SDN BHD',	15,	'8602844202',	NULL,	0,	0,	0,	NULL,	'2021-06-20 12:28:02',	NULL),
(850,	689,	2,	1,	1,	'ROSLAINI KHAIDIR',	NULL,	NULL,	'770622715192',	NULL,	'SUITE 906, BLOCK B,',	'PHILEO DAMANSARA 1',	'NO 9, JALAN 16/11, OFF JALAN DAMANSARA',	'46350',	NULL,	NULL,	'0192290842',	NULL,	NULL,	'roslaini@aja.com.my',	'0',	NULL,	NULL,	NULL,	NULL,	NULL,	NULL,	1,	1,	0,	NULL,	NULL,	'2021-02-15',	'2022-02-14',	'K28527249302694961',	NULL,	3,	NULL,	15,	'8000826782',	NULL,	0,	0,	0,	NULL,	'2021-06-20 12:28:02',	NULL),
(851,	690,	2,	1,	1,	'JOHAN AFENDI BIN IBRAHIM',	NULL,	NULL,	'770702086197',	NULL,	'377, JALAN TEJA 3,',	'TAMAN TEJA',	NULL,	'06020',	NULL,	NULL,	'0195741830',	NULL,	NULL,	'afendi@uum.edu.my',	'0',	NULL,	NULL,	NULL,	NULL,	NULL,	NULL,	1,	1,	0,	NULL,	NULL,	'2021-02-15',	'2022-02-14',	NULL,	NULL,	3,	'JOHAN AFENDI BIN IBRAHIM',	15,	'7028159006',	NULL,	0,	0,	0,	NULL,	'2021-06-20 12:28:02',	NULL),
(852,	691,	2,	1,	1,	'ASPIYATI BINTI JUSOH',	NULL,	NULL,	'770812036502',	NULL,	'PT 310-G,',	'JALAN KUALA KRAI',	NULL,	'15050',	NULL,	NULL,	NULL,	NULL,	'097422493',	'dliciousempire@gmail.com',	'0',	NULL,	NULL,	NULL,	NULL,	NULL,	NULL,	1,	1,	0,	NULL,	NULL,	'2021-02-15',	'2022-02-14',	'357-02272749',	NULL,	3,	'D LICIOUS EMPIRE SDN BHD',	28,	'3813588113',	NULL,	0,	0,	0,	NULL,	'2021-06-20 12:28:02',	NULL),
(853,	692,	2,	1,	1,	'MOHAMAD FAISAL BIN ABDUL MALIK',	NULL,	NULL,	'771015036117',	NULL,	'NO. 5-2, JALAN SP1/1,',	'BANDAR SAUJANA PUTRA',	'ELITE HIGHWAY',	'42610',	NULL,	NULL,	'0177788819',	NULL,	'01045388819',	'admin@faisalmalikco.com',	'0',	NULL,	NULL,	NULL,	NULL,	NULL,	NULL,	1,	1,	0,	NULL,	NULL,	'2021-02-15',	'2022-02-14',	NULL,	NULL,	3,	'FAISAL MALIK & CO',	6,	'12159010024122',	NULL,	0,	0,	0,	NULL,	'2021-06-20 12:28:02',	NULL),
(854,	693,	2,	1,	1,	'IR. TS. DR. ALVIN YAP CHEE WEI',	NULL,	NULL,	'771117145517',	NULL,	'CS-26A, JALAN INMA 3,',	NULL,	NULL,	'43300',	NULL,	NULL,	'0122213922',	NULL,	NULL,	'alvinyap168@gmail.com',	'0',	NULL,	NULL,	NULL,	NULL,	NULL,	NULL,	1,	1,	0,	NULL,	NULL,	'2021-02-15',	'2022-02-14',	NULL,	NULL,	1,	'ALVIN YAP CHEE WEI',	23,	'562142709262',	NULL,	0,	0,	0,	NULL,	'2021-06-20 12:28:02',	NULL),
(855,	694,	2,	1,	1,	'SHAHRUDIN BIN MD REJAB',	NULL,	NULL,	'771218025987',	NULL,	'126, JALAN PKNK 1/1 KAWASAN PERUSAHAAN SUNGAI PETANI,',	NULL,	NULL,	'08000',	NULL,	NULL,	NULL,	NULL,	'044414619',	'amri@kismec.org.my',	'0',	NULL,	NULL,	NULL,	NULL,	NULL,	NULL,	1,	1,	0,	NULL,	NULL,	'2021-02-15',	'2022-02-14',	'357-02274328',	NULL,	3,	'KISMEC TRAINING AND CONSULTANCY SDN BHD',	NULL,	NULL,	NULL,	0,	0,	0,	NULL,	'2021-06-20 12:28:02',	NULL),
(856,	695,	2,	1,	1,	'JESSICA MARY A/P NANAPRAGASAM',	NULL,	NULL,	'771229145474',	NULL,	'46, JALAN LIMAU BESAR,',	'TAMAN BANGSAR',	NULL,	'59000',	NULL,	NULL,	'0122801013',	NULL,	NULL,	'jessica@pinlabconsulting.com',	'0',	NULL,	NULL,	NULL,	NULL,	NULL,	NULL,	1,	1,	0,	NULL,	NULL,	'2021-02-15',	'2022-02-14',	NULL,	NULL,	3,	'JESSICA MARY A/P NANAPRAGASAM',	28,	'4824487113',	NULL,	0,	0,	0,	NULL,	'2021-06-20 12:28:02',	NULL),
(857,	696,	2,	1,	1,	'SHAZLIN BINTI AHMAD',	NULL,	NULL,	'771229146880',	NULL,	'NO.18, JALAN SS5D/11B,',	'KELANA JAYA',	NULL,	'47301',	NULL,	NULL,	'0122236145',	NULL,	NULL,	'shazlin.ahmad29@gmail.com',	'0',	NULL,	NULL,	NULL,	NULL,	NULL,	NULL,	1,	1,	0,	NULL,	NULL,	'2021-02-15',	'2022-02-14',	NULL,	NULL,	3,	'SHAZLIN AHMAD',	6,	'1231023191751',	NULL,	0,	0,	0,	NULL,	'2021-06-20 12:28:02',	NULL),
(858,	697,	2,	1,	1,	'ABD AZHAREE BIN ABDUL WAHID',	NULL,	NULL,	'780105146189',	NULL,	'AKADEMI USAHAWAN MIKRO SDN. BHD., SUITE 109,',	'LEVEL 1, BLOCK D, KELANA SQUARE,',	'JALAN SS7/26 KELANA JAYA',	'47301',	NULL,	NULL,	'0124152886',	NULL,	NULL,	'azharee@go2aum.com',	'0',	NULL,	NULL,	NULL,	NULL,	NULL,	NULL,	1,	1,	0,	NULL,	NULL,	'2021-02-15',	'2022-02-14',	NULL,	NULL,	3,	'ABD AZHAREE BIN ABDUL WAHID',	29,	'16211100029420',	NULL,	0,	0,	0,	NULL,	'2021-06-20 12:28:02',	NULL),
(859,	698,	2,	1,	1,	'KAMARUL ARIFFIN BIN KAMARUDIN',	NULL,	NULL,	'780122125769',	NULL,	'NO 18B, 1.7,',	'JALAN JUBLI PERAK 22/1',	'SEKSYEN 22',	'40300',	NULL,	NULL,	'01115443911',	NULL,	NULL,	'admin@simplylean.com.my',	'0',	NULL,	NULL,	NULL,	NULL,	NULL,	NULL,	1,	1,	0,	NULL,	NULL,	'2021-02-15',	'2022-02-14',	NULL,	NULL,	3,	'SIMPLY LEAN SOLUTIONS PLT',	23,	'562106672175',	NULL,	0,	0,	0,	NULL,	'2021-06-20 12:28:02',	NULL),
(860,	699,	2,	1,	1,	'MOHAMAD KHAIRI BIN MOHAMAD @ ALWI',	NULL,	NULL,	'780124035177',	NULL,	'PUSAT PENGAJIAN PENGURUSAN PELANCONGAN, HOSPITALITI & ACARA,',	'KOLEJ UNDANG-UNDANG, KERAJAAN & PENGAJIAN ANTARABANGSA,',	'UNIVERSITI UTARA MALAYSIA',	'06010',	NULL,	NULL,	'0194138666',	NULL,	'049288151',	'mkhairi@uum.edu.my',	'0',	NULL,	NULL,	NULL,	NULL,	NULL,	NULL,	1,	1,	0,	NULL,	NULL,	'2021-02-15',	'2022-02-14',	NULL,	NULL,	3,	'MOHAMAD KHAIRI BIN MOHAMAD @ ALWI',	23,	'102064038383',	NULL,	0,	0,	0,	NULL,	'2021-06-20 12:28:02',	NULL),
(861,	700,	2,	1,	1,	'MOHAMAD ZAKRY BIN HASHIM',	NULL,	NULL,	'780201066357',	NULL,	'KAMPUS PAHANG SKILLS, TAMAN PERINDUSTRIAN SEMAMBU',	NULL,	NULL,	'25350',	NULL,	NULL,	'0139272558',	NULL,	'095673200',	'scr@pahangskills.gov.my',	'0',	NULL,	NULL,	NULL,	NULL,	NULL,	NULL,	1,	1,	0,	NULL,	NULL,	'2021-02-15',	'2022-02-14',	'357-02167163',	NULL,	3,	'PAHANG SKILLS DEVELOPMENT CENTRE',	6,	'6019010033249',	NULL,	0,	0,	0,	NULL,	'2021-06-20 12:28:02',	NULL),
(862,	701,	2,	1,	1,	'SHAHARUM ASHAARI',	NULL,	NULL,	'780202045507',	NULL,	'NO 36, JALAN RAKAN 16,',	'TAMAN RAKAN CHERAS',	NULL,	'43000',	NULL,	NULL,	'0197630000',	NULL,	NULL,	'fluxnova.solutions@gmail.com',	'0',	NULL,	NULL,	NULL,	NULL,	NULL,	NULL,	1,	1,	0,	NULL,	NULL,	'2021-02-15',	'2022-02-14',	'357-0002285836',	NULL,	3,	'FLUXNOVA SOLUTIONS',	23,	'562825056816',	NULL,	0,	0,	0,	NULL,	'2021-06-20 12:28:02',	NULL),
(863,	702,	2,	1,	1,	'CHENG MING KUEN',	NULL,	NULL,	'780303085540',	NULL,	'NO. 10-21, 10TH FLOOR,',	'AVENUE CREST',	'JALAN JUBLI PERAK 22/1, SEKSYEN 22',	'40300',	NULL,	NULL,	'0122488064',	NULL,	'0350315342',	'dg.enquiries@gmail.com',	'0',	NULL,	NULL,	NULL,	NULL,	NULL,	NULL,	1,	1,	0,	NULL,	NULL,	'2021-02-15',	'2022-02-14',	'357-02280008',	NULL,	3,	'DO GREAT SDN BHD',	23,	'562085591384',	NULL,	0,	0,	0,	NULL,	'2021-06-20 12:28:02',	NULL),
(864,	703,	2,	1,	1,	'NORSAMSINAR SAMSUDIN',	NULL,	NULL,	'780328055460',	NULL,	'NO 36, JALAN 3/38 BTP 3,',	'BANDAR TASIK PUTERI',	NULL,	'40820',	NULL,	NULL,	'0132582509',	NULL,	NULL,	'norsamsinar@fpe.upsi.edu.my',	'0',	NULL,	NULL,	NULL,	NULL,	NULL,	NULL,	1,	1,	0,	NULL,	NULL,	'2021-02-15',	'2022-02-14',	NULL,	NULL,	3,	'NORSAMSINAR SAMSUDIN',	23,	'156075778978',	NULL,	0,	0,	0,	NULL,	'2021-06-20 12:28:02',	NULL),
(865,	704,	2,	1,	1,	'NORHISYAM BIN MUSTAPHA',	NULL,	NULL,	'780414036055',	NULL,	'NO. 71E, 1ST FLOOR, WISMA DATO\' MANSOR ENTERPRISE (DME)',	'OFF JALAN SULTAN ISMAIL',	NULL,	'20200',	NULL,	NULL,	'0199155329',	NULL,	'096223898',	'akintegrationofficial@gmail.com',	'0',	NULL,	NULL,	NULL,	NULL,	NULL,	NULL,	1,	1,	0,	NULL,	NULL,	'2021-02-15',	'2022-02-14',	'357-0002295616',	NULL,	3,	'AK INTEGRATION SDN BHD',	6,	'13017018297598',	NULL,	0,	0,	0,	NULL,	'2021-06-20 12:28:02',	NULL),
(866,	705,	2,	1,	1,	'FREDERICK ROY PRABU LUCCAS',	NULL,	NULL,	'780502145999',	NULL,	'NO. 47-1, JALAN ADENIUM 2G/6,',	'PUSAT PERNIAGAAN ADENIUM SEKSYEN BB5',	'BUKIT BERUNTUNG',	'48300',	NULL,	NULL,	'0162084366',	NULL,	'0360215288',	'mnsmodulazmarketing@gmail.com',	'0',	NULL,	NULL,	NULL,	NULL,	NULL,	NULL,	1,	1,	0,	NULL,	NULL,	'2021-02-15',	'2022-02-14',	'357-0002287672',	NULL,	3,	'MNS MODULAZ MARKETING SDN BHD',	3,	'0172022006543',	NULL,	0,	0,	0,	NULL,	'2021-06-20 12:28:02',	NULL),
(867,	706,	2,	1,	1,	'DR. HANINA HALIMATUSAADIAH BINTI HAMSAN',	NULL,	NULL,	'780525015222',	NULL,	'BLOCK D, UPM-MTDC TECHNOLOGY CENTRE,',	NULL,	NULL,	'43400',	NULL,	NULL,	NULL,	NULL,	'038959 3405',	'upmet.training@gmail.com',	'0',	NULL,	NULL,	NULL,	NULL,	NULL,	NULL,	1,	1,	0,	NULL,	NULL,	'2021-02-15',	'2022-02-14',	'357-02170055',	NULL,	1,	'UPM EDUCATION & TRAINING SDN BHD',	15,	'8002167906',	NULL,	0,	0,	0,	NULL,	'2021-06-20 12:28:02',	NULL),
(868,	707,	2,	1,	1,	'MUHAMMAD KHAIRIL FAIEZ BIN ABDUL AZIZ',	NULL,	NULL,	'780604075661',	NULL,	'NO 12, JALAN 3/4F BANDAR BARU BANGI,',	NULL,	NULL,	'43650',	NULL,	NULL,	'0193393130',	NULL,	NULL,	'mkfaiez@yahoo.com',	'0',	NULL,	NULL,	NULL,	NULL,	NULL,	NULL,	1,	1,	0,	NULL,	NULL,	'2021-02-15',	'2022-02-14',	NULL,	NULL,	3,	'MUHAMMAD KHAIRIL FAIEZ BIN ABDUL AZIZ',	15,	'7010435514',	NULL,	0,	0,	0,	NULL,	'2021-06-20 12:28:02',	NULL),
(869,	708,	2,	1,	1,	'AZIZUL BIN BACHOK',	NULL,	NULL,	'780714016259',	NULL,	'NO. 2, JALAN TEMPUA,',	'TAMAN PAKA JAYA 3',	NULL,	'23100',	NULL,	NULL,	'0139385705',	NULL,	'098276706',	'netlinxcs@live.com',	'0',	NULL,	NULL,	NULL,	NULL,	NULL,	NULL,	1,	1,	0,	NULL,	NULL,	'2021-02-15',	'2022-02-14',	'357-01007187',	NULL,	3,	'NETLINX SOLUTION CONSULTANT',	23,	'513087002686',	NULL,	0,	0,	0,	NULL,	'2021-06-20 12:28:02',	NULL),
(870,	709,	2,	1,	1,	'LIM YEE MEI',	NULL,	NULL,	'780729145096',	NULL,	'A-13-03A, SEASONS GARDEN RESIDENSI LOT 7,',	'NO 7, JALAN 1/27E SEKSYEN 10',	NULL,	'53300',	NULL,	NULL,	'01151212646',	NULL,	NULL,	'yeemei@gmcmconnect.com',	'0',	NULL,	NULL,	NULL,	NULL,	NULL,	NULL,	1,	1,	0,	NULL,	NULL,	'2021-02-15',	'2022-02-14',	NULL,	NULL,	3,	'LIM YEE MEI',	23,	'114067173637',	NULL,	0,	0,	0,	NULL,	'2021-06-20 12:28:02',	NULL),
(871,	710,	2,	1,	1,	'PROF. MADYA DR NORAILIS BINTI AB. WAHAB',	NULL,	NULL,	'780904055128',	NULL,	'FAKULTI EKONOMI DAN MUAMALAT',	'UNIVERSITI SAINS ISLAM MALAYSIA,',	NULL,	'71800',	NULL,	NULL,	'019900019189',	NULL,	NULL,	'norailis@usim.edu.my',	'0',	NULL,	NULL,	NULL,	NULL,	NULL,	NULL,	1,	1,	0,	NULL,	NULL,	'2021-02-15',	'2022-02-14',	NULL,	NULL,	1,	'NORAILIS BINTI AB. WAHAB',	23,	'155127013416',	NULL,	0,	0,	0,	NULL,	'2021-06-20 12:28:02',	NULL),
(872,	711,	2,	1,	1,	'AHMAD ZAKKIE SAARI',	NULL,	NULL,	'780921075593',	NULL,	'NO 2, JALAN IXORA,',	'1/18, TAMAN IXORA',	'BANDAR BARU SALAK TINGGI',	NULL,	NULL,	NULL,	'0132783933',	NULL,	NULL,	'a.zakkie@gmail.com',	'0',	NULL,	NULL,	NULL,	NULL,	NULL,	NULL,	1,	1,	0,	NULL,	NULL,	'2021-02-15',	'2022-02-14',	NULL,	NULL,	3,	'AHMAD ZAKKIE SAARI',	23,	'114393154452',	NULL,	0,	0,	0,	NULL,	'2021-06-20 12:28:02',	NULL),
(873,	712,	2,	1,	1,	'RIZAL BIN ZAIDI',	NULL,	NULL,	'781018025359',	NULL,	'35, SCOTLAND ROAD,',	NULL,	NULL,	'10450',	NULL,	NULL,	NULL,	NULL,	'042290619',	'humphreyho@yglworld.com',	'0',	NULL,	NULL,	NULL,	NULL,	NULL,	NULL,	1,	1,	0,	NULL,	NULL,	'2021-02-15',	'2022-02-14',	'357-0002309453',	NULL,	3,	'YGL INTELLIGENT TECHNOLOGY SDN BHD',	23,	'557045604746',	NULL,	0,	0,	0,	NULL,	'2021-06-20 12:28:02',	NULL),
(874,	713,	2,	1,	1,	'AR. MOHD AZLI BIN MOHAMAD JAMIL',	NULL,	NULL,	'781031105513',	NULL,	'NO. 5, JALAN 3/66,',	'46000 PETALING JAYA',	NULL,	'46000',	NULL,	NULL,	'0172070155',	NULL,	NULL,	'arnconsulting2013@gmail.com',	'0',	NULL,	NULL,	NULL,	NULL,	NULL,	NULL,	1,	1,	0,	NULL,	NULL,	'2021-02-15',	'2022-02-14',	'357-02202385',	NULL,	3,	'ARN CONSULTING',	15,	'8600619260',	NULL,	0,	0,	0,	NULL,	'2021-06-20 12:28:02',	NULL),
(875,	714,	2,	1,	1,	'NICHOLAS CHAN YEE SOON',	NULL,	NULL,	'781106145617',	NULL,	'A-7-8, PINNACLE,',	'JALAN SS7/26, SS7',	NULL,	'47301',	NULL,	NULL,	'0123357546',	NULL,	'0376604779',	'desho@desho.com.my',	'0',	NULL,	NULL,	NULL,	NULL,	NULL,	NULL,	1,	1,	0,	NULL,	NULL,	'2021-02-15',	'2022-02-14',	NULL,	NULL,	3,	'DESMOND HO & ASSOCIATES',	23,	'553110505333',	NULL,	0,	0,	0,	NULL,	'2021-06-20 12:28:02',	NULL),
(876,	715,	2,	1,	1,	'ERWIN ANAK HARRY@ERWAN LAI',	NULL,	NULL,	'781130135873',	NULL,	'44, TAMAN MEGAJUTA,',	'LORONG 1C1B, OFF JALAN BATU KAWAN',	NULL,	'93250',	NULL,	NULL,	'0196869800',	NULL,	NULL,	'erwin.lai@icloud.com',	'0',	NULL,	NULL,	NULL,	NULL,	NULL,	NULL,	1,	1,	0,	NULL,	NULL,	'2021-02-15',	'2022-02-14',	NULL,	NULL,	3,	'ERWIN ANAK HARRY @ ERWIN LAI',	18,	'25650197227',	NULL,	0,	0,	0,	NULL,	'2021-06-20 12:28:02',	NULL),
(877,	716,	2,	1,	1,	'MOHD YUSRIZAL AB RAZAK',	NULL,	NULL,	'781207145835',	NULL,	'150,  JALAN BUKIT CITRA,',	'TAMAN BUKIT CITRA',	NULL,	'71700',	NULL,	NULL,	'0165537397',	NULL,	NULL,	'yusrizal.razak@dosm.gov.my',	'0',	NULL,	NULL,	NULL,	41,	NULL,	NULL,	1,	1,	1,	NULL,	NULL,	'2021-02-15',	'2022-02-14',	NULL,	NULL,	3,	'MOHD YUSRIZAL AB RAZAK',	15,	'7009441719',	NULL,	0,	0,	0,	NULL,	'2021-06-20 12:28:02',	NULL),
(878,	717,	2,	1,	1,	'MOHD RIZAL AYOB',	NULL,	NULL,	'781219075387',	NULL,	'NO 97. JALAN PUJ 4/13, TAMAN PUNCAK JALIL,',	'BANDAR PUTRA PERMAI',	NULL,	'43300',	NULL,	NULL,	'0123480563',	NULL,	NULL,	'mrzqideas@gmail.com',	'0',	NULL,	NULL,	NULL,	NULL,	NULL,	NULL,	1,	1,	0,	NULL,	NULL,	'2021-02-15',	'2022-02-14',	'357-02177671',	NULL,	3,	NULL,	23,	'560214006820',	NULL,	0,	0,	0,	NULL,	'2021-06-20 12:28:02',	NULL),
(879,	718,	2,	1,	1,	'ZAHIRA BINTI MOHAMED TAHIR',	NULL,	NULL,	'781229085976',	NULL,	'12-06, BINJAI8,',	'LORONG BINJAI',	NULL,	'50450',	NULL,	NULL,	NULL,	NULL,	'0321813344',	'zahira@uhtravel.com',	'0',	NULL,	NULL,	NULL,	NULL,	NULL,	NULL,	1,	1,	0,	NULL,	NULL,	'2021-02-15',	'2022-02-14',	NULL,	NULL,	3,	'NIVERSAL HOLIDAYS TRAVEL & TOURISM SDN BHD',	23,	'514495134603',	NULL,	0,	0,	0,	NULL,	'2021-06-20 12:28:02',	NULL),
(880,	719,	2,	1,	1,	'DENISE EVIRA LIM',	NULL,	NULL,	'790212105330',	NULL,	'NO. 56, JALAN SS15/6A,',	NULL,	NULL,	'47500',	NULL,	NULL,	'0166966814',	NULL,	'0356111179',	'elvira.denise@gmail.com',	'0',	NULL,	NULL,	NULL,	NULL,	NULL,	NULL,	1,	1,	0,	NULL,	NULL,	'2021-02-15',	'2022-02-14',	NULL,	NULL,	3,	'DENISE ELVIRA LIM',	23,	'311140003300',	NULL,	0,	0,	0,	NULL,	'2021-06-20 12:28:02',	NULL),
(881,	720,	2,	1,	1,	'LIM GUAT MENG, O\'NEIL',	NULL,	NULL,	'790308075164',	NULL,	'C 706 DE ROZELLE CONDO,',	'JALAN MERBAH SEKSYEN 10,',	NULL,	'47810',	NULL,	NULL,	'0164194343',	NULL,	NULL,	'oneil.lim@gmail.com',	'0',	NULL,	NULL,	NULL,	NULL,	NULL,	NULL,	1,	1,	0,	NULL,	NULL,	'2021-02-15',	'2022-02-14',	NULL,	NULL,	3,	'LIM GUAT MENG',	23,	'112334052360',	NULL,	0,	0,	0,	NULL,	'2021-06-20 12:28:02',	NULL),
(882,	721,	2,	1,	1,	'KOW MEE YEE',	NULL,	NULL,	'790311145282',	NULL,	'22C, JALAN PJS 1/46,',	'TAMAN PETALING UTAMA',	NULL,	'46000',	NULL,	NULL,	'0124570213',	NULL,	'0377836866',	'accounts@cadcam.com.my',	'0',	NULL,	NULL,	NULL,	NULL,	NULL,	NULL,	1,	1,	0,	NULL,	NULL,	'2021-02-15',	'2022-02-14',	'K10122908502598095',	NULL,	3,	'IME CADCAM TRAINING CENTRE SDN BHD',	15,	'8002281032',	NULL,	0,	0,	0,	NULL,	'2021-06-20 12:28:02',	NULL),
(883,	722,	2,	1,	1,	'SANMUGANATHAN A/L KRISHNAN',	NULL,	NULL,	'790826105431',	NULL,	'NO. 794, JALAN 18/2B,',	'TAMAN SRI SERDANG',	NULL,	'43300',	NULL,	NULL,	'0122614072',	NULL,	NULL,	'msshava@gmail.com',	'0',	NULL,	NULL,	NULL,	NULL,	NULL,	NULL,	1,	1,	0,	NULL,	NULL,	'2021-02-15',	'2022-02-14',	NULL,	NULL,	3,	'SANMUGANATHAN A/L KRISHNAN',	23,	'112269046121',	NULL,	0,	0,	0,	NULL,	'2021-06-20 12:28:02',	NULL),
(884,	723,	2,	1,	1,	'TS. YEW KIAN SENG',	NULL,	NULL,	'791016035229',	NULL,	'NO. 8, JALAN AMAN ARAISHA 7',	'BANDAR TROPICANA AMAN, TELOK PANGLIMA GARANG',	NULL,	'42500',	NULL,	NULL,	'0122056996',	NULL,	NULL,	'yew_ks@hotmail.com',	'0',	NULL,	NULL,	NULL,	NULL,	NULL,	NULL,	1,	1,	0,	NULL,	NULL,	'2021-02-15',	'2022-02-14',	NULL,	NULL,	3,	'YEW KIAN SENG',	23,	'112103212765',	NULL,	0,	0,	0,	NULL,	'2021-06-20 12:28:02',	NULL),
(885,	724,	2,	1,	1,	'SAIFUL NAZRIN BIN ABDUL RASHID',	NULL,	NULL,	'791023145733',	NULL,	'NO 4, JALAN TUN TEJA 8,',	'TAMAN TUN TEJA',	NULL,	'48000',	NULL,	NULL,	'0132071033',	NULL,	NULL,	's_nazrin@snrconsultant.com',	'0',	NULL,	NULL,	NULL,	NULL,	NULL,	NULL,	1,	1,	0,	NULL,	NULL,	'2021-02-15',	'2022-02-14',	NULL,	NULL,	3,	'SNR CONSULTANTS',	29,	'26213900010059',	NULL,	0,	0,	0,	NULL,	'2021-06-20 12:28:02',	NULL),
(886,	725,	2,	1,	1,	'LEE CHEOK SZE',	NULL,	NULL,	'791030086145',	NULL,	'MAILBOX 25, NO 305,',	'INDUSTRY CENTRE',	'UTM TECHNOVATION PARK',	'81300',	NULL,	NULL,	'0127163358',	NULL,	NULL,	'admin@etronix.asia',	'0',	NULL,	NULL,	NULL,	NULL,	NULL,	NULL,	1,	1,	0,	NULL,	NULL,	'2021-02-15',	'2022-02-14',	'K10123197732578415',	NULL,	3,	NULL,	23,	'551306531037',	NULL,	0,	0,	0,	NULL,	'2021-06-20 12:28:02',	NULL),
(887,	726,	2,	1,	1,	'KHAIRIYAH BINTI MD ADNAN',	NULL,	NULL,	'791128145270',	NULL,	'NO. 1, JALAN SG5/4,',	'TAMAN SRI GOMBAK',	NULL,	'68100',	NULL,	NULL,	'0126948541',	NULL,	NULL,	'khairiyah.adnan@gmail.com',	'0',	NULL,	NULL,	NULL,	NULL,	NULL,	NULL,	1,	1,	0,	NULL,	NULL,	'2021-02-15',	'2022-02-14',	NULL,	NULL,	3,	'KHAIRIYAH BINTI MD ADNAN',	23,	'114226206575',	NULL,	0,	0,	0,	NULL,	'2021-06-20 12:28:02',	NULL),
(888,	727,	2,	1,	1,	'CHEANG YEW KAY',	NULL,	NULL,	'791203085942',	NULL,	'22C, JALAN PJS 1/46,',	'TAMAN PETALING UTAMA',	NULL,	'46000',	NULL,	NULL,	'0124570213',	NULL,	'0377836866',	'accounts@cadcam.com.my',	'0',	NULL,	NULL,	NULL,	NULL,	NULL,	NULL,	1,	1,	0,	NULL,	NULL,	'2021-02-15',	'2022-02-14',	'K10122908502598095',	NULL,	3,	'IME CADCAM TRAINING CENTRE SDN BHD',	15,	'8002281032',	NULL,	0,	0,	0,	NULL,	'2021-06-20 12:28:02',	NULL),
(889,	728,	2,	1,	1,	'NUR AIN BT SHAHRIER',	NULL,	NULL,	'800127075380',	NULL,	'NO. 15, JALAN PANGLIMA AWANG,',	'SS35/124C ALAM IMPIAN',	NULL,	'40470',	NULL,	NULL,	'0172739489',	NULL,	NULL,	'ns296@cornell.edu',	'0',	NULL,	NULL,	NULL,	NULL,	NULL,	NULL,	1,	1,	0,	NULL,	NULL,	'2021-02-15',	'2022-02-14',	NULL,	NULL,	3,	'NUR AIN BT SHAHRIER',	23,	'157054024087',	NULL,	0,	0,	0,	NULL,	'2021-06-20 12:28:02',	NULL),
(890,	729,	2,	1,	1,	'MUHAMMAD HAFIZ BIN A RASHID',	NULL,	NULL,	'800223145641',	NULL,	'LOT 7575, TINGKAT 1,',	'JALAN SK PADANG MENGKUANG',	NULL,	'21400',	NULL,	NULL,	'0185870274',	NULL,	NULL,	'hadi.venture@gmail.com',	'0',	NULL,	NULL,	NULL,	NULL,	NULL,	NULL,	1,	1,	0,	NULL,	NULL,	'2021-02-15',	'2022-02-14',	'BP66228792202149399',	NULL,	3,	'HADI VENTURE SDN BHD',	6,	'13053010012363',	NULL,	0,	0,	0,	NULL,	'2021-06-20 12:28:02',	NULL),
(891,	730,	2,	1,	1,	'SOO HOO YOON HUN',	NULL,	NULL,	'800410075669',	NULL,	'11A JALAN HUJAN BATU,',	'TAMAN OUG',	NULL,	'58200',	NULL,	NULL,	'0194091161',	NULL,	NULL,	'me@soohoo.asia',	'0',	NULL,	NULL,	NULL,	NULL,	NULL,	NULL,	1,	1,	0,	NULL,	NULL,	'2021-02-15',	'2022-02-14',	NULL,	NULL,	3,	'SOO HOO YOON HUN',	23,	'507152100525',	NULL,	0,	0,	0,	NULL,	'2021-06-20 12:28:02',	NULL),
(892,	731,	2,	1,	1,	'ILLISRIYANI ISMAIL',	NULL,	NULL,	'800619075520',	NULL,	'NO. 150, JALAN BUKIT CITRA 9,',	'CITRA HILL 2',	NULL,	'71700',	NULL,	NULL,	'0194789824',	NULL,	NULL,	'illisriyani@upm.edu.my',	'0',	NULL,	NULL,	NULL,	NULL,	NULL,	NULL,	1,	1,	0,	NULL,	NULL,	'2021-02-15',	'2022-02-14',	NULL,	NULL,	3,	'ILLISRIYANI ISMAIL',	NULL,	'16018021654376',	NULL,	0,	0,	0,	NULL,	'2021-06-20 12:28:02',	NULL),
(893,	732,	2,	1,	1,	'RISWARDI ABDUL RAJAK',	NULL,	NULL,	'800903145573',	NULL,	'65, JLN BM 6/8C,',	'SEKSYEN 6 BANDAR BUKIT MAHKOTA',	NULL,	'43000',	NULL,	NULL,	'0176224354',	NULL,	NULL,	'risfakirullah@gmail.com',	'0',	NULL,	NULL,	NULL,	NULL,	NULL,	NULL,	1,	1,	0,	NULL,	NULL,	'2021-02-15',	'2022-02-14',	NULL,	NULL,	3,	'RISWARDI ABDUL RAJAK',	23,	'164017027532',	NULL,	0,	0,	0,	NULL,	'2021-06-20 12:28:02',	NULL),
(894,	733,	2,	1,	1,	'PROF MADYA TS DR MOHAMMAD FAHMI HUSSINE',	NULL,	NULL,	'800910086911',	NULL,	'ARAS 9, FAKULTI KEJURUTERAAN ELEKTRIK,',	'UNIVERSITI TEKNOLOGI MARA',	NULL,	'40450',	NULL,	NULL,	'0122001843',	NULL,	NULL,	'utechtium@uitm.edu.my',	'0',	NULL,	NULL,	NULL,	NULL,	NULL,	NULL,	1,	1,	0,	NULL,	NULL,	'2021-02-15',	'2022-02-14',	'357-0002313660',	NULL,	1,	'UTECHTIUM SDN BHD',	15,	'8602844202',	NULL,	0,	0,	0,	NULL,	'2021-06-20 12:28:02',	NULL),
(895,	734,	2,	1,	1,	'ZULHASNI BIN ABDUL RAHIM',	NULL,	NULL,	'801003145185',	NULL,	'I-1, I-CUBE INCUBATOR,',	'ARAS 2, BLOK J3',	'UNIVERSITI TEKNOLOGI MALAYSIA, JALAN SULTAN YAHYA PETRA',	'54100',	NULL,	NULL,	'0192482044',	NULL,	NULL,	'admin@siri.y',	'0',	NULL,	NULL,	NULL,	NULL,	NULL,	NULL,	1,	1,	0,	NULL,	NULL,	'2021-02-15',	'2022-02-14',	'357-0002308647',	NULL,	3,	'SUSTAINABLE INDUSTRIAL REVOLUTION AND INNOVATION SDN. BHD',	3,	'8881029333889',	NULL,	0,	0,	0,	NULL,	'2021-06-20 12:28:02',	NULL),
(896,	735,	2,	1,	1,	'SYUKRI HADAFI HAMDAN',	NULL,	NULL,	'801014055273',	NULL,	'67-2, LEVEL 2,',	'JALAN SETIA GEMILANG BG U13/BG',	'BANDAR SETIA ALAM, SEKSYEN U13',	'40170',	NULL,	NULL,	'0192228315',	NULL,	NULL,	'syukri@gembasolution.com.my',	'0',	NULL,	NULL,	NULL,	NULL,	NULL,	NULL,	1,	1,	0,	NULL,	NULL,	'2021-02-15',	'2022-02-14',	'357-02159898',	NULL,	3,	NULL,	23,	'7012862621',	NULL,	0,	0,	0,	NULL,	'2021-06-20 12:28:02',	NULL),
(897,	736,	2,	1,	1,	'DAYANA NIS HANSINI CHASKAR',	NULL,	NULL,	'801023146214',	NULL,	'73-3, AMBER BUSINESS PLAZA,',	'JALAN JELAWAT 1',	NULL,	'56000',	NULL,	NULL,	'0126765635',	NULL,	'0328568651',	'info@hba.com.my',	'0',	NULL,	NULL,	NULL,	NULL,	NULL,	NULL,	1,	1,	0,	NULL,	NULL,	'2021-02-15',	'2022-02-14',	'357-02277850',	NULL,	3,	'HUMANOLOGY SDN BHD',	15,	'8008551961',	NULL,	0,	0,	0,	NULL,	'2021-06-20 12:28:02',	NULL),
(898,	737,	2,	1,	1,	'REVATHI A/P KRISHNAN',	NULL,	NULL,	'801107105452',	NULL,	'NO. 794, JALAN 18/2B,',	'TAMAN SRI SERDANG',	NULL,	'43300',	NULL,	NULL,	'0169061620',	NULL,	NULL,	'asvcare@gmail.com',	'0',	NULL,	NULL,	NULL,	NULL,	NULL,	NULL,	1,	1,	0,	NULL,	NULL,	'2021-02-15',	'2022-02-14',	NULL,	NULL,	3,	'REVATHI A/P KRISHNAN',	23,	'112269071449',	NULL,	0,	0,	0,	NULL,	'2021-06-20 12:28:02',	NULL),
(899,	738,	2,	1,	1,	'RAYMOND HO SWEE HAU',	NULL,	NULL,	'801111145537',	NULL,	'NO 4A, MEDAN STESEN 18/11,',	'STATION 18',	NULL,	'31650',	NULL,	NULL,	'0125853964',	NULL,	NULL,	'raymondho_aks@yahoo.com',	'0',	NULL,	NULL,	NULL,	NULL,	NULL,	NULL,	1,	1,	0,	NULL,	NULL,	'2021-02-15',	'2022-02-14',	NULL,	NULL,	3,	'AKS TRAINING CENTRE',	23,	'514785057750',	NULL,	0,	0,	0,	NULL,	'2021-06-20 12:28:02',	NULL),
(900,	739,	2,	1,	1,	'SYED MUHAMMAD FAUZI BIN SYED SHAZALI',	NULL,	NULL,	'801123135221',	NULL,	'N0 14144, TINGKAT 2,',	'SUBLOT 11, BLOK 1, METROCITY COMMERCIAL CENTRE',	'JALAN MATANG PETRA JAYA, KUCHING',	NULL,	NULL,	NULL,	'0198158580',	NULL,	'082440380',	'trafik360@gmail.com',	'0',	NULL,	NULL,	NULL,	NULL,	NULL,	NULL,	1,	1,	0,	NULL,	NULL,	'2021-02-15',	'2022-02-14',	'357-30022775',	NULL,	3,	'HABENERO TRAINING AND CONSULTANCY',	15,	'8601266757',	NULL,	0,	0,	0,	NULL,	'2021-06-20 12:28:02',	NULL),
(901,	740,	2,	1,	1,	'LEE MENG FAH',	NULL,	NULL,	'801226085044',	NULL,	'UNIT 416, 3RD FLOOR,',	'FAS BUSINESS AVENUE NO. 1',	'JALAN PERBANDARAN',	'47301',	NULL,	NULL,	'0124197811',	NULL,	NULL,	'standardactive99@gmail.com',	'0',	NULL,	NULL,	NULL,	NULL,	NULL,	NULL,	1,	1,	0,	NULL,	NULL,	'2021-02-15',	'2022-02-14',	'357-0002289077',	NULL,	3,	NULL,	28,	'3150085236',	NULL,	0,	0,	0,	NULL,	'2021-06-20 12:28:02',	NULL),
(902,	741,	2,	1,	1,	'LIM POOI YEI',	NULL,	NULL,	'810312145220',	NULL,	'NO.21-2, JALAN 22/6,',	'SEKSYEN 22',	NULL,	'40300',	NULL,	NULL,	'0122093243',	NULL,	NULL,	'general.progressive@gmail.com',	'0',	NULL,	NULL,	NULL,	NULL,	NULL,	NULL,	1,	1,	0,	NULL,	NULL,	'2021-02-15',	'2022-02-14',	'357-0002321323',	NULL,	3,	'PROGRESSIVE MASTERY TRAINING & CONSULTANCY',	18,	'21300035073',	NULL,	0,	0,	0,	NULL,	'2021-06-20 12:28:02',	NULL),
(903,	742,	2,	1,	1,	'YASRUL RIDZUAN USMAN',	NULL,	NULL,	'810606075221',	NULL,	'126, JALAN PKNK 1/1,',	'KAWASAN PERUSAHAAN SUNGAI PETANI',	NULL,	'08000',	NULL,	NULL,	NULL,	NULL,	'044414619',	'amri@kismec.org.my',	'0',	NULL,	NULL,	NULL,	NULL,	NULL,	NULL,	1,	1,	0,	NULL,	NULL,	'2021-02-15',	'2022-02-14',	'357-02274328',	NULL,	3,	'KISMEC TRAINING AND CONSULTANCY SDN BHD',	NULL,	NULL,	NULL,	0,	0,	0,	NULL,	'2021-06-20 12:28:02',	NULL),
(904,	743,	2,	1,	1,	'TS MUHAMMAD DIDI HENDRASHAH BIN NORHARASHID',	NULL,	NULL,	'810905015325',	NULL,	'LOT 7575, TINGKAT 1,',	'JALAN SK PADANG MENGKUANG',	NULL,	'21400',	NULL,	NULL,	'0185870274',	NULL,	NULL,	'hadi.venture@gmail.com',	'0',	NULL,	NULL,	NULL,	NULL,	NULL,	NULL,	1,	1,	0,	NULL,	NULL,	'2021-02-15',	'2022-02-14',	'BP66228792202149399',	NULL,	3,	'HADI VENTURE SDN BHD',	6,	'13053010012363',	NULL,	0,	0,	0,	NULL,	'2021-06-20 12:28:02',	NULL),
(905,	744,	2,	1,	1,	'IBNU KHUSAIRI BIN IBNU ARIS',	NULL,	NULL,	'810905145875',	NULL,	'27, JALAN AU 1B/1,',	'TAMAN KERAMAT PERMAI',	NULL,	'54200',	NULL,	NULL,	'0163270910',	NULL,	NULL,	'ibnukhusairy@gmail.com',	'0',	NULL,	NULL,	NULL,	NULL,	NULL,	NULL,	1,	1,	0,	NULL,	NULL,	'2021-02-15',	'2022-02-14',	NULL,	NULL,	3,	'IBNU KHUSAIRI BIN IBNU ARIS',	23,	'164098525930',	NULL,	0,	0,	0,	NULL,	'2021-06-20 12:28:02',	NULL),
