-- Table structure for table `ref_akademik`
--

CREATE TABLE `ref_akademik` (
  `akademik_id` int(11) NOT NULL AUTO_INCREMENT,
  `akademik_desc` varchar(200) NOT NULL,
  `is_active` char(1) NOT NULL DEFAULT '1',
  `created_by` int(11) DEFAULT NULL,
  `updated_by` int(11) DEFAULT NULL,
  `created_at` timestamp NULL DEFAULT NULL,
  `updated_at` timestamp NULL DEFAULT CURRENT_TIMESTAMP,
  `deleted_at` timestamp NULL DEFAULT NULL,
  PRIMARY KEY (`akademik_id`),
  KEY `idx_academic_createdby` (`created_by`),
  KEY `idx_academic_updatedby` (`updated_by`)
) ENGINE=InnoDB AUTO_INCREMENT=7 DEFAULT CHARSET=latin1;

--
-- Dumping data for table `ref_akademik`
--

INSERT INTO `ref_akademik` VALUES (1,'PHD SARJANA','1',2,2,'2021-03-19 13:35:24','2021-03-19 13:35:24',NULL),(2,'MASTER','1',2,2,'2021-03-19 13:35:24','2021-03-19 13:35:24',NULL),(3,'SARJANA MUDA','1',2,2,'2021-03-19 13:35:24','2021-03-19 13:35:24',NULL),(4,'DIPLOMA','1',2,2,'2021-03-19 13:35:24','2021-03-19 13:35:24',NULL),(5,'SIJIL','1',2,2,'2021-03-19 13:35:24','2021-03-19 13:35:24',NULL),(6,'SPM','1',2,2,'2021-05-31 04:18:32','2021-05-31 04:18:35',NULL);

--
-- Table structure for table `ref_alasan`
--

CREATE TABLE `ref_alasan` (
  `alasan_id` int(11) NOT NULL AUTO_INCREMENT,
  `alasan_desc` varchar(300) NOT NULL,
  `is_active` char(1) NOT NULL DEFAULT '1',
  `created_at` timestamp NULL DEFAULT NULL,
  `updated_at` timestamp NOT NULL DEFAULT CURRENT_TIMESTAMP,
  `deleted_at` timestamp NULL DEFAULT NULL,
  PRIMARY KEY (`alasan_id`)
) ENGINE=InnoDB AUTO_INCREMENT=18 DEFAULT CHARSET=latin1;

--
-- Dumping data for table `ref_alasan`
--

INSERT INTO `ref_alasan` VALUES (1,'Cuti Rehat','0','2018-12-01 00:04:36','2018-12-01 00:04:36','2019-01-13 18:52:31'),(2,'Cuti Sakit','0','2018-12-01 00:04:36','2018-12-01 00:04:36','2019-01-13 18:52:46'),(3,'Menghadiri Mesyuarat','0','2018-12-01 00:04:36','2018-12-01 00:04:36','2019-01-13 18:59:28'),(4,'Kerja Lebih Masa','0','2018-12-01 00:04:36','2018-12-01 00:04:36','2019-01-13 18:54:14'),(5,'Cuti Bersalin','0','2018-12-01 00:04:36','2018-12-01 00:04:36','2019-01-13 18:52:59'),(6,'Menghadiri Kursus','0','2018-12-01 00:04:36','2018-12-01 00:04:36','2019-01-13 18:59:10'),(7,'Tersalah Punch','0','2018-12-01 00:04:36','2018-12-01 00:04:36','2019-01-13 18:58:31'),(8,'Cuti Tanpa Rekod','1','2018-12-01 00:04:37','2018-12-01 00:04:37','2019-01-13 18:55:00'),(9,'Cuti Tanpa Gaji','0','2018-12-01 00:04:37','2018-12-01 00:04:37','2019-01-13 18:53:39'),(10,'Mesy. Sasaran Kerja Tahunan','1','2018-12-01 00:04:37','2018-12-01 00:04:37','2019-01-13 18:53:12'),(11,'Alasan Lewat Diterima','1','2018-12-01 00:04:37','2018-12-01 00:04:37',NULL),(12,'Pelepasan Waktu Bertugas','1','2018-12-01 00:04:37','2018-12-01 00:04:37','2019-01-13 18:59:21'),(13,'Cuti Kecemasan','1','2018-12-01 00:04:37','2018-12-01 00:04:37','2019-01-13 18:53:51'),(14,'Cuti Tahunan','1','2018-12-01 00:04:37','2018-12-01 00:04:37','2019-01-13 18:54:26'),(15,'Cuti Isteri Bersalin','1','2018-12-01 00:04:37','2018-12-01 00:04:37','2019-01-13 18:54:00'),(16,'Alasan Pulang Awal Diterima','1','2018-12-01 00:04:37','2018-12-01 00:04:37',NULL),(17,'Alasan Tidak Lengkap','1','2019-01-14 02:58:50','2019-01-14 02:58:50',NULL);

--
-- Table structure for table `ref_allocation`
--

CREATE TABLE `ref_allocation` (
  `allocation_id` int(11) NOT NULL AUTO_INCREMENT,
  `allocation_code` char(10) DEFAULT NULL,
  `allocation_desc` varchar(255) DEFAULT NULL,
  `running_no` int(11) NOT NULL DEFAULT '0',
  `created_by` int(11) DEFAULT NULL,
  `updated_by` int(11) DEFAULT NULL,
  `created_at` timestamp NULL DEFAULT NULL,
  `updated_at` timestamp NOT NULL DEFAULT CURRENT_TIMESTAMP,
  `deleted_at` timestamp NULL DEFAULT NULL,
  PRIMARY KEY (`allocation_id`)
) ENGINE=InnoDB AUTO_INCREMENT=3 DEFAULT CHARSET=latin1;

--
-- Dumping data for table `ref_allocation`
--

INSERT INTO `ref_allocation` VALUES (1,'M','OPERASI',1,2,46,'2019-03-21 19:41:34','2019-04-11 20:19:11',NULL),(2,'P','PEMBANGUNAN',0,2,46,'2019-03-21 19:41:45','2019-04-11 20:54:00',NULL);

--
-- Table structure for table `ref_asset`
--

CREATE TABLE `ref_asset` (
  `asset_id` int(11) NOT NULL AUTO_INCREMENT,
  `asset_category` int(11) DEFAULT '0' COMMENT '0-bukan alih, 1-alih',
  `asset_code` varchar(50) DEFAULT NULL,
  `asset_desc` varchar(255) DEFAULT NULL,
  `created_by` int(11) DEFAULT NULL,
  `updated_by` int(11) DEFAULT NULL,
  `created_at` timestamp NULL DEFAULT NULL,
  `updated_at` timestamp NOT NULL DEFAULT CURRENT_TIMESTAMP,
  `deleted_at` timestamp NULL DEFAULT NULL,
  PRIMARY KEY (`asset_id`),
  KEY `idx_refasset_createdby` (`created_by`),
  KEY `idx_refasset_updatedby` (`updated_by`),
  KEY `idx_refasset_category` (`asset_category`),
  KEY `idx_refasset_code` (`asset_code`)
) ENGINE=InnoDB AUTO_INCREMENT=27 DEFAULT CHARSET=latin1;

--
-- Dumping data for table `ref_asset`
--

INSERT INTO `ref_asset` VALUES (1,0,'P22100','Pengangkutan Barang-barang Untuk Kakitangan Awam Dalam Negeri',2,2,'2021-02-03 15:57:12','2021-02-03 16:23:29',NULL),(2,0,'P22102','ELAUN PINDAHAN',2,2,'2021-02-03 15:58:11','2021-02-03 16:50:00',NULL),(3,0,'P22700\r\n','Pengangkutan  Barang- barang Pejabat\r\n',2,2,'2021-02-03 15:58:21','2021-02-03 16:23:29',NULL),(4,0,'P23100\r\n','Perhubungan \r\n',2,2,'2021-02-03 15:58:31','2021-02-03 16:23:29',NULL),(5,0,'P23200\r\n','Utiliti\r\n',2,2,'2021-02-03 15:58:41','2021-02-03 16:23:29',NULL),(6,0,'P24200\r\n','Sewa Bangunan\r\n',2,2,'2021-02-03 15:58:51','2021-02-03 16:23:29',NULL),(7,0,'P24500\r\n','Sewa Alat Kelengkapan Pejabat, Perabot dan Lengkapan\r\n',2,2,'2021-02-03 15:59:02','2021-02-03 16:23:29',NULL),(8,0,'P26100\r\n','Alat - alat Ganti\r\n',2,2,'2021-02-03 15:59:12','2021-02-03 16:23:29',NULL),(9,0,'P26200\r\n','Petroleum, Bahan-bahan Keluaran Petroleum dan Bahan Pembakar\r\n',2,2,'2021-02-03 15:59:25','2021-02-03 16:23:29',NULL),(10,0,'P27100\r\n','Bekalan Pejabat\r\n',2,2,'2021-02-03 15:59:35','2021-02-03 16:23:29',NULL),(11,0,'P27300\r\n','Bekalan Riadah\r\n',2,2,'2021-02-03 15:59:46','2021-02-03 16:23:29',NULL),(12,0,'P27500\r\n','Bekalan dan Bahan Fotografi\r\n',2,2,'2021-02-03 15:59:59','2021-02-03 16:23:29',NULL),(13,0,'P27600\r\n','Bahan Tenunan Dan Barang - barang Pakaian\r\n',2,2,'2021-02-03 16:00:17','2021-02-03 16:23:29',NULL),(14,0,'P28100\r\n','Penyelenggaraan Bangunan \r\n',2,2,'2021-02-03 16:00:27','2021-02-03 16:23:29',NULL),(15,0,'P28200\r\n','Penyelenggaraan Alat Kelengkapan Pejabat, Perabot dan Lengkapan\r\n',2,2,'2021-02-03 16:00:38','2021-02-03 16:23:29',NULL),(16,0,'P28300\r\n','Penyelenggaraan Alat Kelengkapan Mesin\r\n',2,2,'2021-02-03 16:00:51','2021-02-03 16:23:29',NULL),(17,0,'P28400\r\n','Penyelenggaraan Alat Kelengkapan Komputer dan Letronik\r\n',2,2,'2021-02-03 16:01:05','2021-02-03 16:23:29',NULL),(18,0,'P28500\r\n','Penyelenggaraan Alat Kelengkapan Elektrik\r\n',2,2,'2021-02-03 16:01:15','2021-02-03 16:23:29',NULL),(19,0,'P28600\r\n','Penyelenggaraan Alat Kelengkapan Penyiaran dan Perhubungan\r\n',2,2,'2021-02-03 16:01:25','2021-02-03 16:23:29',NULL),(20,0,'P28700\r\n','Penyelenggaraan Kenderaan\r\n',2,2,'2021-02-03 16:01:37','2021-02-03 16:23:29',NULL),(21,0,'P28900\r\n','Penyelenggaraan Aset - aset Lain\r\n',2,2,'2021-02-03 16:01:53','2021-02-03 16:23:29',NULL),(22,0,'P29100\r\n','Perkhidmatan Yang Dibeli\r\n',2,2,'2021-02-03 16:02:05','2021-02-03 16:23:29',NULL),(23,0,'P29200\r\n','Perkhidmatan Percetakan dan Menjilid Yang Dibeli\r\n',2,2,'2021-02-03 16:02:20','2021-02-03 16:23:29',NULL),(24,0,'P29300\r\n','Bayaran Pekerja Sementara dan Sambilan \r\n',2,2,'2021-02-03 16:02:30','2021-02-03 16:23:29',NULL),(25,0,'P29400\r\n','Keraian, Hospitaliti dan Honorarium\r\n',2,2,'2021-02-03 16:02:40','2021-02-03 16:23:29',NULL),(26,0,'P42800\r\n','Pemberian Badan Berkanun\r\n',2,2,'2021-02-03 16:02:50','2021-02-03 16:23:29',NULL);

--
-- Table structure for table `ref_asset_type`
--

CREATE TABLE `ref_asset_type` (
  `asset_type_id` int(11) NOT NULL AUTO_INCREMENT,
  `asset_id` int(11) DEFAULT NULL,
  `asset_category` int(11) DEFAULT NULL,
  `asset_desc` varchar(100) DEFAULT NULL,
  `asset_type_code` varchar(50) DEFAULT NULL,
  `asset_type_desc` varchar(255) DEFAULT NULL,
  `created_by` int(11) DEFAULT NULL,
  `updated_by` int(11) DEFAULT NULL,
  `created_at` timestamp NULL DEFAULT NULL,
  `updated_at` timestamp NOT NULL DEFAULT CURRENT_TIMESTAMP,
  `deleted_at` timestamp NULL DEFAULT NULL,
  PRIMARY KEY (`asset_type_id`),
  KEY `idx_refassettype_assetid` (`asset_id`),
  KEY `idx_refassettype_createdby` (`created_by`),
  KEY `idx_refassettype_updatedby` (`updated_by`),
  KEY `idx_refassettype_category` (`asset_category`),
  KEY `idx_refassettype_code` (`asset_type_code`)
) ENGINE=InnoDB AUTO_INCREMENT=96 DEFAULT CHARSET=latin1;

--
-- Dumping data for table `ref_asset_type`
--

INSERT INTO `ref_asset_type` VALUES (1,1,NULL,NULL,'P22101','Perpindahan Barang Pegawai',2,2,'2021-02-03 16:14:58','2021-02-03 16:14:58',NULL),(2,2,NULL,NULL,'P22199','Pengangkutan Lain',2,2,'2021-02-03 16:14:58','2021-02-03 16:14:58',NULL),(3,3,NULL,NULL,'P22701','Pengangkutan Barang Pejabat, excess baggage',2,2,'2021-02-03 16:14:58','2021-02-03 16:14:58',NULL),(4,3,NULL,NULL,'P22702','Pos & Bungkusan',2,2,'2021-02-03 16:14:58','2021-02-03 16:14:58',NULL),(5,3,NULL,NULL,'P22799','Bayaran - bayaran lain',2,2,'2021-02-03 16:14:58','2021-02-03 16:14:58',NULL),(6,4,NULL,NULL,'P23101','Pos',2,2,'2021-02-03 16:14:58','2021-02-03 16:14:58',NULL),(7,4,NULL,NULL,'P23102','Telefon',2,2,'2021-02-03 16:14:58','2021-02-03 16:14:58',NULL),(8,4,NULL,NULL,'P23103','Fax dan Telex, pager',2,2,'2021-02-03 16:14:58','2021-02-03 16:14:58',NULL),(9,4,NULL,NULL,'P23104','Internet - jaring, MIMOS, Talian Suwa',2,2,'2021-02-03 16:14:58','2021-02-03 16:14:58',NULL),(10,4,NULL,NULL,'P23199','Perkhidmatan Perhubungan Yang Lain',2,2,'2021-02-03 16:14:58','2021-02-03 16:14:58',NULL),(11,5,NULL,NULL,'P23201','Elektrik',2,2,'2021-02-03 16:14:58','2021-02-03 16:14:58',NULL),(12,5,NULL,NULL,'P23202','Air',2,2,'2021-02-03 16:14:58','2021-02-03 16:14:58',NULL),(13,5,NULL,NULL,'P23299','Perkhidmatan Utiliti Yang Lain',2,2,'2021-02-03 16:14:58','2021-02-03 16:14:58',NULL),(14,6,NULL,NULL,'P24201','Sewa Bangunan Pejabat',2,2,'2021-02-03 16:14:58','2021-02-03 16:14:58',NULL),(15,6,NULL,NULL,'P24202','Sewa Bangunan kediaman',2,2,'2021-02-03 16:14:58','2021-02-03 16:14:58',NULL),(16,6,NULL,NULL,'P24299','Sewa Bangunan Lain Lain',2,2,'2021-02-03 16:14:58','2021-02-03 16:14:58',NULL),(17,7,NULL,NULL,'P24501','Sewa Perabot Alat Kelengkapan Pejabat',2,2,'2021-02-03 16:14:58','2021-02-03 16:14:58',NULL),(18,7,NULL,NULL,'P24502','Sewa Mesin dan Lengkapan',2,2,'2021-02-03 16:14:58','2021-02-03 16:14:58',NULL),(19,7,NULL,NULL,'P24503','Sewa Mesin Fotostat',2,2,'2021-02-03 16:14:58','2021-02-03 16:14:58',NULL),(20,7,NULL,NULL,'P24504','Sewa Kenderaan',2,2,'2021-02-03 16:14:58','2021-02-03 16:14:58',NULL),(21,7,NULL,NULL,'P24505','Sewa bilik Seminar/Kursus - pameran',2,2,'2021-02-03 16:14:58','2021-02-03 16:14:58',NULL),(22,8,NULL,NULL,'P26101','Alat Ganti Mesin Cetak - Brg. Off set',2,2,'2021-02-03 16:14:58','2021-02-03 16:14:58',NULL),(23,8,NULL,NULL,'P26102','Alat Ganti Kenderaan',2,2,'2021-02-03 16:14:58','2021-02-03 16:14:58',NULL),(24,9,NULL,NULL,'P26201','Minyak Petrol',2,2,'2021-02-03 16:14:58','2021-02-03 16:14:58',NULL),(25,9,NULL,NULL,'P26202','Minyak Pelincir & Gris',2,2,'2021-02-03 16:14:58','2021-02-03 16:14:58',NULL),(26,10,NULL,NULL,'P27101','Surat Khabar, dan Majalah',2,2,'2021-02-03 16:14:58','2021-02-03 16:14:58',NULL),(27,10,NULL,NULL,'P27102','Bekalan Pejabat',2,2,'2021-02-03 16:14:58','2021-02-03 16:14:58',NULL),(28,10,NULL,NULL,'P27103','Bekalan Komputer',2,2,'2021-02-03 16:14:58','2021-02-03 16:14:58',NULL),(29,10,NULL,NULL,'P27104','Buku Perpustakaan',2,2,'2021-02-03 16:14:58','2021-02-03 16:14:58',NULL),(30,10,NULL,NULL,'P27105','Bahan Kursus / Seminar',2,2,'2021-02-03 16:14:58','2021-02-03 16:14:58',NULL),(31,10,NULL,NULL,'P27106','Perabot dan Lengkapan Pejabat < RM 1,000.00 - carpet, langsir, white board - hand dryer',2,2,'2021-02-03 16:14:58','2021-02-03 16:14:58',NULL),(32,10,NULL,NULL,'P27107','Bekalan dan Alat Ganti',2,2,'2021-02-03 16:14:58','2021-02-03 16:14:58',NULL),(33,10,NULL,NULL,'P27108','Bekal bahan promosi - baju , bunting',2,2,'2021-02-03 16:14:58','2021-02-03 16:14:58',NULL),(34,10,NULL,NULL,'P27199','Bekalan -bekalan Pejabat Yang Lain',2,2,'2021-02-03 16:14:58','2021-02-03 16:14:58',NULL),(35,11,NULL,NULL,'P27301','Alat - alat Gymnasium',2,2,'2021-02-03 16:14:58','2021-02-03 16:14:58',NULL),(36,11,NULL,NULL,'P27302','Alat alat Sukan dan Olahraga',2,2,'2021-02-03 16:14:58','2021-02-03 16:14:58',NULL),(37,11,NULL,NULL,'P27303','Alat - alat Muzik',2,2,'2021-02-03 16:14:58','2021-02-03 16:14:58',NULL),(38,11,NULL,NULL,'P27399','Alat - Alat Lain',2,2,'2021-02-03 16:14:58','2021-02-03 16:14:58',NULL),(39,12,NULL,NULL,'P27501','Bekalan dan Bahan Untuk Filem Fotografi, Plates, X - Ray, Filem Mikro ',2,2,'2021-02-03 16:14:58','2021-02-03 16:14:58',NULL),(40,12,NULL,NULL,'P27599','Bekalan Dan Bahan Fotografi Yang Lain',2,2,'2021-02-03 16:14:58','2021-02-03 16:14:58',NULL),(41,13,NULL,NULL,'P27601','Pakaian Seragam',2,2,'2021-02-03 16:14:58','2021-02-03 16:14:58',NULL),(42,13,NULL,NULL,'P27699','Pakaian -pakaian Yang Lain',2,2,'2021-02-03 16:14:58','2021-02-03 16:14:58',NULL),(43,14,NULL,NULL,'P28101','Bangunan Pejabat dan Rumah Rehat  - Pesit control, Pemadam api, Tangki Air, cat , cucibangunan',2,2,'2021-02-03 16:14:58','2021-02-03 16:14:58',NULL),(44,14,NULL,NULL,'P28102','Kawasan Pejabat - Alam Flora, Tong Sampah, Cat parking',2,2,'2021-02-03 16:14:58','2021-02-03 16:14:58',NULL),(45,14,NULL,NULL,'P28199','Bangunan - bangunan Lain',2,2,'2021-02-03 16:14:58','2021-02-03 16:14:58',NULL),(46,15,NULL,NULL,'P28201','Perabot Alat Kelengkapan  Pejabat',2,2,'2021-02-03 16:14:58','2021-02-03 16:14:58',NULL),(47,15,NULL,NULL,'P28299','Perabot dan Lengkapan Yang Lain',2,2,'2021-02-03 16:14:58','2021-02-03 16:14:58',NULL),(48,16,NULL,NULL,'P28301','Mesin dan Alat Kelengkapan Pejabat',2,2,'2021-02-03 16:14:58','2021-02-03 16:14:58',NULL),(49,16,NULL,NULL,'P28399','Alat -alat Kelengkapan Mesin Yang Lain',2,2,'2021-02-03 16:14:58','2021-02-03 16:14:58',NULL),(50,17,NULL,NULL,'P28401','Komputer dan Letronik',2,2,'2021-02-03 16:14:58','2021-02-03 16:14:58',NULL),(51,18,NULL,NULL,'P28501','Hawa Dingin Utama',2,2,'2021-02-03 16:14:58','2021-02-03 16:14:58',NULL),(52,18,NULL,NULL,'P28502','Hawa Dingin Individu',2,2,'2021-02-03 16:14:58','2021-02-03 16:14:58',NULL),(53,18,NULL,NULL,'P28599','Alat -alat Kelengkapan Elektrik Yang Lain',2,2,'2021-02-03 16:14:58','2021-02-03 16:14:58',NULL),(54,19,NULL,NULL,'P28601','Telefon dan Mesin Fax',2,2,'2021-02-03 16:14:58','2021-02-03 16:14:58',NULL),(55,19,NULL,NULL,'P28699','Alat -alat Kelengkapan Perhubungan Yang Lain',2,2,'2021-02-03 16:14:58','2021-02-03 16:14:58',NULL),(56,20,NULL,NULL,'P28701','Kenderaan(Cuci)',2,2,'2021-02-03 16:14:58','2021-02-03 16:14:58',NULL),(57,21,NULL,NULL,'P28901','Alat Kelengkapan Fotografi',2,2,'2021-02-03 16:14:58','2021-02-03 16:14:58',NULL),(58,21,NULL,NULL,'P28902','Alat Kelengkapan Muzik',2,2,'2021-02-03 16:14:58','2021-02-03 16:14:58',NULL),(59,21,NULL,NULL,'P28799','Alat - alat Lain',2,2,'2021-02-03 16:14:58','2021-02-03 16:14:58',NULL),(60,22,NULL,NULL,'P29101','Perkhidmatan Perubatan',2,2,'2021-02-03 16:14:58','2021-02-03 16:14:58',NULL),(61,22,NULL,NULL,'P29102','Perkhidmatan Perakaunan dan Auditan',2,2,'2021-02-03 16:14:58','2021-02-03 16:14:58',NULL),(62,22,NULL,NULL,'P29103','Perkhidmatan Perundangan (DUTY STAMP)',2,2,'2021-02-03 16:14:58','2021-02-03 16:14:58',NULL),(63,22,NULL,NULL,'P29104','Perkhidmatan Latihan Kakitangan',2,2,'2021-02-03 16:14:58','2021-02-03 16:14:58',NULL),(64,22,NULL,NULL,'P29105','Perkhidmatan Pakar Runding Perniagaan dan Pengurusan',2,2,'2021-02-03 16:14:58','2021-02-03 16:14:58',NULL),(65,22,NULL,NULL,'P29106','Perkhidmatan Pensyarah Jemputan',2,2,'2021-02-03 16:14:58','2021-02-03 16:14:58',NULL),(66,22,NULL,NULL,'P29107','Perkhidmatan Komputer dan Prosesan Data',2,2,'2021-02-03 16:14:58','2021-02-03 16:14:58',NULL),(67,22,NULL,NULL,'P29108','Perkhidmatan Fotografi , Blue-Printing dan Filem Mikro',2,2,'2021-02-03 16:14:58','2021-02-03 16:14:58',NULL),(68,22,NULL,NULL,'P29109','Perkhidmatan Pengeluaran dan Penyebaran Tayangan Gambar , Pita Video, Radio, TV Prod., lagu, cuci gambar',2,2,'2021-02-03 16:14:58','2021-02-03 16:14:58',NULL),(69,22,NULL,NULL,'P29110','Perkhidmatan Pengiklanan',2,2,'2021-02-03 16:14:58','2021-02-03 16:14:58',NULL),(70,22,NULL,NULL,'P29111','Perkhidmatan Perlindungan dan Keselamatan - lesen, jaga, insuran',2,2,'2021-02-03 16:14:58','2021-02-03 16:14:58',NULL),(71,22,NULL,NULL,'P29112','Perkhidmatan Penterjemahan dan Penafsiran/penulisan',2,2,'2021-02-03 16:14:58','2021-02-03 16:14:58',NULL),(72,22,NULL,NULL,'P29113','Perkhidmatan Dobi',2,2,'2021-02-03 16:14:58','2021-02-03 16:14:58',NULL),(73,22,NULL,NULL,'P29114','Insuran & Cukai Jalan / Kenderaan Pejabat',2,2,'2021-02-03 16:14:58','2021-02-03 16:14:58',NULL),(74,22,NULL,NULL,'P29115','Elaun Mesyuarat / BOD / Panel',2,2,'2021-02-03 16:14:58','2021-02-03 16:14:58',NULL),(75,22,NULL,NULL,'P29116','Yuran Audit - khas untuk Audit',2,2,'2021-02-03 16:14:58','2021-02-03 16:14:58',NULL),(76,22,NULL,NULL,'P29117','Yuran lain (Perpustakaan, benchmarking, dll.)',2,2,'2021-02-03 16:14:58','2021-02-03 16:14:58',NULL),(77,23,NULL,NULL,'P29201','Percetakan Penerbitan    - Artword, APR',2,2,'2021-02-03 16:14:58','2021-02-03 16:14:58',NULL),(78,23,NULL,NULL,'P29202','Percetakan Borang dan Alat Tulis  -  kad nama, cover sijil, sticker, brochure, planner, poster',2,2,'2021-02-03 16:14:58','2021-02-03 16:14:58',NULL),(79,23,NULL,NULL,'P29203','Bacaan Meter Mesin Fotostat',2,2,'2021-02-03 16:14:58','2021-02-03 16:14:58',NULL),(80,23,NULL,NULL,'P29299','Bayaran - bayaran Perkhidmatan Percetakan Yang Lain - jilid, matel plate, binding',2,2,'2021-02-03 16:14:58','2021-02-03 16:14:58',NULL),(81,24,NULL,NULL,'P29301','Upahan',2,2,'2021-02-03 16:14:58','2021-02-03 16:14:58',NULL),(82,24,NULL,NULL,'P29302','Elaun , Termasuk Elaun Lebih Masa',2,2,'2021-02-03 16:14:58','2021-02-03 16:14:58',NULL),(83,24,NULL,NULL,'P29303','Sumbangan Berkanun',2,2,'2021-02-03 16:14:58','2021-02-03 16:14:58',NULL),(84,24,NULL,NULL,'P29304','Bonus Gaji Hari',2,2,'2021-02-03 16:14:58','2021-02-03 16:14:58',NULL),(85,24,NULL,NULL,'P29305','Bonus G/Hari T/Dulu',2,2,'2021-02-03 16:14:58','2021-02-03 16:14:58',NULL),(86,24,NULL,NULL,'P29399','Bayaran - bayaraan Lain',2,2,'2021-02-03 16:14:58','2021-02-03 16:14:58',NULL),(87,25,NULL,NULL,'P29401','Makan dan Minum - Orang Jemputan',2,2,'2021-02-03 16:14:58','2021-02-03 16:14:58',NULL),(88,25,NULL,NULL,'P29402','Penginapan - Orang Jemputan/peserta kursus',2,2,'2021-02-03 16:14:58','2021-02-03 16:14:58',NULL),(89,25,NULL,NULL,'P29403','Pengangkutan - Orang Jemputan',2,2,'2021-02-03 16:14:58','2021-02-03 16:14:58',NULL),(90,25,NULL,NULL,'P29404','Honorarium, Saguhati dan Hadiah - Orang Jemputan Perdiem APO - E264',2,2,'2021-02-03 16:14:58','2021-02-03 16:14:58',NULL),(91,25,NULL,NULL,'P29405','Keraian Pejabat',2,2,'2021-02-03 16:14:58','2021-02-03 16:14:58',NULL),(92,25,NULL,NULL,'P29406','Honorarium, Saguhati dan Hadiah - Kakitangan Pejabat, Dinner, TQ Daun Keladi',2,2,'2021-02-03 16:14:58','2021-02-03 16:14:58',NULL),(93,25,NULL,NULL,'P29407','Makan dan Minum - Peserta Kursus, seminar, workshop, band',2,2,'2021-02-03 16:14:58','2021-02-03 16:14:58',NULL),(94,25,NULL,NULL,'P29408','Mesyuarat Dalaman',2,2,'2021-02-03 16:14:58','2021-02-03 16:14:58',NULL),(95,26,NULL,NULL,'P42801','Yuran Badan Berkanun',2,2,'2021-02-03 16:14:58','2021-02-03 16:14:58',NULL);

--
-- Table structure for table `ref_bank`
--

CREATE TABLE `ref_bank` (
  `bank_id` int(11) NOT NULL AUTO_INCREMENT,
  `bank_desc` varchar(100) NOT NULL,
  `minimum_digit` int(11) NOT NULL DEFAULT '1',
  `maximum_digit` int(11) NOT NULL DEFAULT '1',
  `created_by` int(11) DEFAULT NULL,
  `updated_by` int(11) DEFAULT NULL,
  `created_at` timestamp NULL DEFAULT NULL,
  `updated_at` timestamp NOT NULL DEFAULT CURRENT_TIMESTAMP,
  `deleted_at` timestamp NULL DEFAULT NULL,
  PRIMARY KEY (`bank_id`),
  KEY `idx_bank_createdby` (`created_by`),
  KEY `idx_bank_updatedby` (`updated_by`)
) ENGINE=InnoDB AUTO_INCREMENT=33 DEFAULT CHARSET=latin1;

--
-- Dumping data for table `ref_bank`
--

INSERT INTO `ref_bank` VALUES (1,'AFFIN BANK BERHAD',12,12,2,2,'2021-01-05 06:40:33','2021-01-05 06:40:33',NULL),(2,'ALLIANCE BANK MALAYSIA BERHAD',15,15,2,2,'2021-01-05 06:40:33','2021-01-05 06:40:33',NULL),(3,'AMBANK/AMFINANCE',13,13,2,2,'2021-01-05 06:40:33','2021-01-05 06:40:33',NULL),(4,'AL-RAJHI BANKING & INVESTMENT CORPORATION (MALAYSIA) BERHAD',15,15,2,31,'2021-01-05 06:40:33','2021-05-29 18:43:57',NULL),(5,'BANGKOK BANK BERHAD',10,10,2,2,'2021-01-05 06:40:33','2021-01-05 06:40:33',NULL),(6,'BANK ISLAM MALAYSIA BERHAD',14,14,2,2,'2021-01-05 06:40:33','2021-01-05 06:40:33',NULL),(7,'BANK KERJASAMA RAKYAT MALAYSIA BERHAD',12,12,2,2,'2021-01-05 06:40:33','2021-01-05 06:40:33',NULL),(8,'BANK MUAMALAT MALAYSIA BERHAD',14,14,2,2,'2021-01-05 06:40:33','2021-01-05 06:40:33',NULL),(9,'BANK OF AMERICA',5,17,2,2,'2021-01-05 06:40:33','2021-01-05 06:40:33',NULL),(10,'BANK OF CHINA (MALAYSIA) BERHAD',13,15,2,2,'2021-01-05 06:40:33','2021-01-05 06:40:33',NULL),(11,'BANK PERTANIAN MALAYSIA BERHAD (AGROBANK)',16,16,2,2,'2021-01-05 06:40:33','2021-01-05 06:40:33',NULL),(12,'BANK SIMPANAN NASIONAL BERHAD',16,16,2,2,'2021-01-05 06:40:33','2021-01-05 06:40:33',NULL),(13,'BNP PARIBAS MALAYSIA BERHAD',6,16,2,2,'2021-01-05 06:40:33','2021-01-05 06:40:33',NULL),(14,'CHINA CONSTRUCTION BANK (MALAYSIA) BERHAD',12,12,2,2,'2021-01-05 06:40:33','2021-01-05 06:40:33',NULL),(15,'CIMB BANK BERHAD',10,14,2,2,'2021-01-05 06:40:33','2021-01-05 06:40:33',NULL),(16,'CITIBANK BERHAD',9,16,2,2,'2021-01-05 06:40:33','2021-01-05 06:40:33',NULL),(17,'DEUTSCHE BANK (MALAYSIA) BERHAD',10,14,2,2,'2021-01-05 06:40:33','2021-01-05 06:40:33',NULL),(18,'HONG LEONG BANK',11,13,2,2,'2021-01-05 06:40:33','2021-01-05 06:40:33',NULL),(19,'HSBC BANK MALAYSIA BERHAD',12,12,2,2,'2021-01-05 06:40:33','2021-01-05 06:40:33',NULL),(20,'INDUSTRIAL AND COMMERCIAL BANK OF CHINA (MALAYSIA) BERHAD',17,17,2,2,'2021-01-05 06:40:33','2021-01-05 06:40:33',NULL),(21,'J.P. MORGAN CHASE BANK BHD',10,10,2,2,'2021-01-05 06:40:33','2021-01-05 06:40:33',NULL),(22,'KUWAIT FINANCE HOUSE (MALAYSIA) BERHAD',12,12,2,2,'2021-01-05 06:40:33','2021-01-05 06:40:33',NULL),(23,'MAYBANK',12,12,2,2,'2021-01-05 06:40:33','2021-01-05 06:40:33',NULL),(24,'MBSB BANK BERHAD',16,16,2,2,'2021-01-05 06:40:33','2021-01-05 06:40:33',NULL),(25,'BANK OF TOKYO-MITSUBISHI UFJ (M) BERHAD / MUFG BANK',6,6,2,2,'2021-01-05 06:40:33','2021-01-05 06:40:33',NULL),(26,'MIZUHO CORPORATE BANK MALAYSIA BERHAD',10,10,2,2,'2021-01-05 06:40:33','2021-01-05 06:40:33',NULL),(27,'OCBC BANK (MALAYSIA) BERHAD',10,10,2,2,'2021-01-05 06:40:33','2021-01-05 06:40:33',NULL),(28,'PUBLIC BANK BERHAD/PUBLIC ISLAMIC BANK BERHAD',10,10,2,2,'2021-01-05 06:40:33','2021-01-05 06:40:33',NULL),(29,'RHB BANK',14,14,2,2,'2021-01-05 06:40:33','2021-01-05 06:40:33',NULL),(30,'STANDARD CHARTERED BANK MALAYSIA BERHAD',5,17,2,2,'2021-01-05 06:40:33','2021-01-05 06:40:33',NULL),(31,'SUMITOMO MITSUI BANKING CORPORATION MALAYSIA BERHAD',8,8,2,2,'2021-01-05 06:40:33','2021-01-05 06:40:33',NULL),(32,'UNITED OVERSEAS BANK BERHAD',10,17,2,2,'2021-01-05 06:40:33','2021-01-05 06:40:33',NULL);

--
-- Table structure for table `ref_card`
--

CREATE TABLE `ref_card` (
  `card_id` int(11) NOT NULL AUTO_INCREMENT,
  `card_desc` varchar(20) DEFAULT NULL,
  `card_color` varchar(20) NOT NULL,
  `created_at` timestamp NULL DEFAULT NULL,
  `updated_at` timestamp NOT NULL DEFAULT CURRENT_TIMESTAMP,
  `deleted_at` timestamp NULL DEFAULT NULL,
  PRIMARY KEY (`card_id`)
) ENGINE=InnoDB AUTO_INCREMENT=4 DEFAULT CHARSET=latin1;

--
-- Dumping data for table `ref_card`
--

INSERT INTO `ref_card` VALUES (1,'Kuning','#FFFF00','2018-11-25 17:16:20','2018-11-25 14:50:57',NULL),(2,'Hijau','#00FF00','2018-11-25 17:16:24','2018-11-25 14:51:07',NULL),(3,'Merah','#FF0000','2018-11-25 17:16:28','2018-11-25 14:51:15',NULL);

--
-- Table structure for table `ref_cawangan`
--

CREATE TABLE `ref_cawangan` (
  `cawangan_id` int(11) NOT NULL AUTO_INCREMENT,
  `cawangan_desc` varchar(255) NOT NULL,
  `created_by` int(11) DEFAULT NULL,
  `updated_by` int(11) DEFAULT NULL,
  `created_at` timestamp NULL DEFAULT NULL,
  `updated_at` timestamp NOT NULL DEFAULT CURRENT_TIMESTAMP,
  `deleted_at` timestamp NULL DEFAULT NULL,
  PRIMARY KEY (`cawangan_id`)
) ENGINE=InnoDB DEFAULT CHARSET=latin1;

--
-- Dumping data for table `ref_cawangan`
--


--
-- Table structure for table `ref_charge_gov`
--

CREATE TABLE `ref_charge_gov` (
  `charge_gov_id` int(11) NOT NULL AUTO_INCREMENT,
  `supplier_service_id` int(11) DEFAULT NULL,
  `service_group_id` int(11) DEFAULT NULL,
  `charge_amount` decimal(10,2) NOT NULL DEFAULT '0.00',
  `unit_id` int(11) DEFAULT NULL,
  `created_by` int(11) DEFAULT NULL,
  `updated_by` int(11) DEFAULT NULL,
  `created_at` timestamp NULL DEFAULT NULL,
  `updated_at` timestamp NOT NULL DEFAULT CURRENT_TIMESTAMP,
  `deleted_at` timestamp NULL DEFAULT NULL,
  PRIMARY KEY (`charge_gov_id`),
  KEY `idx_chargegov_service` (`supplier_service_id`),
  KEY `idx_chargegov_createdby` (`created_by`),
  KEY `idx_chargegov_updatedby` (`updated_by`)
) ENGINE=InnoDB AUTO_INCREMENT=16 DEFAULT CHARSET=latin1;

--
-- Dumping data for table `ref_charge_gov`
--

INSERT INTO `ref_charge_gov` VALUES (1,2,1,100.00,1,2,2,'2021-06-20 15:03:42','2021-06-20 15:03:42',NULL),(2,2,2,100.00,1,2,2,'2021-06-20 15:03:42','2021-06-20 15:03:42',NULL),(3,2,3,90.00,1,2,2,'2021-06-20 15:03:42','2021-06-20 15:03:42',NULL),(4,2,4,80.00,1,2,2,'2021-06-20 15:03:42','2021-06-20 15:03:42',NULL),(5,2,5,60.00,1,2,2,'2021-06-20 15:03:42','2021-06-20 15:03:42',NULL),(6,4,1,300.00,1,2,2,'2021-06-20 15:03:42','2021-06-20 15:03:42',NULL),(7,4,2,200.00,1,2,2,'2021-06-20 15:03:42','2021-06-20 15:03:42',NULL),(8,4,3,150.00,1,2,2,'2021-06-20 15:03:42','2021-06-20 15:03:42',NULL),(9,4,4,120.00,1,2,2,'2021-06-20 15:03:42','2021-06-20 15:03:42',NULL),(10,4,5,80.00,1,2,2,'2021-06-20 15:03:42','2021-06-20 15:03:42',NULL),(11,19,1,300.00,1,2,2,'2021-06-20 15:03:42','2021-06-20 15:03:42',NULL),(12,19,2,200.00,1,2,2,'2021-06-20 15:03:42','2021-06-20 15:03:42',NULL),(13,19,3,150.00,1,2,2,'2021-06-20 15:03:42','2021-06-20 15:03:42',NULL),(14,19,4,120.00,1,2,2,'2021-06-20 15:03:42','2021-06-20 15:03:42',NULL),(15,19,5,80.00,1,2,2,'2021-06-20 15:03:42','2021-06-20 15:03:42',NULL);

--
-- Table structure for table `ref_flight_company`
--

CREATE TABLE `ref_flight_company` (
  `flight_company_id` int(11) NOT NULL AUTO_INCREMENT,
  `flight_company_desc` varchar(100) NOT NULL,
  `flight_company_url` varchar(200) NOT NULL,
  `flight_company_luggage_quota` decimal(10,2) NOT NULL DEFAULT '0.00',
  `created_by` int(11) DEFAULT NULL,
  `updated_by` int(11) DEFAULT NULL,
  `created_at` timestamp NULL DEFAULT NULL,
  `updated_at` timestamp NOT NULL DEFAULT CURRENT_TIMESTAMP,
  `deleted_at` timestamp NULL DEFAULT NULL,
  PRIMARY KEY (`flight_company_id`)
) ENGINE=InnoDB AUTO_INCREMENT=7 DEFAULT CHARSET=latin1;

--
-- Dumping data for table `ref_flight_company`
--

INSERT INTO `ref_flight_company` VALUES (1,'MAS','https://www.malaysiaairlines.com',20.00,2,2,'2019-03-20 13:34:10','2019-03-20 13:31:37',NULL),(2,'AIR ASIA','https://www.airasia.com',15.00,2,2,'2019-03-20 13:34:28','2019-03-20 13:31:42',NULL),(3,'MALINDO AIR','https://www.malindoair.com/',20.00,2,2,'2019-03-20 13:35:09','2019-03-20 13:31:54',NULL),(4,'FIREFLY','https://www.airpaz.com',20.00,2,2,'2019-03-20 13:35:11','2019-03-20 13:32:02',NULL),(5,'LATAM AIRLINES','https://www.latam.com',20.00,71,46,'2019-08-09 16:02:56','2020-02-28 08:33:10',NULL),(6,'FIJI AIRWAYS','https://www.fijiairways.com/',20.00,46,46,'2020-02-28 08:32:56','2020-02-28 08:32:56',NULL);

--
-- Table structure for table `ref_gred`
--

CREATE TABLE `ref_gred` (
  `gred_id` int(11) NOT NULL AUTO_INCREMENT,
  `service_group_id` int(11) DEFAULT NULL,
  `gred_desc` varchar(20) NOT NULL,
  `is_active` char(1) NOT NULL DEFAULT '1',
  `created_by` int(11) DEFAULT NULL,
  `updated_by` int(11) DEFAULT NULL,
  `created_at` timestamp NULL DEFAULT NULL,
  `updated_at` timestamp NULL DEFAULT CURRENT_TIMESTAMP,
  `deleted_at` timestamp NULL DEFAULT NULL,
  PRIMARY KEY (`gred_id`),
  KEY `idx_grade_servicegroup` (`service_group_id`),
  KEY `idx_grade_createdby` (`created_by`),
  KEY `idx_grade_updatedby` (`updated_by`)
) ENGINE=InnoDB AUTO_INCREMENT=32 DEFAULT CHARSET=latin1;

--
-- Dumping data for table `ref_gred`
--

INSERT INTO `ref_gred` VALUES (1,5,'B22','1',2,2,'2019-03-28 07:32:43','2019-03-28 07:32:43',NULL),(2,5,'E29/E32','1',2,2,'2019-03-28 07:32:43','2019-03-28 07:32:43',NULL),(3,4,'E41','1',2,2,'2019-03-28 07:32:43','2019-03-28 07:32:43',NULL),(4,4,'E44','1',2,2,'2019-03-28 07:32:43','2019-03-28 07:32:43',NULL),(5,3,'E48','1',2,2,'2019-03-28 07:32:43','2019-03-28 07:32:43',NULL),(6,3,'E52','1',2,2,'2019-03-28 07:32:43','2019-03-28 07:32:43',NULL),(7,2,'E54','1',2,2,'2019-03-28 07:32:43','2019-03-28 07:32:43',NULL),(8,5,'FA29','1',2,2,'2019-03-28 07:32:43','2019-03-28 07:32:43',NULL),(9,5,'H11','1',2,2,'2019-03-28 07:32:43','2019-03-28 07:32:43',NULL),(10,5,'H19','1',2,2,'2019-03-28 07:32:43','2019-03-28 07:32:43',NULL),(11,5,'J22','1',2,2,'2019-03-28 07:32:43','2019-03-28 07:32:43',NULL),(12,5,'JA29/JA36','1',2,2,'2019-03-28 07:32:43','2019-03-28 07:32:43',NULL),(13,1,'JUSA A/VU5','1',2,2,'2019-03-28 07:32:43','2019-03-28 07:32:43',NULL),(14,1,'JUSA B/VU6','1',2,2,'2019-03-28 07:32:43','2019-03-28 07:32:43',NULL),(15,1,'JUSA C/VU7','1',2,2,'2019-03-28 07:32:43','2019-03-28 07:32:43',NULL),(16,5,'N11','1',2,2,'2019-03-28 07:32:43','2019-03-28 07:32:43',NULL),(17,5,'N14','1',2,2,'2019-03-28 07:32:43','2019-03-28 07:32:43',NULL),(18,5,'N19','1',2,2,'2019-03-28 07:32:43','2019-03-28 07:32:43',NULL),(19,5,'N22','1',2,2,'2019-03-28 07:32:43','2019-03-28 07:32:43',NULL),(20,5,'N26','1',2,2,'2019-03-28 07:32:43','2019-03-28 07:32:43',NULL),(21,5,'N28','1',2,2,'2019-03-28 07:32:43','2019-03-28 07:32:43',NULL),(22,5,'N29','1',2,2,'2019-03-28 07:32:43','2019-03-28 07:32:43',NULL),(23,5,'N30','1',2,2,'2019-03-28 07:32:43','2019-03-28 07:32:43',NULL),(24,5,'N32','1',2,2,'2019-03-28 07:32:43','2019-03-28 07:32:43',NULL),(25,5,'S32','1',2,2,'2019-03-28 07:32:43','2019-03-28 07:32:43',NULL),(26,5,'S41','1',2,2,'2019-03-28 07:32:43','2019-03-28 07:32:43',NULL),(27,5,'W29','1',2,2,'2019-03-28 07:32:43','2019-03-28 07:32:43',NULL),(28,4,'WA41','1',2,2,'2019-03-28 07:32:43','2019-03-28 07:32:43',NULL),(29,4,'WA44','1',2,2,'2019-03-28 07:32:43','2019-03-28 07:32:43',NULL),(30,3,'WA48','1',2,2,'2019-03-28 07:32:43','2019-03-28 07:32:43',NULL),(31,4,'F41','1',2,2,'2019-03-31 12:54:05','2019-03-31 12:54:05',NULL);

--
-- Table structure for table `ref_jabatan`
--

CREATE TABLE `ref_jabatan` (
  `jabatan_id` int(11) NOT NULL AUTO_INCREMENT,
  `jabatan_desc` varchar(200) NOT NULL,
  `is_active` char(1) NOT NULL DEFAULT '1',
  `created_at` timestamp NULL DEFAULT NULL,
  `updated_at` timestamp NULL DEFAULT CURRENT_TIMESTAMP,
  `deleted_at` timestamp NULL DEFAULT NULL,
  PRIMARY KEY (`jabatan_id`)
) ENGINE=InnoDB AUTO_INCREMENT=36 DEFAULT CHARSET=latin1;

--
-- Dumping data for table `ref_jabatan`
--

INSERT INTO `ref_jabatan` VALUES (2,'JABATAN KHIDMAT PENGURUSAN','1','2019-01-01 07:48:01','2019-01-01 07:48:01',NULL),(3,'JABATAN TEKNOLOGI MAKLUMAT','1','2019-01-01 07:48:01','2019-01-01 07:48:01',NULL),(4,'BAHAGIAN PENGURUSAN HARTA','1','2019-01-01 07:48:01','2019-01-01 07:48:01',NULL),(5,'JABATAN PENILAIAN & PENGURUSAN HARTA','1','2019-01-01 07:48:01','2019-01-01 07:48:01',NULL),(6,'JABATAN PERBENDAHARAAN','1','2019-01-01 07:48:01','2019-01-01 07:48:01',NULL),(7,'JABATAN PERUNDANGAN','1','2019-01-01 07:48:01','2019-01-01 07:48:01',NULL),(8,'JABATAN KORPORAT','1','2019-01-01 07:48:01','2019-01-01 07:48:01',NULL),(9,'JABATAN PERANCANG BANDAR','1','2019-01-01 07:48:01','2019-01-01 07:48:01',NULL),(10,'JABATAN KEJURUTERAAN','1','2019-01-01 07:48:01','2019-01-01 07:48:01',NULL),(11,'JABATAN BANGUNAN','1','2019-01-01 07:48:01','2019-01-01 07:48:01',NULL),(13,'PEJABAT YANG DIPERTUA / TIMBALAN YANG DIPERTUA','1','2019-01-01 07:48:01','2019-01-01 07:48:01',NULL),(14,'BAHAGIAN KEMUDAHAN AWAM','1','2019-01-01 07:48:01','2019-01-01 07:48:01',NULL),(16,'JABATAN LANDSKAP','1','2019-01-01 07:48:01','2019-01-01 07:48:01',NULL),(17,'BAHAGIAN URUSETIA','1','2019-01-01 07:48:01','2019-01-01 07:48:01',NULL),(18,'UNIT NURSERY','1','2019-01-01 07:48:01','2019-01-01 07:48:01',NULL),(19,'JABATAN AUDIT DALAM','1','2019-01-01 07:48:01','2019-01-01 07:48:01',NULL),(20,'UNIT BENGKEL RAWANG','1','2019-01-01 07:48:01','2019-01-01 07:48:01',NULL),(22,'JABATAN PUSAT SETEMPAT (OSC)','1','2019-01-01 07:48:01','2019-01-01 07:48:01',NULL),(23,'JABATAN PENGUATKUASA & KESELAMATAN','1','2019-01-01 07:48:01','2019-01-01 07:48:01',NULL),(24,'JABATAN KONTRAK DAN UKUR BAHAN','1','2019-01-01 07:48:01','2019-01-01 07:48:01',NULL),(25,'JABATAN PELESENAN','1','2019-01-01 07:48:01','2019-01-01 07:48:01',NULL),(26,'BAHAGIAN HASIL','1','2019-01-01 07:48:01','2019-01-01 07:48:01',NULL),(29,'BAHAGIAN KESELAMATAN','1','2019-01-01 07:48:01','2019-01-01 07:48:01',NULL),(32,'UNIT URUS SELENGGARA BANGUNAN','1','2019-01-01 07:48:01','2019-01-01 07:48:01',NULL),(33,'JABATAN PEMBANGUNAN MASYARAKAT','1','2019-01-01 07:48:01','2019-01-01 07:48:01',NULL),(34,'JABATAN PENGURUSAN SISA PEPEJAL & KESIHATAN','1','2019-01-01 07:48:01','2019-01-01 07:48:01',NULL),(35,'JABATAN PESURUHJAYA BANGUNAN (COB)','1','2019-01-01 07:48:01','2019-01-01 07:48:01',NULL);

--
-- Table structure for table `ref_jawatan`
--

CREATE TABLE `ref_jawatan` (
  `jawatan_id` int(11) NOT NULL AUTO_INCREMENT,
  `service_type_id` int(11) DEFAULT NULL COMMENT '1-pengurusan&pro, 2-sokongan',
  `jawatan_desc` varchar(255) NOT NULL,
  `is_active` int(1) NOT NULL DEFAULT '1',
  `created_by` int(11) DEFAULT NULL,
  `updated_by` int(11) DEFAULT NULL,
  `created_at` timestamp NULL DEFAULT NULL,
  `updated_at` timestamp NOT NULL DEFAULT CURRENT_TIMESTAMP,
  `deleted_at` timestamp NULL DEFAULT NULL,
  PRIMARY KEY (`jawatan_id`),
  KEY `idx_jawatan_servicetype` (`service_type_id`),
  KEY `idx_jawatan_createdby` (`created_by`),
  KEY `idx_jawatan_updatedby` (`updated_by`)
) ENGINE=InnoDB AUTO_INCREMENT=34 DEFAULT CHARSET=latin1;

--
-- Dumping data for table `ref_jawatan`
--

INSERT INTO `ref_jawatan` VALUES (1,3,'AHLI FOTOGRAFI',1,2,2,'2019-03-28 07:28:12','2019-03-28 07:28:12',NULL),(2,2,'AKAUNTAN',1,2,2,'2019-03-28 07:28:12','2019-03-28 07:28:12',NULL),(3,2,'AKAUNTAN KANAN',1,2,2,'2019-03-28 07:28:12','2019-03-28 07:28:12',NULL),(4,2,'KETUA AKAUNTAN',1,2,2,'2019-03-28 07:28:12','2019-03-28 07:28:12',NULL),(5,2,'KETUA PENGARAH',1,2,2,'2019-03-28 07:28:12','2019-03-28 07:28:12',NULL),(6,3,'PEGAWAI KHIDMAT PELANGGAN',1,2,2,'2019-03-28 07:28:12','2019-03-29 13:28:28',NULL),(7,3,'PEMANDU KENDERAAN',1,2,2,'2019-03-28 07:28:12','2019-03-28 07:28:12',NULL),(8,3,'PEMBANTU AWAM',1,2,2,'2019-03-28 07:28:12','2019-03-28 07:28:12',NULL),(9,3,'PEMBANTU KEMAHIRAN',1,2,2,'2019-03-28 07:28:12','2019-03-28 07:28:12',NULL),(10,3,'PEMBANTU OPERASI',1,2,2,'2019-03-28 07:28:12','2019-03-28 07:28:12',NULL),(11,3,'PEMBANTU PENERBITAN (KUP)',1,2,2,'2019-03-28 07:28:12','2019-03-28 07:28:12',NULL),(12,3,'PEMBANTU SETIAUSAHA PEJABAT',1,2,2,'2019-03-28 07:28:12','2019-03-28 07:28:12',NULL),(13,3,'PEMBANTU SETIAUSAHA PEJABAT (KUP)',1,2,2,'2019-03-28 07:28:12','2019-03-28 07:28:12',NULL),(14,3,'PEMBANTU TADBIR (P/O)',1,2,2,'2019-03-28 07:28:12','2019-03-28 07:28:12',NULL),(15,3,'PEMBANTU TADBIR (P/O) (KUP)',1,2,2,'2019-03-28 07:28:12','2019-03-28 07:28:12',NULL),(16,3,'PEMBANTU TADBIR (P/O) KUP',1,2,2,'2019-03-28 07:28:12','2019-03-28 07:28:12',NULL),(17,1,'PENGARAH',1,2,2,'2019-03-28 07:28:12','2019-03-28 07:28:12',NULL),(18,2,'PENGURUS',1,2,2,'2019-03-28 07:28:12','2019-03-28 07:28:12',NULL),(19,2,'PENGURUS KANAN',1,2,2,'2019-03-28 07:28:12','2019-03-28 07:28:12',NULL),(20,3,'PENJAGA JENTERA ELETRIK',1,2,2,'2019-03-28 07:28:12','2019-03-28 07:28:12',NULL),(21,3,'PENOLONG AKAUNTAN',1,2,2,'2019-03-28 07:28:12','2019-03-28 07:28:12',NULL),(22,3,'PENOLONG JURUTERA',1,2,2,'2019-03-28 07:28:12','2019-03-28 07:28:12',NULL),(23,3,'PENOLONG JURUTERA (KUP)',1,2,2,'2019-03-28 07:28:12','2019-03-28 07:28:12',NULL),(24,3,'PENOLONG PEGAWAI PERANGKAAN (KUP)',1,2,2,'2019-03-28 07:28:12','2019-03-28 07:28:12',NULL),(25,3,'PENOLONG PEGAWAI TADBIR',1,2,2,'2019-03-28 07:28:12','2019-03-28 07:28:12',NULL),(26,3,'PENOLONG PEGAWAI TEKNOLOGI MAKLUMAT',1,2,2,'2019-03-28 07:28:12','2019-03-28 07:28:12',NULL),(27,2,'PENOLONG PENGURUS',1,2,2,'2019-03-28 07:28:12','2019-03-28 07:28:12',NULL),(28,3,'PENOLONG PUSTAKAWAN (KUP)',1,2,2,'2019-03-28 07:28:12','2019-03-28 07:28:12',NULL),(29,2,'PUSTAKAWAN',1,2,2,'2019-03-28 07:28:12','2019-03-28 07:28:12',NULL),(30,3,'SETIAUSAHA PEJABAT',1,2,2,'2019-03-28 07:28:12','2019-03-28 07:28:12',NULL),(31,3,'SETIAUSAHA PEJABAT (KUP)',1,2,2,'2019-03-28 07:28:12','2019-03-28 07:28:12',NULL),(32,1,'TIMBALAN KETUA PENGARAH',1,2,2,'2019-03-28 07:28:12','2019-03-28 07:28:12',NULL),(33,1,'TIMBALAN PENGARAH',1,2,2,'2019-03-28 07:28:12','2019-03-28 07:28:12',NULL);

--
-- Table structure for table `ref_jenis_penerbangan`
--

CREATE TABLE `ref_jenis_penerbangan` (
  `jenis_penerbangan_id` int(11) NOT NULL AUTO_INCREMENT,
  `jenis_penerbangan_desc` varchar(255) NOT NULL,
  `created_at` timestamp NULL DEFAULT NULL,
  `updated_at` timestamp NOT NULL DEFAULT CURRENT_TIMESTAMP,
  `deleted_at` timestamp NULL DEFAULT NULL,
  PRIMARY KEY (`jenis_penerbangan_id`)
) ENGINE=InnoDB AUTO_INCREMENT=4 DEFAULT CHARSET=latin1;

--
-- Dumping data for table `ref_jenis_penerbangan`
--

INSERT INTO `ref_jenis_penerbangan` VALUES (1,'PERGI','2019-03-21 19:57:17','2019-03-21 19:57:17',NULL),(2,'BALIK','2019-03-21 19:57:20','2019-03-21 19:57:20',NULL),(3,'PERGI & BALIK','2019-03-21 19:57:34','2019-03-21 19:57:34',NULL);

--
-- Table structure for table `ref_kalendar`
--

CREATE TABLE `ref_kalendar` (
  `kalendar_id` int(11) NOT NULL AUTO_INCREMENT,
  `kalendar_date` date NOT NULL COMMENT 'simpan event date dlm bentuk yyyy-mm-dd',
  `kalendar_desc` longtext NOT NULL,
  `is_active` char(1) NOT NULL DEFAULT '1',
  `created_at` timestamp NULL DEFAULT NULL,
  `updated_at` timestamp NULL DEFAULT CURRENT_TIMESTAMP,
  `deleted_at` timestamp NULL DEFAULT NULL,
  PRIMARY KEY (`kalendar_id`)
) ENGINE=InnoDB DEFAULT CHARSET=latin1;

--
-- Dumping data for table `ref_kalendar`
--


--
-- Table structure for table `ref_location`
--

CREATE TABLE `ref_location` (
  `location_id` int(11) NOT NULL AUTO_INCREMENT,
  `location_code` varchar(10) DEFAULT NULL,
  `location_desc` varchar(255) DEFAULT NULL,
  `created_by` int(11) DEFAULT NULL,
  `updated_by` int(11) DEFAULT NULL,
  `created_at` timestamp NULL DEFAULT NULL,
  `updated_at` timestamp NOT NULL DEFAULT CURRENT_TIMESTAMP,
  `deleted_at` timestamp NULL DEFAULT NULL,
  PRIMARY KEY (`location_id`)
) ENGINE=InnoDB AUTO_INCREMENT=40 DEFAULT CHARSET=latin1;

--
-- Dumping data for table `ref_location`
--

INSERT INTO `ref_location` VALUES (1,'KUL','KUALA LUMPUR',2,2,'2019-03-20 13:40:51','2019-03-20 13:40:51',NULL),(2,'LGK','LANGKAWI',2,2,'2019-03-20 13:40:51','2019-03-20 13:40:51',NULL),(3,'KCH','KUCHING',2,2,'2019-03-20 13:40:51','2019-03-20 13:40:51',NULL),(4,'PEN','PENANG',2,2,'2019-03-20 13:40:51','2019-03-20 13:40:51',NULL),(5,'BKI','KOTA KINABALU',2,2,'2019-03-20 13:40:51','2019-03-20 13:40:51',NULL),(6,'JHB','JOHOR BAHRU',2,2,'2019-03-20 13:40:51','2019-03-20 13:40:51',NULL),(7,'SZB','SUBANG',2,2,'2019-03-20 13:40:51','2019-03-20 13:40:51',NULL),(8,'AOR','ALOR SETAR',2,2,'2019-03-20 13:40:51','2019-03-20 13:40:51',NULL),(9,'KBR','KOTA BHARU',2,2,'2019-03-20 13:40:51','2019-03-20 13:40:51',NULL),(10,'TGG','KUALA TERENGGANU',2,2,'2019-03-20 13:40:51','2019-03-20 13:40:51',NULL),(11,'IPH','IPOH',2,2,'2019-03-20 13:40:51','2019-03-20 13:40:51',NULL),(12,'KUA','KUANTAN',2,2,'2019-03-20 13:40:51','2019-03-20 13:40:51',NULL),(13,'SBW','SIBU',2,2,'2019-03-20 13:40:51','2019-03-20 13:40:51',NULL),(14,'SDK','SANDAKAN',2,2,'2019-03-20 13:40:51','2019-03-20 13:40:51',NULL),(15,'TWU','TAWAU',2,2,'2019-03-20 13:40:51','2019-03-20 13:40:51',NULL),(16,'MYY','MIRI',2,2,'2019-03-20 13:40:51','2019-03-20 13:40:51',NULL),(17,'LDU','LAHAD DATU',46,46,'2019-05-10 18:39:19','2019-05-10 18:39:19',NULL),(18,'SIN','CANGI, SINGAPORE',46,46,'2019-05-21 13:12:58','2019-06-20 14:13:08',NULL),(19,'XSP','SELETAR, SINGAPORE',46,46,'2019-06-20 14:12:45','2019-06-20 14:13:21',NULL),(20,'MZV','MULU, SARAWAK',46,46,'2019-07-15 16:39:59','2019-07-15 16:39:59',NULL),(21,'LBU','LABUAN',46,46,'2019-07-15 16:40:17','2019-07-15 16:40:17',NULL),(22,'PEK','BEIJING, CHINA',46,46,'2019-08-07 12:26:23','2019-08-07 12:26:23',NULL),(23,'LHR','LONDON, UNITED KINGDOM',46,46,'2019-08-08 12:44:01','2019-08-09 16:09:08',NULL),(24,'SYD','SYDNEY, AU',46,46,'2019-08-09 16:04:43','2019-08-09 16:09:45',NULL),(25,'SCL','SANTIAGO, CHILE',46,46,'2019-08-09 16:17:03','2019-08-09 16:17:03',NULL),(26,'PMC','PUERTO MONTT, CHILE',46,46,'2019-08-09 16:18:58','2019-08-09 16:18:58',NULL),(27,'BTU','BINTULU, SARAWAK',46,46,'2019-08-28 15:45:34','2019-08-28 15:45:34',NULL),(28,'TPE','TAIPEI , TAIWAN CHINA',46,46,'2019-09-30 19:13:36','2019-09-30 19:13:36',NULL),(29,'CTU','CHENGDU, CHINA',46,46,'2019-10-01 12:23:49','2019-10-01 12:23:49',NULL),(30,'LMN','LIMBANG, SARAWAK',53,53,'2019-10-01 14:58:07','2019-10-01 14:58:07',NULL),(31,'MKM','MUKAH, SARAWAK',53,53,'2019-10-01 14:59:14','2019-10-01 14:59:14',NULL),(32,'VTE','VIENTIANE, LAOS',71,71,'2019-10-07 21:09:34','2019-10-07 21:09:34',NULL),(33,'BKK','SURVARNABHUMI AIRPORT, THAILAND',71,71,'2019-10-07 21:14:16','2019-10-07 21:14:16',NULL),(34,'DMK','DON MUEANG INTERNATIONAL AIRPORT, THAILAND',71,71,'2019-10-07 21:15:28','2019-10-07 21:15:28',NULL),(35,'ICN','SEOUL, KOREA',46,46,'2019-11-13 15:16:13','2019-11-13 15:16:13',NULL),(36,'CDG','PARIS, CHARLES DE GAULLE',46,46,'2019-11-20 15:59:01','2019-11-20 15:59:01',NULL),(37,'NRT','TOKYO, JEPUN',46,46,'2020-01-10 21:11:36','2020-01-10 21:11:36',NULL),(38,'MEL','MELBOURNE, AUSTRALIA',46,46,'2020-02-28 08:20:52','2020-02-28 08:20:52',NULL),(39,'NAN','NADI,FIJI',46,46,'2020-02-28 08:21:22','2020-02-28 08:21:22',NULL);

--
-- Table structure for table `ref_meeting_type`
--

CREATE TABLE `ref_meeting_type` (
  `meeting_type_id` int(11) NOT NULL AUTO_INCREMENT,
  `meeting_type_desc` varchar(255) DEFAULT NULL,
  `running_no` int(11) NOT NULL DEFAULT '0',
  `created_by` int(11) DEFAULT NULL,
  `updated_by` int(11) DEFAULT NULL,
  `created_at` timestamp NULL DEFAULT NULL,
  `updated_at` timestamp NOT NULL DEFAULT CURRENT_TIMESTAMP,
  `deleted_at` timestamp NULL DEFAULT NULL,
  PRIMARY KEY (`meeting_type_id`),
  KEY `idx_meetingtype_createdby` (`created_by`),
  KEY `idx_meetingtype_updatedby` (`updated_by`)
) ENGINE=InnoDB AUTO_INCREMENT=3 DEFAULT CHARSET=latin1;

--
-- Dumping data for table `ref_meeting_type`
--

INSERT INTO `ref_meeting_type` VALUES (1,'MESYUARAT SEBUT HARGA A',0,31,31,'2020-10-14 03:12:38','2020-10-14 03:12:38',NULL),(2,'MESYUARAT SEBUT HARGA B',0,31,31,'2020-10-14 03:13:00','2020-10-14 03:13:00',NULL);

--
-- Table structure for table `ref_meeting_year`
--

CREATE TABLE `ref_meeting_year` (
  `meeting_year_id` int(11) NOT NULL AUTO_INCREMENT,
  `meeting_type_id` int(11) NOT NULL,
  `running_no` int(11) NOT NULL DEFAULT '1',
  `meeting_year` char(4) NOT NULL,
  `created_at` timestamp NULL DEFAULT NULL,
  `updated_at` timestamp NOT NULL DEFAULT CURRENT_TIMESTAMP,
  `deleted_at` timestamp NULL DEFAULT NULL,
  PRIMARY KEY (`meeting_year_id`),
  KEY `idx_meetingyear_meetingtypeid_year` (`meeting_type_id`,`meeting_year`)
) ENGINE=InnoDB AUTO_INCREMENT=3 DEFAULT CHARSET=utf8mb4;

--
-- Dumping data for table `ref_meeting_year`
--

INSERT INTO `ref_meeting_year` VALUES (1,2,10,'2020','2020-11-26 06:22:19','2020-11-26 06:22:19',NULL),(2,1,10,'2020','2020-10-14 03:59:36','2020-10-14 03:59:36',NULL);

--
-- Table structure for table `ref_other_system`
--

CREATE TABLE `ref_other_system` (
  `other_system_id` int(11) NOT NULL AUTO_INCREMENT,
  `system_desc` varchar(200) DEFAULT NULL,
  `system_url` varchar(200) DEFAULT NULL,
  `autoauth_url` varchar(200) DEFAULT NULL,
  `authrecord_url` varchar(200) DEFAULT NULL,
  `dbconn_name` varchar(200) DEFAULT NULL,
  `app_key` varchar(255) DEFAULT NULL,
  `created_by` int(11) DEFAULT NULL,
  `updated_by` int(11) DEFAULT NULL,
  `created_at` timestamp NULL DEFAULT NULL,
  `updated_at` timestamp NOT NULL DEFAULT CURRENT_TIMESTAMP,
  `deleted_at` timestamp NULL DEFAULT NULL,
  PRIMARY KEY (`other_system_id`),
  KEY `idx_othersystem_createdby` (`created_by`),
  KEY `idx_othersystem_updatedby` (`updated_by`)
) ENGINE=InnoDB AUTO_INCREMENT=3 DEFAULT CHARSET=latin1;

--
-- Dumping data for table `ref_other_system`
--

INSERT INTO `ref_other_system` VALUES (1,'Sistem eRO','http://localhost/mpc_procurement/public/',NULL,'http://localhost/mpc_procurement/public/authrecord/','mysql_ero_dev','WbZ9A1IySqyMP63ch27cfWyQoWrfmyVpGjjjGCrPedw=',NULL,NULL,'2021-06-05 21:42:33','2021-06-05 21:42:33',NULL),(2,'Sistem eISO','http://localhost/mpc_iso/public/',NULL,'http://localhost/mpc_iso/public/authrecord/','sqlsrv','Lt/0QC0f8pSQ7dUCcOUecZReGP5MxemJOK0irq9pUBI=',NULL,NULL,'2021-06-05 21:42:33','2021-06-05 21:42:33',NULL);

--
-- Table structure for table `ref_payment_method`
--

CREATE TABLE `ref_payment_method` (
  `payment_method_id` int(11) NOT NULL AUTO_INCREMENT,
  `payment_method_desc` varchar(150) NOT NULL,
  `created_at` timestamp NULL DEFAULT NULL,
  `updated_at` timestamp NOT NULL DEFAULT CURRENT_TIMESTAMP,
  `deleted_at` timestamp NULL DEFAULT NULL,
  PRIMARY KEY (`payment_method_id`)
) ENGINE=InnoDB AUTO_INCREMENT=3 DEFAULT CHARSET=latin1;

--
-- Dumping data for table `ref_payment_method`
--

INSERT INTO `ref_payment_method` VALUES (1,'Kad Kredit','2019-03-23 19:32:36','2019-03-23 19:32:36',NULL),(2,'Waran','2019-03-23 19:32:43','2019-03-23 19:32:43',NULL);

--
-- Table structure for table `ref_pembangunan`
--

CREATE TABLE `ref_pembangunan` (
  `pembangunan_id` int(11) NOT NULL AUTO_INCREMENT,
  `pembangunan_desc` varchar(255) DEFAULT NULL,
  `created_by` int(11) DEFAULT NULL,
  `updated_by` int(11) DEFAULT NULL,
  `created_at` timestamp NULL DEFAULT NULL,
  `updated_at` timestamp NOT NULL DEFAULT CURRENT_TIMESTAMP,
  `deleted_at` timestamp NULL DEFAULT NULL,
  PRIMARY KEY (`pembangunan_id`)
) ENGINE=InnoDB AUTO_INCREMENT=33 DEFAULT CHARSET=latin1;

--
-- Dumping data for table `ref_pembangunan`
--

INSERT INTO `ref_pembangunan` VALUES (1,'NPDIR',2,2,'2019-03-21 19:39:55','2019-03-21 19:39:55',NULL),(2,'PPE',2,2,'2019-03-21 19:40:05','2019-03-21 19:40:05','2019-04-15 07:21:08'),(3,'MBR',2,2,'2019-03-21 19:40:09','2019-03-21 19:40:09',NULL),(4,'PTPS',2,2,'2019-03-21 19:40:22','2019-03-21 19:40:22',NULL),(5,'TEST123 DDDD',355,355,'2019-04-12 23:06:59','2019-04-12 23:07:06','2019-04-12 15:07:10'),(6,'T5-MPB',46,46,'2019-04-15 15:21:35','2019-04-15 15:21:35',NULL),(7,'NTM',46,46,'2019-04-15 15:21:55','2019-04-15 15:21:55',NULL),(8,'PKP',46,46,'2019-04-15 15:22:04','2019-04-15 15:22:04',NULL),(9,'SPN TOURISM',46,46,'2019-04-15 15:22:29','2019-04-15 15:22:29',NULL),(10,'SPN RETAIL',46,46,'2019-04-15 15:24:16','2019-04-15 15:24:16',NULL),(11,'SPN CHEMICAL',46,46,'2019-04-15 15:24:40','2019-04-15 15:24:40',NULL),(12,'SPN E & E',46,46,'2019-04-15 15:24:59','2019-04-15 15:24:59',NULL),(13,'SPN M & E',46,46,'2019-04-15 15:25:15','2019-04-15 15:25:15',NULL),(14,'SPN AGROFOOD',46,46,'2019-04-15 15:25:34','2019-04-15 15:25:34',NULL),(15,'SPN HEALTHCARE',46,46,'2019-04-15 15:25:44','2019-04-15 15:25:44',NULL),(16,'SPN PROF SERV',46,46,'2019-04-15 15:26:01','2019-04-15 15:26:01',NULL),(17,'SPN ICT',46,46,'2019-04-15 15:26:21','2019-04-15 15:26:21',NULL),(18,'SPPE',46,46,'2019-07-26 19:20:19','2019-07-26 19:20:19',NULL),(19,'CCI',46,46,'2019-07-26 20:53:35','2019-07-26 20:53:35',NULL),(20,'KLEMS - TFP',46,46,'2019-07-26 20:53:52','2019-07-26 20:53:52',NULL),(21,'EIIP',46,46,'2019-07-26 20:54:02','2019-07-26 20:54:02',NULL),(22,'MPB-EEPN',46,46,'2019-07-26 20:54:21','2019-07-26 20:54:21',NULL),(23,'MPB-CCPPN',46,46,'2019-07-26 20:56:50','2019-07-26 20:56:50',NULL),(24,'MPB-RFBPN',46,46,'2019-07-26 20:57:08','2019-07-26 20:57:08',NULL),(25,'MPB-TPN',46,46,'2019-07-26 20:57:27','2019-07-26 20:57:27',NULL),(26,'MPB AFPN',46,46,'2019-07-26 20:57:41','2019-07-26 20:57:41',NULL),(27,'MPB MEPN',46,46,'2019-07-26 20:57:54','2019-07-26 20:57:54',NULL),(28,'MPB PS',46,46,'2019-07-26 20:58:05','2019-07-26 20:58:05',NULL),(29,'MPB PH',46,46,'2019-07-26 20:58:16','2019-07-26 20:58:16',NULL),(30,'MPB ICTPN',46,46,'2019-10-30 14:27:13','2019-10-30 14:27:13',NULL),(31,'HRD',46,46,'2019-11-12 14:09:57','2019-11-12 14:09:57',NULL),(32,'BI (BEHAVIORAL INSIGHTS)',46,46,'2020-01-21 15:26:54','2020-01-21 15:26:54',NULL);

--
-- Table structure for table `ref_permohonan_doc`
--

CREATE TABLE `ref_permohonan_doc` (
  `permohonan_doc_id` int(11) NOT NULL AUTO_INCREMENT,
  `permohonan_doc_desc` varchar(200) DEFAULT NULL,
  `sort` int(11) DEFAULT NULL,
  `active_status` int(11) NOT NULL DEFAULT '1',
  `created_at` timestamp NULL DEFAULT NULL,
  `updated_at` timestamp NOT NULL DEFAULT CURRENT_TIMESTAMP,
  `deleted_at` timestamp NULL DEFAULT NULL,
  PRIMARY KEY (`permohonan_doc_id`)
) ENGINE=InnoDB AUTO_INCREMENT=32 DEFAULT CHARSET=latin1;

--
-- Dumping data for table `ref_permohonan_doc`
--

INSERT INTO `ref_permohonan_doc` VALUES (1,'BOM',4,1,'2020-07-23 10:13:10','2020-07-23 10:13:10',NULL),(2,'LPO untuk Pembekal',1,1,'2020-07-23 10:13:19','2020-07-23 10:13:19',NULL),(3,'Sebut Harga',5,1,'2020-07-23 10:13:29','2020-07-23 10:13:29',NULL),(4,'Keratan Minit Kelulusan BOM',6,1,'2020-07-23 10:13:39','2020-07-23 10:13:39',NULL),(5,'Anggaran perbelanjaan BOM yang diluluskan',7,1,'2020-07-23 10:13:48','2020-07-23 10:13:48',NULL),(6,'Sijil GST (Wajib)',8,1,'2020-07-23 10:14:01','2020-07-23 10:14:01',NULL),(7,'Lantikan perunding/ penceramah Tempatan/ Luar Negara (attachmentb)',12,0,'2020-07-23 10:14:44','2020-07-23 10:14:44',NULL),(8,'Kelulusan Kementerian Kewangan (MOF)',13,1,'2020-07-23 10:14:54','2020-07-23 10:14:54',NULL),(9,'PLPS',14,1,'2020-07-23 10:15:27','2020-07-23 10:15:27',NULL),(10,'Surat Setuju Terima (SST) (Wajib)',15,1,'2020-07-23 10:15:36','2020-07-23 10:15:36',NULL),(11,'Surat Lantikan (Wajib)',16,1,'2020-07-23 10:15:47','2020-07-23 10:15:47',NULL),(12,'Jadual Pembayaran',17,1,'2020-07-23 10:15:54','2020-07-23 10:15:54',NULL),(13,'Terms of Reference (TOR)',18,1,'2020-07-23 10:16:02','2020-07-23 10:16:02',NULL),(14,'Borang Lampiran B (sekiranya menggunakan khidmat kakitangan kerajaan)',19,1,'2020-07-23 10:16:09','2020-07-23 10:16:09',NULL),(15,'Invois (bagi bayaran yang dibuat secara telegraphic transfer (TT) kepada pembekal di luar negara)',20,1,'2020-07-23 10:16:20','2020-07-23 10:16:20',NULL),(16,'Perolehan melalui Sebut harga B (> RM20K) / Sebut harga A (> RM50K) / Tender (>RM500K) (attachmentc)',21,0,'2020-07-23 10:16:29','2020-07-23 10:16:29',NULL),(17,'Surat Setuju Terima (SST) (Perolehan melalui Sebut harga B (> RM20K) / Sebut harga A (> RM50K) / Tender (>RM500K))',22,1,'2020-07-23 10:16:41','2020-07-23 10:16:41',NULL),(18,'Keputusan Mesyuarat sebut harga/ Lembaga Perolehan',23,1,'2020-07-23 10:16:50','2020-07-23 10:16:50',NULL),(19,'Surat Lantikan (Perolehan melalui Sebut harga B (> RM20K) / Sebut harga A (> RM50K) / Tender (>RM500K))',24,1,'2020-07-23 10:16:57','2020-07-23 10:16:57',NULL),(20,'Teknikal / Penyelenggaraan (attachmentd)',25,0,'2020-07-23 10:17:03','2020-07-23 10:17:03',NULL),(21,'Laporan penyelenggaraan yang disahkan',26,1,'2020-07-23 10:17:11','2020-07-23 10:17:11',NULL),(22,'Kontrak (Salinan)',27,1,'2020-07-23 10:17:17','2020-07-23 10:17:17',NULL),(23,'Makanan (attachmente)',28,0,'2020-07-23 10:17:24','2020-07-23 10:17:24',NULL),(24,'Senarai nama peserta bengkel/ ceramah/ taklimat',29,1,'2020-07-23 10:17:32','2020-07-23 10:17:32',NULL),(25,'Tentatif program',30,1,'2020-07-23 10:17:40','2020-07-23 10:17:40',NULL),(26,'Penginapan Hotel/Tiket Penerbangan (attachmenta)',9,0,'2020-07-23 10:14:09','2020-07-23 10:14:09',NULL),(27,'Senarai Nama Penginap',10,1,'2020-07-23 10:14:24','2020-07-23 10:14:24',NULL),(28,'Senarai Nama Tiket Kapal Terbang',11,1,'2020-07-23 10:14:40','2020-07-23 10:14:40',NULL),(30,'LPO untuk Bhg Kewangan',2,1,'2020-07-23 10:17:53','2020-07-23 10:17:53',NULL),(31,'Invoice untuk Bhg Kewangan',3,1,'2020-07-23 10:18:06','2020-07-23 10:18:06',NULL);

--
-- Table structure for table `ref_program`
--

CREATE TABLE `ref_program` (
  `program_id` int(11) NOT NULL AUTO_INCREMENT,
  `project_category_id` int(11) NOT NULL,
  `program_code` char(10) DEFAULT NULL,
  `program_desc` varchar(255) DEFAULT NULL,
  `created_by` int(11) DEFAULT NULL,
  `updated_by` int(11) DEFAULT NULL,
  `created_at` timestamp NULL DEFAULT NULL,
  `updated_at` timestamp NOT NULL DEFAULT CURRENT_TIMESTAMP,
  `deleted_at` timestamp NULL DEFAULT NULL,
  PRIMARY KEY (`program_id`),
  KEY `idx_program_main` (`project_category_id`),
  KEY `idx_program_code` (`program_code`),
  KEY `idx_program_createdby` (`created_by`),
  KEY `idx_program_updatedby` (`updated_by`)
) ENGINE=InnoDB AUTO_INCREMENT=448 DEFAULT CHARSET=latin1;

--
-- Dumping data for table `ref_program`
--

INSERT INTO `ref_program` VALUES (1,1,'AG001','AMALAN BAIK PERATURAN (GRP)',2,2,'2021-03-16 15:24:56','2021-03-16 15:24:56',NULL),(2,1,'AG002','REGULATORY PROPOSAL/ NOTIFICATION2',2,2,'2021-03-16 15:24:56','2021-05-29 17:12:06',NULL),(3,1,'AG003','REGULATORY IMPACT ANALYSIS/ STATEMENT',2,2,'2021-03-16 15:24:56','2021-03-16 15:24:56',NULL),(4,1,'AG004','PUBLIC CONSULTATION/ STAKEHOLDER CONSULTATION/ENGAGEMENT',2,2,'2021-03-16 15:24:56','2021-03-16 15:24:56',NULL),(5,1,'AG005','COST BENEFIT ANALYSIS',2,2,'2021-03-16 15:24:56','2021-03-16 15:24:56',NULL),(6,1,'AG006','IMPACT ANALYSIS',2,2,'2021-03-16 15:24:56','2021-03-16 15:24:56',NULL),(7,1,'AG007','STANDARD COST MODEL',2,2,'2021-03-16 15:24:56','2021-03-16 15:24:56',NULL),(8,1,'AG008','MEASURING REGULATORY/ COMPLIANCE COST',2,2,'2021-03-16 15:24:56','2021-03-16 15:24:56',NULL),(9,1,'AG009','POST IMPLEMENTATION REVIEW',2,2,'2021-03-16 15:24:56','2021-03-16 15:24:56',NULL),(10,1,'AG010','PERFORMANCE/ OUTCOME-BASED REGULATION',2,2,'2021-03-16 15:24:56','2021-03-16 15:24:56',NULL),(11,1,'AG011','MANAGEMENT-BASED REGULATIONS',2,2,'2021-03-16 15:24:56','2021-03-16 15:24:56',NULL),(12,1,'AG012','REGULATORY EXPERIMENTS',2,2,'2021-03-16 15:24:56','2021-03-16 15:24:56',NULL),(13,1,'AG013','REGULATORY SANDBOX',2,2,'2021-03-16 15:24:56','2021-03-16 15:24:56',NULL),(14,1,'AG014','ADAPTIVE REGULATION',2,2,'2021-03-16 15:24:56','2021-03-16 15:24:56',NULL),(15,1,'AG015','COMPETITION IMPACT ANALYSIS',2,2,'2021-03-16 15:24:56','2021-03-16 15:24:56',NULL),(16,1,'AG016','SMES IMPACT ANALYSIS',2,2,'2021-03-16 15:24:56','2021-03-16 15:24:56',NULL),(17,1,'AG017','SOCIAL IMPACT ANALYSIS',2,2,'2021-03-16 15:24:56','2021-03-16 15:24:56',NULL),(18,1,'AG018','ENVIRONMENT IMPACT ANALYSIS',2,2,'2021-03-16 15:24:56','2021-03-16 15:24:56',NULL),(19,1,'AG019','POLICY IMPACT ANALYSIS',2,2,'2021-03-16 15:24:56','2021-03-16 15:24:56',NULL),(20,1,'AG020','SELF-REGULATION',2,2,'2021-03-16 15:24:56','2021-03-16 15:24:56',NULL),(21,1,'AG021','CO-REGULATION',2,2,'2021-03-16 15:24:56','2021-03-16 15:24:56',NULL),(22,1,'AG022','RISK-BASED REGULATION',2,2,'2021-03-16 15:24:56','2021-03-16 15:24:56',NULL),(23,1,'AG023','INTERNATIONAL REGULATORY COOPERATION',2,2,'2021-03-16 15:24:56','2021-03-16 15:24:56',NULL),(24,1,'AG024','REGULATORY DELIVERY',2,2,'2021-03-16 15:24:56','2021-03-16 15:24:56',NULL),(25,1,'AG025','AGILE REGULATION',2,2,'2021-03-16 15:24:56','2021-03-16 15:24:56',NULL),(26,1,'AG026','REGULATORY-BASED TECHNOLOGY',2,2,'2021-03-16 15:24:56','2021-03-16 15:24:56',NULL),(27,1,'AG027','REGULATORY POLICY/ SYSTEM MANAGEMENT (GOOD REGULATORY PRACTICE POLICY REGULATORY COORDINATOR ETC.)',2,2,'2021-03-16 15:24:56','2021-03-16 15:24:56',NULL),(28,1,'AG028','MULTI CRITERIA ANALYSIS',2,2,'2021-03-16 15:24:56','2021-03-16 15:24:56',NULL),(29,1,'AG029','COST EFFECTIVE ANALYSIS',2,2,'2021-03-16 15:24:56','2021-03-16 15:24:56',NULL),(30,1,'AG030','REGULATORY GOVERNANCE',2,2,'2021-03-16 15:24:56','2021-03-16 15:24:56',NULL),(31,1,'AG031','RISK-BASED ANALYSIS',2,2,'2021-03-16 15:24:56','2021-03-16 15:24:56',NULL),(32,1,'AG032','INTERNATIONAL REGULATORY MANAGEMENT (EXAMPLE: ASIA-PACIFIC ECONOMIC COOPERATION (APEC) / ASSOCIATION OF SOUTHEAST ASIAN NATIONS (ASEAN) / ORGANISATION FOR ECONOMIC CO-OPERATION AND DEVELOPMENT (OECD)',2,2,'2021-03-16 15:24:56','2021-03-16 15:24:56',NULL),(33,1,'AG033','CUTTING RED TAPE',2,2,'2021-03-16 15:24:56','2021-03-16 15:24:56',NULL),(34,1,'AG034','REGULATORY MAPPING',2,2,'2021-03-16 15:24:56','2021-03-16 15:24:56',NULL),(35,1,'AG035','REGULATORY FRAMEWORK',2,2,'2021-03-16 15:24:56','2021-03-16 15:24:56',NULL),(36,1,'AG036','REGULATORY DESIGN',2,2,'2021-03-16 15:24:56','2021-03-16 15:24:56',NULL),(37,1,'AG037','REVIEW EXISTING REGULATION',2,2,'2021-03-16 15:24:56','2021-03-16 15:24:56',NULL),(38,1,'AG038','REGULATORY REFORM',2,2,'2021-03-16 15:24:56','2021-03-16 15:24:56',NULL),(39,1,'AG039','NON -TARIFF MEASURES (NTM) REFORM',2,2,'2021-03-16 15:24:56','2021-03-16 15:24:56',NULL),(40,1,'AG040','LICENSING REFORM',2,2,'2021-03-16 15:24:57','2021-03-16 15:24:57',NULL),(41,1,'AG041','BUSINESS REGULATION',2,2,'2021-03-16 15:24:57','2021-03-16 15:24:57',NULL),(42,1,'AG042','IMPROVE LICENSING TRANSPARENCY',2,2,'2021-03-16 15:24:57','2021-03-16 15:24:57',NULL),(43,1,'AG043','BUSINESS LICENSING GUIDELINE',2,2,'2021-03-16 15:24:57','2021-03-16 15:24:57',NULL),(44,1,'AG044','REDUCING REGULATORY BURDEN',2,2,'2021-03-16 15:24:57','2021-03-16 15:24:57',NULL),(45,1,'AG045','MONITORING & EVALUATION FRAMEWORK',2,2,'2021-03-16 15:24:57','2021-03-16 15:24:57',NULL),(46,1,'AG046','DEREGULATION',2,2,'2021-03-16 15:24:57','2021-03-16 15:24:57',NULL),(47,1,'AG047','ANALYSIS VERIFICATION',2,2,'2021-03-16 15:24:57','2021-03-16 15:24:57',NULL),(48,1,'AG048','ISSUE PAPER',2,2,'2021-03-16 15:24:57','2021-03-16 15:24:57',NULL),(49,1,'AG049','LAW',2,2,'2021-03-16 15:24:57','2021-03-16 15:24:57',NULL),(50,1,'AG050','ECONOMY',2,2,'2021-03-16 15:24:57','2021-03-16 15:24:57',NULL),(51,1,'AG051','HEALTHCARE',2,2,'2021-03-16 15:24:57','2021-03-16 15:24:57',NULL),(52,1,'AG052','CONSTRUCTION',2,2,'2021-03-16 15:24:57','2021-03-16 15:24:57',NULL),(53,1,'AG053','LABOUR',2,2,'2021-03-16 15:24:57','2021-03-16 15:24:57',NULL),(54,1,'AG054','IMMIGRATION',2,2,'2021-03-16 15:24:57','2021-03-16 15:24:57',NULL),(55,1,'AG055','TOURISM',2,2,'2021-03-16 15:24:57','2021-03-16 15:24:57',NULL),(56,1,'AG056','DIGITAL',2,2,'2021-03-16 15:24:57','2021-03-16 15:24:57',NULL),(57,2,'AB057','BEHAVIOURAL INSIGHTS FRAMEWORK CRITERIA: DEFINE',2,2,'2021-03-16 15:24:57','2021-03-16 15:24:57',NULL),(58,2,'AB058','BEHAVIOURAL INSIGHTS FRAMEWORK CRITERIA: RESEARCH',2,2,'2021-03-16 15:24:57','2021-03-16 15:24:57',NULL),(59,2,'AB059','BEHAVIOURAL INSIGHTS FRAMEWORK CRITERIA: INTERVENTION',2,2,'2021-03-16 15:24:57','2021-03-16 15:24:57',NULL),(60,2,'AB060','BEHAVIOURAL INSIGHTS FRAMEWORK CRITERIA: VALIDATE',2,2,'2021-03-16 15:24:57','2021-03-16 15:24:57',NULL),(61,2,'AB061','BEHAVIOURAL INSIGHTS FRAMEWORK CRITERIA: EXPAND',2,2,'2021-03-16 15:24:57','2021-03-16 15:24:57',NULL),(62,2,'AB062','BEHAVIOURAL INSIGHTS GUIDELINES',2,2,'2021-03-16 15:24:57','2021-03-16 15:24:57',NULL),(63,2,'AB063','BEHAVIOURAL INSIGHTS BENCHMARKING PROJECT',2,2,'2021-03-16 15:24:57','2021-03-16 15:24:57',NULL),(64,2,'AB064','BEHAVIOURAL INSIGHTS BASELINE STUDY',2,2,'2021-03-16 15:24:57','2021-03-16 15:24:57',NULL),(65,2,'AB065','BEHAVIOURAL INSIGHTS CONFERENCE/ WORKSHOP/SEMINAR/ RTD/ FGD',2,2,'2021-03-16 15:24:57','2021-03-16 15:24:57',NULL),(66,2,'AB066','BEHAVIOURAL INSIGHTS TRAINING MODULE - BEGINNER',2,2,'2021-03-16 15:24:57','2021-03-16 15:24:57',NULL),(67,2,'AB067','BEHAVIOURAL INSIGHTS TRAINING MODULE - INTERMEDIATE',2,2,'2021-03-16 15:24:57','2021-03-16 15:24:57',NULL),(68,2,'AB068','BEHAVIOURAL INSIGHTS TRAINING MODULE - ADVANCED',2,2,'2021-03-16 15:24:57','2021-03-16 15:24:57',NULL),(69,2,'AB069','COMPETENCY DEVELOPMENT FOR BEHAVIOURAL - INSIGHTS PRACTITIONERS',2,2,'2021-03-16 15:24:57','2021-03-16 15:24:57',NULL),(70,2,'AB070','COMPETENCY DEVELOPMENT FOR BEHAVIOURAL - INSIGHTS TRAINERS/ CONSULTANTS',2,2,'2021-03-16 15:24:57','2021-03-16 15:24:57',NULL),(71,2,'AB071','BEHAVIOURAL INSIGHTS TOOLKITS',2,2,'2021-03-16 15:24:57','2021-03-16 15:24:57',NULL),(72,2,'AB072','DATA PROFILING DOCUMENTATION FOR BEHAVIOURAL - INSIGHTS',2,2,'2021-03-16 15:24:57','2021-03-16 15:24:57',NULL),(73,2,'AB073','BEHAVIOURAL INSIGHTS DOCUMENTATION FOR GOVERNMENT',2,2,'2021-03-16 15:24:57','2021-03-16 15:24:57',NULL),(74,2,'AB074','BEHAVIOURAL INSIGHTS PROJECT MANAGEMENT',2,2,'2021-03-16 15:24:57','2021-03-16 15:24:57',NULL),(75,2,'AB075','APPLICATION OF NUDGE THEORY',2,2,'2021-03-16 15:24:57','2021-03-16 15:24:57',NULL),(76,3,'AC076','ECONOMIC PERFORMANCE: DOMESTIC ECONOMY',2,2,'2021-03-16 15:24:57','2021-03-16 15:24:57',NULL),(77,3,'AC077','ECONOMIC PERFORMANCE: INTERNATIONAL TRADE',2,2,'2021-03-16 15:24:57','2021-03-16 15:24:57',NULL),(78,3,'AC078','ECONOMIC PERFORMANCE: INTERNATIONAL INVESTMENT',2,2,'2021-03-16 15:24:57','2021-03-16 15:24:57',NULL),(79,3,'AC079','ECONOMIC PERFORMANCE: EMPLOYMENT',2,2,'2021-03-16 15:24:57','2021-03-16 15:24:57',NULL),(80,3,'AC080','ECONOMIC PERFORMANCE: PRICES',2,2,'2021-03-16 15:24:57','2021-03-16 15:24:57',NULL),(81,3,'AC081','GOVERNMENT EFFICIENCY: PUBLIC FINANCE',2,2,'2021-03-16 15:24:57','2021-03-16 15:24:57',NULL),(82,3,'AC082','GOVERNMENT EFFICIENCY: TAX POLICY',2,2,'2021-03-16 15:24:57','2021-03-16 15:24:57',NULL),(83,3,'AC083','GOVERNMENT EFFICIENCY: INSTITUTIONAL FRAMEWORK',2,2,'2021-03-16 15:24:57','2021-03-16 15:24:57',NULL),(84,3,'AC084','GOVERNMENT EFFICIENCY: BUSINESS LEGISLATION',2,2,'2021-03-16 15:24:57','2021-03-16 15:24:57',NULL),(85,3,'AC085','GOVERNMENT EFFICIENCY: SOCIETAL FRAMEWORK',2,2,'2021-03-16 15:24:57','2021-03-16 15:24:57',NULL),(86,3,'AC086','BUSINESS EFFICIENCY: PRODUCTIVITY & EFFICIENCY',2,2,'2021-03-16 15:24:57','2021-03-16 15:24:57',NULL),(87,3,'AC087','BUSINESS EFFICIENCY: LABOR MARKET',2,2,'2021-03-16 15:24:57','2021-03-16 15:24:57',NULL),(88,3,'AC088','BUSINESS EFFICIENCY: FINANCE',2,2,'2021-03-16 15:24:57','2021-03-16 15:24:57',NULL),(89,3,'AC089','BUSINESS EFFICIENCY: MANAGEMENT PRACTICES',2,2,'2021-03-16 15:24:57','2021-03-16 15:24:57',NULL),(90,3,'AC090','BUSINESS EFFICIENCY: ATTITUDES & VALUES',2,2,'2021-03-16 15:24:57','2021-03-16 15:24:57',NULL),(91,3,'AC091','INFRASTRUCTURE: BASIC INFRASTRUCTURE',2,2,'2021-03-16 15:24:57','2021-03-16 15:24:57',NULL),(92,3,'AC092','INFRASTRUCTURE: TECHNOLOGICAL INFRASTRUCTURE',2,2,'2021-03-16 15:24:57','2021-03-16 15:24:57',NULL),(93,3,'AC093','INFRASTRUCTURE: SCIENTIFIC INFRASTRUCTURE',2,2,'2021-03-16 15:24:57','2021-03-16 15:24:57',NULL),(94,3,'AC094','INFRASTRUCTURE: HEALTH & ENVIRONMENT',2,2,'2021-03-16 15:24:57','2021-03-16 15:24:57',NULL),(95,3,'AC095','INFRASTRUCTURE: EDUCATION',2,2,'2021-03-16 15:24:57','2021-03-16 15:24:57',NULL),(96,3,'AC096','ENABLING ENVIRONMENT: INSTITUTIONS',2,2,'2021-03-16 15:24:57','2021-03-16 15:24:57',NULL),(97,3,'AC097','ENABLING ENVIRONMENT: INFRASTRUCTURE',2,2,'2021-03-16 15:24:57','2021-03-16 15:24:57',NULL),(98,3,'AC098','ENABLING ENVIRONMENT: ICT ADOPTION',2,2,'2021-03-16 15:24:57','2021-03-16 15:24:57',NULL),(99,3,'AC099','ENABLING ENVIRONMENT: MACROECONOMIC STABILITY',2,2,'2021-03-16 15:24:57','2021-03-16 15:24:57',NULL),(100,3,'AC100','HUMAN CAPITAL: HEALTH',2,2,'2021-03-16 15:24:57','2021-03-16 15:24:57',NULL),(101,3,'AC101','HUMAN CAPITAL: SKILLS',2,2,'2021-03-16 15:24:57','2021-03-16 15:24:57',NULL),(102,3,'AC102','MARKETS: PRODUCT MARKET',2,2,'2021-03-16 15:24:57','2021-03-16 15:24:57',NULL),(103,3,'AC103','MARKETS: LABOR MARKET',2,2,'2021-03-16 15:24:57','2021-03-16 15:24:57',NULL),(104,3,'AC104','MARKETS: FINANCIAL MARKET',2,2,'2021-03-16 15:24:57','2021-03-16 15:24:57',NULL),(105,3,'AC105','MARKETS: MARKET SIZE',2,2,'2021-03-16 15:24:57','2021-03-16 15:24:57',NULL),(106,3,'AC106','INNOVATION ECOSYSTEM: BUSINESS DYNAMISM',2,2,'2021-03-16 15:24:57','2021-03-16 15:24:57',NULL),(107,3,'AC107','INNOVATION ECOSYSTEM: INNOVATION CAPABILITY',2,2,'2021-03-16 15:24:57','2021-03-16 15:24:57',NULL),(108,3,'AC108','STARTING A BUSINESS',2,2,'2021-03-16 15:24:57','2021-03-16 15:24:57',NULL),(109,3,'AC109','DEALING WITH CONSTRUCTION PERMITS',2,2,'2021-03-16 15:24:57','2021-03-16 15:24:57',NULL),(110,3,'AC110','GETTING ELECTRICITY',2,2,'2021-03-16 15:24:57','2021-03-16 15:24:57',NULL),(111,3,'AC111','REGISTERING PROPERTY',2,2,'2021-03-16 15:24:57','2021-03-16 15:24:57',NULL),(112,3,'AC112','GETTING CREDIT',2,2,'2021-03-16 15:24:57','2021-03-16 15:24:57',NULL),(113,3,'AC113','PROTECTING MINORITY INVESTORS',2,2,'2021-03-16 15:24:57','2021-03-16 15:24:57',NULL),(114,3,'AC114','PAYING TAXES',2,2,'2021-03-16 15:24:57','2021-03-16 15:24:57',NULL),(115,3,'AC115','TRADING ACROSS BORDERS',2,2,'2021-03-16 15:24:57','2021-03-16 15:24:57',NULL),(116,3,'AC116','ENFORCING CONTRACTS',2,2,'2021-03-16 15:24:57','2021-03-16 15:24:57',NULL),(117,3,'AC117','RESOLVING INSOLVENCY',2,2,'2021-03-16 15:24:57','2021-03-16 15:24:57',NULL),(118,3,'AC118','EMPLOYING WORKERS',2,2,'2021-03-16 15:24:57','2021-03-16 15:24:57',NULL),(119,3,'AC119','CONTRACTING WITH THE GOVERNMENT',2,2,'2021-03-16 15:24:57','2021-03-16 15:24:57',NULL),(120,3,'AC120','E-PAYMENT',2,2,'2021-03-16 15:24:57','2021-03-16 15:24:57',NULL),(121,4,'AE121','PRODUCTIVITY-LINKED WAGE SYSTEM ASSESSMENT TOOLS',2,2,'2021-03-16 15:24:57','2021-03-16 15:24:57',NULL),(122,4,'AE122','PRODUCTIVITY-LINKED WAGE SYSTEM TRAINING MODULE – BEGINNER (IMPROVE PRODUCTIVITY THROUGH PRODUCTIVITY – LINKED WAGE SYSTEM (PLWS)',2,2,'2021-03-16 15:24:57','2021-03-16 15:24:57',NULL),(123,4,'AE123','PRODUCTIVITY-LINKED WAGE SYSTEM – INTERMEDIATE (MASTER ON PRODUCTIVITY- LINKED WAGE SYSTEM (PLWS)',2,2,'2021-03-16 15:24:57','2021-03-16 15:24:57',NULL),(124,4,'AE124','PRODUCTIVITY-LINKED WAGE SYSTEM – ADVANCED (CHAMPION ON PRODUCTIVITY-LINKED WAGE SYSTEM (PLWS)',2,2,'2021-03-16 15:24:57','2021-03-16 15:24:57',NULL),(125,4,'AE125','CIRCULAR ECONOMY APPLICATION IN INDUSTRY',2,2,'2021-03-16 15:24:57','2021-03-16 15:24:57',NULL),(126,4,'AE126','CIRCULAR ECONOMY & BUSINESS SUSTAINABILITY ASSESSMENT TOOLS',2,2,'2021-03-16 15:24:57','2021-03-16 15:24:57',NULL),(127,5,'B001','BUSINESS EXCELLENCE CRITERIA: LEADERSHIP',2,2,'2021-03-16 15:26:47','2021-03-16 15:26:47',NULL),(128,5,'B002','BUSINESS EXCELLENCE CRITERIA: PLANNING',2,2,'2021-03-16 15:26:47','2021-03-16 15:26:47',NULL),(129,5,'B003','BUSINESS EXCELLENCE CRITERIA: INFORMATION',2,2,'2021-03-16 15:26:47','2021-03-16 15:26:47',NULL),(130,5,'B004','BUSINESS EXCELLENCE CRITERIA: CUSTOMER',2,2,'2021-03-16 15:26:47','2021-03-16 15:26:47',NULL),(131,5,'B005','BUSINESS EXCELLENCE CRITERIA: PEOPLE',2,2,'2021-03-16 15:26:47','2021-03-16 15:26:47',NULL),(132,5,'B006','BUSINESS EXCELLENCE CRITERIA: PROCESS',2,2,'2021-03-16 15:26:47','2021-03-16 15:26:47',NULL),(133,5,'B007','BENCHMARKING FOR BUSINESS EXCELLENCE',2,2,'2021-03-16 15:26:47','2021-03-16 15:26:47',NULL),(134,5,'B008','AMALAN KAIZEN BAGI MENINGKATKAN KECEKAPAN PROSES',2,2,'2021-03-16 15:26:47','2021-03-16 15:26:47',NULL),(135,5,'B009','ADVANCED KAIZEN',2,2,'2021-03-16 15:26:47','2021-03-16 15:26:47',NULL),(136,5,'B010','CONTINUOUS IMPROVEMENT THROUGH KAIZEN',2,2,'2021-03-16 15:26:47','2021-03-16 15:26:47',NULL),(137,5,'B011','PENGURUSAN LEAN/ LEAN MANUFACTURING',2,2,'2021-03-16 15:26:47','2021-03-16 15:26:47',NULL),(138,5,'B012','LEAN SIX SIGMA',2,2,'2021-03-16 15:26:47','2021-03-16 15:26:47',NULL),(139,5,'B013','VALUE STREAM MAPPING (VSM)',2,2,'2021-03-16 15:26:47','2021-03-16 15:26:47',NULL),(140,5,'B014','MAPPING PROCESS PROBLEM AND SOLUTION',2,2,'2021-03-16 15:26:47','2021-03-16 15:26:47',NULL),(141,5,'B015','STATISTICAL PROCESS CONTROL (SPC)',2,2,'2021-03-16 15:26:47','2021-03-16 15:26:47',NULL),(142,5,'B016','TOTAL QUALITY MANAGEMENT (TQM)',2,2,'2021-03-16 15:26:47','2021-03-16 15:26:47',NULL),(143,5,'B017','BALANCE SCORECARD',2,2,'2021-03-16 15:26:48','2021-03-16 15:26:48',NULL),(144,5,'B018','PENGURUSAN KEWANGAN DAN ANALISIS PRODUKTIVITI',2,2,'2021-03-16 15:26:48','2021-03-16 15:26:48',NULL),(145,5,'B019','AMALAN PERSEKITARAN BERKUALITI (5S/QE) YANG EFEKTIF',2,2,'2021-03-16 15:26:48','2021-03-16 15:26:48',NULL),(146,5,'B020','AUDIT DALAMAN PERSEKITARAN BERKUALITI (5S/QE)',2,2,'2021-03-16 15:26:48','2021-03-16 15:26:48',NULL),(147,5,'B021','KRITERIA AUDIT PERSEKITARAN BERKUALITI (5S/QE)',2,2,'2021-03-16 15:26:48','2021-03-16 15:26:48',NULL),(148,5,'B022','5S SPECIALIST',2,2,'2021-03-16 15:26:48','2021-03-16 15:26:48',NULL),(149,5,'B023','PENYEDIAAN DOKUMENTASI MANUAL 5S/QE',2,2,'2021-03-16 15:26:48','2021-03-16 15:26:48',NULL),(150,5,'B024','DOKUMENTASI UNTUK PENGAUDITAN AMALAN 5S',2,2,'2021-03-16 15:26:48','2021-03-16 15:26:48',NULL),(151,5,'B025','PENGURUSAN FAIL DAN REKOD MELALUI SISTEM 5S',2,2,'2021-03-16 15:26:48','2021-03-16 15:26:48',NULL),(152,5,'B026','PENGURUSAN STOR & STOK MELALUI SISTEM 5S',2,2,'2021-03-16 15:26:48','2021-03-16 15:26:48',NULL),(153,5,'B027','PENGURUSAN STOR & STOK YANG EFEKTIF',2,2,'2021-03-16 15:26:48','2021-03-16 15:26:48',NULL),(154,5,'B028','PENGURUSAN PELUPUSAN FAIL DAN REKOD YANG TIDAK AKTIF',2,2,'2021-03-16 15:26:48','2021-03-16 15:26:48',NULL),(155,5,'B029','BUSINESS EXCELLENCE FOR PRACTITIONER',2,2,'2021-03-16 15:26:48','2021-03-16 15:26:48',NULL),(156,5,'B030','BUSINESS EXCELLENCE FOR ASSESSOR',2,2,'2021-03-16 15:26:48','2021-03-16 15:26:48',NULL),(157,5,'B031','BUSINESS EXCELLENCE FOR CONSULTANT',2,2,'2021-03-16 15:26:48','2021-03-16 15:26:48',NULL),(158,5,'B032','ORGANISATIONAL PROFILE FOR BUSINESS EXCELLENCE',2,2,'2021-03-16 15:26:48','2021-03-16 15:26:48',NULL),(159,5,'B033','BUSINESS EXCELLENCE ASSESSMENT REPORT WRITING FOR ASSESSOR',2,2,'2021-03-16 15:26:48','2021-03-16 15:26:48',NULL),(160,5,'B034','BUSINESS EXCELLENCE DOCUMENTATION FOR ORGANISATION',2,2,'2021-03-16 15:26:48','2021-03-16 15:26:48',NULL),(161,5,'B035','BUSINESS EXCELLENCE DOCUMENTATION FOR AWARD APPLICANTS',2,2,'2021-03-16 15:26:48','2021-03-16 15:26:48',NULL),(162,5,'B036','EFFECTIVE 5S AND LEAN MANAGEMENT IMPLEMENTATION FOR I4.0 ADOPTION',2,2,'2021-03-16 15:26:48','2021-03-16 15:26:48',NULL),(163,5,'B037','KEY PERFORMANCE INDICATOR (KPI/KRA)',2,2,'2021-03-16 15:26:48','2021-03-16 15:26:48',NULL),(164,5,'B038','PENGUKURAN PRODUKTIVITI (COMPASS)',2,2,'2021-03-16 15:26:48','2021-03-16 15:26:48',NULL),(165,5,'B039','PRODUCTIVITY LINKED-WAGE SYSTEM (PLWS)',2,2,'2021-03-16 15:26:48','2021-03-16 15:26:48',NULL),(166,5,'B040','TOTAL PREVENTIVE MAINTENANCE (TPM)',2,2,'2021-03-16 15:26:48','2021-03-16 15:26:48',NULL),(167,5,'B041','MATERIAL FLOW COST ACCOUNTING (MFCA)',2,2,'2021-03-16 15:26:48','2021-03-16 15:26:48',NULL),(168,5,'B042','FAILURE MODE & EFFECT ANALYSIS (FMEA)',2,2,'2021-03-16 15:26:48','2021-03-16 15:26:48',NULL),(169,5,'B043','SUPPLY CHAIN SUSTAINABILITY',2,2,'2021-03-16 15:26:48','2021-03-16 15:26:48',NULL),(170,5,'B044','SUSTAINABILITY IN BUSINESS PROCESS MANAGEMENT',2,2,'2021-03-16 15:26:48','2021-03-16 15:26:48',NULL),(171,5,'B045','INDUSTRIAL SUSTAINABILITY',2,2,'2021-03-16 15:26:48','2021-03-16 15:26:48',NULL),(172,5,'B046','EFFECTIVE COMMUNICATION FOR BUSINESS EXCELLENCE',2,2,'2021-03-16 15:26:48','2021-03-16 15:26:48',NULL),(173,5,'B047','WORKSHOP ON REDUCING ORGANISATIONAL RISK THROUGH EFFECTIVE, RELIABLE DATA AND INFORMATION',2,2,'2021-03-16 15:26:48','2021-03-16 15:26:48',NULL),(174,5,'B048','PROCESS IMPROVEMENT THROUGH LEAN TECHNIQUES',2,2,'2021-03-16 15:26:48','2021-03-16 15:26:48',NULL),(175,5,'B049','ELIMINATING WASTES THROUGH LEAN PRACTICES',2,2,'2021-03-16 15:26:48','2021-03-16 15:26:48',NULL),(176,5,'B050','IMPROVING QUALITY AND PRODUCTIVITY THROUGH LEAN PRODUCTION',2,2,'2021-03-16 15:26:48','2021-03-16 15:26:48',NULL),(177,5,'B051','CERTIFIED PRODUCTIVITY SPECIALIST',2,2,'2021-03-16 15:26:48','2021-03-16 15:26:48',NULL),(178,5,'B052','PRODUCTIVITY GAIN MEASUREMENT',2,2,'2021-03-16 15:26:48','2021-03-16 15:26:48',NULL),(179,5,'B053','MASTERING “DESIGN THINKING” FOR HIGHER RESULT',2,2,'2021-03-16 15:26:48','2021-03-16 15:26:48',NULL),(180,5,'B054','EFFECTIVE TOTAL PRODUCTIVE MAINTENANCE (TPM) FOR SMART MANUFACTURING',2,2,'2021-03-16 15:26:48','2021-03-16 15:26:48',NULL),(181,5,'B055','RISK MANAGEMENT PROFILE AND CHANGE MANAGEMENT FOR BETTER GOVERNANCE',2,2,'2021-03-16 15:26:48','2021-03-16 15:26:48',NULL),(182,5,'B056','WASTE & ROOT CAUSE ANALYSIS FOR LEAN MANAGEMENT IMPLEMENTATION',2,2,'2021-03-16 15:26:48','2021-03-16 15:26:48',NULL),(183,5,'B057','ELIMINATING WASTES THROUGH PRODUCTIVITY TOOLS & TECHNIQUES',2,2,'2021-03-16 15:26:48','2021-03-16 15:26:48',NULL),(184,5,'B058','ANALISA KOS DAN DASAR PENENTUAN HARGA',2,2,'2021-03-16 15:26:48','2021-03-16 15:26:48',NULL),(185,5,'B059','STRATEGI MEMULAKAN PERNIAGAAN',2,2,'2021-03-16 15:26:48','2021-03-16 15:26:48',NULL),(186,5,'B060','PEMBANGUNAN KEUSAHAWANAN',2,2,'2021-03-16 15:26:48','2021-03-16 15:26:48',NULL),(187,5,'B061','STRATEGIC MARKETING',2,2,'2021-03-16 15:26:48','2021-03-16 15:26:48',NULL),(188,5,'B062','LEARN MARKETING SKILLS',2,2,'2021-03-16 15:26:48','2021-03-16 15:26:48',NULL),(189,5,'B063','MARKETING COMMUNICATION AND CONSUMER BEHAVIOUR',2,2,'2021-03-16 15:26:48','2021-03-16 15:26:48',NULL),(190,5,'B064','STRATEGIC BRAND MANAGEMENT',2,2,'2021-03-16 15:26:48','2021-03-16 15:26:48',NULL),(191,5,'B065','BRAND BUILDING STRATEGIES',2,2,'2021-03-16 15:26:48','2021-03-16 15:26:48',NULL),(192,5,'B066','HOW TO BUILD YOUR PERSONAL BRAND',2,2,'2021-03-16 15:26:48','2021-03-16 15:26:48',NULL),(193,5,'B067','AWARENESS ON CREATIVITY AND INNOVATION',2,2,'2021-03-16 15:26:48','2021-03-16 15:26:48',NULL),(194,5,'B068','INNOVATION AND DESIGN THINKING',2,2,'2021-03-16 15:26:48','2021-03-16 15:26:48',NULL),(195,5,'B069','STRATEGIC AND INNOVATION',2,2,'2021-03-16 15:26:48','2021-03-16 15:26:48',NULL),(196,5,'B070','ENTREPRENEURSHIP AND INNOVATION',2,2,'2021-03-16 15:26:48','2021-03-16 15:26:48',NULL),(197,5,'B071','PROBLEM SOLVING TECHNIQUE THROUGH ICC',2,2,'2021-03-16 15:26:48','2021-03-16 15:26:48',NULL),(198,5,'B072','CREATIVE SOLUTION THROUGH ICC',2,2,'2021-03-16 15:26:48','2021-03-16 15:26:48',NULL),(199,5,'B073','KEM ICC',2,2,'2021-03-16 15:26:48','2021-03-16 15:26:48',NULL),(200,5,'B074','PROCESS IMPROVEMENT THROUGH ICC TOOLS',2,2,'2021-03-16 15:26:48','2021-03-16 15:26:48',NULL),(201,5,'B075','ICC DOCUMENTATION',2,2,'2021-03-16 15:26:48','2021-03-16 15:26:48',NULL),(202,5,'B076','JUDGING CRITERIA FOR ICC',2,2,'2021-03-16 15:26:48','2021-03-16 15:26:48',NULL),(203,5,'B077','BENGKEL PENULISAN LAPORAN ICC',2,2,'2021-03-16 15:26:48','2021-03-16 15:26:48',NULL),(204,5,'B078','INNOVATION IN SERVICES SECTOR',2,2,'2021-03-16 15:26:48','2021-03-16 15:26:48',NULL),(205,5,'B079','TRIZ – THE THEORY OF INVENTING PROBLEM SOLVING',2,2,'2021-03-16 15:26:48','2021-03-16 15:26:48',NULL),(206,5,'B080','OVERVIEW OF TRIZ TOOLS',2,2,'2021-03-16 15:26:48','2021-03-16 15:26:48',NULL),(207,5,'B081','CREATIVE PROBLEM SOLVING AND INNOVATIVE THINKING THROUGH TRIZ',2,2,'2021-03-16 15:26:48','2021-03-16 15:26:48',NULL),(208,5,'B082','PRODUCT INNOVATION AND MANAGEMENT',2,2,'2021-03-16 15:26:48','2021-03-16 15:26:48',NULL),(209,5,'B083','LEADERSHIP SUSTAINABILITY',2,2,'2021-03-16 15:26:48','2021-03-16 15:26:48',NULL),(210,5,'B084','SUSTAINABILITY CORPORATE RESPONSIBILITY TRAINING PROGRAM',2,2,'2021-03-16 15:26:48','2021-03-16 15:26:48',NULL),(211,5,'B085','LEADERSHIP DEVELOPMENT TRAINING',2,2,'2021-03-16 15:26:48','2021-03-16 15:26:48',NULL),(212,5,'B086','CHANGE MANAGEMENT TRAINING',2,2,'2021-03-16 15:26:48','2021-03-16 15:26:48',NULL),(213,5,'B087','DEVELOPING LEADERSHIP SKILLS FOR WORKPLACE OF TOMORROW',2,2,'2021-03-16 15:26:48','2021-03-16 15:26:48',NULL),(214,5,'B088','KEMAHIRAN PENGURUSAN BEKERJA DARI RUMAH (WFH)',2,2,'2021-03-16 15:26:48','2021-03-16 15:26:48',NULL),(215,5,'B089','PENGURUSAN PENGAMBILAN MINIT MESYUARAT, PENULISAN SURAT DAN MEMO RASMI',2,2,'2021-03-16 15:26:48','2021-03-16 15:26:48',NULL),(216,5,'B090','IMEJ DAN KETERAMPILAN',2,2,'2021-03-16 15:26:48','2021-03-16 15:26:48',NULL),(217,5,'B091','PENGURUSAN PERKHIDMATAN PELANGGAN BERKUALITI DAN CEMERLANG DI KAUNTER',2,2,'2021-03-16 15:26:48','2021-03-16 15:26:48',NULL),(218,5,'B092','LEADERSHIP WORKSHOP FOR SENIOR MANAGEMENT',2,2,'2021-03-16 15:26:48','2021-03-16 15:26:48',NULL),(219,5,'B093','PSYCHOLOGICAL WELLBEING IN HANDLING STRESS AND WORKPLACE DEPRESSION',2,2,'2021-03-16 15:26:48','2021-03-16 15:26:48',NULL),(220,5,'B094','PSYCHOLOGICAL WELLBEING IN DIGITAL ERA FOR ORGANISATIONAL EXCELLENCE',2,2,'2021-03-16 15:26:48','2021-03-16 15:26:48',NULL),(221,5,'B095','POWER UP FOR LEADERS USING NLP',2,2,'2021-03-16 15:26:48','2021-03-16 15:26:48',NULL),(222,5,'B096','BALANCING WORK AND LIFE WITH OPTIMUM PRODUCTIVITY',2,2,'2021-03-16 15:26:48','2021-03-16 15:26:48',NULL),(223,5,'B097','NLP FOR EFFECTIVE COMMUNICATION IN ORGANISATION',2,2,'2021-03-16 15:26:48','2021-03-16 15:26:48',NULL),(224,5,'B098','DIGITAL MARKETING/ PEMASARAN SECARA DIGITAL',2,2,'2021-03-16 15:26:48','2021-03-16 15:26:48',NULL),(225,5,'B099','IMPROVING PROCESS AND QUALITY THROUGH IOT TECHNOLOGY',2,2,'2021-03-16 15:26:48','2021-03-16 15:26:48',NULL),(226,5,'B100','INDUSTRIAL IOT TECHNOLOGY (IIOT)',2,2,'2021-03-16 15:26:48','2021-03-16 15:26:48',NULL),(227,5,'B101','DIGITIZE YOUR BUSINESS',2,2,'2021-03-16 15:26:48','2021-03-16 15:26:48',NULL),(228,5,'B102','DIGITIZE YOUR BUSINESS PROCESS',2,2,'2021-03-16 15:26:48','2021-03-16 15:26:48',NULL),(229,5,'B103','DIGITIZE YOUR WORKPLACE FOR BETTER EMPLOYEE ENGAGEMENT',2,2,'2021-03-16 15:26:48','2021-03-16 15:26:48',NULL),(230,5,'B104','DIGITAL WORKPLACE STRATEGY',2,2,'2021-03-16 15:26:48','2021-03-16 15:26:48',NULL),(231,5,'B105','DIGITIZING YOUR WORK FOR MAXIMUM PRODUCTIVITY',2,2,'2021-03-16 15:26:48','2021-03-16 15:26:48',NULL),(232,5,'B106','START YOUR E-COMMERCE BUSINESS',2,2,'2021-03-16 15:26:48','2021-03-16 15:26:48',NULL),(233,5,'B107','DEVELOP EFFECTIVE STRATEGIES FOR A DIGITAL AGE',2,2,'2021-03-16 15:26:48','2021-03-16 15:26:48',NULL),(234,5,'B108','DIGITAL TRANSFORMATION INITIATIVES IN THE ORGANISATION',2,2,'2021-03-16 15:26:48','2021-03-16 15:26:48',NULL),(235,5,'B109','INCORPORATE CLOUD BASED TECHNOLOGY',2,2,'2021-03-16 15:26:48','2021-03-16 15:26:48',NULL),(236,5,'B110','SIMULATION & AUGMENTED REALITY',2,2,'2021-03-16 15:26:48','2021-03-16 15:26:48',NULL),(237,5,'B111','UNDERSTANDING I4.0 AS NEW BUSINESS MODELS & SYSTEM INTEGRATION',2,2,'2021-03-16 15:26:48','2021-03-16 15:26:48',NULL),(238,5,'B112','3D PRINTING',2,2,'2021-03-16 15:26:48','2021-03-16 15:26:48',NULL),(239,5,'B113','CYBER SECURITY MANAGEMENT',2,2,'2021-03-16 15:26:48','2021-03-16 15:26:48',NULL),(240,5,'B114','AUTONOMOUS ROBOTS',2,2,'2021-03-16 15:26:48','2021-03-16 15:26:48',NULL),(241,5,'B115','ADDITIVE MANUFACTURING & SUPPLY CHAIN',2,2,'2021-03-16 15:26:48','2021-03-16 15:26:48',NULL),(242,5,'B116','EFFECTIVE APPLICATION OF INTERNET OF THINGS (IOT) FOR GREATER PERFORMANCE',2,2,'2021-03-16 15:26:48','2021-03-16 15:26:48',NULL),(243,5,'B117','EFFECTIVE IMPLEMENTATION OF SMART MANUFACTURING FOR SMES',2,2,'2021-03-16 15:26:48','2021-03-16 15:26:48',NULL),(244,5,'B118','ENHANCING SMES’ DIGITALISATION FOR BETTER BUSINESS PERFORMANCE',2,2,'2021-03-16 15:26:48','2021-03-16 15:26:48',NULL),(245,5,'B119','STRENGTHENING SME PERFORMANCE THROUGH BETTER DATA COLLECTION AND ANALYSIS',2,2,'2021-03-16 15:26:48','2021-03-16 15:26:48',NULL),(246,5,'B120','ARTIFICIAL INTELLIGENCE',2,2,'2021-03-16 15:26:48','2021-03-16 15:26:48',NULL),(247,5,'B121','BIG DATA ANALYTICS FOR BETTER BUSINESS RESULTS',2,2,'2021-03-16 15:26:48','2021-03-16 15:26:48',NULL),(248,5,'B122','SMART MANUFACTURING THROUGH I4.0',2,2,'2021-03-16 15:26:48','2021-03-16 15:26:48',NULL),(249,5,'B123','ENHANCING WORKFORCE PRODUCTIVITY FOR I4.0',2,2,'2021-03-16 15:26:48','2021-03-16 15:26:48',NULL),(250,5,'B124','ORGANISATION TRANSFORMATION TOWARDS I4.0',2,2,'2021-03-16 15:26:48','2021-03-16 15:26:48',NULL),(251,5,'B125','RISK MANAGEMENT',2,2,'2021-03-16 15:26:48','2021-03-16 15:26:48',NULL),(252,5,'B126','MANAGE RISKS WITH NEW OPPORTUNITIES',2,2,'2021-03-16 15:26:48','2021-03-16 15:26:48',NULL),(253,5,'B127','SISTEM PENGURUSAN DOKUMENTASI DAN AUDIT ISO 9001:2008',2,2,'2021-03-16 15:26:48','2021-03-16 15:26:48',NULL),(254,5,'B128','INTERNAL AUDITOR TRAINING ISO 9001:2008',2,2,'2021-03-16 15:26:48','2021-03-16 15:26:48',NULL),(255,5,'B129','SISTEM PENGURUSAN KESELAMATAN MAKANAN ISO 22000:2005',2,2,'2021-03-16 15:26:48','2021-03-16 15:26:48',NULL),(256,5,'B130','SISTEM PENGURUSAN KUALITI INDUSTRI AUTOMOTIF ISO/TS 16949:2002',2,2,'2021-03-16 15:26:48','2021-03-16 15:26:48',NULL),(257,5,'B131','SISTEM PENGURUSAN KUALITI MAKMAL MS ISO/IEC 17025',2,2,'2021-03-16 15:26:48','2021-03-16 15:26:48',NULL),(258,5,'B132','SISTEM PENGURUSAN PERSEKITARAN ISO 14001:2004',2,2,'2021-03-16 15:26:48','2021-03-16 15:26:48',NULL),(259,5,'B133','HAZARD ANALYSIS AND CRITICAL CONTROL POINT (HACCP)',2,2,'2021-03-16 15:26:48','2021-03-16 15:26:48',NULL),(260,5,'B134','KESIHATAN DAN KESELAMATAN DALAM PEKERJAAN (OSHA)',2,2,'2021-03-16 15:26:48','2021-03-16 15:26:48',NULL),(261,5,'B135','AMALAN KEBERSIHAN DAN PERKILANGAN YANG BAIK (GMP)',2,2,'2021-03-16 15:26:48','2021-03-16 15:26:48',NULL),(262,5,'B136','INDUSTRY 4.0 READINESS ASSESSMENT FOR ASSESSOR',2,2,'2021-03-16 15:26:48','2021-03-16 15:26:48',NULL),(263,5,'B137','SISTEM PENGURUSAN KESIHATAN DAN KESELAMATAN PEKERJAAN ISO 45001:2018 (OHSMS)',2,2,'2021-03-16 15:26:48','2021-03-16 15:26:48',NULL),(264,5,'B138','SISTEM PENGURUSAN KESELAMATAN MAKANAN ISO 22000:2018',2,2,'2021-03-16 15:26:48','2021-03-16 15:26:48',NULL),(265,5,'B139','KURSUS PENSIJILAN MINYAK KELAPA SAWIT MAMPAN (MSPO) MS 2530:2013',2,2,'2021-03-16 15:26:48','2021-03-16 15:26:48',NULL),(266,6,'BB140','SPPE - LEAN',2,2,'2021-03-16 15:26:48','2021-03-16 15:26:48',NULL),(267,6,'BB141','SPPE - DIGITALISASI',2,2,'2021-03-16 15:26:48','2021-03-16 15:26:48',NULL),(268,6,'BB142','SPPE – KAIZEN',2,2,'2021-03-16 15:26:48','2021-03-16 15:26:48',NULL),(269,6,'BB143','SPPE – QE/5S (AMALAN PERSEKITARAN BERKUALITI)',2,2,'2021-03-16 15:26:48','2021-03-16 15:26:48',NULL),(270,6,'BB144','SPPE – SISTEM PENGURUSAN KUALITI',2,2,'2021-03-16 15:26:48','2021-03-16 15:26:48',NULL),(271,6,'BB145','SPPE – SISTEM KESELAMATAN MAKANAN',2,2,'2021-03-16 15:26:48','2021-03-16 15:26:48',NULL),(272,6,'BB146','SPPE – BUSINESS EXCELLENCE FRAMEWORK',2,2,'2021-03-16 15:26:48','2021-03-16 15:26:48',NULL),(273,6,'BB147','SPPE – TOTAL PRODUCTIVE MANITENANCE (TPM)',2,2,'2021-03-16 15:26:48','2021-03-16 15:26:48',NULL),(274,6,'BC148','PPKV – MEDAC (LEAN)',2,2,'2021-03-16 15:26:48','2021-03-16 15:26:48',NULL),(275,6,'BC149','PPKV-MEDAC (INDUSTRY 4.0/DIGITALISASI)',2,2,'2021-03-16 15:26:48','2021-03-16 15:26:48',NULL),(276,6,'BC150','PPKV-MEDAC (KAIZEN)',2,2,'2021-03-16 15:26:48','2021-03-16 15:26:48',NULL),(277,6,'BC151','ADVISORY & CONSULTANCY SERVICES (PRODUCTIVITY)',2,2,'2021-03-16 15:26:48','2021-03-16 15:26:48',NULL),(278,8,'C001','POLISI DAN PERATURAN: AGROFOOD PRODUCTIVITY NEXUS',2,2,'2021-03-16 15:27:45','2021-03-16 15:27:45',NULL),(279,8,'C002','POLISI DAN PERATURAN: TOURISM PRODUCTIVITY NEXUS',2,2,'2021-03-16 15:27:45','2021-03-16 15:27:45',NULL),(280,8,'C003','POLISI DAN PERATURAN: RETAIL AND FOOD & BEVERAGE PRODUCTIVITY NEXUS',2,2,'2021-03-16 15:27:45','2021-03-16 15:27:45',NULL),(281,8,'C004','POLISI DAN PERATURAN: CHEMICALS AND CHEMICAL PRODUCTS PRODUCTIVITY NEXUS',2,2,'2021-03-16 15:27:45','2021-03-16 15:27:45',NULL),(282,8,'C005','POLISI DAN PERATURAN: DIGITAL PRODUCTIVITY NEXUS',2,2,'2021-03-16 15:27:45','2021-03-16 15:27:45',NULL),(283,8,'C006','POLISI DAN PERATURAN: PROFESSIONAL SERVICES PRODUCTIVITY NEXUS',2,2,'2021-03-16 15:27:45','2021-03-16 15:27:45',NULL),(284,8,'C007','POLISI DAN PERATURAN: PRIVATE HEALTHCARE PRODUCTIVITY NEXUS',2,2,'2021-03-16 15:27:45','2021-03-16 15:27:45',NULL),(285,8,'C008','POLISI DAN PERATURAN: MACHINERY AND EQUIPMENT PRODUCTIVITY NEXUS',2,2,'2021-03-16 15:27:45','2021-03-16 15:27:45',NULL),(286,8,'C009','POLISI DAN PERATURAN: ELECTRICAL AND ELECTRONICS PRODUCTIVITY NEXUS',2,2,'2021-03-16 15:27:45','2021-03-16 15:27:45',NULL),(287,8,'C010','PRODUCTIVITY IMPROVEMENT',2,2,'2021-03-16 15:27:45','2021-03-16 15:27:45',NULL),(288,8,'C011','STRUKTUR INDUSTRI: AGROFOOD PRODUCTIVITY NEXUS',2,2,'2021-03-16 15:27:45','2021-03-16 15:27:45',NULL),(289,8,'C012','STRUKTUR INDUSTRI: TOURISM PRODUCTIVITY NEXUS',2,2,'2021-03-16 15:27:45','2021-03-16 15:27:45',NULL),(290,8,'C013','STRUKTUR INDUSTRI: RETAIL AND FOOD & BEVERAGE PRODUCTIVITY NEXUS',2,2,'2021-03-16 15:27:45','2021-03-16 15:27:45',NULL),(291,8,'C014','STRUKTUR INDUSTRI: CHEMICALS AND CHEMICAL PRODUCTS PRODUCTIVITY NEXUS',2,2,'2021-03-16 15:27:45','2021-03-16 15:27:45',NULL),(292,8,'C015','STRUKTUR INDUSTRI: DIGITAL PRODUCTIVITY NEXUS',2,2,'2021-03-16 15:27:45','2021-03-16 15:27:45',NULL),(293,8,'C016','STRUKTUR INDUSTRI: PROFESSIONAL SERVICES PRODUCTIVITY NEXUS',2,2,'2021-03-16 15:27:45','2021-03-16 15:27:45',NULL),(294,8,'C017','STRUKTUR INDUSTRI: PRIVATE HEALTHCARE PRODUCTIVITY NEXUS',2,2,'2021-03-16 15:27:45','2021-03-16 15:27:45',NULL),(295,8,'C018','STRUKTUR INDUSTRI: MACHINERY AND EQUIPMENT PRODUCTIVITY NEXUS',2,2,'2021-03-16 15:27:45','2021-03-16 15:27:45',NULL),(296,8,'C019','STRUKTUR INDUSTRI: ELECTRICAL AND ELECTRONICS PRODUCTIVITY NEXUS',2,2,'2021-03-16 15:27:45','2021-03-16 15:27:45',NULL),(297,8,'C020','INSENTIF: AGROFOOD PRODUCTIVITY NEXUS',2,2,'2021-03-16 15:27:45','2021-03-16 15:27:45',NULL),(298,8,'C021','INSENTIF: TOURISM PRODUCTIVITY NEXUS',2,2,'2021-03-16 15:27:45','2021-03-16 15:27:45',NULL),(299,8,'C022','INSENTIF: RETAIL AND FOOD & BEVERAGE PRODUCTIVITY NEXUS',2,2,'2021-03-16 15:27:45','2021-03-16 15:27:45',NULL),(300,8,'C023','INSENTIF: CHEMICALS AND CHEMICAL PRODUCTS PRODUCTIVITY NEXUS',2,2,'2021-03-16 15:27:45','2021-03-16 15:27:45',NULL),(301,8,'C024','INSENTIF: DIGITAL PRODUCTIVITY NEXUS',2,2,'2021-03-16 15:27:45','2021-03-16 15:27:45',NULL),(302,8,'C025','INSENTIF: PROFESSIONAL SERVICES PRODUCTIVITY NEXUS',2,2,'2021-03-16 15:27:45','2021-03-16 15:27:45',NULL),(303,8,'C026','INSENTIF: PRIVATE HEALTHCARE PRODUCTIVITY NEXUS',2,2,'2021-03-16 15:27:45','2021-03-16 15:27:45',NULL),(304,8,'C027','INSENTIF: MACHINERY AND EQUIPMENT PRODUCTIVITY NEXUS',2,2,'2021-03-16 15:27:45','2021-03-16 15:27:45',NULL),(305,8,'C028','INSENTIF: ELECTRICAL AND ELECTRONICS PRODUCTIVITY NEXUS',2,2,'2021-03-16 15:27:45','2021-03-16 15:27:45',NULL),(306,8,'C029','AGROFOOD PRODUCTIVITY NEXUS: TENAGA KERJA (WORKFORCE)',2,2,'2021-03-16 15:27:45','2021-03-16 15:27:45',NULL),(307,8,'C030','AGROFOOD PRODUCTIVITY NEXUS: TEKNOLOGI (TECHNOLOGY)',2,2,'2021-03-16 15:27:45','2021-03-16 15:27:45',NULL),(308,8,'C031','AGROFOOD PRODUCTIVITY NEXUS: DIGITAL',2,2,'2021-03-16 15:27:45','2021-03-16 15:27:45',NULL),(309,8,'C032','AGROFOOD PRODUCTIVITY NEXUS: POLISI & PERATURAN (REGULATION)',2,2,'2021-03-16 15:27:45','2021-03-16 15:27:45',NULL),(310,8,'C033','AGROFOOD PRODUCTIVITY NEXUS: INSENTIF (INCENTIVE)',2,2,'2021-03-16 15:27:45','2021-03-16 15:27:45',NULL),(311,8,'C034','AGROFOOD PRODUCTIVITY NEXUS: INDUSTRY STRUCTURE',2,2,'2021-03-16 15:27:45','2021-03-16 15:27:45',NULL),(312,8,'C035','AGROFOOD PRODUCTIVITY NEXUS: MARKETING STRATEGY',2,2,'2021-03-16 15:27:45','2021-03-16 15:27:45',NULL),(313,8,'C036','AGROFOOD PRODUCTIVITY NEXUS: STANDARD & PENSIJILAN (MYGAP, HALAL, HACCP, GMP, MESTI DAN LAIN-LAIN YANG BERKAITAN)',2,2,'2021-03-16 15:27:45','2021-03-16 15:27:45',NULL),(314,8,'C037','AGROFOOD PRODUCTIVITY NEXUS: FINANCIAL MANAGEMENT',2,2,'2021-03-16 15:27:45','2021-03-16 15:27:45',NULL),(315,8,'C038','AGROFOOD PRODUCTIVITY NEXUS: OPERATION MANAGEMENT',2,2,'2021-03-16 15:27:45','2021-03-16 15:27:45',NULL),(316,8,'C039','AGROFOOD PRODUCTIVITY NEXUS: BUSINESS MANAGEMENT',2,2,'2021-03-16 15:27:45','2021-03-16 15:27:45',NULL),(317,8,'C040','AGROFOOD PRODUCTIVITY NEXUS: PRODUCT DEVELOPMENT',2,2,'2021-03-16 15:27:45','2021-03-16 15:27:45',NULL),(318,8,'C041','AGROFOOD PRODUCTIVITY NEXUS: SYSTEM DEVELOPMENT',2,2,'2021-03-16 15:27:45','2021-03-16 15:27:45',NULL),(319,8,'C042','AGROFOOD PRODUCTIVITY NEXUS: PROFESSIONAL SERVICES',2,2,'2021-03-16 15:27:45','2021-03-16 15:27:45',NULL),(320,8,'C043','AGROFOOD PRODUCTIVITY NEXUS: IMPORT & EXPORT',2,2,'2021-03-16 15:27:45','2021-03-16 15:27:45',NULL),(321,8,'C044','TOURISM PRODUCTIVITY NEXUS: WORKFORCE & TALENT DEVELOPMENT',2,2,'2021-03-16 15:27:45','2021-03-16 15:27:45',NULL),(322,8,'C045','TOURISM PRODUCTIVITY NEXUS: INCENTIVE',2,2,'2021-03-16 15:27:45','2021-03-16 15:27:45',NULL),(323,8,'C046','TOURISM PRODUCTIVITY NEXUS: INDUSTRY STRUCTURE',2,2,'2021-03-16 15:27:45','2021-03-16 15:27:45',NULL),(324,8,'C047','TOURISM PRODUCTIVITY NEXUS: PROMOTION & MARKETING STRATEGY',2,2,'2021-03-16 15:27:45','2021-03-16 15:27:45',NULL),(325,8,'C048','TOURISM PRODUCTIVITY NEXUS: PROGRAM PENSIJILAN PERNIAGAAN MALAYSIA TOURISM EXCELLENCE (MATEX)',2,2,'2021-03-16 15:27:45','2021-03-16 15:27:45',NULL),(326,8,'C049','GARIS PANDUAN PATUH DAN AMAL COVID-19',2,2,'2021-03-16 15:27:45','2021-03-16 15:27:45',NULL),(327,8,'C050','TOURISM PRODUCTIVITY NEXUS: STANDARD & PENSIJILAN INDUSTRY LEVEL (SUB-SECTOR SPECIFIC / ACROSS VALUE CHAIN) STANDARD AND CERTIFICATION',2,2,'2021-03-16 15:27:45','2021-03-16 15:27:45',NULL),(328,8,'C051','TOURISM PRODUCTIVITY NEXUS: STANDARD & PENSIJILAN MALAYSIA TOURISM QUALITY ASSURANCE (MYTQA)',2,2,'2021-03-16 15:27:45','2021-03-16 15:27:45',NULL),(329,8,'C052','TOURISM PRODUCTIVITY NEXUS: STANDARD & PENSIJILAN MALAYSIAN STANDARD / NATIONAL LEVEL / ISO',2,2,'2021-03-16 15:27:45','2021-03-16 15:27:45',NULL),(330,8,'C053','TOURISM PRODUCTIVITY NEXUS: STANDARD & PENSIJILAN UN-WTO / INTERNATIONAL LEVEL / REGIONAL LEVEL / ASEAN LEVEL STANDARD AND CERTIFICATION',2,2,'2021-03-16 15:27:45','2021-03-16 15:27:45',NULL),(331,8,'C054','TOURISM PRODUCTIVITY NEXUS: MANAGEMENT (FINANCIAL, OPERATION, BUSINESS)',2,2,'2021-03-16 15:27:45','2021-03-16 15:27:45',NULL),(332,8,'C055','TOURISM PRODUCTIVITY NEXUS: PRODUCT DEVELOPMENT',2,2,'2021-03-16 15:27:45','2021-03-16 15:27:45',NULL),(333,8,'C056','TOURISM PRODUCTIVITY NEXUS: SYSTEM DEVELOPMENT',2,2,'2021-03-16 15:27:45','2021-03-16 15:27:45',NULL),(334,8,'C057','TOURISM PRODUCTIVITY NEXUS: PROFESSIONAL SERVICES',2,2,'2021-03-16 15:27:45','2021-03-16 15:27:45',NULL),(335,8,'C058','TOURISM PRODUCTIVITY NEXUS: IMPORT & EXPORT',2,2,'2021-03-16 15:27:45','2021-03-16 15:27:45',NULL),(336,8,'C059','TOURISM PRODUCTIVITY NEXUS: CONTENT DEVELOPMENT',2,2,'2021-03-16 15:27:45','2021-03-16 15:27:45',NULL),(337,8,'C060','TOURISM PRODUCTIVITY NEXUS: ECONOMICS',2,2,'2021-03-16 15:27:45','2021-03-16 15:27:45',NULL),(338,8,'C061','TOURISM PRODUCTIVITY NEXUS: SPECIFIC / CURRENT INDUSTRY ISSUES',2,2,'2021-03-16 15:27:45','2021-03-16 15:27:45',NULL),(339,8,'C062','TOURISM PRODUCTIVITY NEXUS: INBOUND TOURISM BOOTCAMP (ITB)',2,2,'2021-03-16 15:27:45','2021-03-16 15:27:45',NULL),(340,8,'C063','TOURISM PRODUCTIVITY NEXUS: INBOUND DESTINATION EXPERTS (IDEX)',2,2,'2021-03-16 15:27:45','2021-03-16 15:27:45',NULL),(341,8,'C064','TOURISM PRODUCTIVITY NEXUS: MALAYSIA VIRTUAL EXPERIENCE (MYVXP)',2,2,'2021-03-16 15:27:45','2021-03-16 15:27:45',NULL),(342,8,'C065','TOURISM PRODUCTIVITY NEXUS: INBOUND TOURISM BUSINESS EXCHANGE (IBEX)',2,2,'2021-03-16 15:27:45','2021-03-16 15:27:45',NULL),(343,8,'C066','TOURISM PRODUCTIVITY NEXUS: SHOWCASING TOURISM PRODUCTS (STP)',2,2,'2021-03-16 15:27:45','2021-03-16 15:27:45',NULL),(344,8,'C067','TOURISM PRODUCTIVITY NEXUS: TPN VIRTUAL ADVISORY CLINICS (T-VAC)',2,2,'2021-03-16 15:27:45','2021-03-16 15:27:45',NULL),(345,8,'C068','TOURISM PRODUCTIVITY NEXUS: INBOUND TOURISM EXCHANGE (INTEX)',2,2,'2021-03-16 15:27:45','2021-03-16 15:27:45',NULL),(346,8,'C069','RETAIL AND FOOD & BEVERAGE PRODUCTIVITY NEXUS: BUSINESS DIGITALISATION',2,2,'2021-03-16 15:27:45','2021-03-16 15:27:45',NULL),(347,8,'C070','RETAIL AND FOOD & BEVERAGE PRODUCTIVITY NEXUS: BRANDING & MARKETING',2,2,'2021-03-16 15:27:45','2021-03-16 15:27:45',NULL),(348,8,'C071','RETAIL AND FOOD & BEVERAGE PRODUCTIVITY NEXUS: SUPPLY CHAIN MANAGEMENT',2,2,'2021-03-16 15:27:45','2021-03-16 15:27:45',NULL),(349,8,'C072','RETAIL AND FOOD & BEVERAGE PRODUCTIVITY NEXUS: BUSINESS OPERATION/ SOP',2,2,'2021-03-16 15:27:45','2021-03-16 15:27:45',NULL),(350,8,'C073','RETAIL AND FOOD & BEVERAGE PRODUCTIVITY NEXUS: HUMAN RESOURCE MANAGEMENT',2,2,'2021-03-16 15:27:45','2021-03-16 15:27:45',NULL),(351,8,'C074','RETAIL AND FOOD & BEVERAGE PRODUCTIVITY NEXUS: BUSINESS FINANCE & FUNDING',2,2,'2021-03-16 15:27:45','2021-03-16 15:27:45',NULL),(352,8,'C075','RETAIL AND FOOD & BEVERAGE PRODUCTIVITY NEXUS: DIGITAL MARKETING AND E-COMMERCE',2,2,'2021-03-16 15:27:45','2021-03-16 15:27:45',NULL),(353,8,'C076','RETAIL AND FOOD & BEVERAGE PRODUCTIVITY NEXUS: DIGITAL BUSINESS OPERATION SYSTEM (ERP)',2,2,'2021-03-16 15:27:45','2021-03-16 15:27:45',NULL),(354,8,'C077','RETAIL AND FOOD & BEVERAGE PRODUCTIVITY NEXUS: RESTAURANT MANAGEMENT',2,2,'2021-03-16 15:27:45','2021-03-16 15:27:45',NULL),(355,8,'C078','RETAIL AND FOOD & BEVERAGE PRODUCTIVITY NEXUS: PERANCANG STRATEGIK ICT (ISP)',2,2,'2021-03-16 15:27:45','2021-03-16 15:27:45',NULL),(356,8,'C079','RETAIL AND FOOD & BEVERAGE PRODUCTIVITY NEXUS: PENGURUSAN MAKLUMAT ICT',2,2,'2021-03-16 15:27:45','2021-03-16 15:27:45',NULL),(357,8,'C080','RETAIL AND FOOD & BEVERAGE PRODUCTIVITY NEXUS: PENGURUSAN NILAI BUKAN FIZIKAL',2,2,'2021-03-16 15:27:45','2021-03-16 15:27:45',NULL),(358,8,'C081','RETAIL AND FOOD & BEVERAGE PRODUCTIVITY NEXUS: PENGURUSAN TELEKOMUNIKASI',2,2,'2021-03-16 15:27:45','2021-03-16 15:27:45',NULL),(359,8,'C082','RETAIL AND FOOD & BEVERAGE PRODUCTIVITY NEXUS: PENSIJILAN DAN PENGIKTIRAFAN UJIAN',2,2,'2021-03-16 15:27:45','2021-03-16 15:27:45',NULL),(360,8,'C083','RETAIL AND FOOD & BEVERAGE PRODUCTIVITY NEXUS: BAHAN BACAAN',2,2,'2021-03-16 15:27:45','2021-03-16 15:27:45',NULL),(361,8,'C084','RETAIL AND FOOD & BEVERAGE PRODUCTIVITY NEXUS: PENERBITAN ELEKTRONIK ATAS TALIAN',2,2,'2021-03-16 15:27:45','2021-03-16 15:27:45',NULL),(362,8,'C085','RETAIL AND FOOD & BEVERAGE PRODUCTIVITY NEXUS: CERTIFICATION OF RETAIL AND F&B WORKFORCE WITH SIJIL KEMAHIRAN MALAYSIA (SKM)',2,2,'2021-03-16 15:27:45','2021-03-16 15:27:45',NULL),(363,8,'C086','RETAIL AND FOOD & BEVERAGE PRODUCTIVITY NEXUS: CERTIFICATE IN F&B OPERATIONS (SERVICE EXCELLENCE)',2,2,'2021-03-16 15:27:45','2021-03-16 15:27:45',NULL),(364,8,'C087','RETAIL AND FOOD & BEVERAGE PRODUCTIVITY NEXUS: RETAIL AND F&B VIRTUAL ADVISORY CLINIC (RFB-VAC)',2,2,'2021-03-16 15:27:45','2021-03-16 15:27:45',NULL),(365,8,'C088','RETAIL AND FOOD & BEVERAGE PRODUCTIVITY NEXUS: PRODUCT DEVELOPMENT',2,2,'2021-03-16 15:27:45','2021-03-16 15:27:45',NULL),(366,8,'C089','CHEMICALS AND CHEMICAL PRODUCTS PRODUCTIVITY NEXUS: BASIC CHEMICALS',2,2,'2021-03-16 15:27:45','2021-03-16 15:27:45',NULL),(367,8,'C090','CHEMICALS AND CHEMICAL PRODUCTS PRODUCTIVITY NEXUS: FERTILIZERS AND NITROGEN COMPOUNDS',2,2,'2021-03-16 15:27:45','2021-03-16 15:27:45',NULL),(368,8,'C091','CHEMICALS AND CHEMICAL PRODUCTS PRODUCTIVITY NEXUS: PLASTICS AND SYNTHETIC RUBBER IN PRIMARY FORMS',2,2,'2021-03-16 15:27:45','2021-03-16 15:27:45',NULL),(369,8,'C092','CHEMICALS AND CHEMICAL PRODUCTS PRODUCTIVITY NEXUS: PESTICIDES AND OTHER AGROCHEMICAL PRODUCTS',2,2,'2021-03-16 15:27:45','2021-03-16 15:27:45',NULL),(370,8,'C093','CHEMICALS AND CHEMICAL PRODUCTS PRODUCTIVITY NEXUS: PAINTS, VARNISHES AND SIMILAR COATINGS, PRINTING INK AND MASTICS',2,2,'2021-03-16 15:27:45','2021-03-16 15:27:45',NULL),(371,8,'C094','CHEMICALS AND CHEMICAL PRODUCTS PRODUCTIVITY NEXUS: SOAP AND DETERGENTS, CLEANING AND POLISHING PREPARATIONS, PERFUMES AND TOILET PREPARATIONS',2,2,'2021-03-16 15:27:45','2021-03-16 15:27:45',NULL),(372,8,'C095','CHEMICALS AND CHEMICAL PRODUCTS PRODUCTIVITY NEXUS: CHEMICAL ENGINEERING',2,2,'2021-03-16 15:27:45','2021-03-16 15:27:45',NULL),(373,8,'C096','CHEMICALS AND CHEMICAL PRODUCTS PRODUCTIVITY NEXUS: PROCESS ENGINEERING',2,2,'2021-03-16 15:27:45','2021-03-16 15:27:45',NULL),(374,8,'C097','CHEMICALS AND CHEMICAL PRODUCTS PRODUCTIVITY NEXUS: CHEMICAL SAFETY',2,2,'2021-03-16 15:27:45','2021-03-16 15:27:45',NULL),(375,8,'C098','CHEMICALS AND CHEMICAL PRODUCTS PRODUCTIVITY NEXUS: REGULATORY COMPLIANCE',2,2,'2021-03-16 15:27:45','2021-03-16 15:27:45',NULL),(376,8,'C099','CHEMICALS AND CHEMICAL PRODUCTS PRODUCTIVITY NEXUS: PHARMACEUTICALS, MEDICINAL CHEMICAL AND',2,2,'2021-03-16 15:27:45','2021-03-16 15:27:45',NULL),(377,8,'','CHEMICALS AND CHEMICAL PRODUCTS PRODUCTIVITY NEXUS: BOTANICAL PRODUCTS',2,2,'2021-03-16 15:27:45','2021-03-16 15:27:45',NULL),(378,8,'C100','CHEMICALS AND CHEMICAL PRODUCTS PRODUCTIVITY NEXUS: MAN-MADE FIBRES',2,2,'2021-03-16 15:27:45','2021-03-16 15:27:45',NULL),(379,8,'C101','CHEMICALS AND CHEMICAL PRODUCTS PRODUCTIVITY NEXUS: HAZARDOUS CHEMICAL',2,2,'2021-03-16 15:27:45','2021-03-16 15:27:45',NULL),(380,8,'C102','CHEMICALS AND CHEMICAL PRODUCTS PRODUCTIVITY NEXUS: INNOVATION BUSINESS OPERATIONS',2,2,'2021-03-16 15:27:45','2021-03-16 15:27:45',NULL),(381,8,'C103','CHEMICALS AND CHEMICAL PRODUCTS PRODUCTIVITY NEXUS: INTELLIGENCE MANUFACTURING SOLUTION',2,2,'2021-03-16 15:27:45','2021-03-16 15:27:45',NULL),(382,8,'C104','CHEMICALS AND CHEMICAL PRODUCTS PRODUCTIVITY NEXUS: FINANCIAL CONSULTATION',2,2,'2021-03-16 15:27:45','2021-03-16 15:27:45',NULL),(383,8,'C105','CHEMICALS AND CHEMICAL PRODUCTS PRODUCTIVITY NEXUS: SUPPLY CHAIN OPERATIONS',2,2,'2021-03-16 15:27:45','2021-03-16 15:27:45',NULL),(384,8,'C106','CHEMICALS AND CHEMICAL PRODUCTS PRODUCTIVITY NEXUS: INFORMATION TECHNOLOGY',2,2,'2021-03-16 15:27:45','2021-03-16 15:27:45',NULL),(385,8,'C107','DIGITAL PRODUCTIVITY NEXUS: TENAGA KERJA (WORKFORCE)',2,2,'2021-03-16 15:27:45','2021-03-16 15:27:45',NULL),(386,8,'C108','DIGITAL PRODUCTIVITY NEXUS: TEKNOLOGI (TECHNOLOGY) & DIGITAL',2,2,'2021-03-16 15:27:45','2021-03-16 15:27:45',NULL),(387,8,'C109','DIGITAL PRODUCTIVITY NEXUS: POLISI & PERATURAN (REGULATION)',2,2,'2021-03-16 15:27:45','2021-03-16 15:27:45',NULL),(388,8,'C110','DIGITAL PRODUCTIVITY NEXUS: INSENTIF (INCENTIVE)',2,2,'2021-03-16 15:27:45','2021-03-16 15:27:45',NULL),(389,8,'C111','DIGITAL PRODUCTIVITY NEXUS: INDUSTRY STRUCTURE',2,2,'2021-03-16 15:27:45','2021-03-16 15:27:45',NULL),(390,8,'C112','DIGITAL PRODUCTIVITY NEXUS: MARKETING STRATEGY',2,2,'2021-03-16 15:27:45','2021-03-16 15:27:45',NULL),(391,8,'C113','DIGITAL PRODUCTIVITY NEXUS: STANDARD & PENSIJILAN',2,2,'2021-03-16 15:27:45','2021-03-16 15:27:45',NULL),(392,8,'C114','DIGITAL PRODUCTIVITY NEXUS: MANAGEMENT',2,2,'2021-03-16 15:27:45','2021-03-16 15:27:45',NULL),(393,8,'C115','PROFESSIONAL SERVICES PRODUCTIVITY NEXUS: WORKFORCE & TALENT DEVELOPMENT',2,2,'2021-03-16 15:27:45','2021-03-16 15:27:45',NULL),(394,8,'C116','PROFESSIONAL SERVICES PRODUCTIVITY NEXUS: TECHNOLOGY & DIGITAL (INTELLIGENT SERVICES SOLUTIONS)',2,2,'2021-03-16 15:27:45','2021-03-16 15:27:45',NULL),(395,8,'C117','PROFESSIONAL SERVICES PRODUCTIVITY NEXUS: INDUSTRY STRUCTURE (INNOVATIVE BUSINESS OPERATION)',2,2,'2021-03-16 15:27:45','2021-03-16 15:27:45',NULL),(396,8,'C118','PROFESSIONAL SERVICES PRODUCTIVITY NEXUS: POLICY & REGULATIONS',2,2,'2021-03-16 15:27:45','2021-03-16 15:27:45',NULL),(397,8,'C119','PROFESSIONAL SERVICES PRODUCTIVITY NEXUS: FINANCIAL CONSULTATION',2,2,'2021-03-16 15:27:45','2021-03-16 15:27:45',NULL),(398,8,'C120','ELECTRICAL AND ELECTRONICS PRODUCTIVITY NEXUS: HACKATHON',2,2,'2021-03-16 15:27:45','2021-03-16 15:27:45',NULL),(399,8,'C121','ELECTRICAL AND ELECTRONICS PRODUCTIVITY NEXUS: PLUGFEST 1.0 (IOT)',2,2,'2021-03-16 15:27:45','2021-03-16 15:27:45',NULL),(400,8,'C122','ELECTRICAL AND ELECTRONICS PRODUCTIVITY NEXUS: PLUGFEST 2.0',2,2,'2021-03-16 15:27:45','2021-03-16 15:27:45',NULL),(401,8,'C123','ELECTRICAL AND ELECTRONICS PRODUCTIVITY NEXUS:  VIRTUAL ADVISORY CLINIC (EEVAC)',2,2,'2021-03-16 15:27:45','2021-03-16 15:27:45',NULL),(402,8,'C124','ELECTRICAL AND ELECTRONICS PRODUCTIVITY NEXUS:  MENTORING FOR INDUSTRY 4.0 (EEMI4.0)',2,2,'2021-03-16 15:27:45','2021-03-16 15:27:45',NULL),(403,8,'C125','ELECTRICAL AND ELECTRONICS PRODUCTIVITY NEXUS: EMBEDDED SYSTEM DESIGN',2,2,'2021-03-16 15:27:45','2021-03-16 15:27:45',NULL),(404,8,'C126','ELECTRICAL AND ELECTRONICS PRODUCTIVITY NEXUS: E TESTING AND ACCREDITATIONS',2,2,'2021-03-16 15:27:45','2021-03-16 15:27:45',NULL),(405,8,'C127','ELECTRICAL AND ELECTRONICS PRODUCTIVITY NEXUS: IC DESIGN & DEVELOPMENT',2,2,'2021-03-16 15:27:45','2021-03-16 15:27:45',NULL),(406,8,'C128','ELECTRICAL AND ELECTRONICS PRODUCTIVITY NEXUS:  AUTOMATION',2,2,'2021-03-16 15:27:45','2021-03-16 15:27:45',NULL),(407,8,'C129','ELECTRICAL AND ELECTRONICS PRODUCTIVITY NEXUS: MCAD',2,2,'2021-03-16 15:27:45','2021-03-16 15:27:45',NULL),(408,8,'C130','ELECTRICAL AND ELECTRONICS PRODUCTIVITY NEXUS: OPERATING SYSTEM (OS) DEVELOPMENT',2,2,'2021-03-16 15:27:45','2021-03-16 15:27:45',NULL),(409,8,'C131','ELECTRICAL AND ELECTRONICS PRODUCTIVITY NEXUS: LED',2,2,'2021-03-16 15:27:45','2021-03-16 15:27:45',NULL),(410,8,'C132','ELECTRICAL AND ELECTRONICS PRODUCTIVITY NEXUS: SOLAR PHOTOVOLTAIC (PV)',2,2,'2021-03-16 15:27:45','2021-03-16 15:27:45',NULL),(411,8,'C133','ELECTRICAL AND ELECTRONICS PRODUCTIVITY NEXUS:  TESTING AND ACCREDITATIONS',2,2,'2021-03-16 15:27:45','2021-03-16 15:27:45',NULL),(412,8,'C134','MACHINERY AND EQUIPMENT PRODUCTIVITY NEXUS: TENAGA KERJA (WORKFORCE)',2,2,'2021-03-16 15:27:45','2021-03-16 15:27:45',NULL),(413,8,'C135','MACHINERY AND EQUIPMENT PRODUCTIVITY NEXUS: PERKHIDMATAN SOKONGAN KEJURUTERAAN TEKNOLOGI I4.0',2,2,'2021-03-16 15:27:45','2021-03-16 15:27:45',NULL),(414,8,'C136','MACHINERY AND EQUIPMENT PRODUCTIVITY NEXUS: POLISI & PERATURAN (REGULATION)',2,2,'2021-03-16 15:27:45','2021-03-16 15:27:45',NULL),(415,8,'C137','MACHINERY AND EQUIPMENT PRODUCTIVITY NEXUS: INSENTIF (INCENTIVE)',2,2,'2021-03-16 15:27:45','2021-03-16 15:27:45',NULL),(416,8,'C138','MACHINERY AND EQUIPMENT PRODUCTIVITY NEXUS: INDUSTRY STRUCTURE, VALUE CHAIN DAN CLUSTER',2,2,'2021-03-16 15:27:45','2021-03-16 15:27:45',NULL),(417,8,'C139','MACHINERY AND EQUIPMENT PRODUCTIVITY NEXUS: STANDARD, PENSIJILAN (LOCAL & INTERNATIONAL) DAN PENILAIAN/PEMERIKSAAN',2,2,'2021-03-16 15:27:45','2021-03-16 15:27:45',NULL),(418,8,'C140','MACHINERY AND EQUIPMENT PRODUCTIVITY NEXUS: MANAGEMENT (FINANCIAL, OPERATION, BUSINESS DEVELOPMENT, SALES, MARKETING, WAREHOUSE, PLANT)',2,2,'2021-03-16 15:27:45','2021-03-16 15:27:45',NULL),(419,8,'C141','PRODUCT DESIGN AND DEVELOPMENT AND R&D',2,2,'2021-03-16 15:27:45','2021-03-16 15:27:45',NULL),(420,8,'C142','MACHINERY AND EQUIPMENT PRODUCTIVITY NEXUS: SYSTEM DEVELOPMENT, INTEGRATION AND TOTAL SOLUTION',2,2,'2021-03-16 15:27:45','2021-03-16 15:27:45',NULL),(421,8,'C143','MACHINERY AND EQUIPMENT PRODUCTIVITY NEXUS: PROFESSIONAL SERVICES IN ENGINEERING RELATED (ELECTRICAL, ELECTRONIC, MECHANICAL & MECHATRONIC)',2,2,'2021-03-16 15:27:45','2021-03-16 15:27:45',NULL),(422,8,'C144','MACHINERY AND EQUIPMENT PRODUCTIVITY NEXUS: IMPORT & EXPORT',2,2,'2021-03-16 15:27:45','2021-03-16 15:27:45',NULL),(423,8,'C145','MACHINERY AND EQUIPMENT PRODUCTIVITY NEXUS: PRODUCTIVITY ANALYSIS',2,2,'2021-03-16 15:27:45','2021-03-16 15:27:45',NULL),(424,8,'C146','MACHINERY AND EQUIPMENT PRODUCTIVITY NEXUS: PRODUCTIVITY TOOLS (LEAN, 5S, KANBAN, KAIZEN, SIX SIGMA, PROBLEM SOLVING, TPM, TQM)',2,2,'2021-03-16 15:27:45','2021-03-16 15:27:45',NULL),(425,8,'C147','MACHINERY AND EQUIPMENT PRODUCTIVITY NEXUS: INDUSTRY SPECIFIC ISSUES, CHALLANGES AND RECOMENDARTION (SOCIO-ECONOMICS)',2,2,'2021-03-16 15:27:45','2021-03-16 15:27:45',NULL),(426,8,'C148','MACHINERY AND EQUIPMENT PRODUCTIVITY NEXUS: AUTOMATION AND DIGITALISATION',2,2,'2021-03-16 15:27:45','2021-03-16 15:27:45',NULL),(427,8,'C149','MACHINERY AND EQUIPMENT PRODUCTIVITY NEXUS: PRODUCTIVITY LINKED TRAINING COURSE FOR TVET INSTITUTIONS IN M&E SECTOR',2,2,'2021-03-16 15:27:45','2021-03-16 15:27:45',NULL),(428,8,'C150','MACHINERY AND EQUIPMENT PRODUCTIVITY NEXUS: OVERALL EQUIPMENT EFFECTIVENESS (OEE)',2,2,'2021-03-16 15:27:45','2021-03-16 15:27:45',NULL),(429,8,'C151','MACHINERY AND EQUIPMENT PRODUCTIVITY NEXUS: EMPOWERMENT OF EXISTING CENTRE OF EXCELLENCE (COE)',2,2,'2021-03-16 15:27:45','2021-03-16 15:27:45',NULL),(430,8,'C152','MACHINERY AND EQUIPMENT PRODUCTIVITY NEXUS: M&E VIRTUAL ADVISORY CLINIC (MEVAC)',2,2,'2021-03-16 15:27:45','2021-03-16 15:27:45',NULL),(431,8,'C153','MACHINERY AND EQUIPMENT PRODUCTIVITY NEXUS: PRODUCTIVITY1010 (PRODUCTIVITY THROUGH DIGITISATION)',2,2,'2021-03-16 15:27:45','2021-03-16 15:27:45',NULL),(432,8,'C154','MACHINERY AND EQUIPMENT PRODUCTIVITY NEXUS: PRODUCTIVITY IMPROVEMENT PROGRAM',2,2,'2021-03-16 15:27:45','2021-03-16 15:27:45',NULL),(433,8,'C155','MACHINERY AND EQUIPMENT PRODUCTIVITY NEXUS: M&E COORDINATION PROGRAM',2,2,'2021-03-16 15:27:45','2021-03-16 15:27:45',NULL),(434,8,'C156','MACHINERY AND EQUIPMENT PRODUCTIVITY NEXUS: M&E CLUSTERING INITIATIVE',2,2,'2021-03-16 15:27:45','2021-03-16 15:27:45',NULL),(435,8,'C157','PRIVATE HEALTHCARE PRODUCTIVITY NEXUS: TENAGA KERJA (WORKFORCE)',2,2,'2021-03-16 15:27:45','2021-03-16 15:27:45',NULL),(436,8,'C158','PRIVATE HEALTHCARE PRODUCTIVITY NEXUS:TEKNOLOGI (TECHNOLOGY) & DIGITAL',2,2,'2021-03-16 15:27:45','2021-03-16 15:27:45',NULL),(437,8,'C159','PRIVATE HEALTHCARE PRODUCTIVITY NEXUS:POLISI & PERATURAN (REGULATION)',2,2,'2021-03-16 15:27:45','2021-03-16 15:27:45',NULL),(438,8,'C160','PRIVATE HEALTHCARE PRODUCTIVITY NEXUS:INSENTIF (INCENTIVE)',2,2,'2021-03-16 15:27:45','2021-03-16 15:27:45',NULL),(439,8,'C161','PRIVATE HEALTHCARE PRODUCTIVITY NEXUS:EKONOMI (ECONOMICS)',2,2,'2021-03-16 15:27:45','2021-03-16 15:27:45',NULL),(440,8,'C162','PRIVATE HEALTHCARE PRODUCTIVITY NEXUS:INDUSTRY STRUCTURE',2,2,'2021-03-16 15:27:45','2021-03-16 15:27:45',NULL),(441,8,'C163','PRIVATE HEALTHCARE PRODUCTIVITY NEXUS:MARKETING STRATEGY',2,2,'2021-03-16 15:27:45','2021-03-16 15:27:45',NULL),(442,8,'C164','PRIVATE HEALTHCARE PRODUCTIVITY NEXUS:STANDARD & PENSIJILAN',2,2,'2021-03-16 15:27:45','2021-03-16 15:27:45',NULL),(443,8,'C165','PRIVATE HEALTHCARE PRODUCTIVITY NEXUS:MANAGEMENT (FINANCIAL, OPERATION, BUSINESS)',2,2,'2021-03-16 15:27:45','2021-03-16 15:27:45',NULL),(444,8,'C166','PRIVATE HEALTHCARE PRODUCTIVITY NEXUS:PRODUCT DEVELOPMENT',2,2,'2021-03-16 15:27:45','2021-03-16 15:27:45',NULL),(445,8,'C167','PRIVATE HEALTHCARE PRODUCTIVITY NEXUS:SYSTEM DEVELOPMENT',2,2,'2021-03-16 15:27:45','2021-03-16 15:27:45',NULL),(446,8,'C168','PRIVATE HEALTHCARE PRODUCTIVITY NEXUS:PROFESSIONAL SERVICES',2,2,'2021-03-16 15:27:45','2021-03-16 15:27:45',NULL),(447,8,'C169','PRIVATE HEALTHCARE PRODUCTIVITY NEXUS:PRIVATE HEALTHCARE – VIRTUAL ADVISORY SERVICES',2,2,'2021-03-16 15:27:45','2021-03-16 15:27:45',NULL);

--
-- Table structure for table `ref_project_category`
--

CREATE TABLE `ref_project_category` (
  `project_category_id` int(11) NOT NULL AUTO_INCREMENT,
  `project_category_code` char(10) DEFAULT NULL,
  `project_category_desc` varchar(100) DEFAULT NULL,
  `created_by` int(11) DEFAULT NULL,
  `updated_by` int(11) DEFAULT NULL,
  `created_at` timestamp NULL DEFAULT NULL,
  `updated_at` timestamp NOT NULL DEFAULT CURRENT_TIMESTAMP,
  `deleted_at` timestamp NULL DEFAULT NULL,
  PRIMARY KEY (`project_category_id`),
  KEY `idx_projcat_code` (`project_category_code`),
  KEY `idx_projcat_createdby` (`created_by`),
  KEY `idx_projcat_updatedby` (`updated_by`)
) ENGINE=InnoDB AUTO_INCREMENT=9 DEFAULT CHARSET=latin1;

--
-- Dumping data for table `ref_project_category`
--

INSERT INTO `ref_project_category` VALUES (1,'AG','GOOD REGULATORY PRACTICE (GRP)',2,2,'2021-03-16 15:08:57','2021-03-16 15:08:57',NULL),(2,'AB','BEHAVIOURAL INSIGHTS',2,2,'2021-03-16 15:08:57','2021-05-29 17:13:57',NULL),(3,'AC','COMPETITIVENESS',2,2,'2021-03-16 15:08:57','2021-03-16 15:08:57',NULL),(4,'AE','PRODUCTIVITY-LINKED WAGE SYSTEM (PLWS)',2,2,'2021-03-16 15:08:57','2021-03-16 15:08:57',NULL),(5,'B','ORGANISATIONAL EXCELLENCE DEVELOPMENT (OED)',2,2,'2021-03-16 15:08:57','2021-03-16 15:08:57',NULL),(6,'BB','SKIM PENINGKATAN PRODUKTIVITI ENTERPRIS (SPPE)',2,2,'2021-03-16 15:08:57','2021-03-16 15:08:57',NULL),(7,'BC','PROGRAM PEMBANGUNAN KAPASITI VENDOR (PPKV)',2,2,'2021-03-16 15:08:57','2021-03-16 15:08:57',NULL),(8,'C','PRODUCTIVITY GROWTH',2,2,'2021-03-16 15:08:57','2021-03-16 15:08:57',NULL);

--
-- Table structure for table `ref_race`
--

CREATE TABLE `ref_race` (
  `race_id` int(11) NOT NULL AUTO_INCREMENT,
  `race_desc` varchar(50) NOT NULL,
  `created_at` timestamp NULL DEFAULT NULL,
  `updated_at` timestamp NOT NULL DEFAULT CURRENT_TIMESTAMP,
  `deleted_at` timestamp NULL DEFAULT NULL,
  PRIMARY KEY (`race_id`,`updated_at`)
) ENGINE=InnoDB AUTO_INCREMENT=5 DEFAULT CHARSET=latin1;

--
-- Dumping data for table `ref_race`
--

INSERT INTO `ref_race` VALUES (1,'Melayu','2018-12-04 13:29:28','2018-12-04 13:29:07',NULL),(2,'Cina','2018-12-04 13:29:31','2018-12-04 13:29:09',NULL),(3,'India','2018-12-04 13:29:36','2018-12-04 13:29:13',NULL),(4,'Lain-lain','2018-12-04 13:29:39','2018-12-04 13:29:18',NULL);

--
-- Table structure for table `ref_reference_sst`
--

CREATE TABLE `ref_reference_sst` (
  `reference_sst_id` int(11) NOT NULL AUTO_INCREMENT,
  `reference_sst_desc` varchar(100) NOT NULL,
  `startdate` date NOT NULL,
  `enddate` date NOT NULL,
  `created_by` int(11) DEFAULT NULL,
  `updated_by` int(11) DEFAULT NULL,
  `created_at` timestamp NULL DEFAULT NULL,
  `updated_at` timestamp NOT NULL DEFAULT CURRENT_TIMESTAMP,
  `deleted_at` timestamp NULL DEFAULT NULL,
  PRIMARY KEY (`reference_sst_id`,`updated_at`),
  KEY `idx_refsst_createdby` (`created_by`),
  KEY `idx_refsst_updatedby` (`updated_by`)
) ENGINE=InnoDB AUTO_INCREMENT=3 DEFAULT CHARSET=latin1;

--
-- Dumping data for table `ref_reference_sst`
--

INSERT INTO `ref_reference_sst` VALUES (1,'MPC(PCT)499/5/1','2020-01-01','2020-12-31',2,2,'2021-06-07 18:37:30','2021-06-07 18:37:30',NULL),(2,'MPC(PCT)500/5/1','2021-01-01','2022-12-31',2,2,'2021-06-07 18:38:05','2021-06-08 04:29:37',NULL);

--
-- Table structure for table `ref_religion`
--

CREATE TABLE `ref_religion` (
  `religion_id` int(11) NOT NULL AUTO_INCREMENT,
  `religion_desc` varchar(50) NOT NULL,
  `created_at` timestamp NULL DEFAULT NULL,
  `updated_at` timestamp NOT NULL DEFAULT CURRENT_TIMESTAMP,
  `deleted_at` timestamp NULL DEFAULT NULL,
  PRIMARY KEY (`religion_id`,`updated_at`)
) ENGINE=InnoDB AUTO_INCREMENT=6 DEFAULT CHARSET=latin1;

--
-- Dumping data for table `ref_religion`
--

INSERT INTO `ref_religion` VALUES (1,'Islam','2018-12-04 13:28:12','2018-12-04 13:28:12',NULL),(2,'Kristian','2018-12-04 13:28:12','2018-12-04 13:28:19',NULL),(3,'Buddha','2018-12-04 13:28:12','2018-12-04 13:28:22',NULL),(4,'Hindu','2018-12-04 13:28:12','2018-12-04 13:28:26',NULL),(5,'Lain-lain','2018-12-04 13:28:12','2018-12-04 13:28:43',NULL);

--
-- Table structure for table `ref_service_distance`
--

CREATE TABLE `ref_service_distance` (
  `service_distance_id` int(11) NOT NULL AUTO_INCREMENT,
  `service_distance_desc` varchar(255) DEFAULT NULL,
  `created_by` int(11) DEFAULT NULL,
  `updated_by` int(11) DEFAULT NULL,
  `created_at` timestamp NULL DEFAULT NULL,
  `updated_at` timestamp NOT NULL DEFAULT CURRENT_TIMESTAMP,
  `deleted_at` timestamp NULL DEFAULT NULL,
  PRIMARY KEY (`service_distance_id`),
  KEY `idx_servicedistance_createdby` (`created_by`),
  KEY `idx_servicedistance_updatedby` (`updated_by`)
) ENGINE=InnoDB AUTO_INCREMENT=4 DEFAULT CHARSET=latin1;

--
-- Dumping data for table `ref_service_distance`
--

INSERT INTO `ref_service_distance` VALUES (1,'Kadar Jarak [<100 km]\r\n',2,2,'2021-06-21 16:15:33','2021-06-21 16:15:33',NULL),(2,'Kadar Jarak [>100 km]',2,2,'2021-06-21 16:15:33','2021-06-21 16:15:33',NULL),(3,'Kadar Jarak ke Sabah/Sarawak',2,2,'2021-06-21 16:15:33','2021-06-21 16:15:33',NULL);

--
-- Table structure for table `ref_service_group`
--

CREATE TABLE `ref_service_group` (
  `service_group_id` int(11) NOT NULL AUTO_INCREMENT,
  `service_group_code` varchar(20) DEFAULT NULL,
  `service_group_desc` varchar(50) NOT NULL,
  `created_by` int(11) DEFAULT NULL,
  `updated_by` int(11) DEFAULT NULL,
  `created_at` timestamp NULL DEFAULT NULL,
  `updated_at` timestamp NOT NULL DEFAULT CURRENT_TIMESTAMP,
  `deleted_at` timestamp NULL DEFAULT NULL,
  PRIMARY KEY (`service_group_id`),
  KEY `idx_servicegroup_code` (`service_group_code`),
  KEY `idx_servicegroup_createdby` (`created_by`),
  KEY `idx_servicegroup_updatedby` (`updated_by`)
) ENGINE=InnoDB AUTO_INCREMENT=6 DEFAULT CHARSET=latin1;

--
-- Dumping data for table `ref_service_group`
--

INSERT INTO `ref_service_group` VALUES (1,NULL,'Pengurusan Tertinggi',2,2,'2021-01-13 13:38:37','2021-01-13 13:38:37',NULL),(2,NULL,'Pengurusan & Professional Gred 53 & 54',2,2,'2021-01-13 13:38:37','2021-01-13 13:38:37',NULL),(3,NULL,'Pengurusan & Professional Gred 45 – 52',2,2,'2021-01-13 13:38:37','2021-01-13 13:38:37',NULL),(4,NULL,'Pengurusan & Professional Gred 41 – 44',2,2,'2021-03-19 13:12:21','2021-03-19 13:12:27',NULL),(5,NULL,'Sokongan',2,2,'2021-03-19 13:12:24','2021-03-19 13:12:29',NULL);

--
-- Table structure for table `ref_service_type`
--

CREATE TABLE `ref_service_type` (
  `service_type_id` int(11) NOT NULL AUTO_INCREMENT,
  `service_type_code` varchar(20) DEFAULT NULL,
  `service_type_desc` varchar(50) NOT NULL,
  `created_by` int(11) DEFAULT NULL,
  `updated_by` int(11) DEFAULT NULL,
  `created_at` timestamp NULL DEFAULT NULL,
  `updated_at` timestamp NOT NULL DEFAULT CURRENT_TIMESTAMP,
  `deleted_at` timestamp NULL DEFAULT NULL,
  PRIMARY KEY (`service_type_id`),
  KEY `idx_servicetype_code` (`service_type_code`),
  KEY `idx_servicetype_createdby` (`created_by`),
  KEY `idx_servicetype_updatedby` (`updated_by`)
) ENGINE=InnoDB AUTO_INCREMENT=4 DEFAULT CHARSET=latin1;

--
-- Dumping data for table `ref_service_type`
--

INSERT INTO `ref_service_type` VALUES (1,'P&P','Pengurusan Tertinggi',2,2,'2021-01-13 13:38:37','2021-01-13 13:38:37',NULL),(2,'P&P','Pengurusan & Profesional',2,2,'2021-01-13 13:38:37','2021-01-13 13:38:37',NULL),(3,'Sokongan','Khidmat Sokongan',2,2,'2021-01-13 13:38:37','2021-01-13 13:38:37',NULL);

--
-- Table structure for table `ref_sub_allocation`
--

CREATE TABLE `ref_sub_allocation` (
  `sub_allocation_id` int(11) NOT NULL AUTO_INCREMENT,
  `allocation_id` int(11) NOT NULL,
  `allocation_code` varchar(50) DEFAULT NULL,
  `sub_allocation_code` varchar(50) DEFAULT NULL,
  `sub_allocation_desc` varchar(255) DEFAULT NULL,
  `created_by` int(11) DEFAULT NULL,
  `updated_by` int(11) DEFAULT NULL,
  `created_at` timestamp NULL DEFAULT NULL,
  `updated_at` timestamp NOT NULL DEFAULT CURRENT_TIMESTAMP,
  `deleted_at` timestamp NULL DEFAULT NULL,
  PRIMARY KEY (`sub_allocation_id`),
  KEY `idx_refsuballocation_allocationid` (`allocation_id`),
  KEY `idx_refsuballocation_createdby` (`created_by`),
  KEY `idx_refsuballocation_updatedby` (`updated_by`)
) ENGINE=InnoDB AUTO_INCREMENT=74 DEFAULT CHARSET=latin1;

--
-- Dumping data for table `ref_sub_allocation`
--

INSERT INTO `ref_sub_allocation` VALUES (1,2,'0005XX10-NPCX','KLEMS-TFP','Capital, Labor, Energy, Material And Services - Total Factor Productivity',2,2,'2020-10-14 02:28:42','2020-10-14 02:28:42',NULL),(2,2,'0007XX11-NPCX','MBR','Modern Business Regulation',2,2,'2020-10-14 02:28:42','2020-10-14 02:28:42',NULL),(3,2,'0008XX11-NPCX','NPDIR','Pelaksanaan NPDIR bagi Kerajaan Negeri dan Kerajaan Tempatan',2,2,'2020-10-14 02:28:42','2020-10-14 02:28:42',NULL),(4,2,'0006XX10-NPCX','EIIP','Enterprise Innovation Intervention Programmed',2,2,'2020-10-14 02:28:42','2020-10-14 02:28:42',NULL),(5,2,'0009XX11-NPCX','SPPE-MPB','Skim Peningkatan Produktiviti Entepris Selaras Dengan Malaysia Prod Blueprint',2,2,'2020-10-14 02:28:42','2020-10-14 02:28:42',NULL),(6,2,'0010XX11-NPCX','MPB-EEPN','Malaysia Productivity Blueprint - Electrical & Electronic',2,2,'2020-10-14 02:28:42','2020-10-14 02:28:42',NULL),(7,2,'0011XX11-NPCX','MPB-CCPPN','Malaysia Productivity Blueprint - Chemicals & Chemical Products',2,2,'2020-10-14 02:28:42','2020-10-14 02:28:42',NULL),(8,2,'0012XX11-NPCX','MPB-RFBPN','Malaysia Productivity Blueprint - Retail and F&B',2,2,'2020-10-14 02:28:42','2020-10-14 02:28:42',NULL),(9,2,'0013XX11-NPCX','MPB-TPN','Malaysia Productivity Blueprint - Tourism Productivity Nexus',2,2,'2020-10-14 02:28:42','2020-10-14 02:28:42',NULL),(10,2,'0014XX11-NPCX','MPB-AFPN','Malaysia Productivity Blueprint - Agrofood Productivity Nexus',2,2,'2020-10-14 02:28:42','2020-10-14 02:28:42',NULL),(11,2,'0015XX11-NPCX','MPB-MEPN','Malaysia Productivity Blueprint - Machinery & Equipment Productivity Nexus',2,2,'2020-10-14 02:28:42','2020-10-14 02:28:42',NULL),(12,2,'0016XX11-NPCX','MPB-PSPN','MALAYSIA PRODUCTIVITY BLUEPRINT - PROFESSIONAL SERVICES PRODUCTIVITY NEXUS',2,31,'2020-10-14 02:28:42','2020-10-14 02:35:29',NULL),(13,2,'0017XX11-NPCX','MPB-ICT','Malaysia Productivity Blueprint -ICT Productivity Nexus',2,2,'2020-10-14 02:28:42','2020-10-14 02:28:42',NULL),(14,2,'0018XX11-NPCX','MPB-PHPN','MALAYSIA PRODUCTIVITY BLUEPRINT - PRIVATE HEALTHCARE PRODUCTIVITY NEXUS',2,31,'2020-10-14 02:28:42','2020-10-14 02:36:14',NULL),(15,2,'0019XX11-NPCX','T5 - MPB','Membentuk Mekanisme Pelaksanaan Yang Padu Selaras Dengan MPB-DMO',2,2,'2020-10-14 02:28:42','2020-10-14 02:28:42',NULL),(16,2,'0020XX11-NPCX','PTPS','PROGRAM TRANSFORMASI PERATURAN SEDIA ADA',2,2,'2020-10-14 02:28:42','2020-10-14 02:28:42',NULL),(17,2,'0021XX11-NPCX','NTM','Memudahkan Peraturan Perniagaan Perdagangan Antarabangsa',2,2,'2020-10-14 02:28:42','2020-10-14 02:28:42',NULL),(18,2,'0023XX11-NPCX','PKP','Peningkatan Kualiti Peraturan',2,2,'2020-10-14 02:28:42','2020-10-14 02:28:42',NULL),(19,1,'M-NPC-SS20','Usahasama- MTCP/TCTP/JICA','MTCP/TCTP/JICA',2,2,'2020-10-14 02:28:42','2020-10-14 02:28:42',NULL),(20,1,'U60S0000-PP60','Usahasama- INDUSTRY 4.0','Program-Industry 4WRD',2,2,'2020-10-14 02:28:42','2020-10-14 02:28:42',NULL),(21,1,'U70S0000-PP70','Usahasama- PPRN','Kajian Impak Pelaksanaan Inisiatif Public -Private Research Network (PPRN)',2,2,'2020-10-14 02:28:42','2020-10-14 02:28:42',NULL),(22,1,'U80S0000-PP80','Usahasama- HICoE','Kajian Impak Pelaksanaan Higher - Institutions Centre Of Excellence (HICOE)',2,2,'2020-10-14 02:28:42','2020-10-14 02:28:42',NULL),(23,1,'U90S0000-PP90','Usahasama- AKI','Anugerah Kecemerlangan Industri (AKI)',2,2,'2020-10-14 02:28:42','2020-10-14 02:28:42',NULL),(24,1,'M-NPC-SS20','Usahasama- PPV-MED','PPV-MED',2,2,'2020-10-14 02:28:42','2020-10-14 02:28:42',NULL),(25,1,'U11S0000-RP10','Usahasama- JPA','Kajian Pengukuran Produktiviti Perkhidmatan Awam (JPA)',2,2,'2020-10-14 02:28:42','2020-10-14 02:28:42',NULL),(26,1,'U12S0000-PP10','Usahasama- MEDAC 2020-LEAN','Kemudahan Latihan Prog Pembangunan Kapasiti Vendor 2019-2020',2,2,'2020-10-14 02:28:42','2020-10-14 02:28:42',NULL),(27,1,'U13S0000-RM10','Usahasama- HICoE (KEUSAHAWANAN)','Kajian Impak Perlaksanaan Prog Keusahawanan Institusi Pendidikan Tinggi',2,2,'2020-10-14 02:28:42','2020-10-14 02:28:42',NULL),(28,1,'M-NPC-SS20','Usahasama- DBKL','Kajian Pengukuran Prestasi (DBKL)',2,2,'2020-10-14 02:28:42','2020-10-14 02:28:42',NULL),(29,1,'U14S0000-LP10','Usahasama- MEDAC 2020-KAIZEN','Kemudahan Latihan Prog Pembangunan Kapasiti Vendor 2019-2020',2,2,'2020-10-14 02:28:42','2020-10-14 02:28:42',NULL),(30,1,'U15S0000-LP20','Usahasama- MEDAC 2020-I4.0','Kemudahan Latihan Prog Pembangunan Kapasiti Vendor 2019-2020',2,2,'2020-10-14 02:28:42','2020-10-14 02:28:42',NULL),(31,1,'K001N016-NPCX','Program Khas- NTEx','Konvensyen Team Excellence Kebangsaan',2,2,'2020-10-14 02:28:42','2020-10-14 02:28:42',NULL),(32,1,'K002N016-NPCX','Program Khas- RTEx (CRO)','Konvensyen Wilayah Tengah',2,2,'2020-10-14 02:28:42','2020-10-14 02:28:42',NULL),(33,1,'K003N016-NPCX','Program Khas- MTEx (CRO)','Mini Konvensyen Wilayah Tengah',2,2,'2020-10-14 02:28:42','2020-10-14 02:28:42',NULL),(34,1,'K004N016-WU0X','Program Khas- RTEx (NRO)','Konvensyen Team Excellence Wilayah Utara ',2,2,'2020-10-14 02:28:42','2020-10-14 02:28:42',NULL),(35,1,'K005N016-JB0X','Program Khas- RTEx (SRO)','Konvensyen Team Excellence Wilayah Selatan',2,2,'2020-10-14 02:28:42','2020-10-14 02:28:42',NULL),(36,1,'K015N016-KK0X','Program Khas- MTEx (SBO)','Mini Konvensyen Wilayah Sabah',2,2,'2020-10-14 02:28:42','2020-10-14 02:28:42',NULL),(37,1,'K006N016-PT0X','Program Khas- RTEx (ECR)','Konvensyen Team Excellence Wilayah P. Timur',2,2,'2020-10-14 02:28:42','2020-10-14 02:28:42',NULL),(38,1,'K007N016-KK0X','Program Khas- RTEx (SBO)','Konvensyen Team Excellence Sabah ',2,2,'2020-10-14 02:28:42','2020-10-14 02:28:42',NULL),(39,1,'K008N016-SW0X','Program Khas- RTEx (SKO)','Konvensyen Team Excellence Sarawak',2,2,'2020-10-14 02:28:42','2020-10-14 02:28:42',NULL),(40,1,'K011N016-JB0X','Program Khas- MTEx (SRO)','Mini Konvensyen Wilayah Selatan',2,2,'2020-10-14 02:28:42','2020-10-14 02:28:42',NULL),(41,1,'K012N016-PT0X','Program Khas- MTEx (ECR)','Mini Konvensyen Wilayah Pantai Timur',2,2,'2020-10-14 02:28:42','2020-10-14 02:28:42',NULL),(42,1,'K013N016-WU0X','Program Khas- MTEx (NRO)','Mini Konvensyen Wilayah Utara',2,2,'2020-10-14 02:28:42','2020-10-14 02:28:42',NULL),(43,1,'K014N016-SW0X','Program Khas- MTEx (SKO)','Mini Konvensyen Wilayah Sarawak',2,2,'2020-10-14 02:28:42','2020-10-14 02:28:42',NULL),(44,1,'K016N016-NPCX','Program Khas- PC','Productivity Conference',2,2,'2020-10-14 02:28:42','2020-10-14 02:28:42',NULL),(45,1,'K017N016-NPCX','Program Khas- APIC','Annual Productivity & Innovation Conference',2,2,'2020-10-14 02:28:42','2020-10-14 02:28:42',NULL),(46,1,'K018N016-NPCX','Program Khas- APQC','Asia Pacific Quality Conference',2,2,'2020-10-14 02:28:42','2020-10-14 02:28:42',NULL),(47,1,'S001N016-NPCX','ICQCC','International Convention on Quality Control Circles',2,2,'2020-10-14 02:28:42','2020-10-14 02:28:42',NULL),(48,1,'S003N009-NPCX','Seminar/Study Mission Luar Negara','Seminar/Study Mission Luar Negara',2,2,'2020-10-14 02:28:42','2020-10-14 02:28:42',NULL),(49,1,'S005N016-NPCX','IQPC','International Quality and Productivity Convention',2,2,'2020-10-14 02:28:42','2020-10-14 02:28:42',NULL),(50,1,'M-NPC-JB0','Mengurus-MPC SRO','Mengurus-MPC Wilayah Selatan',2,2,'2020-10-14 02:28:42','2020-10-14 02:28:42',NULL),(51,1,'M-NPC-WU0','Mengurus-MPC NRO','Mengurus-MPC Wilayah Utara',2,2,'2020-10-14 02:28:42','2020-10-14 02:28:42',NULL),(52,1,'M-NPC-SW0','Mengurus-MPC SKO','Mengurus-MPC Sarawak',2,2,'2020-10-14 02:28:42','2020-10-14 02:28:42',NULL),(53,1,'M-NPC-PT0','Mengurus-MPC ECR','Mengurus-MPC Wilayah Pantai Timur',2,2,'2020-10-14 02:28:42','2020-10-14 02:28:42',NULL),(54,1,'M-NPC-KK0','Mengurus-MPC SBO','Mengurus-MPC Sabah',2,2,'2020-10-14 02:28:42','2020-10-14 02:28:42',NULL),(55,1,'M-NPC-LP10','Mengurus-MPC CRO','Mengurus-MPC Wilayah Tengah',2,2,'2020-10-14 02:28:42','2020-10-14 02:28:42',NULL),(56,1,'M-NPC-KP01','Mengurus-KP','Mengurus - Pejabat Ketua Pengarah',2,2,'2020-10-14 02:28:42','2020-10-14 02:28:42',NULL),(57,1,'M-NPC-LB10','Mengurus-BE','Mengurus - Jabatan Kecemerlangan Perniagaan',2,2,'2020-10-14 02:28:42','2020-10-14 02:28:42',NULL),(58,1,'M-NPC-PP10','Mengurus-CPD','Mengurus - Khidmat Pelanggan & Media',2,2,'2020-10-14 02:28:42','2020-10-14 02:28:42',NULL),(59,1,'M-NPC-RK10','Mengurus-SR','Mengurus - MPC Sarawak',2,2,'2020-10-14 02:28:42','2020-10-14 02:28:42',NULL),(60,1,'M-NPC-RM10','Mengurus-PCK','Mengurus-Pembangunan Prod & Daya Saing',2,2,'2020-10-14 02:28:42','2020-10-14 02:28:42',NULL),(61,1,'M-NPC-RP10','Mengurus-DMO','Mengurus-Delivery Management Office',2,2,'2020-10-14 02:28:42','2020-10-14 02:28:42',NULL),(62,1,'M-NPC-SS10','Mengurus-MSF','Mengurus-Khidmat Pengurusan & Kewangan',2,2,'2020-10-14 02:28:42','2020-10-14 02:28:42',NULL),(63,1,'M-NPC-SS20','Mengurus-FIN','Mengurus-Unit Kewangan',2,2,'2020-10-14 02:28:42','2020-10-14 02:28:42',NULL),(64,1,'M-NPC-SS30','Mengurus-PCT','Mengurus-Unit Perolehan',2,2,'2020-10-14 02:28:42','2020-10-14 02:28:42',NULL),(65,1,'M-NPC-SS50','Mengurus-HRMD','Mengurus-Unit Pengurusan Sumber Manusia',2,2,'2020-10-14 02:28:42','2020-10-14 02:28:42',NULL),(66,1,'M-NPC-SS60','Mengurus-MIT','Mengurus-Unit Pengurusan Teknologi Maklumat',2,2,'2020-10-14 02:28:42','2020-10-14 02:28:42',NULL),(67,1,'M-NPC-TP02','Mengurus-TKP','Mengurus-Pejabat Timb. Ketua Pengarah',2,2,'2020-10-14 02:28:42','2020-10-14 02:28:42',NULL),(68,1,'M-NPC-UP10','Mengurus-Urusetia Perbadanan','Mengurus-Urusetia Perbadanan',2,2,'2020-10-14 02:28:42','2020-10-14 02:28:42',NULL),(69,1,'M-NPC-UP20','Mengurus-Unit Inovasi','Mengurus-Unit Inovasi',2,2,'2020-10-14 02:28:42','2020-10-14 02:28:42',NULL),(70,1,'M-NPC-UP30','Mengurus-Unit Perhubungan Antarabangsa','Mengurus-Unit Perhubungan Antarabangsa',2,2,'2020-10-14 02:28:42','2020-10-14 02:28:42',NULL),(71,2,'0022XX11-NPCX','SPN','SPN',298,31,'2020-10-15 03:18:06','2020-10-15 04:20:20',NULL),(72,2,'0032XX11-NPCX','BI','BEHAVIORAL INSIGHTS',31,31,'2020-10-15 08:25:26','2020-11-17 05:22:57',NULL),(73,2,'0002XXX7-NPCX','HRD','PEMBANGUNAN SUMBER MANUSIA',31,31,'2020-11-03 04:29:36','2020-11-03 04:29:36',NULL);

--
-- Table structure for table `ref_supplier`
--

CREATE TABLE `ref_supplier` (
  `supplier_id` int(11) NOT NULL AUTO_INCREMENT,
  `supplier_code` varchar(50) NOT NULL,
  `supplier_name` varchar(100) NOT NULL,
  `supplier_regno` varchar(20) NOT NULL,
  `supplier_address_1` varchar(100) DEFAULT NULL,
  `supplier_address_2` varchar(100) DEFAULT NULL,
  `supplier_address_3` varchar(100) DEFAULT NULL,
  `supplier_postcode` char(5) DEFAULT NULL,
  `district_id` int(11) DEFAULT NULL,
  `state_id` int(11) DEFAULT NULL,
  `supplier_contact_person` varchar(100) DEFAULT NULL,
  `supplier_office_no` varchar(20) DEFAULT NULL,
  `supplier_mobile_no` varchar(20) DEFAULT NULL,
  `supplier_fax_no` varchar(20) DEFAULT NULL,
  `supplier_email` varchar(100) DEFAULT NULL,
  `supplier_account_no` varchar(50) DEFAULT NULL,
  `bank_id` int(11) DEFAULT NULL,
  `created_by` int(11) DEFAULT NULL,
  `created_at` timestamp NULL DEFAULT NULL,
  `updated_by` int(11) DEFAULT NULL,
  `updated_at` timestamp NOT NULL DEFAULT CURRENT_TIMESTAMP,
  `deleted_by` int(11) DEFAULT NULL,
  `deleted_at` timestamp NULL DEFAULT NULL,
  PRIMARY KEY (`supplier_id`)
) ENGINE=InnoDB DEFAULT CHARSET=latin1;

--
-- Dumping data for table `ref_supplier`
--


--
-- Table structure for table `ref_supplier_service`
--

CREATE TABLE `ref_supplier_service` (
  `supplier_service_id` int(11) NOT NULL AUTO_INCREMENT,
  `supplier_service_main_id` int(11) DEFAULT NULL,
  `supplier_service_desc` varchar(50) NOT NULL,
  `asset_type_code` varchar(50) DEFAULT NULL,
  `has_online` int(11) NOT NULL DEFAULT '1',
  `has_government` int(11) NOT NULL DEFAULT '0',
  `is_distance_charge` int(11) NOT NULL DEFAULT '0',
  `distance_online_less` decimal(10,2) NOT NULL DEFAULT '0.00' COMMENT '<100km',
  `distance_online_more` decimal(10,2) NOT NULL DEFAULT '0.00' COMMENT '>100m',
  `distance_online_east` decimal(10,2) NOT NULL DEFAULT '0.00' COMMENT 'sabah/sarawak',
  `distance_online_unit_id` int(11) DEFAULT NULL,
  `distance_physical_less` decimal(10,2) NOT NULL DEFAULT '0.00' COMMENT '<100km',
  `distance_physical_more` decimal(10,2) NOT NULL DEFAULT '0.00' COMMENT '>100m',
  `distance_physical_east` decimal(10,2) NOT NULL DEFAULT '0.00' COMMENT 'sabah/sarawak',
  `distance_physical_unit_id` int(11) DEFAULT NULL,
  `online_charge` decimal(10,2) NOT NULL DEFAULT '0.00',
  `online_unit_id` int(11) DEFAULT NULL,
  `physical_charge` decimal(10,2) NOT NULL DEFAULT '0.00',
  `physical_unit_id` int(11) DEFAULT NULL,
  `rotation_status` int(11) NOT NULL DEFAULT '0',
  `exgratia_status` int(11) NOT NULL DEFAULT '0',
  `total_entitle_supplier` int(11) NOT NULL DEFAULT '0',
  `created_by` int(11) DEFAULT NULL,
  `updated_by` int(11) DEFAULT NULL,
  `created_at` timestamp NULL DEFAULT NULL,
  `updated_at` timestamp NOT NULL DEFAULT CURRENT_TIMESTAMP,
  `deleted_at` timestamp NULL DEFAULT NULL,
  PRIMARY KEY (`supplier_service_id`),
  KEY `idx_supplierservice_main` (`supplier_service_main_id`),
  KEY `idx_supplierservice_hasgov` (`has_government`),
  KEY `idx_supplierservice_assettypecode` (`asset_type_code`),
  KEY `idx_supplierservice_rotationsts` (`rotation_status`),
  KEY `idx_supplierservice_exgratia` (`exgratia_status`),
  KEY `idx_supplierservice_createdby` (`created_by`),
  KEY `idx_supplierservice_updatedby` (`updated_by`)
) ENGINE=InnoDB AUTO_INCREMENT=21 DEFAULT CHARSET=latin1;

--
-- Dumping data for table `ref_supplier_service`
--

INSERT INTO `ref_supplier_service` VALUES (1,1,'TENAGA PENGAJAR','P29106',1,0,1,300.00,300.00,300.00,1,1800.00,2000.00,2500.00,2,0.00,NULL,0.00,NULL,1,1,0,2,2,'2021-05-23 16:01:15','2021-06-15 09:04:24',NULL),(2,1,'FASILITATOR','P29106',1,1,1,250.00,250.00,250.00,1,1800.00,2000.00,2500.00,2,0.00,NULL,0.00,NULL,1,1,0,2,2,'2021-05-23 16:01:15','2021-05-29 16:58:12',NULL),(3,1,'MODERATOR','P29106',1,0,0,0.00,0.00,0.00,NULL,0.00,0.00,0.00,NULL,250.00,1,250.00,1,1,1,0,2,2,'2021-05-23 16:01:15','2021-05-23 16:01:15',NULL),(4,1,'PENCERAMAH','P29106',1,1,0,0.00,0.00,0.00,NULL,0.00,0.00,0.00,NULL,300.00,1,350.00,1,1,1,0,2,2,'2021-05-23 16:01:15','2021-05-23 16:01:15',NULL),(5,2,'PENULISAN LAPORAN/ARTIKEL/SOALAN MODUL','P29112',0,0,0,0.00,0.00,0.00,NULL,0.00,0.00,0.00,NULL,0.00,NULL,200.00,4,1,0,0,2,2,'2021-05-23 16:01:15','2021-05-23 16:01:15',NULL),(6,2,'PENYEMAK LAPORAN/ARTIKEL/MODUL','P29112',0,0,0,0.00,0.00,0.00,NULL,0.00,0.00,0.00,NULL,0.00,NULL,150.00,4,1,0,0,2,2,'2021-05-23 16:01:15','2021-05-23 16:01:15',NULL),(7,2,'MENULIS KENYATAAN MEDIA','P29112',0,0,0,0.00,0.00,0.00,NULL,0.00,0.00,0.00,NULL,0.00,NULL,1000.00,9,1,0,0,2,2,'2021-05-23 16:01:15','2021-05-23 16:01:15',NULL),(8,2,'JURULAPOR','P29112',0,0,0,0.00,0.00,0.00,NULL,0.00,0.00,0.00,NULL,0.00,NULL,100.00,4,1,0,0,2,2,'2021-05-23 16:01:15','2021-05-23 16:01:15',NULL),(9,2,'PENULISAN AMALAN TERBAIK','P29112',0,0,1,250.00,250.00,250.00,1,600.00,800.00,1000.00,2,0.00,NULL,0.00,NULL,1,0,0,2,2,'2021-05-23 16:01:15','2021-05-23 16:01:15','2021-06-14 07:05:40'),(10,3,'SEKRETARIAT/KOORDINATOR MESYUARAT/AKTIVITI','P29112',1,0,0,0.00,0.00,0.00,NULL,0.00,0.00,0.00,NULL,1000.00,10,2000.00,10,1,0,0,2,2,'2021-05-23 16:01:15','2021-05-23 16:01:15',NULL),(11,3,'PENYELARAS KOORDINATOR KELULUSAN EPU KEPADA DMO','P29112',1,0,0,0.00,0.00,0.00,NULL,0.00,0.00,0.00,NULL,200.00,1,200.00,1,1,0,0,2,2,'2021-05-23 16:01:15','2021-05-23 16:01:15',NULL),(12,4,'PENILAI/ JURU AUDIT/ JURI','P29105',1,0,1,350.00,350.00,350.00,1,1300.00,2000.00,2200.00,2,0.00,NULL,0.00,NULL,1,0,0,2,2,'2021-05-23 16:01:15','2021-05-23 16:01:15',NULL),(13,4,'PENILAI KHAS [5S]','P29105',1,0,1,150.00,150.00,150.00,1,500.00,750.00,1000.00,2,0.00,NULL,0.00,NULL,1,0,0,2,2,'2021-05-23 16:01:15','2021-05-23 16:01:15',NULL),(14,4,'LAWATAN TAPAK (KILANG/ ORGANISASI/ DLL)','P29105',1,0,1,900.00,900.00,900.00,11,1800.00,2000.00,2200.00,2,0.00,NULL,0.00,NULL,1,0,0,2,2,'2021-05-23 16:01:15','2021-05-23 16:01:15',NULL),(15,4,'PENGAWAS PEPERIKSAAN','P29105',1,0,0,0.00,0.00,0.00,NULL,0.00,0.00,0.00,NULL,150.00,12,150.00,12,1,0,0,2,2,'2021-05-23 16:01:15','2021-05-23 16:01:15',NULL),(16,4,'PEMERIKSA KERTAS','P29105',1,0,0,0.00,0.00,0.00,NULL,0.00,0.00,0.00,NULL,50.00,1,50.00,1,1,0,0,2,2,'2021-05-23 16:01:15','2021-05-23 16:01:15',NULL),(17,5,'PAKAR RUJUK/ INDUSTRI','P29105',1,0,0,0.00,0.00,0.00,NULL,0.00,0.00,0.00,NULL,400.00,1,400.00,1,0,0,0,2,2,'2021-05-23 16:01:15','2021-05-23 16:01:15',NULL),(18,5,'KHIDMAT PENASIHAT/ MENTOR','P29105',1,0,0,0.00,0.00,0.00,NULL,0.00,0.00,0.00,NULL,400.00,1,400.00,1,0,0,0,2,2,'2021-05-23 16:01:15','2021-05-23 16:01:15',NULL),(19,1,'PENSYARAH','P29106',1,1,0,0.00,0.00,0.00,NULL,0.00,0.00,0.00,NULL,300.00,1,350.00,1,1,1,0,2,2,'2021-06-05 16:45:51','2021-06-05 16:45:53',NULL),(20,2,'EDITOR','P29112',0,0,0,0.00,0.00,0.00,NULL,0.00,0.00,0.00,NULL,0.00,NULL,350.00,4,1,0,0,2,2,'2021-06-05 16:49:21','2021-06-05 16:49:23',NULL);

--
-- Table structure for table `ref_supplier_service_main`
--

CREATE TABLE `ref_supplier_service_main` (
  `supplier_service_main_id` int(11) NOT NULL AUTO_INCREMENT,
  `supplier_service_main_desc` varchar(50) NOT NULL,
  `created_by` int(11) DEFAULT NULL,
  `updated_by` int(11) DEFAULT NULL,
  `created_at` timestamp NULL DEFAULT NULL,
  `updated_at` timestamp NOT NULL DEFAULT CURRENT_TIMESTAMP,
  `deleted_at` timestamp NULL DEFAULT NULL,
  PRIMARY KEY (`supplier_service_main_id`),
  KEY `idx_servicemain_createdby` (`created_by`),
  KEY `idx_servicemain_updatedby` (`updated_by`)
) ENGINE=InnoDB AUTO_INCREMENT=6 DEFAULT CHARSET=latin1;

--
-- Dumping data for table `ref_supplier_service_main`
--

INSERT INTO `ref_supplier_service_main` VALUES (1,'Pengajar',2,2,'2021-05-23 15:57:42','2021-05-23 15:57:42',NULL),(2,'Penulisan',2,2,'2021-05-23 15:57:42','2021-05-23 15:57:42',NULL),(3,'Seketariat',2,2,'2021-05-23 15:57:42','2021-05-23 15:57:42',NULL),(4,'Lawatan',2,2,'2021-05-23 15:57:42','2021-05-23 15:57:42',NULL),(5,'Bidang Kepakaran Khusus (SME)',2,2,'2021-05-23 15:57:42','2021-05-23 15:57:42',NULL);

--
-- Table structure for table `ref_unit`
--

CREATE TABLE `ref_unit` (
  `unit_id` int(11) NOT NULL AUTO_INCREMENT,
  `unit_desc` varchar(200) NOT NULL,
  `purpose` int(11) NOT NULL COMMENT '1-perkhidmatan',
  `is_active` char(1) NOT NULL DEFAULT '1',
  `created_by` int(11) NOT NULL,
  `updated_by` int(11) NOT NULL,
  `created_at` timestamp NULL DEFAULT NULL,
  `updated_at` timestamp NULL DEFAULT CURRENT_TIMESTAMP,
  `deleted_at` timestamp NULL DEFAULT NULL,
  PRIMARY KEY (`unit_id`)
) ENGINE=InnoDB AUTO_INCREMENT=13 DEFAULT CHARSET=latin1;

--
-- Dumping data for table `ref_unit`
--

INSERT INTO `ref_unit` VALUES (1,'JAM',1,'1',2,2,'2021-06-20 14:45:25','2021-06-20 14:45:25',NULL),(2,'HARI',1,'1',2,2,'2021-06-20 14:45:25','2021-06-20 14:45:28',NULL),(3,'KM',1,'1',2,2,'2021-06-20 14:45:25','2021-06-20 14:46:06','2021-06-20 18:27:21'),(4,'MUKASURAT',1,'1',2,2,'2021-06-20 14:45:25','2021-06-20 14:46:40',NULL),(5,'ARTIKAL',1,'1',2,2,'2021-06-20 14:45:25','2021-06-20 14:51:25',NULL),(6,'LAPORAN',1,'1',2,2,'2021-06-20 14:45:25','2021-06-20 14:52:27',NULL),(7,'MESYUARAT',1,'1',2,2,'2021-06-20 14:45:25','2021-06-20 14:52:37',NULL),(8,'AKTIVITI',1,'1',2,2,'2021-06-20 14:45:25','2021-06-20 14:53:37',NULL),(9,'ARTIKAL/LAPORAN',1,'1',2,2,'2021-06-20 14:45:25','2021-06-20 14:53:37',NULL),(10,'MESYUARAT/AKTIVITI',1,'1',2,2,'2021-06-20 18:33:50','2021-06-20 18:33:50',NULL),(11,'SESI',1,'1',2,2,'2021-06-20 18:38:52','2021-06-20 18:38:52',NULL),(12,'KERTAS',1,'1',2,2,'2021-06-20 18:42:04','2021-06-20 18:42:04',NULL);

--
-- Table structure for table `ref_unit_bahagian`
--

CREATE TABLE `ref_unit_bahagian` (
  `unit_bahagian_id` int(11) NOT NULL AUTO_INCREMENT,
  `parent_id` int(11) DEFAULT NULL,
  `unit_bahagian_desc` varchar(100) NOT NULL,
  `is_cawangan` int(11) NOT NULL DEFAULT '0',
  `prefix_running_no` varchar(20) DEFAULT NULL,
  `running_no` int(11) NOT NULL DEFAULT '0',
  `address_1` varchar(100) DEFAULT NULL,
  `address_2` varchar(100) DEFAULT NULL,
  `address_3` varchar(100) DEFAULT NULL,
  `postcode` char(5) DEFAULT NULL,
  `district_id` int(11) DEFAULT NULL,
  `state_id` int(11) DEFAULT NULL,
  `contact_no` varchar(20) DEFAULT NULL,
  `fax_no` varchar(20) DEFAULT NULL,
  `email` varchar(50) DEFAULT NULL,
  `account_no` varchar(20) DEFAULT NULL,
  `bank_id` int(11) DEFAULT NULL,
  `created_by` int(11) DEFAULT NULL,
  `updated_by` int(11) DEFAULT NULL,
  `created_at` timestamp NULL DEFAULT NULL,
  `updated_at` timestamp NOT NULL DEFAULT CURRENT_TIMESTAMP,
  `deleted_at` timestamp NULL DEFAULT NULL,
  PRIMARY KEY (`unit_bahagian_id`)
) ENGINE=InnoDB AUTO_INCREMENT=13 DEFAULT CHARSET=latin1;

--
-- Dumping data for table `ref_unit_bahagian`
--

INSERT INTO `ref_unit_bahagian` VALUES (0,NULL,'HQ',0,NULL,0,NULL,NULL,NULL,NULL,NULL,NULL,NULL,NULL,NULL,NULL,NULL,2,2,'2019-03-29 12:32:26','2019-03-29 12:32:28',NULL),(1,0,'CPD',0,NULL,1,NULL,NULL,NULL,NULL,NULL,NULL,NULL,NULL,NULL,NULL,NULL,2,2,'2019-03-28 17:14:07','2019-03-28 17:14:07',NULL),(2,0,'PACS',1,NULL,1,NULL,NULL,NULL,NULL,NULL,NULL,NULL,NULL,NULL,NULL,NULL,2,2,'2019-03-28 17:14:07','2020-10-15 08:55:30',NULL),(3,0,'DGO',0,NULL,1,NULL,NULL,NULL,NULL,NULL,NULL,NULL,NULL,NULL,NULL,NULL,2,2,'2019-03-28 17:14:07','2019-03-28 17:14:07',NULL),(4,0,'DMO',1,'',1,NULL,NULL,NULL,NULL,NULL,NULL,NULL,NULL,NULL,NULL,NULL,2,2,'2019-03-28 17:14:07','2021-01-05 07:11:26',NULL),(5,0,'MSF',0,NULL,4,NULL,NULL,NULL,NULL,NULL,NULL,NULL,NULL,NULL,NULL,NULL,2,2,'2019-03-28 17:14:07','2019-03-28 17:14:07',NULL),(6,0,'PCD',0,NULL,1,NULL,NULL,NULL,NULL,NULL,NULL,NULL,NULL,NULL,NULL,NULL,2,2,'2019-03-28 17:14:07','2019-03-28 17:14:07',NULL),(7,0,'OED',1,NULL,1,NULL,NULL,NULL,NULL,NULL,NULL,NULL,NULL,NULL,NULL,NULL,2,2,'2019-03-28 17:14:07','2020-10-14 01:48:11',NULL),(8,7,'ECR',1,'K-PT0',1,NULL,NULL,NULL,NULL,NULL,NULL,NULL,NULL,NULL,NULL,NULL,2,2,'2019-03-28 17:14:07','2021-01-05 07:12:35',NULL),(9,7,'NRO',1,'K-WU0',1,NULL,NULL,NULL,NULL,NULL,NULL,NULL,NULL,NULL,NULL,NULL,2,2,'2019-03-28 17:14:07','2019-03-28 17:14:07',NULL),(10,7,'SBO',1,'K-KK0',1,NULL,NULL,NULL,NULL,NULL,NULL,NULL,NULL,NULL,NULL,NULL,2,2,'2019-03-28 17:14:07','2019-03-28 17:14:07',NULL),(11,7,'SKO',1,'K-SW0',1,NULL,NULL,NULL,NULL,NULL,NULL,NULL,NULL,NULL,NULL,NULL,2,2,'2019-03-28 17:14:07','2019-03-28 17:14:07',NULL),(12,7,'SRO',1,'K-JB0',1,NULL,NULL,NULL,NULL,NULL,NULL,NULL,NULL,NULL,NULL,NULL,2,2,'2019-03-28 17:14:07','2019-03-28 17:14:07',NULL);

--
-- Table structure for table `role_has_permissions`
--

CREATE TABLE `role_has_permissions` (
  `permission_id` int(10) unsigned NOT NULL,
  `role_id` int(10) unsigned NOT NULL,
  PRIMARY KEY (`permission_id`,`role_id`),
  KEY `role_has_permissions_role_id_foreign` (`role_id`),
  CONSTRAINT `role_has_permissions_permission_id_foreign` FOREIGN KEY (`permission_id`) REFERENCES `permissions` (`id`) ON DELETE CASCADE,
  CONSTRAINT `role_has_permissions_role_id_foreign` FOREIGN KEY (`role_id`) REFERENCES `roles` (`id`) ON DELETE CASCADE
) ENGINE=InnoDB DEFAULT CHARSET=utf8 COLLATE=utf8_unicode_ci ROW_FORMAT=DYNAMIC COMMENT='ACL related';

--
-- Dumping data for table `role_has_permissions`
--

INSERT INTO `role_has_permissions` VALUES (13,1),(13,2),(13,7),(13,8),(13,14),(13,15),(14,1),(14,2),(15,1),(15,2),(16,1),(16,2),(16,7),(16,8),(16,14),(16,15),(17,1),(18,1),(19,1),(20,1),(21,1),(22,1),(22,2),(29,1),(29,2),(30,1),(30,2),(101,1),(101,2),(104,1),(104,2),(108,1),(108,2),(108,7),(108,8),(110,1),(110,2),(121,1),(121,2),(123,1),(123,2),(124,1),(124,2),(128,1),(128,2),(129,7),(129,8),(129,14),(129,15),(130,1),(130,2),(130,7),(130,8),(131,1),(131,7),(132,1),(132,2),(132,7),(134,1),(134,2),(137,1),(137,2),(138,1),(138,2),(150,2),(150,7),(156,1),(156,2),(157,1),(157,2),(158,1),(158,2),(159,1),(159,2),(161,1),(161,2),(162,1),(162,2),(163,1),(163,2),(164,14),(164,15),(165,1),(165,2);

--
-- Table structure for table `role_has_permissions_copy`
--

CREATE TABLE `role_has_permissions_copy` (
  `permission_id` int(10) unsigned NOT NULL,
  `role_id` int(10) unsigned NOT NULL,
  PRIMARY KEY (`permission_id`,`role_id`),
  KEY `role_has_permissions_role_id_foreign` (`role_id`)
) ENGINE=InnoDB DEFAULT CHARSET=utf8 COLLATE=utf8_unicode_ci ROW_FORMAT=DYNAMIC COMMENT='ACL related';

--
-- Dumping data for table `role_has_permissions_copy`
--

INSERT INTO `role_has_permissions_copy` VALUES (13,1),(13,2),(13,4),(13,5),(13,6),(13,7),(13,8),(13,9),(13,10),(13,11),(13,13),(14,1),(14,2),(14,9),(14,11),(15,1),(15,2),(16,1),(16,2),(16,4),(16,5),(16,6),(16,7),(16,8),(16,9),(16,10),(16,11),(16,13),(17,1),(18,1),(19,1),(20,1),(21,1),(22,1),(22,2),(29,1),(29,2),(29,9),(29,11),(30,1),(30,2),(30,9),(30,11),(101,1),(101,2),(101,9),(101,10),(104,1),(104,2),(104,9),(108,1),(108,2),(108,4),(108,5),(108,6),(108,7),(108,8),(108,9),(108,10),(108,11),(108,13),(110,1),(110,2),(121,1),(121,2),(121,9),(121,11),(123,1),(123,2),(123,9),(123,10),(123,11),(123,13),(124,1),(124,2),(124,9),(128,1),(128,2),(128,9),(129,4),(129,5),(129,6),(129,7),(129,8),(129,10),(129,13),(130,1),(130,2),(130,4),(130,5),(130,6),(130,7),(130,8),(130,9),(130,10),(130,11),(130,13),(131,1),(131,4),(132,1),(132,2),(132,4),(132,5),(132,6),(132,7),(132,9),(132,10),(132,11),(132,13),(134,1),(134,2),(137,1),(137,2),(137,9),(137,10),(137,11),(137,13),(138,1),(138,2),(138,9),(138,10),(138,11),(138,13),(140,5),(141,6),(150,2),(150,4),(150,5),(150,6),(150,9),(150,10),(150,11),(150,13),(156,1),(156,2),(156,9),(157,1),(157,2),(158,1),(158,2);

--
-- Table structure for table `roles`
--

CREATE TABLE `roles` (
  `id` int(10) unsigned NOT NULL AUTO_INCREMENT,
  `name` varchar(255) COLLATE utf8_unicode_ci NOT NULL,
  `description` longtext COLLATE utf8_unicode_ci,
  `is_bigamount_approver` int(1) NOT NULL DEFAULT '0',
  `sort` int(1) NOT NULL DEFAULT '11',
  `created_at` timestamp NULL DEFAULT NULL,
  `updated_at` timestamp NULL DEFAULT NULL,
  `deleted_at` timestamp NULL DEFAULT NULL,
  PRIMARY KEY (`id`),
  UNIQUE KEY `roles_name_unique` (`name`)
) ENGINE=InnoDB AUTO_INCREMENT=16 DEFAULT CHARSET=utf8 COLLATE=utf8_unicode_ci ROW_FORMAT=DYNAMIC COMMENT='ACL related';

--
-- Dumping data for table `roles`
--

INSERT INTO `roles` VALUES (1,'superadmin','Super System Administrator',0,1,'2018-04-03 13:56:05','2018-04-03 13:56:05',NULL),(2,'admin','Pentadbir Sistem',0,2,'2018-04-03 13:56:55','2018-04-03 13:56:55',NULL),(7,'approver','Penyokong',0,4,'2019-03-21 06:20:14','2019-03-21 06:20:14',NULL),(8,'officer','Pegawai',0,3,'2019-03-21 06:20:14','2019-03-21 06:20:14',NULL),(14,'company','Syarikat',0,11,'2021-05-23 18:57:06','2021-05-23 18:57:08',NULL),(15,'supplier','Pembekal',0,11,'2021-05-23 18:58:12','2021-05-23 18:58:14',NULL);

--
-- Table structure for table `roles_old`
--

CREATE TABLE `roles_old` (
  `id` int(10) unsigned NOT NULL AUTO_INCREMENT,
  `name` varchar(255) COLLATE utf8_unicode_ci NOT NULL,
  `description` longtext COLLATE utf8_unicode_ci,
  `is_bigamount_approver` int(1) NOT NULL DEFAULT '0',
  `sort` int(1) NOT NULL DEFAULT '11',
  `created_at` timestamp NULL DEFAULT NULL,
  `updated_at` timestamp NULL DEFAULT NULL,
  `deleted_at` timestamp NULL DEFAULT NULL,
  PRIMARY KEY (`id`),
  UNIQUE KEY `roles_name_unique` (`name`)
) ENGINE=InnoDB AUTO_INCREMENT=14 DEFAULT CHARSET=utf8 COLLATE=utf8_unicode_ci ROW_FORMAT=DYNAMIC COMMENT='ACL related';

--
-- Dumping data for table `roles_old`
--

INSERT INTO `roles_old` VALUES (1,'superadmin','Super System Administrator',0,1,'2018-04-03 13:56:05','2018-04-03 13:56:05',NULL),(2,'admin','Pentadbir Sistem',0,2,'2018-04-03 13:56:55','2018-04-03 13:56:55',NULL),(4,'deptdirector','Pengarah MSF/Wilayah',0,9,'2020-09-11 10:34:35','2020-09-11 10:34:37',NULL),(5,'vicedirector','Timbalan Ketua Pengarah',0,10,'2020-07-29 13:27:49','2020-07-29 13:27:53',NULL),(6,'director','Ketua Pengarah',1,11,'2019-03-21 06:20:11','2019-03-21 06:20:14',NULL),(7,'approver','Penyelia',0,4,'2019-03-21 06:20:14','2019-03-21 06:20:14',NULL),(8,'officer','Pegawai',0,3,'2019-03-21 06:20:14','2019-03-21 06:20:14',NULL),(9,'reviewer','Checker FIN',0,5,'2020-05-27 17:57:49','2020-05-27 17:57:54',NULL),(10,'finance','Preparer FIN',0,7,'2020-07-22 16:53:22','2020-07-22 16:53:25',NULL),(11,'preparer','Checker Wilayah',0,6,'2020-09-11 10:35:56','2020-09-11 10:35:59',NULL),(13,'financept','Preparer Wilayah',0,7,'2020-10-14 08:59:16','2020-10-14 08:59:16',NULL);

--
-- Table structure for table `scripts`
--

CREATE TABLE `scripts` (
  `content` text
) ENGINE=InnoDB DEFAULT CHARSET=latin1;

--
-- Dumping data for table `scripts`
--

INSERT INTO `scripts` VALUES ('w');

--
-- Table structure for table `upload`
--

CREATE TABLE `upload` (
  `upload_id` int(11) NOT NULL AUTO_INCREMENT,
  `upload_model` varchar(50) DEFAULT NULL COMMENT '1-fromcomplaint,2-fromemergency',
  `upload_model_id` int(11) DEFAULT NULL,
  `upload_desc` varchar(255) DEFAULT NULL,
  `upload_path` varchar(50) NOT NULL,
  `upload_filename` varchar(200) NOT NULL,
  `upload_type` char(2) DEFAULT NULL,
  `upload_imagetype` varchar(20) DEFAULT NULL COMMENT 'thumbnail, feature, original',
  `upload_model_runningno` int(11) DEFAULT NULL,
  `upload_imageid` longtext COMMENT 'this will be used during delete action. this id generate based on encrypt filename',
  `upload_file_date` date DEFAULT NULL,
  `created_by` int(11) NOT NULL,
  `updated_by` int(11) DEFAULT NULL,
  `created_at` timestamp NULL DEFAULT NULL,
  `updated_at` timestamp NOT NULL DEFAULT CURRENT_TIMESTAMP,
  `deleted_at` timestamp NULL DEFAULT NULL,
  PRIMARY KEY (`upload_id`),
  KEY `idx_upload_upload_model` (`upload_model`),
  KEY `idx_upload_upload_model_id` (`upload_model_id`),
  KEY `idx_upload_upload_type` (`upload_type`),
  KEY `idx_upload_createdby` (`created_by`),
  KEY `idx_upload_updatedby` (`updated_by`)
) ENGINE=InnoDB DEFAULT CHARSET=latin1;

--
-- Dumping data for table `upload`
--


--
-- Table structure for table `user_has_permissions`
--

CREATE TABLE `user_has_permissions` (
  `user_id` int(10) unsigned NOT NULL,
  `permission_id` int(10) unsigned NOT NULL,
  PRIMARY KEY (`user_id`,`permission_id`),
  KEY `user_has_permissions_permission_id_foreign` (`permission_id`),
  CONSTRAINT `user_has_permissions_permission_id_foreign` FOREIGN KEY (`permission_id`) REFERENCES `permissions` (`id`) ON DELETE CASCADE,
  CONSTRAINT `user_has_permissions_user_id_foreign` FOREIGN KEY (`user_id`) REFERENCES `users` (`id`) ON DELETE CASCADE
) ENGINE=InnoDB DEFAULT CHARSET=utf8 COLLATE=utf8_unicode_ci ROW_FORMAT=DYNAMIC COMMENT='ACL related';

--
-- Dumping data for table `user_has_permissions`
--


--
-- Table structure for table `user_has_roles`
--

CREATE TABLE `user_has_roles` (
  `role_id` int(10) unsigned NOT NULL,
  `user_id` int(10) unsigned NOT NULL,
  PRIMARY KEY (`role_id`,`user_id`),
  KEY `user_has_roles_user_id_foreign` (`user_id`),
  CONSTRAINT `user_has_roles_role_id_foreign` FOREIGN KEY (`role_id`) REFERENCES `roles` (`id`) ON DELETE CASCADE,
  CONSTRAINT `user_has_roles_user_id_foreign` FOREIGN KEY (`user_id`) REFERENCES `users` (`id`) ON DELETE CASCADE
) ENGINE=InnoDB DEFAULT CHARSET=utf8 COLLATE=utf8_unicode_ci ROW_FORMAT=DYNAMIC COMMENT='ACL related';

--
-- Dumping data for table `user_has_roles`
--

INSERT INTO `user_has_roles` VALUES (1,1),(2,1),(2,2),(2,31),(2,91),(2,182),(2,188),(2,210),(2,298),(2,355),(2,356),(2,390),(7,9),(7,11),(7,14),(7,16),(7,24),(7,25),(7,27),(7,30),(7,34),(7,36),(7,40),(7,41),(7,49),(7,54),(7,56),(7,58),(7,64),(7,66),(7,67),(7,72),(7,77),(7,79),(7,86),(7,87),(7,89),(7,92),(7,97),(7,98),(7,99),(7,100),(7,101),(7,103),(7,104),(7,108),(7,109),(7,110),(7,112),(7,113),(7,115),(7,116),(7,117),(7,120),(7,123),(7,124),(7,125),(7,126),(7,131),(7,139),(7,141),(7,143),(7,152),(7,156),(7,158),(7,163),(7,166),(7,178),(7,183),(7,184),(7,185),(7,192),(7,197),(7,203),(7,216),(7,222),(7,224),(7,225),(7,247),(7,252),(7,255),(7,257),(7,261),(7,262),(7,263),(7,264),(7,265),(7,266),(7,269),(7,270),(7,274),(7,283),(7,284),(7,285),(7,287),(7,288),(7,295),(7,296),(7,297),(7,301),(7,303),(7,304),(7,307),(7,308),(7,309),(7,310),(7,314),(7,316),(8,3),(8,4),(8,5),(8,6),(8,7),(8,8),(8,10),(8,12),(8,13),(8,15),(8,17),(8,18),(8,19),(8,20),(8,21),(8,22),(8,23),(8,26),(8,28),(8,29),(8,32),(8,37),(8,38),(8,42),(8,43),(8,44),(8,45),(8,46),(8,47),(8,48),(8,50),(8,51),(8,52),(8,53),(8,55),(8,57),(8,59),(8,60),(8,61),(8,62),(8,63),(8,65),(8,68),(8,69),(8,70),(8,71),(8,73),(8,74),(8,75),(8,76),(8,80),(8,81),(8,82),(8,83),(8,84),(8,85),(8,88),(8,90),(8,93),(8,95),(8,96),(8,105),(8,106),(8,107),(8,111),(8,114),(8,118),(8,119),(8,121),(8,122),(8,127),(8,128),(8,130),(8,132),(8,133),(8,134),(8,135),(8,136),(8,137),(8,138),(8,140),(8,142),(8,144),(8,145),(8,146),(8,147),(8,148),(8,149),(8,150),(8,151),(8,153),(8,154),(8,155),(8,157),(8,159),(8,160),(8,161),(8,162),(8,164),(8,167),(8,168),(8,169),(8,170),(8,171),(8,172),(8,173),(8,174),(8,175),(8,176),(8,177),(8,179),(8,180),(8,181),(8,186),(8,187),(8,190),(8,191),(8,193),(8,194),(8,195),(8,196),(8,198),(8,199),(8,200),(8,201),(8,202),(8,204),(8,206),(8,207),(8,208),(8,209),(8,211),(8,212),(8,213),(8,214),(8,215),(8,217),(8,218),(8,219),(8,220),(8,221),(8,223),(8,226),(8,227),(8,228),(8,229),(8,230),(8,231),(8,232),(8,233),(8,234),(8,235),(8,236),(8,237),(8,238),(8,239),(8,240),(8,241),(8,243),(8,244),(8,245),(8,246),(8,249),(8,250),(8,251),(8,253),(8,254),(8,256),(8,258),(8,259),(8,260),(8,267),(8,268),(8,271),(8,272),(8,273),(8,275),(8,276),(8,277),(8,278),(8,279),(8,280),(8,281),(8,282),(8,286),(8,289),(8,290),(8,291),(8,292),(8,293),(8,294),(8,299),(8,300),(8,302),(8,305),(8,306),(8,311),(8,312),(8,313),(8,315),(8,317),(8,318),(8,319),(8,320),(8,321),(8,322),(8,323),(8,324),(8,325),(8,326),(8,327),(8,328),(8,329),(8,330),(8,331),(8,332),(8,333),(8,334),(8,335),(8,336),(8,337),(8,338),(8,339),(8,340),(8,341),(8,342),(8,343),(8,344),(8,345),(8,346),(8,348),(8,349),(8,350),(8,351),(8,354),(8,359),(8,367),(8,370),(8,371),(8,372),(8,373),(8,374),(8,375),(8,376),(8,377),(8,378),(8,379),(8,380),(8,381),(8,382),(8,383),(8,384),(8,385),(8,386),(8,387),(8,388),(8,389),(8,391),(8,392),(8,985),(8,986),(8,987),(8,988),(8,989),(14,853),(14,854),(14,855),(14,856),(14,857),(14,858),(14,859),(14,860),(14,861),(14,862),(14,863),(14,864),(14,865),(14,866),(14,867),(14,868),(14,869),(14,870),(14,871),(14,872),(14,873),(14,874),(14,875),(14,876),(14,877),(14,878),(14,879),(14,880),(14,881),(14,882),(14,883),(14,884),(14,885),(14,886),(14,887),(14,888),(14,889),(14,890),(14,891),(14,892),(14,893),(14,894),(14,895),(14,896),(14,897),(14,898),(14,899),(14,900),(14,901),(14,902),(14,903),(14,904),(14,905),(14,906),(14,907),(14,908),(14,909),(14,910),(14,911),(14,912),(14,913),(14,914),(14,915),(14,916),(14,917),(14,918),(14,919),(14,920),(14,921),(14,922),(14,923),(14,924),(14,925),(14,926),(14,927),(14,928),(14,929),(14,930),(14,931),(14,932),(14,933),(14,934),(14,935),(14,936),(14,937),(14,938),(14,939),(14,940),(14,941),(14,942),(14,943),(14,944),(14,945),(14,946),(14,947),(14,948),(14,949),(14,950),(14,951),(14,952),(14,953),(14,954),(14,955),(14,956),(14,957),(14,958),(14,959),(14,960),(14,961),(14,962),(14,963),(14,964),(14,965),(14,966),(14,967),(14,968),(14,969),(14,970),(14,971),(14,972),(14,973),(14,974),(14,975),(14,976),(14,977),(14,978),(14,979),(14,980),(14,981),(14,982),(14,983),(14,984),(15,393),(15,394),(15,395),(15,396),(15,397),(15,398),(15,399),(15,400),(15,401),(15,402),(15,403),(15,404),(15,405),(15,406),(15,407),(15,408),(15,409),(15,410),(15,411),(15,412),(15,413),(15,414),(15,415),(15,416),(15,417),(15,418),(15,419),(15,420),(15,421),(15,422),(15,423),(15,424),(15,425),(15,426),(15,427),(15,428),(15,429),(15,430),(15,431),(15,432),(15,433),(15,434),(15,435),(15,436),(15,437),(15,438),(15,439),(15,440),(15,441),(15,442),(15,443),(15,444),(15,445),(15,446),(15,447),(15,448),(15,449),(15,450),(15,451),(15,452),(15,453),(15,454),(15,455),(15,456),(15,457),(15,458),(15,459),(15,460),(15,461),(15,462),(15,463),(15,464),(15,465),(15,466),(15,467),(15,468),(15,469),(15,470),(15,471),(15,472),(15,473),(15,474),(15,475),(15,476),(15,477),(15,478),(15,479),(15,480),(15,481),(15,482),(15,483),(15,484),(15,485),(15,486),(15,487),(15,488),(15,489),(15,490),(15,491),(15,492),(15,493),(15,494),(15,495),(15,496),(15,497),(15,498),(15,499),(15,500),(15,501),(15,502),(15,503),(15,504),(15,505),(15,506),(15,507),(15,508),(15,509),(15,510),(15,511),(15,512),(15,513),(15,514),(15,515),(15,516),(15,517),(15,518),(15,519),(15,520),(15,521),(15,522),(15,523),(15,524),(15,525),(15,526),(15,527),(15,528),(15,529),(15,530),(15,531),(15,532),(15,533),(15,534),(15,535),(15,536),(15,537),(15,538),(15,539),(15,540),(15,541),(15,542),(15,543),(15,544),(15,545),(15,546),(15,547),(15,548),(15,549),(15,550),(15,551),(15,552),(15,553),(15,554),(15,555),(15,556),(15,557),(15,558),(15,559),(15,560),(15,561),(15,562),(15,563),(15,564),(15,565),(15,566),(15,567),(15,568),(15,569),(15,570),(15,571),(15,572),(15,573),(15,574),(15,575),(15,576),(15,577),(15,578),(15,579),(15,580),(15,581),(15,582),(15,583),(15,584),(15,585),(15,586),(15,587),(15,588),(15,589),(15,590),(15,591),(15,592),(15,593),(15,594),(15,595),(15,596),(15,597),(15,598),(15,599),(15,600),(15,601),(15,602),(15,603),(15,604),(15,605),(15,606),(15,607),(15,608),(15,609),(15,610),(15,611),(15,612),(15,613),(15,614),(15,615),(15,616),(15,617),(15,618),(15,619),(15,620),(15,621),(15,622),(15,623),(15,624),(15,625),(15,626),(15,627),(15,628),(15,629),(15,630),(15,631),(15,632),(15,633),(15,634),(15,635),(15,636),(15,637),(15,638),(15,639),(15,640),(15,641),(15,642),(15,643),(15,644),(15,645),(15,646),(15,647),(15,648),(15,649),(15,650),(15,651),(15,652),(15,653),(15,654),(15,655),(15,656),(15,657),(15,658),(15,659),(15,660),(15,661),(15,662),(15,663),(15,664),(15,665),(15,666),(15,667),(15,668),(15,669),(15,670),(15,671),(15,672),(15,673),(15,674),(15,675),(15,676),(15,677),(15,678),(15,679),(15,680),(15,681),(15,682),(15,683),(15,684),(15,685),(15,686),(15,687),(15,688),(15,689),(15,690),(15,691),(15,692),(15,693),(15,694),(15,695),(15,696),(15,697),(15,698),(15,699),(15,700),(15,701),(15,702),(15,703),(15,704),(15,705),(15,706),(15,707),(15,708),(15,709),(15,710),(15,711),(15,712),(15,713),(15,714),(15,715),(15,716),(15,717),(15,718),(15,719),(15,720),(15,721),(15,722),(15,723),(15,724),(15,725),(15,726),(15,727),(15,728),(15,729),(15,730),(15,731),(15,732),(15,733),(15,734),(15,735),(15,736),(15,737),(15,738),(15,739),(15,740),(15,741),(15,742),(15,743),(15,744),(15,745),(15,746),(15,747),(15,748),(15,749),(15,750),(15,751),(15,752),(15,753),(15,754),(15,755),(15,756),(15,757),(15,758),(15,759),(15,760),(15,761),(15,762),(15,763),(15,764),(15,765),(15,766),(15,767),(15,768),(15,769),(15,770),(15,771),(15,772),(15,773),(15,774),(15,775),(15,776),(15,777),(15,778),(15,779),(15,780),(15,781),(15,782),(15,783),(15,784),(15,785),(15,786),(15,787),(15,788),(15,789),(15,790),(15,791),(15,792),(15,793),(15,794),(15,795),(15,796),(15,797),(15,798),(15,799),(15,800),(15,801),(15,802),(15,803),(15,804),(15,805),(15,806),(15,807),(15,808),(15,809),(15,810),(15,811),(15,812),(15,813),(15,814),(15,815),(15,816),(15,817),(15,818),(15,819),(15,820),(15,821),(15,822),(15,823),(15,824),(15,825),(15,826),(15,827),(15,828),(15,829),(15,830),(15,831),(15,832),(15,833),(15,834),(15,835),(15,836),(15,837),(15,838),(15,839),(15,840),(15,841),(15,842),(15,843),(15,844),(15,845),(15,846),(15,847),(15,848),(15,849),(15,850),(15,851),(15,852);

--
-- Table structure for table `user_has_roles_copy`
--

CREATE TABLE `user_has_roles_copy` (
  `role_id` int(10) unsigned NOT NULL,
  `user_id` int(10) unsigned NOT NULL,
  PRIMARY KEY (`role_id`,`user_id`),
  KEY `user_has_roles_user_id_foreign` (`user_id`)
) ENGINE=InnoDB DEFAULT CHARSET=utf8 COLLATE=utf8_unicode_ci ROW_FORMAT=DYNAMIC COMMENT='ACL related';

--
-- Dumping data for table `user_has_roles_copy`
--

INSERT INTO `user_has_roles_copy` VALUES (1,1),(2,1),(2,2),(2,31),(2,355),(2,356),(4,99),(4,120),(4,131),(4,143),(4,255),(4,264),(5,304),(6,9),(7,11),(7,14),(7,16),(7,24),(7,25),(7,27),(7,30),(7,34),(7,36),(7,40),(7,41),(7,49),(7,54),(7,56),(7,58),(7,64),(7,66),(7,67),(7,72),(7,77),(7,79),(7,86),(7,87),(7,89),(7,92),(7,97),(7,98),(7,100),(7,101),(7,103),(7,104),(7,108),(7,109),(7,110),(7,112),(7,113),(7,115),(7,116),(7,117),(7,123),(7,124),(7,125),(7,126),(7,139),(7,141),(7,152),(7,156),(7,158),(7,163),(7,166),(7,178),(7,183),(7,184),(7,185),(7,192),(7,197),(7,203),(7,216),(7,222),(7,224),(7,225),(7,247),(7,252),(7,257),(7,261),(7,262),(7,263),(7,265),(7,266),(7,269),(7,270),(7,274),(7,283),(7,284),(7,285),(7,287),(7,288),(7,295),(7,296),(7,297),(7,301),(7,303),(7,307),(7,308),(7,309),(7,310),(7,314),(7,316),(8,3),(8,4),(8,5),(8,6),(8,7),(8,8),(8,10),(8,12),(8,13),(8,15),(8,17),(8,18),(8,19),(8,21),(8,22),(8,23),(8,26),(8,28),(8,29),(8,32),(8,37),(8,38),(8,42),(8,43),(8,44),(8,45),(8,46),(8,47),(8,48),(8,51),(8,53),(8,55),(8,57),(8,59),(8,60),(8,61),(8,62),(8,63),(8,65),(8,68),(8,69),(8,70),(8,71),(8,73),(8,74),(8,75),(8,76),(8,80),(8,81),(8,82),(8,83),(8,84),(8,85),(8,88),(8,90),(8,93),(8,95),(8,96),(8,105),(8,106),(8,107),(8,111),(8,114),(8,118),(8,119),(8,121),(8,122),(8,127),(8,128),(8,130),(8,132),(8,133),(8,134),(8,136),(8,137),(8,138),(8,140),(8,142),(8,144),(8,145),(8,146),(8,147),(8,148),(8,149),(8,150),(8,151),(8,153),(8,154),(8,155),(8,157),(8,159),(8,160),(8,161),(8,162),(8,164),(8,167),(8,168),(8,169),(8,170),(8,171),(8,172),(8,173),(8,175),(8,176),(8,177),(8,179),(8,180),(8,181),(8,182),(8,186),(8,187),(8,190),(8,191),(8,193),(8,194),(8,195),(8,196),(8,198),(8,199),(8,200),(8,202),(8,204),(8,207),(8,208),(8,209),(8,210),(8,211),(8,212),(8,213),(8,214),(8,215),(8,217),(8,218),(8,219),(8,220),(8,221),(8,223),(8,226),(8,227),(8,228),(8,229),(8,230),(8,231),(8,232),(8,234),(8,235),(8,236),(8,237),(8,238),(8,239),(8,240),(8,243),(8,244),(8,245),(8,246),(8,249),(8,250),(8,251),(8,253),(8,254),(8,256),(8,258),(8,259),(8,260),(8,267),(8,268),(8,271),(8,272),(8,273),(8,278),(8,280),(8,281),(8,282),(8,289),(8,290),(8,291),(8,293),(8,294),(8,300),(8,302),(8,305),(8,306),(8,312),(8,313),(8,315),(8,317),(8,319),(8,320),(8,321),(8,323),(8,325),(8,326),(8,327),(8,328),(8,329),(8,330),(8,331),(8,332),(8,333),(8,334),(8,336),(8,337),(8,338),(8,339),(8,341),(8,342),(8,343),(8,344),(8,345),(8,346),(8,348),(8,349),(8,350),(8,351),(8,354),(8,359),(8,367),(8,370),(8,371),(8,372),(8,373),(8,374),(8,375),(8,376),(8,377),(8,378),(8,379),(8,380),(8,381),(8,382),(8,383),(8,384),(8,385),(8,386),(8,387),(8,388),(8,391),(8,392),(9,20),(9,52),(9,91),(9,188),(9,206),(9,233),(9,241),(9,298),(9,324),(9,335),(10,299),(11,135),(11,174),(11,275),(11,286),(11,292),(11,311),(11,322),(11,390),(13,50),(13,201),(13,276),(13,277),(13,279),(13,318),(13,340),(13,389);

--
-- Table structure for table `users`
--

CREATE TABLE `users` (
  `id` int(10) unsigned NOT NULL AUTO_INCREMENT,
  `name` varchar(255) COLLATE utf8_unicode_ci NOT NULL,
  `email` varchar(255) COLLATE utf8_unicode_ci DEFAULT NULL,
  `username` varchar(100) COLLATE utf8_unicode_ci NOT NULL,
  `password` varchar(255) COLLATE utf8_unicode_ci NOT NULL,
  `status` char(1) COLLATE utf8_unicode_ci NOT NULL DEFAULT '0',
  `approve_status` char(1) COLLATE utf8_unicode_ci NOT NULL DEFAULT '0',
  `supplier_status` char(1) COLLATE utf8_unicode_ci NOT NULL DEFAULT '0',
  `remember_token` varchar(100) COLLATE utf8_unicode_ci DEFAULT NULL,
  `api_token` varchar(200) COLLATE utf8_unicode_ci DEFAULT NULL,
  `locale` varchar(20) COLLATE utf8_unicode_ci DEFAULT NULL,
  `picture` longtext COLLATE utf8_unicode_ci,
  `type` char(1) COLLATE utf8_unicode_ci NOT NULL DEFAULT '0',
  `jabatan_id` int(11) DEFAULT NULL,
  `created_by` int(11) DEFAULT NULL,
  `updated_by` int(11) DEFAULT NULL,
  `created_at` timestamp NULL DEFAULT NULL,
  `updated_at` timestamp NULL DEFAULT NULL ON UPDATE CURRENT_TIMESTAMP,
  `deleted_at` timestamp NULL DEFAULT NULL,
  PRIMARY KEY (`id`),
  UNIQUE KEY `users_email_unique` (`email`)
) ENGINE=InnoDB AUTO_INCREMENT=990 DEFAULT CHARSET=utf8 COLLATE=utf8_unicode_ci ROW_FORMAT=DYNAMIC;

--
-- Dumping data for table `users`
--

INSERT INTO `users` VALUES (1,'SUPERADMIN','superadmin@gmail.com','superadmin','$2y$10$gw0izPMU3RRuC4YfPSl4m.kGzqtxT9mby73D.yAouGl/p8agf1LQa','1','1','0','Y08ScTTQF1pjBkCz3gYfncZ4msYNdYFK8THA1aNgAZrnAyPcmespdOm4Z3bs',NULL,'en',NULL,'0',NULL,NULL,NULL,'2018-03-13 06:12:25','2021-06-07 18:35:19',NULL),(2,'ADMIN','admin@gmail.com','admin','$2y$10$gw0izPMU3RRuC4YfPSl4m.kGzqtxT9mby73D.yAouGl/p8agf1LQa','1','1','0','Bl3JXVDhFILXqsrS9BgTlljYBrbW6pLgxMmcujeMwow1hMxDUweC4UCzScsf',NULL,'en',NULL,'0',NULL,NULL,NULL,'2018-04-17 18:31:06','2020-09-29 16:27:40',NULL),(3,'AB. RAZAK SALLEH','razaksalleh@mpc.gov.my','620310035231','$2y$10$CZ81pZ5nnSKe.d82oXpAROm1qByTj8d7wLicTff8MIowauEgV69ku','1','1','0',NULL,NULL,'en',NULL,'0',NULL,2,2,'2019-03-29 10:02:54','2021-06-20 11:00:54',NULL),(4,'ABANG NURFADLI ABANG YUSUF','nurfadli@mpc.gov.my','881113136047','$2y$10$bnu2yyfLxnZC.QRePsFeAeYi9Jbyg7/jGpVqKe/YjoSWpKTXG.ilK','0','1','0',NULL,NULL,'en',NULL,'0',NULL,2,53,'2019-03-29 10:02:54','2021-06-23 07:11:17',NULL),(5,'ABDOLLAH TALIB','dollah@mpc.gov.my','641129055193','$2y$10$CtQDx994caSha8ZfmBM4O.vcXDRPjUfXQMP6f6ALk9xfCbz4C8Z.O','0','1','0','Rz5O9iZFoYasmFxAQjxI3sqVIpdZno303vs2M258syUPK54OeeMXjvVOoDlI',NULL,'en',NULL,'0',NULL,2,1,'2019-03-29 10:02:54','2021-06-23 07:11:07',NULL),(6,'ABDUL HADI ISHAK','hadi@mpc.gov.my','810825045057','$2y$10$npHZ6aN0tonnc1B519JXnuE5nXYJp/Xgzr9wrdyPuZTCshDmtmGV.','1','1','0','I7fGHuEb3lnXei8q3oJQABjlDEF6uFCeOXPlqCtnqZSqWj4m0G2QhQ149ljx',NULL,'en',NULL,'0',NULL,2,31,'2019-03-29 10:02:54','2021-06-14 07:15:41',NULL),(7,'ABDUL HAKIM BIN MOHAMAD SHARIF','hakim@mpc.gov.my','840515145893','$2y$10$LV34RMBlsx9RvL932M2wXes7T3nszJcEiR.oKW0VCeh2vLCExkW8q','1','1','0','1QArCCkFex03LItEhfzdZGFw3AYPwyWxKA99ZGdHBUxmZdn6mmPCaJKzl2Yv',NULL,'en',NULL,'0',NULL,2,31,'2019-03-29 10:02:54','2021-05-25 07:55:49',NULL),(8,'ABDUL KARIM ABDUL HALIM','karim@mpc.gov.my','810328145225','$2y$10$bBDl0ZAm2Mmgm9edSM6WW.1iTZzIAZP5HXkgwsghZNUYZRf5AzVCu','1','1','0','2wBOdnKS6stRS7hmNQemfnLDHgLJr1U64YIkZqeRphRNEmAlXR2SBxEDZp3g',NULL,'en',NULL,'0',NULL,2,2,'2019-03-29 10:02:54','2021-06-22 02:04:58',NULL),(9,'DATO\' ABDUL LATIF BIN HAJI ABU SEMAN','abdullatif@mpc.gov.my','610529065073','$2y$10$ZPqL0guqFUL0n2omcyKWWeyTrB11aIQ03jB2qQKtykgzQiwt/aOUS','1','1','0','ySnHZu3TdhoEvkPZvWuihvJXrG24GB97EPKpQGXObIRN3ILO46MYDmmiGqak',NULL,'en',NULL,'0',NULL,2,46,'2019-03-29 10:02:54','2020-12-23 01:44:28',NULL),(10,'ABDUL LATIF HUSSEIN','abdullatifh@mpc.gov.my','600723135435','$2y$10$ESKp1/U/V6vWGiL17MuDbuJmjPf0PDe/7UOw8Vsf1u4mUMBTRyxji','1','1','0',NULL,NULL,'en',NULL,'0',NULL,2,46,'2019-03-29 10:02:54','2019-09-10 13:19:34',NULL),(11,'ABDUL MALEK MOHAMAD ARIPIN','malek@mpc.gov.my','690206045185','$2y$10$iBQprUKx3XAUvF//mCxGZOicYFdzT/vT.bzApP6CwFXFlT3cJP3Ky','1','1','0',NULL,NULL,'en',NULL,'0',NULL,2,2,'2019-03-29 10:02:54','2021-06-20 11:00:54',NULL),(12,'ABDUL QUYUN MANSOR','quyun@mpc.gov.my','850207065305','$2y$10$EyYfLJGXRPfR6YyDqEGd3uOp.MRaqT2r.fYL0UqYgkQd1nAJM4axa','1','1','0',NULL,NULL,'en',NULL,'0',NULL,2,2,'2019-03-29 10:02:54','2021-06-20 11:00:54',NULL),(13,'ABIGAIL SUBATRA A/P ANBALAKAN','abigail@mpc.gov.my','850106055140','$2y$10$.40Rm4Pwx0pa2rx76/JYxemtKXrufRpatfHvlFyQP7pksHVwnImvm','1','1','0',NULL,NULL,'en',NULL,'0',NULL,2,13,'2019-03-29 10:02:54','2020-11-06 07:42:21',NULL),(14,'ADLINA SNAWI','adlina@mpc.gov.my','781031075342','$2y$10$GE3mtQzNsaNPUQjAp5hW2.VasYOOynDhhSHv.Q4hq/W02UDGXWsdG','1','1','0','vr2JV6OnjeJndQy2PfToDNsbOpOYLdB4ghS8Jl9FUYv9JZ372AHEBasuKjBt',NULL,'en',NULL,'0',NULL,2,2,'2019-03-29 10:02:54','2021-06-20 11:00:54',NULL),(15,'AHMAD FATHAN ABDUL RAHIM','fathan@mpc.gov.my','860818355343','$2y$10$G11gPc3z0iSQWK7/0x.1HOLTs8dBgKDz9IT.CCHRv.CC1wXJ0KgeW','1','1','0',NULL,NULL,'en',NULL,'0',NULL,2,2,'2019-03-29 10:02:54','2021-06-20 11:00:54',NULL),(16,'AHMAD HARRIS ABDULLAH','harris@mpc.gov.my','790805115235','$2y$10$RP7BtZMg99c6ziqcqV8LhO.0Owa6STJ1fMkKSkJLbyfk2oslUOSlW','1','1','0','L8VSRYPTF1OpKkcilQmo53d9JLeFe4PEX5auzXb1ya5J0qahqMuFwysPusAU',NULL,'en',NULL,'0',NULL,2,16,'2019-03-29 10:02:54','2021-01-04 01:13:12',NULL),(17,'AIMAN ZAKWAN ZAHARI','aiman@mpc.gov.my','891020015691','$2y$10$NwUXqPAiZUcjQx5gvtMnn.zSZ0t0.sr0oCiB1hNga8do6ac2YD45i','1','1','0',NULL,NULL,'en',NULL,'0',NULL,2,2,'2019-03-29 10:02:54','2021-06-20 11:00:54',NULL),(18,'AIZULHISHAM MAT MENAN','aizul@mpc.gov.my','801211105313','$2y$10$BcYMC7Aa7SA.ey2YJeZn1e6uoVtoh9DHB1PCiEKGRE.bM/SXxsBw2','1','1','0','kUnt2HvBKBqSozGrjpfpRqKtoH0pTTfYncJjz9S9gcsvxVbzkWE2SNug1fvS',NULL,'en',NULL,'0',NULL,2,2,'2019-03-29 10:02:54','2021-06-20 11:00:54',NULL),(19,'AKMAR ASHAARI','akmar@mpc.gov.my','790723075671','$2y$10$U9.11tzu6.DgmGJQnyN/6.eOPpxf3PA5CCNRy25LFhVVnLgC/5jQu','1','1','0','8EeHDDZ6IefRICmPrnwtDVRM91qLkU4m7cjScrtlY3QLm85OLQNH4xsSSogY',NULL,'en',NULL,'0',NULL,2,46,'2019-03-29 10:02:54','2019-10-11 09:01:15',NULL),(20,'AL HISYAM ABDUL HALIM','alhisyam@mpc.gov.my','780407145421','$2y$10$iYW64HIQlPtitxRylhgmEOMRcDL71w2nX4JOHf4couqvJEwoXvh5q','1','1','0','ixpQ2kHIuvhsyjM9IRPT9cEgkoFWNU8WOepLDS2cSHcBKC7Nc4zqXF2AQByC',NULL,'en',NULL,'0',NULL,2,31,'2019-03-29 10:02:54','2020-11-09 07:41:19',NULL),(21,'ALUYAH SUHAILI','alluyah@mpc.gov.my','630805135268','$2y$10$EF6HYQBzs8kheLv4QoWoJOhpC9AwVd2HAsk/hd8MehwLgtq2SVcwK','1','1','0','kmvoEjZYmkxeQmerlXceaNi8y3aiv1SKCmeg1DBlCfJpaT9ncQMr04XGLkDE',NULL,'en',NULL,'0',NULL,2,53,'2019-03-29 10:02:54','2020-03-17 07:08:05',NULL),(22,'AMIRUL QAMAR ZAKARIA','amirulqamar@mpc.gov.my','870118086399','$2y$10$bl/K1Ml125iLujJTsiw7r.G9dovXXy0pankneoxyAfiqOJcehbXEW','1','1','0',NULL,NULL,'en',NULL,'0',NULL,2,2,'2019-03-29 10:02:54','2021-06-20 11:00:54',NULL),(23,'ANIS MARINA ABD. WAHAB','anis@mpc.gov.my','850708145936','$2y$10$DIfGs2r/yFK96jLrPSO/BOS/oH1usgdTr1dQN3nNBCmh1/XaZv/HO','1','1','0',NULL,NULL,'en',NULL,'0',NULL,2,2,'2019-03-29 10:02:54','2021-06-20 11:00:54',NULL),(24,'ASMAHAN OTHMAN','asmahan@mpc.gov.my','730601715226','$2y$10$k2QRC5JsB64qwYpkSXJkAOIbmt3zEhkdeXQV2jiD2QaKo5OhAghda','1','1','0','1NKZ1ijBZ0aFsk6yEVjmeZvFVyC5LtE97AxFAQWQN6sas5MDVyrBe91HXh3t',NULL,'en',NULL,'0',NULL,2,24,'2019-03-29 10:02:54','2020-12-09 16:13:23',NULL),(25,'ASMAWADI MOHAMED','asmawadi@mpc.gov.my','800318035293','$2y$10$UnqSWsynjMOZW1wMBivg1uuB11gKQ64MZiqxYeBElEhyNe10Hy4na','1','1','0','hE9Z770SCn7SxW4tz4qrgAGveVORDGqHpQTnTUld08paFMRK698S0yOqNqII',NULL,'en',NULL,'0',NULL,2,25,'2019-03-29 10:02:54','2019-10-10 01:04:42',NULL),(26,'ATHIRAH ISHAK','athirah@mpc.gov.my','890925035094','$2y$10$l8htpx1FSHiQarbn78dGyuFWMBacuILNOlsBy7pV/a0opUhVMZKwq','1','1','0','2z5YxK4tVshVC0aRsFIgKp8ChRqrNWK4WpeISxkqy25XnOOU7GcXU1Qg0j1P',NULL,'en',NULL,'0',NULL,2,26,'2019-03-29 10:02:54','2021-01-04 02:49:15',NULL),(27,'ATI DJAM SERI MONTOI','atidjam@mpc.gov.my','721110125470','$2y$10$kpyrymEF7F0uHoEFi.dgrelV/0beV32jggzmtpNtFqoCEyE/5y/Ty','1','1','0','mXlUELnu8dm6gJyabWSLn7YxKorwtgTgusnGSr36VnF5R6rZylzs7Wh6CxbS',NULL,'en',NULL,'0',NULL,2,2,'2019-03-29 10:02:54','2021-06-20 11:00:54',NULL),(28,'AWANG UDIN KANDA','awangudin@mpc.gov.my','620807125523','$2y$10$r4TjMnHKJlV5MK4UJek/5uqTSCkAG6kjJIWjikaSISm0afRLbIPi2','1','1','0',NULL,NULL,'en',NULL,'0',NULL,2,2,'2019-03-29 10:02:54','2021-06-20 11:00:54',NULL),(29,'AZHANI ISMAIL','azhani@mpc.gov.my','740621715142','$2y$10$4Dafb/XHxt88X0pIyf7W6uiP9smvMlFqnOTAFMRYynmRmJk0TMFVK','1','1','0',NULL,NULL,'en',NULL,'0',NULL,2,29,'2019-03-29 10:02:54','2021-01-04 01:48:39',NULL),(30,'AZIMAH ADNAN','azimah@mpc.gov.my','820910105084','$2y$10$kttfuitmkUItj7afQ4ON6eJR/WMstx5yl.jDTEMsFfdQKXYsMRQUi','1','1','0',NULL,NULL,'en',NULL,'0',NULL,2,2,'2019-03-29 10:02:54','2021-06-20 11:00:54',NULL),(31,'AZIRA MOHAMED HODZAI','azira@mpc.gov.my','871121295452','$2y$10$cPZZs.zMcIlGdB3LFDZVmOuUBZCu8LWpYbQB8e8adY5igkqFBfAum','1','1','0','agWyImIx7MKBIAcxF9ZWrAyreyTB5PlGvrC8JKc4vbMcoh2TcYWmhW3l4RFb','laQyvOAj3YhD8GBMLBwkoBv1u6hulLjrh6kR3HVB6qnk5ratS2hGgXJDIYmW','en',NULL,'0',NULL,2,31,'2019-03-29 10:02:54','2021-06-23 07:42:30',NULL),(32,'AZIZAN OMAR','azizan@mpc.gov.my','590613055315','$2y$10$ekBpX0Kv.fZe3aeSbH78SOBzktVgKnacMTkV2mVyvl8/lgE2lhJFu','1','1','0',NULL,NULL,'en',NULL,'0',NULL,2,2,'2019-03-29 10:02:54','2021-06-20 11:00:54',NULL),(33,'AZLAN KASSIM','azk@mpc.gov.my','600518106299','$2y$10$FfC7i98oTzHvfIYN14tbE.G5U6WaC2i/cwn/1lkc1oy5Vbru/1svi','0','1','0','3c6u2qsYx2URxYSIFm9yq8CgM9eibEY4LStccHFSx39gg6Eb9PeVv5md7GW0',NULL,'en',NULL,'0',NULL,2,46,'2019-03-29 10:02:54','2020-10-15 04:21:39',NULL),(34,'AZLIN MOHD ALIAS','azlin@mpc.gov.my','771102145856','$2y$10$Rq/y3Yu/hogLeEnAMCCSk.lD0NnBr9joIl7TEYX6r/QkIueOcsJXe','1','1','0','KR9Z0xiD9qMTs75e88N6P2Qrb6ZYPISZLTT21b0p8dvVWxPFzDxioIyLV2mT',NULL,'en',NULL,'0',NULL,2,34,'2019-03-29 10:02:54','2021-01-04 01:14:04',NULL),(35,'BAHAR MUSA','bahar@mpc.gov.my','591116055239','$2y$10$LdFpq7HVg5DclO/w6EiqQOGeSu1yuv60luioDf33HDwdvDMX47kB6','0','1','0',NULL,NULL,'en',NULL,'0',NULL,2,2,'2019-03-29 10:02:54','2021-06-20 11:00:54',NULL),(36,'BURHANUDDIN SAIDIN','bob@mpc.gov.my','601103085419','$2y$10$pdt.CUgn4t2XOLK0cRKVier/8/M.m3n013uIkp5qXrxylII7TJ1KS','1','1','0','oRtHaGoF5W39rtr0zDysHxj3E8svCHZWNGomEJVcxdNZ3GIExejWaJ4QeEGi',NULL,'en',NULL,'0',NULL,2,46,'2019-03-29 10:02:54','2021-05-28 10:35:23',NULL),(37,'CHAM YIN HWA','cham@mpc.gov.my','850809045416','$2y$10$8kfF2/Kmb5aBKZ6FPkujPeJ7Dy/8TqG3eK7WHWbUSZpPZkxK0RySW','1','1','0','gFCl0rXzbjimPzZnUwc2MnBrvyVXNPrD04k8gCkjKGeSi0i3Dqu1k76f3ciI',NULL,'en',NULL,'0',NULL,2,37,'2019-03-29 10:02:54','2021-01-03 15:45:39',NULL),(38,'DARUL ADIZUL ISHAK','daruladizul@mpc.gov.my','821110105937','$2y$10$fQWhAtWRzzCp7QYCebR8UesXh1ZBjAV4KGt/LQLL4hLI2o4fmqG0e','1','1','0','F7bhv5JiOHpTQVkVGiJJL2UWPsQsM49hy2dVgskrjGj7IrD9hO8rAYzTCUNh',NULL,'en',NULL,'0',NULL,2,46,'2019-03-29 10:02:54','2020-03-08 07:50:27',NULL),(39,'DR. DAUD TALIB','daud@mpc.gov.my','650523015733','$2y$10$kEreLbQxiO5aaqCKx6uOgOksOO.r4A6N6mYiMeZ0XGbd.ZbHY5vIa','0','1','0','aHKX1Wmv3VhBs2UhO2Xrpgbaztq4v2eNRRaJgyYr0QmLE7LXBjWzAkOYzoZf',NULL,'en',NULL,'0',NULL,2,46,'2019-03-29 10:02:54','2020-10-15 04:22:08',NULL),(40,'EAMIZAN HASIM','eamizan@mpc.gov.my','671215106089','$2y$10$KDpqYgkR4khp4VPsPPoHJelqmZFjmsIQpwXX0Hk9rnGXElF8E9xUm','1','1','0','8QX1WZldjgjI5HbQjNmCTjpcTn3qqjstgHnDuMgqdiG9M8WZQGAX8w2GIt3X',NULL,'en',NULL,'0',NULL,2,46,'2019-03-29 10:02:54','2020-10-12 03:34:07',NULL),(41,'EDWARD BINTY','edward@mpc.gov.my','750707125521','$2y$10$aal1E.ibD06RdCgvad78Iuvg.OGjtEq.Au3W78mDn.eklNmnxvO6y','1','1','0','rzUhLwowdrDxcnn39T0Ha8ij8EjUN2lfbFcVwI6YrjWu1OouPxbkz1O7WfkQ',NULL,'en',NULL,'0',NULL,2,41,'2019-03-29 10:02:54','2021-01-04 10:16:14',NULL),(42,'ELLMA EDDIAHWATI MUSA','ellma@mpc.gov.my','760622145362','$2y$10$t6zUP3ShBeD0CkCYgHNqgu04oa3HsKBu4olYz9TyhjXkdKK6YmUnq','1','1','0','XDijWm8xXs2Z7rYC6Vh1fmHGM1OzAkx7j9HxknOw53AQ0yuAB3lEK2s2wM58',NULL,'en',NULL,'0',NULL,2,2,'2019-03-29 10:02:54','2021-06-20 11:00:54',NULL),(43,'FAIZUL MOHAMED','faizul@mpc.gov.my','730506015053','$2y$10$tFGt1eAj9t7uWIuMX28cte93XFbloRR.DoYIo.2XmX76f3pAtCOyG','1','1','0',NULL,NULL,'en',NULL,'0',NULL,2,2,'2019-03-29 10:02:54','2021-06-20 11:00:54',NULL),(44,'FARA SALINDA AYU HALIM','farasalinda@mpc.gov.my','790904085772','$2y$10$te3cpcB8RWjG6jjNo.0XWeFehBk4d7CRsgN7ZgDlcjBeJ1SnbhChi','1','1','0','VKa29YhcyVv56c5vgNGUknOUKIRdeGEFq5trKPH8hGkWO27oXC9JOydV2HEz',NULL,'en',NULL,'0',NULL,2,44,'2019-03-29 10:02:54','2020-12-08 04:22:49',NULL),(45,'FARA SURAYA HANI BINTI HALIM','fara@mpc.gov.my','780714085668','$2y$10$z7eUpnioJcrQNGMA2ni50.NBIWRGz6eAnQtavHRhzkduE6STkqWri','1','1','0','wqxD5thpHeLUHFAjGldhJHBsoc03o4kTplSjmTxCBo1GjexIrfj9eqKeHNCG',NULL,'en',NULL,'0',NULL,2,45,'2019-03-29 10:02:54','2019-04-24 04:33:31',NULL),(46,'FARAH DIYANA DERMA DEWA','diyana@mpc.gov.my','820812105056','$2y$10$5ueVNp8pwNaftR2ttwXmrORe61Xwj9Im6hSQWkvAslRCsHOtO1S0W','1','1','0','qRKLJcyYt5PbGDtOpxiwO8jPWul8HxMEEfS6oLgoVdqhThGX6qEkA3kAu6nv',NULL,'en',NULL,'0',NULL,2,46,'2019-03-29 10:02:54','2020-10-12 03:33:50',NULL),(47,'FARAH SAZARINA OTHMAN','farah@mpc.gov.my','811203015456','$2y$10$vWfbEVZB7GpJwr5JkVLzyenbcySChDuVu5ycUkSNmSkGHXx6V3Msq','1','1','0','w1sojZiKV8kEy7z9Y81udb9AmhZTAVvhuzulkAtqyPh5zpbbXStvlDUfjpxg',NULL,'en',NULL,'0',NULL,2,275,'2019-03-29 10:02:54','2020-12-15 02:22:56',NULL),(48,'FARHAN ABDULLAH','farhan@mpc.gov.my','730617105449','$2y$10$GR2uglfLtNb9IPDutZwYXOdSJNiXvL138jBtuTw7ybMIcEHrI6/Dm','1','1','0',NULL,NULL,'en',NULL,'0',NULL,2,2,'2019-03-29 10:02:54','2021-06-20 11:00:54',NULL),(49,'FARIDAH TAJU RAHIM','faridah_tr@mpc.gov.my','760308065380','$2y$10$i6YYxkEwKoqar7iKRx6MUuMFSVIhvxFDMeXAf9OsBfwmhd./T0.Ne','1','1','0','h7LS9DlJ7ycwdOynTUP9XIUbpGAw7hsWaIkRdq9AkLHl1CghJBXS8TTa58Y4',NULL,'en',NULL,'0',NULL,2,46,'2019-03-29 10:02:54','2020-03-12 08:10:00',NULL),(50,'FAUZIAH AHMAD NAWAWI','fauziahnawawi@mpc.gov.my','790625105398','$2y$10$8q05BqR2KX7XBembhfAleuS/Gju.Mw3iMJEQ37834Qm7jSrDZIK9.','1','1','0','jY50OtDexjuA12wNWISJUmnP7Zjcs27KyD7gYU96ywbS1cBuh0pazuFrzLU4',NULL,'en',NULL,'0',NULL,2,31,'2019-03-29 10:02:54','2021-02-04 17:06:12',NULL),(51,'FAUZIAH MANAF','fauziah@mpc.gov.my','660107065028','$2y$10$9v8Dr1tA7Qwnm/.G3v9e3OFYle102lQogMQlCBvTeh9tj5IqhWzQG','1','1','0','kpfLpG2Cz87CldNVQ83iaGnStfs38R9euWhqUgmmLEtQayZ8244kWFyBTIvn',NULL,'en',NULL,'0',NULL,2,51,'2019-03-29 10:02:54','2019-12-10 08:37:47',NULL),(52,'FAUZIAH SAKIMAN','fauziahsakiman@mpc.gov.my','720323015326','$2y$10$vjL9X8tfZzBjqzaU4Z1zyuwULRGvTTUJJL2BEvHnldKCKAYPCHMKy','1','1','0',NULL,NULL,'en',NULL,'0',NULL,2,31,'2019-03-29 10:02:54','2020-11-18 04:22:41',NULL),(53,'FIZALAWATI AMIN','fizalawati@mpc.gov.my','810813135258','$2y$10$8qbr4S.I3ZtRrGQMHEH1W.TU0oArFKt6/Y4yAzZKSx6ispkgXGO1m','1','1','0','NloYiTphdZEOMC0A7XZKNHouRXXgwv7J7av5iOhcAnwudulEDctES5NmtuhE',NULL,'en',NULL,'0',NULL,2,53,'2019-03-29 10:02:54','2020-02-01 03:44:15',NULL),(54,'HAFIZA ATHA AHMAD','hafiza@mpc.gov.my','811010105092','$2y$10$0kw4iMKeV2Rs/7NdaZmaF.zabnwKoTy9P3gqQYgTSOyMvmBIehBZq','1','1','0','AjdCa2PX8q7b7FBwYyXpg93rXUgnKx6ExtgjnDLTe3o9km4SkUEy3NneCrls',NULL,'en',NULL,'0',NULL,2,54,'2019-03-29 10:02:54','2020-10-20 06:56:10',NULL),(55,'HAFIZAH SITH','hafizahsith@mpc.gov.my','790329016120','$2y$10$ZtjhH/zbt0g73wxXTlk.TeBR7TtmzfNvGVdh07.6Yt5jCEY2odgdC','1','1','0',NULL,NULL,'en',NULL,'0',NULL,2,46,'2019-03-29 10:02:54','2021-01-04 01:12:15',NULL),(56,'HAFIZOH MD. ARIS','hafizoh@mpc.gov.my','780402025746','$2y$10$1BJO/oxayfyT1y6U27e3J.FhG2YNYpaBp/6kRfxNMoWiHcESkSnle','1','1','0','lisOt3gtl4g0ySO7y9RVPFSvz2oBTx4CC5Jhjl7QgKhwYK9mBYZqVw706Mki',NULL,'en',NULL,'0',NULL,2,31,'2019-03-29 10:02:54','2021-01-04 01:11:53',NULL),(57,'HAIRUL MIZAN HAMDAN','hairul@mpc.gov.my','770222015947','$2y$10$ysZ6RD1ecM1BCrUGR5488egShFRns9wD5SCPAWuufnKsSjCw6J7U2','1','1','0',NULL,NULL,'en',NULL,'0',NULL,2,2,'2019-03-29 10:02:54','2021-06-20 11:00:54',NULL),(58,'DR. HALIMAHTON SA\'DIAH LET','halimahton@mpc.gov.my','730930085368','$2y$10$ckaSKluKWQdQ/NurSy.I1eHrRztlXcPJsYbkSRM7eg.Rblctn1HQK','1','1','0','ol2M35Vpnjvhakbj93Gf48yIaYBhlvBPNE6J1fFnDgBv3XqhG5peYlSDcVMM',NULL,'en',NULL,'0',NULL,2,58,'2019-03-29 10:02:54','2020-12-09 06:42:20',NULL),(59,'HAMZALY ZAKARIA','hamzaly@mpc.gov.my','680617105825','$2y$10$Q2llnygwSl5uqBdxPgjKJ.RIisKHnFi96ZQZpXAaxTPgjrmxl80tu','1','1','0',NULL,NULL,'en',NULL,'0',NULL,2,2,'2019-03-29 10:02:54','2021-06-20 11:00:54',NULL),(60,'HANISAH RAMLI','hanisah@mpc.gov.my','840523105736','$2y$10$tV9fRhFwxKm9G.fb5o2fE.f1o.99AXKsYCVdW5is01vcsy9AVQ.Fa','1','1','0',NULL,NULL,'en',NULL,'0',NULL,2,60,'2019-03-29 10:02:54','2021-01-04 01:14:49',NULL),(61,'HASBULLAH ABDUL HAMID','hasbullah@mpc.gov.my','800114025253','$2y$10$A1I0Ifh7Cnqi6xjEjWgErO3JpjA1BdO2.KRsgm4OsraQfINywIToi','1','1','0',NULL,NULL,'en',NULL,'0',NULL,2,2,'2019-03-29 10:02:54','2021-06-20 11:00:54',NULL),(62,'HASLIZAYANTI OTHMAN','haslizayanti@mpc.gov.my','810117065348','$2y$10$DT65BE4dLMkQkJ9Fyw1xZeTV4dsMSUxOgAxXZLpGHTNLbGa8o/dvq','1','1','0','X8P5jWazdL1r8RluQ8oy1aNqpIgrL4PlQEDSjBCCNMiV5XJ0AJNPxT8QlLST',NULL,'en',NULL,'0',NULL,2,2,'2019-03-29 10:02:54','2021-06-20 11:00:54',NULL),(63,'HAZWANI NADIAH ISMAIL','hazwani@mpc.gov.my','820913035624','$2y$10$A8jxNkP3AbyroYUbiiXA5.0Szu8/mA72omamTTFMQIxYnz50VqBce','1','1','0',NULL,NULL,'en',NULL,'0',NULL,2,2,'2019-03-29 10:02:54','2021-06-20 11:00:54',NULL),(64,'HILLINA ABDUL KARIM','hillina@mpc.gov.my','760325105284','$2y$10$K3mEm.KuRPoDiuLW1qoKM.A7Ir47M9pyOsEyUgdtxMG1mv1KDWEuK','1','1','0',NULL,NULL,'en',NULL,'0',NULL,2,31,'2019-03-29 10:02:54','2020-11-11 05:02:12',NULL),(65,'HISHAMUDDIN HASSAN','hishammudin@mpc.gov.my','811203025531','$2y$10$HWCuayIspv.RH0nBtAgtduIgbEuioy/jFpA3xG12aEOiXte04E26G','1','1','0',NULL,NULL,'en',NULL,'0',NULL,2,2,'2019-03-29 10:02:54','2021-06-20 11:00:54',NULL),(66,'AB. RAHIM YUSOFF','abrahim@mpc.gov.my','601217035145','$2y$10$wiLyp/.FHFVl.9NOLSX2vuc8QFljJ8DWnBW5SkvW9TRdMSCUYKc7y','0','1','0','Lyf9j02s5jybsQT9iii5bPSpR7ymRtEsIOo6NxWYO4v8vE4TxQIuXwpkIQBT',NULL,'en',NULL,'0',NULL,2,31,'2019-03-29 10:02:54','2021-01-03 16:22:21',NULL),(67,'AB. RASHID OMAR','abrash@mpc.gov.my','660801045393','$2y$10$027Frh4rx6OKeArhNtZ96e1RvMqyTHbXR4jZa6gRqZ/YVrMAf8E5G','1','1','0',NULL,NULL,'en',NULL,'0',NULL,2,2,'2019-03-29 10:02:54','2021-06-20 11:00:54',NULL),(68,'HUDA ATIQAH SAMSIR','atiqah@mpc.gov.my','881028015128','$2y$10$a1AJbYjhK1CEqzzTlhmuxOImNipKGVTN2G/J6fuUCZPuTqEnaEL6K','1','1','0',NULL,NULL,'en',NULL,'0',NULL,2,68,'2019-03-29 10:02:54','2021-01-04 01:16:14',NULL),(69,'ILYANA NORSAIDAH AB RAHMAN','ilyana@mpc.gov.my','910911035478','$2y$10$15hS2XJIVr8Y8x3wRS7NCu7oCcZE34wVwqBiNZP7eh25w86PxaEP2','1','1','0',NULL,NULL,'en',NULL,'0',NULL,2,69,'2019-03-29 10:02:54','2021-01-04 01:16:24',NULL),(70,'INGRID NG EDY','ingrid@mpc.gov.my','871121495040','$2y$10$3zqZb2ustabeTxha8WCoHey8kyebXuZFtqGd1PAq5YgoxBQKE0blO','1','1','0','A3NCheILeIByDocmnIC9fvFGjcX5GDoMIGCrSCuDstuioqKojmR8gSAE7Pu4',NULL,'en',NULL,'0',NULL,2,2,'2019-03-29 10:02:54','2021-06-20 11:00:54',NULL),(71,'ISRAM AZHAR','isram@mpc.gov.my','820324105479','$2y$10$Xwa7MWd6M1foRj1besvsXu/vt5iT9/cgAxM8nlCdPkJrvPrISfkRq','1','1','0','BAD8ZZFHEiuxcKjjrWPaIhWlZIfwUoMpfqwSd4OHtw35fDvimulUUEzQRsHc',NULL,'en',NULL,'0',NULL,2,71,'2019-03-29 10:02:54','2020-02-24 01:21:25',NULL),(72,'IZANI ISHAK','izani@mpc.gov.my','630610035689','$2y$10$7eXapXTkMZeycnuoMAisPudYERgZDfDOHsjBTd620mm5/cGer7fu6','1','1','0','N3zJayV6aUJJryItzYJyWsL9K98AXtAj9975V1ywhp8z0dybc8YfaTV4xXIr',NULL,'en',NULL,'0',NULL,2,31,'2019-03-29 10:02:54','2020-11-16 07:36:52',NULL),(73,'IZZUL IKHWAN ISHAK','izzulikhwan18@yahoo.com','910610105989','$2y$10$Q.i22U4leEwvFZqxJkbfjOsGyK3exHilMH2kFy/lnpuT9Cg6TPhp.','1','1','0','I9YkMO2JehV0H60cXCWddhnc4ndzrJ3QV7DRb7DPxjUOzPoAj17dbnSlU8n4',NULL,'en',NULL,'0',NULL,2,73,'2019-03-29 10:02:54','2021-01-04 01:16:42',NULL),(74,'JAUZA JUHAIRAH JIMMY ABDULLAH','jacqueline@mpc.gov.my','920127126324','$2y$10$IBVhquZnOjQK2UQBNe5jWOFmyq6q3V0Cz1moBRTqOhcz.XsHh1zKS','1','1','0',NULL,NULL,'en',NULL,'0',NULL,2,2,'2019-03-29 10:02:54','2021-06-20 11:00:54',NULL),(75,'JAYALETCHUMI KRISHNAN','jaya@mpc.gov.my','780507025152','$2y$10$yiHtxXJ0etJw7unSaRtbnONJnLOyOS5Pb8WYMjnaiuKZzAnnkQt8C','1','1','0','TcKhxwwTZw0Ty6iThUvmzjbceGo3BadTNrdY5TiNE9VNBVQunIbqAPB7B7UM',NULL,'en',NULL,'0',NULL,2,75,'2019-03-29 10:02:54','2020-01-02 07:32:43',NULL),(76,'JERRY SHAHNIZAL AB AZIZ','jerry@mpc.gov.my','830808146065','$2y$10$LDhFZkxEBjt6.YqyhzGqROP8rlHJhEhP7mJe0QBz5Kn9C9PV6ecG2','1','1','0','Hmjaw5i2YOjoWoyNab7B06WCfVfFh3WGoTrtCfDuiA2k1Du3cTWRYUzTgpMa',NULL,'en',NULL,'0',NULL,2,76,'2019-03-29 10:02:54','2021-01-05 01:09:25',NULL),(77,'JOSFFA ISMAIL','josffa@mpc.gov.my','780215075975','$2y$10$bmbZUWtuAwI80sJhV3HBTOgzCmHqwnJsN9uhqwIj1H72chRUf8Xnm','1','1','0',NULL,NULL,'en',NULL,'0',NULL,2,2,'2019-03-29 10:02:54','2021-06-20 11:00:54',NULL),(78,'KABIR AHMAD MOHD JAMIL','kabir@mpc.gov.my','600101025303','$2y$10$h6g44/p2vkAPVDFkMsiJ7usgDt/vjucsboMA3/KfO9P3HDoXiQ.CG','0','1','0','QiEl5sHq8okwaC7w8Qg9klMwAOn132JFDL3Dpd2h1C9aTFMNJ9JWvMcQAjR7',NULL,'en',NULL,'0',NULL,2,46,'2019-03-29 10:02:54','2020-01-06 14:48:26',NULL),(79,'KAMARUDDIN MOHAMAD','dinmohd@mpc.gov.my','610718115105','$2y$10$TGrzEFJLHaiOfraNpna3pOUFnG6JnMLxnxcbjRYMY7mxvih7k8tCi','1','1','0','qswZH6Z98txoTEKhmj76DVTwMbhA8yYtdP73qe86VrFJDdRcgdjXEXTqMZSs',NULL,'en',NULL,'0',NULL,2,46,'2019-03-29 10:02:54','2020-10-09 05:46:14',NULL),(80,'KAMARUZAMAN RAMLI','kamaruzamanr@mpc.gov.my','830308115035','$2y$10$vUnFBgBDIEwHMtlfwIDRiuW0DANWEK/q45RJnYs2srwApExJD9J.u','1','1','0','Yd74K9llhO8eNhHFcqCHOq7ZCRC8f4fcCIdZfhT4ja6JkchnUEh4bEcT3Mmr',NULL,'en',NULL,'0',NULL,2,80,'2019-03-29 10:02:54','2020-11-16 04:05:18',NULL),(81,'KARTIN HASLINDA CHE MAT','haslinda@mpc.gov.my','760304035264','$2y$10$1Oh/Pa/UvjBiYNtDjAHPsO7Ny66y.Zanm0V8qHHMnanTixgYs9WBa','1','1','0','fnMDKRLXTkG0K6x7GY1IayWF02z9q6aOfRUYNlmqAdPerG120LLaGceKTVfd',NULL,'en',NULL,'0',NULL,2,81,'2019-03-29 10:02:54','2021-01-04 06:12:33',NULL),(82,'KASTURI DEVI A/P APPANNA','kasturi@mpc.gov.my','810525085890','$2y$10$pvTTttB2XjLu9snD8nT7oeEWfVeUBHeed.gUn2ktQsyqdfIgRvJaK','1','1','0',NULL,NULL,'en',NULL,'0',NULL,2,2,'2019-03-29 10:02:54','2021-06-20 11:00:54',NULL),(83,'KHAIRIL AFI ADNAN','KhairilAfi@mpc.gov.my','871003065189','$2y$10$FHN9KPOmjAqQk2WS0hyFrepXHRiEi8SS3ygH0.V6y.RkHNcpKIO7y','1','1','0','PKONKWT1Hj3ixCN9FMU1K2DRR6I3G5XZBQeix9KWDw1eKF1nmMRMLpttKweV',NULL,'en',NULL,'0',NULL,2,2,'2019-03-29 10:02:54','2021-06-20 11:00:54',NULL),(84,'KHALIDATUL ASRIN ABDUL AZIZ','asrin@mpc.gov.my','800112025794','$2y$10$5DUlAtR4Z9n2Wdy6cOnHGu9.yZr5TVMaT3TmdYx0EBJ1krT5lGmNa','1','1','0',NULL,NULL,'en',NULL,'0',NULL,2,84,'2019-03-29 10:02:54','2021-01-04 01:17:19',NULL),(85,'KHATIJAH RAHMAT','khatijah@mpc.gov.my','840710135404','$2y$10$JN2rxs9GSu5a6ppCJtiRoOv1xhgf4m82jdbB.TlOkqYUmSACso26u','1','1','0','9ygNLY1vBO0II52aUb6fUHp2EnrnNcFer1WxVXN4WsPTnejY7qkbrtKg4Xlw',NULL,'en',NULL,'0',NULL,2,53,'2019-03-29 10:02:54','2019-11-22 09:01:45',NULL),(86,'KHIDZIR BIN AHMAD','khidzir@mpc.gov.my','780830105611','$2y$10$Gny/ztbDQ4EmmZ4LRE5eZO5TdJh6KSBuPqPTTcL.psLSTbFmhG1qi','1','1','0','KDenf3zMYPhCjMSQ9yTBzQQ1cT028fakoAVnT9Ks9qhgRpcPmjF49E63sCDY',NULL,'en',NULL,'0',NULL,2,86,'2019-03-29 10:02:54','2021-01-04 01:17:36',NULL),(87,'DATIN LATCHUMY PRABHA','prabha@mpc.gov.my','620517015246','$2y$10$IVyIjV2V/sO6haCLuonsauYVdJmSSP3HTVzUPAJh5buK7hVuG2eEW','1','1','0',NULL,NULL,'en',NULL,'0',NULL,2,2,'2019-03-29 10:02:54','2021-06-20 11:00:54',NULL),(88,'LEE WAN SWANEE','swanee@mpc.gov.my','850915035756','$2y$10$L9AWqTKGLWthKCuHOQU0Zu9VvAAbAYtgzM5DBnnvchk.7KDkxZVCS','1','1','0','haPCuPeZxCNOB6sboZC6E1Kg0j2OHBSw3V021o0a5amKCELnaCFDPLQQDVMa',NULL,'en',NULL,'0',NULL,2,88,'2019-03-29 10:02:54','2021-01-04 12:35:31',NULL),(89,'LEE WAN WEI','wanwei@mpc.gov.my','860814595008','$2y$10$TbxzwXWRRytIv/z3wGFnaOfVKuM3CL7ANkBrKkcQJp6W73JOktCeC','1','1','0','ykf0s34EiZjbKpppY1wCdllnZHgHDv3BXplkx6fAw31FBKlS0uNMIKktRKQL',NULL,'en',NULL,'0',NULL,2,31,'2019-03-29 10:02:54','2020-10-15 07:39:21',NULL),(90,'LIYANA OTHMAN','liyana@mpc.gov.my','900703137438','$2y$10$44XaFsA05XVaPrkPW239CO/SXTT2sUATvUguKKvG0QSUmDEOuIo6O','1','1','0','eeKlyFnZzfE4uHHZr10qb00s5k6Q5pQZRWpmhNFy16yzwc7wVxEX4bv7uelM',NULL,'en',NULL,'0',NULL,2,90,'2019-03-29 10:02:54','2020-12-14 00:20:56',NULL),(91,'MAHADI HASBULLAH','mahadi@mpc.gov.my','760815035303','$2y$10$IhY14l7EeZK7Eai07gBOPufHg4XmQQfVyMJzmf56Rg6/EzWTtcGGS','1','1','0','O8iFHFM6N4fz3JX3PrW0ugvr6kEdVaxwPfmrEnaJM8Q2neg41euQMKnZiFEm',NULL,'en',NULL,'0',NULL,2,31,'2019-03-29 10:02:54','2021-06-23 05:30:57',NULL),(92,'MARIATUL AF-IDA BT MOHD TAJUL ARIFFIN','mariatul@mpc.gov.my','750712085034','$2y$10$YWF06n.c1ASb6WYB5enzQOSV2n2vE8lCWGCFKvM/xk2aFKfJMMRFm','1','1','0','CKtQUy8GLqw1szm0YzOlP84rAnsHHp1TjkAMLJvJjc1sc2UHfg1yl4xUyD9Y',NULL,'en',NULL,'0',NULL,2,31,'2019-03-29 10:02:54','2020-12-12 07:35:05',NULL),(93,'MARINA MAULAD ISMAIL','marina@mpc.gov.my','860329145038','$2y$10$OTEvUkZSieSYYtUrtJExD.wdcNGxAuKJeWiSFggn3N.CfCXQITFPi','1','1','0','Lr2skJHGCMQFw6wfULdm1dYUFNk45vW8XWru4nQNhhWVmJCvkgpEPmpK7Dkb',NULL,'en',NULL,'0',NULL,2,2,'2019-03-29 10:02:54','2021-06-20 11:00:54',NULL),(94,'MARZIAH AHMAD','marziahahmad@mpc.gov.my','650411065218','$2y$10$mtdJ7Qis3BXY1qJiO2B6UOXliPWH1xRBhRsHlzdNLF3.SulQlgJTm','0','1','0','MrZizcPNVHkq2spkhtakOotZL6fiUA15pJuLyykHbRmXzqYQorLy1q0gr2Hq',NULL,'en',NULL,'0',NULL,2,2,'2019-03-29 10:02:54','2021-06-20 11:00:54',NULL),(95,'MASHITANOR ZAINUDIN','mashitanor@mpc.gov.my','761019055308','$2y$10$yEVmdZMD1hH0ThUJp082We63qv5E/R26QFvrgWXEDBC3ld2soGh.W','1','1','0',NULL,NULL,'en',NULL,'0',NULL,2,2,'2019-03-29 10:02:54','2021-06-20 11:00:54',NULL),(96,'MASWANI ISMAIL','maswani@mpc.gov.my','810316035600','$2y$10$VbSc5pbMiFkLAksQVBygI.1by122gBhF1ARUf0vESawdELMxCGm8i','1','1','0',NULL,NULL,'en',NULL,'0',NULL,2,46,'2019-03-29 10:02:54','2020-01-13 16:04:42',NULL),(97,'DR. MAZLINA SHAFII','eyna@mpc.gov.my','720731086000','$2y$10$KCQLSCtUL3CkFSpkmvoBTe1XoWT/tUHY/W9N3ZCDvmUrxzhZ/8XvO','1','1','0','9tN3n7Fa7RUCSB5mDFeOLWs9IJpMof3MNdjb48BCgu4L7MK6x1Nq04ERTjye',NULL,'en',NULL,'0',NULL,2,2,'2019-03-29 10:02:54','2021-06-20 11:00:54',NULL),(98,'MAZNEE ABD. HALIM','maznee@mpc.gov.my','661204115036','$2y$10$7Bv3PRQp5pZ8SglYUdsa.OT1GLmgY5znPQ43YVBVzvk4lRvABnNY2','1','1','0','ZVH9j82dr50uBwqzSYcRuaFUzrPnCnrhzhvhtTVgwHen5nTI34izRQUVMyvc',NULL,'en',NULL,'0',NULL,2,2,'2019-03-29 10:02:54','2021-06-20 11:00:54',NULL),(99,'DR. MAZRINA MOHD. IBRAMSAH','mazrina@mpc.gov.my','741207075594','$2y$10$qeysvv7YITZVINosytnQL.xTlqP2exxuwqnmEKdERqx0elVDSo67S','1','1','0','Oop1U3Zhhf0ZJzWYcJOuf2ghIwp2QaexzJ4apqdqACFH8WhcIZ8tJJkn8BC9',NULL,'en',NULL,'0',NULL,2,31,'2019-03-29 10:02:54','2020-12-30 04:53:06',NULL),(100,'MAZUAN SALIH','mazuan@mpc.gov.my','810105125067','$2y$10$jACqLD9.rx.010FSanrMuOq2i5gUeLV8S2Mh3u0hli.bZLMcUzeVm','1','1','0','iNTPbKTyJHWuIhbjscl1JrXIdyxNaYFtLsB1ngk3Yb2xOftKBYBrqFknaHEL',NULL,'en',NULL,'0',NULL,2,100,'2019-03-29 10:02:54','2021-01-04 01:17:52',NULL),(101,'MAZUIN DAHLAN','mazuin@mpc.gov.my','790417145328','$2y$10$xt56WKnlbJPW9adzinCv9.sJnq5lWmhx3Q.Z5lmbr2UZWLN/kdhPS','1','1','0','Zy1OH4gwYMa4fMIzUVdNrm86We9w2oUzGsCbzY1FXGCsrx9hflWrRPoTPJZr',NULL,'en',NULL,'0',NULL,2,101,'2019-03-29 10:02:54','2021-01-04 01:18:01',NULL),(102,'MD SHUBRI ISMAIL','shubri@mpc.gov.my','591223075331','$2y$10$jQmCXquH5UeS29BKfLTtJ.Ajdx22LIdN7YYO1MmP5Hh7xL78Q4bnO','0','1','0',NULL,NULL,'en',NULL,'0',NULL,2,46,'2019-03-29 10:02:54','2020-10-15 04:25:08',NULL),(103,'MD ZAINURI JURI','zainuri@mpc.gov.my','741122017053','$2y$10$M/q5YPco3nvvkFjMdbZ/b.RkCXgYPdBXHrFmcWyCBGj9V18ea/BZO','0','1','0',NULL,NULL,'en',NULL,'0',NULL,2,2,'2019-03-29 10:02:54','2021-06-20 11:00:54',NULL),(104,'MEGAT AMIRUL SAIFULNIZAM MEGAT KAMARUL BAHRIN','megatamirul@mpc.gov.my','820702115739','$2y$10$dpO8H3RpszmowN6W8UCAU.rhuChBwR5DpcJEkHwJevqhnaZfVIAeq','1','1','0',NULL,NULL,'en',NULL,'0',NULL,2,2,'2019-03-29 10:02:54','2021-06-20 11:00:54',NULL),(105,'MELISSA AHMAD ARSHAD','melissa@mpc.gov.my','761210105270','$2y$10$tfEhgIeU/S.uNd/g3G6dSe19.3vVPB.YPHRL84F/tkDhIgJu3WpiS','1','1','0','p6CIqPzwliV4qwQFIsYwjBdnzrHmWnDaQLcERgThaGvEyBdGxOrN1TEuJyLg',NULL,'en',NULL,'0',NULL,2,105,'2019-03-29 10:02:54','2021-01-04 01:18:17',NULL),(106,'MIMI HASNITA AHMAD','mimi@mpc.gov.my','761108065348','$2y$10$Rn4ImrYij1QFhhVnUC6H1OF3TRHnbQdhxq2mZXPwtUIt/AsNrEPou','1','1','0','Jij9LDRZbzKSigH2XOOqHjm0oe6QWNoOn9qUZmrR1aoFBMxXaawffzWe8b4E',NULL,'en',NULL,'0',NULL,2,2,'2019-03-29 10:02:54','2021-06-20 11:00:54',NULL),(107,'MINHANA YAHAYA','minhana@mpc.gov.my','790514145178','$2y$10$tug3ajR5pslbBtTy3bdy6uLhd1DDhxThkJ8eR9RHa8DivHt5obaQS','1','1','0',NULL,NULL,'en',NULL,'0',NULL,2,2,'2019-03-29 10:02:54','2021-06-20 11:00:54',NULL),(108,'MOHAMAD AZROL MOHAMAD DALI','mdazrol@mpc.gov.my','750930015683','$2y$10$ngENSD8pw2aT8vs8SXdKvehDhMG4Wgnau8JkYZ/aaOYB.wYV7UQ3q','1','1','0','4Ba7BdbjynvP8rzhklOSYebvL0c8TkdB2HyMy51QMsYIrOqZ0XBTPt7nK9Kp',NULL,'en',NULL,'0',NULL,2,108,'2019-03-29 10:02:54','2020-12-17 04:26:34',NULL),(109,'MOHAMAD HAFIZI ABD RASHID','hafizi@mpc.gov.my','880905025009','$2y$10$W9so.DxuXpVhUNcgnOOdLunNp/iCu3693SVfbBUzdil7NiQajsHyu','1','1','0',NULL,NULL,'en',NULL,'0',NULL,2,2,'2019-03-29 10:02:54','2021-06-20 11:00:54',NULL),(110,'MOHAMAD MUZAFFAR ABDUL HAMID','muzaffar@mpc.gov.my','740919017603','$2y$10$q8ji32.U6MObs5r0rbq9ge2CffryVP.hR85pkI8YbaZt3xaWR5XoC','1','1','0','oq5UhgAm3ZCxJJJvmLVRkVcjlA9rxLRCghVc7r7Ffj4ZZ6T4HuqrC4IH7TiV',NULL,'en',NULL,'0',NULL,2,110,'2019-03-29 10:02:54','2019-06-14 01:37:23',NULL),(111,'MOHAMAD NOR BOLHI','mohamadnor@mpc.gov.my','790607135681','$2y$10$l6UROBnIrLcfPvVtjv0EZO9eFzApu8rNU19k/NShRWgM3KONK5.ZO','1','1','0','9aN3GYuTBj783jXBkuttWoVbv1BgZJ0dQw9YS6iXpY5mHPMGql4g1TVzoASg',NULL,'en',NULL,'0',NULL,2,2,'2019-03-29 10:02:54','2021-06-20 11:00:54',NULL),(112,'DR. MOHAMAD NORJAYADI TAMAM','norjayadi@mpc.gov.my','741205135725','$2y$10$EAri7RReD5wLFlKWdKnoX.9SSkuvwJj2uxId5X1i3MWl0p/fHlr7u','1','1','0','KF6n8o3eRpjnytkAn9gGAohForfN6Ip8Bt7gQcqJbzoVNrzqGQoBQfBDjFFI',NULL,'en',NULL,'0',NULL,2,31,'2019-03-29 10:02:54','2021-01-04 01:18:56',NULL),(113,'MOHAMAD SAHRIL AHMAD PUZI','sahril@mpc.gov.my','821115085445','$2y$10$RwSHIqTr8ROdQn1nuHM3LOxtniMFSUZArKpe4MRMYa/ZwQeomRwB6','1','1','0','SZfkLvlpMANhbnG85d0WhLTe2XfkylIbiYmd2MjOMd10QqesNcjr0kbQHV0i',NULL,'en',NULL,'0',NULL,2,113,'2019-03-29 10:02:54','2020-12-17 08:50:00',NULL),(114,'MOHAMMAD AFDHAN FAUZI','afdhan@mpc.gov.my','860427565669','$2y$10$/e0dbvBCrbsotK2XCrdq3ONPD1qKwh4nBDStdGPz/ZF/ZPWI2WiKi','1','1','0','D2nOQ4MPGimkxmb7p4dy2Rle2Y1k15ouidMlQ3s1jg69GkNJ3SBi8InePvLy',NULL,'en',NULL,'0',NULL,2,2,'2019-03-29 10:02:54','2021-06-20 11:00:54',NULL),(115,'MOHAMMAD KHAIRUL HAKIMIN ZAINOOR','mkhairul@mpc.gov.my','830111015487','$2y$10$zv6L7DNsnZZBfhz/eJ8FGOTroRzt0RyX4PM.5i0C7qmwvyqZmaSGe','1','1','0',NULL,NULL,'en',NULL,'0',NULL,2,115,'2019-03-29 10:02:54','2021-01-04 01:23:12',NULL),(116,'MOHAMMED ALAMIN REHAN','alamin@mpc.gov.my','790113065169','$2y$10$YGaS1wH96Nvoh0jlDV3N4.ULRsLZvEviuMo.KoUwvlo8VdSYuT3MS','1','1','0','mRarV0rMoNOt5lZPf11VUAEC6L1rFElkmEORHoDrJPGlLqg1wCg34a1yccHh',NULL,'en',NULL,'0',NULL,2,2,'2019-03-29 10:02:54','2021-06-20 11:00:54',NULL),(117,'MOHD AMIROL MD. KHAIR','amirol@mpc.gov.my','900309026107','$2y$10$MlGwOFVUBg3iV7IMkTP/q.0kGYPDcaTSUeo9IdjBSSJvgnvKhpWhO','1','1','0','VKscZqHT8iwdZ4bORBMSlHocyB2Fr7J9dj0ph8xHJXyFtj7khnl5xi563qEu',NULL,'en',NULL,'0',NULL,2,2,'2019-03-29 10:02:54','2021-06-20 11:00:54',NULL),(118,'MOHD AZHAR ZAINUDDIN','mohdazhar@mpc.gov.my','810110105773','$2y$10$xCqPHgYw.3NTOV738VqHleAxaFeqYyvUEuMpCcBtc7MWIHo1rf7wS','1','1','0',NULL,NULL,'en',NULL,'0',NULL,2,2,'2019-03-29 10:02:54','2021-06-20 11:00:54',NULL),(119,'MOHD. AZRUL KAMIS','mohdazrul@mpc.gov.my','770526025423','$2y$10$bffcWvOKWgEhMX7Ci2fRjOXj3sJAwa6f3f0vC6yY3koEPrTS5o5se','1','1','0',NULL,NULL,'en',NULL,'0',NULL,2,2,'2019-03-29 10:02:54','2021-06-20 11:00:54',NULL),(120,'MOHD. AZWAN MOHD. SALLEH','azwan@mpc.gov.my','730926075271','$2y$10$APhniuC425TGLT/C2tw6.O./wrOTYfIkrzxvI2pUQmo83JJ6cBMZm','1','1','0','0Sr9ZclAWRK9m8stQiRmUKcKkP8cDnbPhiD5vi4XQf5q4vdvzPTo1hJIo7Fx',NULL,'en',NULL,'0',NULL,2,31,'2019-03-29 10:02:54','2021-01-01 01:17:15',NULL),(121,'MOHD FAIZOL ABD. RAHMAN','mohdfaizol@mpc.gov.my','841110115033','$2y$10$isF5KLDAcAigeAQ7DpAT/ef25lagwcyso3cKt019WFtfuMHQ4NcV.','1','1','0','OXCxlad4BHd1K40QLWijSeRDZWxfb9EU17PLtkLVzBCaPOksJxtpkMBuisjt',NULL,'en',NULL,'0',NULL,2,121,'2019-03-29 10:02:54','2021-01-04 02:48:47',NULL),(122,'MOHD FAIZZUL SHAHIR','faizzul@mpc.gov.my','860917436181','$2y$10$nlbg.aaX2CDISUrRm16uxO88qP0ZBtkd3SZLbocFdhPLPq.wHwFWO','1','1','0','ic6OqHRriv9ayJqaBHEM2BiPz1fkGckpxXID4ogekFHQ0WljMZjvOTUixUIV',NULL,'en',NULL,'0',NULL,2,275,'2019-03-29 10:02:54','2021-01-04 04:15:48',NULL),(123,'MOHD HILMI BIN MOHD IDRIS','hilmi@mpc.gov.my','790308105095','$2y$10$XgMBfh3Bkhk9y1YOEbwkOuQwr2ElOsO3/lj.JxNZ/qnnifPa.sokS','1','1','0','FVHxZlPaMdcgCQQq7HiNOuhw4xOwwIBTnPhqKNTzwwV5DMsheJY9HlWMcc4B',NULL,'en',NULL,'0',NULL,2,123,'2019-03-29 10:02:54','2021-01-01 16:26:11',NULL),(124,'MOHD HISYAM HATIMTAI','mohdhisyam.hatimtai@gmail.com','780321105277','$2y$10$Y7nq/gVoawrXGpwlycFgPeCbsajSD2sE7PBKjVavG0SB3.s0aFDpS','1','1','0','kGANREY5M4b1DV1mEbzTTzRRlj0RPKtnvVy97Rd6TcME46BHPiVO0hEFBQPP',NULL,'en',NULL,'0',NULL,2,46,'2019-03-29 10:02:54','2020-03-02 06:07:24',NULL),(125,'MOHD. KHAIRIL ANUAR AMIR HAMZAH','khairil@mpc.gov.my','840225025017','$2y$10$SvqBGygo1viixPB/aPSYROp03QCzNg1jApUbPAA8qunjnvaA5gN5a','1','1','0','lQDaTBJboNGsPG0mqQnW7a9NPbI2kokU7G64WYpUk2NvtfHEpXE3F3eHnpeH',NULL,'en',NULL,'0',NULL,2,2,'2019-03-29 10:02:54','2021-06-20 11:00:54',NULL),(126,'MOHD. KHAIRIZAL KHAHIDIR','khairizal@mpc.gov.my','830405055353','$2y$10$0/eN4y7SfxTEQKOgCacObOPiXFMJcMQJyFcpQVCKLGTW9mhXTKH4e','1','1','0','vYjzULAYZY8v1jLhyrlYEWaOU7miXP8XMD1sRbVYrwoRFYfQYsAZHy60Q03l',NULL,'en',NULL,'0',NULL,2,46,'2019-03-29 10:02:54','2019-07-10 16:10:34',NULL),(127,'MOHD. KHAIRUL NAZIR NAWI','khairul@mpc.gov.my','770220025957','$2y$10$mr5M8kVodBUm9SDn6z3XLOZyeHZeo2rZ8jD2Q0lCHk09ox7.SX0AC','1','1','0','AIiTIXiZmtdPZfAfEpVnJuA1hyumC4U3OhRpx8xxTrYL4KkQDe2wAyHK47nN',NULL,'en',NULL,'0',NULL,2,2,'2019-03-29 10:02:54','2021-06-20 11:00:54',NULL),(128,'MOHD NIZAM ALI','nizam@mpc.gov.my','791128145297','$2y$10$jbyXfyi876OK/zFrpsOVtufI6xDTepgOhOuQCv1bSC/OxTwrTZEfe','1','1','0',NULL,NULL,'en',NULL,'0',NULL,2,2,'2019-03-29 10:02:54','2021-06-20 11:00:54',NULL),(129,'DATO\' MOHD RAZALI HUSSAIN','mrazali@mpc.gov.my','590826115385','$2y$10$0Xm.ztEB3CKE61cNf5gjU.7uBGHyg42LVu7utLcfOeEhd3E7AeZyW','0','1','0','pcDahYfDBVnOI0swbOT9eMaZrN2qUBsWL7EQ24XWw1EZ6FC2aXEo8phl412M',NULL,'en',NULL,'0',NULL,2,2,'2019-03-29 10:02:54','2021-06-20 11:00:54',NULL),(130,'MOHD. WAFI ARIP','wafi@mpc.gov.my','770212105551','$2y$10$6jsRO3gKUKOOOji/1k01q.OvxRH2q63fXCOZUNieTBTGctTgIzT8a','1','1','0','pYOKWtwAypKdFoTEhFpZhFG5qncXDcGsgcbXUUvPTdQvTzAWLvmPKPOo5iSP',NULL,'en',NULL,'0',NULL,2,31,'2019-03-29 10:02:54','2020-11-21 10:45:02',NULL),(131,'MOHD YAZID ABDUL MAJID','yazidmajid@mpc.gov.my','790310105537','$2y$10$bYb2lVgNkvAYYk54AGUDIuj5wRq/IVglio8amBBJbyhMR53A39/oa','1','1','0','0PDpc2wOSUBXPR5TQHXztouzZLG73AcRcTTH4j4TCOJK6FliwABxDgzWH95q',NULL,'en',NULL,'0',NULL,2,31,'2019-03-29 10:02:54','2021-06-23 05:15:07',NULL),(132,'MOHD ZULKIFLY CHE MOHD RAWAWI','mohdzulkifly@mpc.gov.my','830910035265','$2y$10$fu0Bk9FehMDsiYAdpMRAj.FDEbZR3pakJYGDg6k26kawkoCmrUceW','1','1','0',NULL,NULL,'en',NULL,'0',NULL,2,132,'2019-03-29 10:02:54','2021-01-04 01:22:57',NULL),(133,'MOHD. AZUAR MD. SIDEK','azuar@mpc.gov.my','750514105065','$2y$10$LZA/F7n6ufL3K98n8/iV3uW9FfyZA8Fm5dsqCdvOZ9Oo0CQiosMla','1','1','0',NULL,NULL,'en',NULL,'0',NULL,2,2,'2019-03-29 10:02:54','2021-06-20 11:00:54',NULL),(134,'MOHD. HOSNI MAMAT @ ARIFFIN','hosni@mpc.gov.my','840528115511','$2y$10$URKtQN38e34n67Wsiukkb.MKHs4iqhFUEsDYzMQL3lupmfIANGe8O','1','1','0','WMgi73L5PD0YDziaz6jAKWM3zXSCNqHp4tCxg7jECzFNzFYzg3pHbOMdCPbl',NULL,'en',NULL,'0',NULL,2,2,'2019-03-29 10:02:54','2021-06-20 11:00:54',NULL),(135,'MOHD. HYKAL MOHD. HALIM','hykal@mpc.gov.my','840415015223','$2y$10$IZdSKls9vSbbKNc/LSRKD..j1bY7ieYSCvGgx37JuFtbGrOOU.ybW','1','1','0','9VzOcw5j4ilffA6s3LvF4dpuZdhozNfDpfwaAEMJ4QQPIc8ujXyKIKj2dPZb',NULL,'en',NULL,'0',NULL,2,31,'2019-03-29 10:02:54','2021-02-04 17:03:56',NULL),(136,'MOHD. RIDUAN DAUD','riduan@mpc.gov.my','830906045057','$2y$10$Fvg0wJCDYzRHqkgIMf2WHe6XxqC0x0MllTskRHc7xsHyUHC4iTugm','1','1','0',NULL,NULL,'en',NULL,'0',NULL,2,2,'2019-03-29 10:02:54','2021-06-20 11:00:54',NULL),(137,'MOHD. ROSDI MOHD KAUZI','rosdi@mpc.gov.my','750423035989','$2y$10$5tqZc1ebLrqokuETR0A1Veesl04.2Kb7egsmBQknou6HhfKW9UIbW','1','1','0',NULL,NULL,'en',NULL,'0',NULL,2,2,'2019-03-29 10:02:54','2021-06-20 11:00:54',NULL),(138,'MOHD. SHAPRI ISMAIL','shapri@mpc.gov.my','600813085945','$2y$10$FMGNb/7GCQHAwjYwaSNYw.PU5G8m47a8qqjR6NZTahc9ufnYAf4R.','0','1','0',NULL,NULL,'en',NULL,'0',NULL,2,2,'2019-03-29 10:02:54','2021-06-20 11:00:54',NULL),(139,'MOHD SUZLEZAN SUPU','suzlezan@mpc.gov.my','781219125145','$2y$10$SSX/0cZxHMSnL4CiQ7XnIus27SOuW16kkRhBLJ/twjqwQKeiuANfO','1','1','0','kXpZkWfublxIEfowAaIs71HqtpmYJrKC7zWA98o46Zp29yPzNXaLii33sxwd',NULL,'en',NULL,'0',NULL,2,31,'2019-03-29 10:02:54','2020-12-31 08:46:07',NULL),(140,'MOHD. SYARIF SAMSUDIN','syarif@mpc.gov.my','800305075173','$2y$10$L8wf9ChCkRdCOWki8ng1teQhk8LM7nf3VRHfKXvhb7yo/jn.kaVBi','1','1','0',NULL,NULL,'en',NULL,'0',NULL,2,2,'2019-03-29 10:02:54','2021-06-20 11:00:54',NULL),(141,'MOHD. ZAKI BIN IBRAHIM','zaki@mpc.gov.my','610119035197','$2y$10$43NcBshHS37ugvGM0.qEFeGJz5wZ53DposjKh55I5NxnnChc/nzf.','0','1','0','eBY5JObves7mqQSNHWTlsCdZAuSzB5AjmWaUD2lVtyG9tLlXX1Vsicyz3w86',NULL,'en',NULL,'0',NULL,2,46,'2019-03-29 10:02:54','2021-01-03 16:31:07',NULL),(142,'MOHD. ZAMROS YUSOF','zamros@mpc.gov.my','670705055347','$2y$10$FDZIhX2YcB3Exgrb4bZ1wOXBXfkZoP6O5ktb3cOE3Ara1aD0qEuYO','1','1','0','NPqaw0mWBUy6zZzcFBWDgt7uVPGOfD077m4cu9ZM7H4RvkzZxykuD6LCiejG',NULL,'en',NULL,'0',NULL,2,53,'2019-03-29 10:02:54','2020-01-14 08:28:15',NULL),(143,'MOKHZANI ARIS MOHD. YUSOFF','mokhzani@mpc.gov.my','730308105015','$2y$10$EtM6BJZSgKY4q0Jj0hcuuOsnY7tL2J2x3AL0fYhuftAP4hUC8WxAK','1','1','0','gB4GSNMaJBVqbNKUvhUsJJwkSxFy8Gxm551w0KVOXfQvdPms3kTJY0Q1eVbk',NULL,'en',NULL,'0',NULL,2,143,'2019-03-29 10:02:54','2020-10-15 15:26:58',NULL),(144,'MUHAMAD AFIQ PIRAMLI','afiq@mpc.gov.my','901211036379','$2y$10$Zq9sb41QpQKf2NX6.I1oQ.c.f1r/mZ2kBx4no197./7.b.nHmnt7m','1','1','0',NULL,NULL,'en',NULL,'0',NULL,2,144,'2019-03-29 10:02:54','2021-01-04 01:22:43',NULL),(145,'MUHAMAD RIZUWAN ABU BAKAR','muhamadrizuwan@mpc.gov.my','860512465355','$2y$10$GlfgX5.5tRMOO.mMYPEvde/reE.l1eEHXWvLmwoHwzZ3YKj6JvRh.','1','1','0','FOOu3AXoiq7NpNubrqIhCCAUNI1cpDW6gvHyvHPYPxT7zwrqWQiYEhlTeDsG',NULL,'en',NULL,'0',NULL,2,46,'2019-03-29 10:02:54','2019-12-03 00:53:23',NULL),(146,'MOHAMMAD SHAHAIZAL ABU TALIB','shahaizal@mpc.gov.my','780218025869','$2y$10$3tKL1plpcaUD1erH4b4n6erg0M1a9k3bdLXWvtLfYdE9aJ5GGJ8SG','1','1','0',NULL,NULL,'en',NULL,'0',NULL,2,2,'2019-03-29 10:02:54','2021-06-20 11:00:54',NULL),(147,'MUHAMAD ZAIN MUSA','zain@mpc.gov.my','611224055477','$2y$10$3UjLz51xIqP7A9OBbw4AheOXwn/TkyKwgCydScsriRs4sxDA0GPOK','1','1','0','yOY6hHzDaD6tuXoYb6uJcwNBcUcJbT0FwbVGu9LqO5Xfow0i8FqG4DpgCLlJ',NULL,'en',NULL,'0',NULL,2,2,'2019-03-29 10:02:54','2021-06-20 11:00:54',NULL),(148,'MUHAMAD ZAMRI ZAINOL','zamri@mpc.gov.my','690427075433','$2y$10$XiH.k9kGz7cPJNKn4adMiev2ZO2iWEsC5w8x1hHRzDCSV1IlUAA7y','1','1','0',NULL,NULL,'en',NULL,'0',NULL,2,2,'2019-03-29 10:02:54','2021-06-20 11:00:54',NULL),(149,'MUHAMMAD AFZANI AHMAD','afzani@mpc.gov.my','811125145705','$2y$10$VvrPsvEeSCUvM9M.gcX8Y.rUpNEtd9WiImzfmJnIcCd74Op6.E35K','1','1','0','HE14DOG3wRYbQIaAgeIv8m0r1P4ggulyaOuvpybhGLEBfflGyEh0q9XQ2VxW',NULL,'en',NULL,'0',NULL,2,149,'2019-03-29 10:02:54','2021-01-04 07:17:30',NULL),(150,'MUHAMMAAD AIDIL RAZAK','aidil@mpc.gov.my','910418035597','$2y$10$fb21xofciSOHxAoVICnZ/eH1PxwfQ7661L9z43S20XQhNgLm7C1W.','1','1','0','sMeqAoSgW7ZsCwTt5NnLAbc75LskuJ8F0vg1h5vyRQYbZpkl0bhoyk2UvErL',NULL,'en',NULL,'0',NULL,2,2,'2019-03-29 10:02:54','2021-06-20 11:00:54',NULL),(151,'MUHAMMAD FAZRE ZULHELMI FIZWAN','fazre@mpc.gov.my','881014566439','$2y$10$OZqrxkz6Jtk67n9Tl19m5u7e4ytLH4AsE5fpcvjVzPTKOs7H4N95.','1','1','0','o66196ykNYeMVdANS43V7MRFrMGPzb8QmH9mPEtCgN27PX3nBDAuBbfZMpvr',NULL,'en',NULL,'0',NULL,2,151,'2019-03-29 10:02:54','2021-01-04 02:50:46',NULL),(152,'MUHAMMAD HAFIZ SABARUDIN','hafiz@mpc.gov.my','830408065477','$2y$10$A0SeMslOcIsaIzlZGt0I3eJYsaNQMAkTU2MRpxJzFcw9pTM24gk3q','1','1','0','oa6GymwULhXHi1zscwgN5bq8ChuA13kqExHQWI6ikXZEUDanZ6bH6eC5uiG8',NULL,'en',NULL,'0',NULL,2,152,'2019-03-29 10:02:54','2021-01-04 01:12:03',NULL),(153,'MUHAMMAD HISHAM NORDIN','mhisham@mpc.gov.my','881113565247','$2y$10$xXBWr8M2BxB4Ho55JrV9YuwzrpHgAbBO5XolOzl3pOTu1PdU8URQ.','1','1','0','oN0MTPp2QCVLynUkSUjiJy8X2FK6ep5KISuEGb8Lv1BDHrCvYcAPTEZPmufz',NULL,'en',NULL,'0',NULL,2,153,'2019-03-29 10:02:54','2021-01-04 01:22:17',NULL),(154,'MUHAMMAD IDHAM MOHD ZAIN','idham@mpc.gov.my','731006035511','$2y$10$r7tgLEbc2C78VoaI9RfTMOZu8cCSvEa8lxtyXTwmLctU.Y1RyUoNu','1','1','0',NULL,NULL,'en',NULL,'0',NULL,2,2,'2019-03-29 10:02:54','2021-06-20 11:00:54',NULL),(155,'MUHAMMAD MUIZZUDDIN MUHAMAD','muiz@mpc.gov.my','910330036237','$2y$10$HnB.5WxuMBsg8hi3K9b9yOB9.lcggSnR9m6LwaPhgAXLlM/NSjc4W','1','1','0',NULL,NULL,'en',NULL,'0',NULL,2,2,'2019-03-29 10:02:54','2021-06-20 11:00:54',NULL),(156,'MUHAMMAD SUFFIAN AHMAD','suffian@mpc.gov.my','790617145859','$2y$10$CnY2AssApvfA9B9hofzEGuPi5YSpZBlwetpQMfXAXqGVks9oItuUe','1','1','0','OksmBHhDmvn8g8VxE1wEUgSyUsS08DwX8RI5WxLzDJg3oTOKMH0ESThEeLKs',NULL,'en',NULL,'0',NULL,2,156,'2019-03-29 10:02:54','2019-07-23 01:59:42',NULL),(157,'MUHASLIZAWATI MOHD BAKRI','muhaslizawati@mpc.gov.my','820619035746','$2y$10$T7R.1qBoFXgLIuxT2Utbzetd.6Suqp6TTku2BBQUB8QN70Ugl6ZHu','1','1','0','Pfh12HtYUHp1iMDdA7Y1Q2gLVZHwFTjjwgXHLm8eNuKXFBs0v6cEUiNIC7MR',NULL,'en',NULL,'0',NULL,2,157,'2019-03-29 10:02:54','2019-09-17 05:41:37',NULL),(158,'MUHD. ADHA ABD. HAMID','adha@mpc.gov.my','830918105555','$2y$10$yu0PlzQdWv0UqjVqB8PlquKfGmJ0zfqmhs5jy.WYcnAqHgSaAmSBe','1','1','0','7fvrbFUjW4JdDP6Z2mN8hl2bqJjdoYmjrA4sCIGNcJRXwbtuc1Yh3MmxrIOV',NULL,'en',NULL,'0',NULL,2,31,'2019-03-29 10:02:54','2021-01-04 01:21:53',NULL),(159,'NAHDATUL FAEIZIN NORMAN','nahdatul@mpc.gov.my','901028015094','$2y$10$zAi3Mc9DaUuxQU287oukL.M69Yj0VEaX9B5Afilb2Sge2WnI6f0g2','1','1','0',NULL,NULL,'en',NULL,'0',NULL,2,2,'2019-03-29 10:02:54','2021-06-20 11:00:54',NULL),(160,'NAZAHIAH MOHAMAD','nazahiah@mpc.gov.my','790525075056','$2y$10$QHtGGykMikhpSy8Be3MeGOUwmi8wb3jrivickwQktwJg.LGCwLcSK','1','1','0',NULL,NULL,'en',NULL,'0',NULL,2,160,'2019-03-29 10:02:54','2021-01-04 06:45:52',NULL),(161,'NAZERI ARIFFIN MADON','nazeri@mpc.gov.my','860804235965','$2y$10$KsGNRcSK1abzoE12gCVSgeGRUiU..RWC2vJf2iqtkxcQijpXQEsnm','1','1','0',NULL,NULL,'en',NULL,'0',NULL,2,2,'2019-03-29 10:02:54','2021-06-20 11:00:54',NULL),(162,'NAZILAH AHMAD','nazilah@mpc.gov.my','830710016190','$2y$10$IdADkssjF0PMpc7ughuR..XwY8YC99MoyojZ5mKsBaciVfGysIMV6','1','1','0',NULL,NULL,'en',NULL,'0',NULL,2,2,'2019-03-29 10:02:54','2021-06-20 11:00:54',NULL),(163,'NIK FAIZAL NIK AHMAD','nikfaizal@mpc.gov.my','690320035423','$2y$10$eLeicHWNc/bZQHe//CGZdOrUPcuZJDUk0ZruXxIndU0x0rJ2XLz4G','1','1','0',NULL,NULL,'en',NULL,'0',NULL,2,46,'2019-03-29 10:02:54','2019-09-28 17:26:12',NULL),(164,'NIK NAZARINA BINTI NEK MOHAMED','nazarina@mpc.gov.my','891121146332','$2y$10$GHcNihAyqHW1HNuX/rEtGuVCdHcbCSoqSRgvFbo9Jmr9TPV276o6u','1','1','0','feebtgLi1TGocDe1FvDCCCOv67Dvc0RKQyj56O1zw49VqwLhc0DQ1zeGJake',NULL,'en',NULL,'0',NULL,2,164,'2019-03-29 10:02:54','2021-01-04 02:54:55',NULL),(165,'NIK ROSDI NIK YUSOFF','nikrosdi@mpc.gov.my','591022035333','$2y$10$Tj1Y/VIZ1cYZjZoXJb5Hcu4Jnaok/8t9E./.VMvp4Nm908XrSUPEK','0','1','0','fxjgN5gAibPJZGj0YimkvCyHL6orARwrKnPQ4ynIos99aSaBW5I3VAYMkZbJ',NULL,'en',NULL,'0',NULL,2,165,'2019-03-29 10:02:54','2021-01-03 16:33:04',NULL),(166,'NOOR AISHAH HASSAN','noor_aishah@mpc.gov.my','781121145260','$2y$10$e9h.igl3/ndtPSMQlbzgJ.fwRrl7tPztgxWqIykkTUYEvY/m6x/8e','1','1','0',NULL,NULL,'en',NULL,'0',NULL,2,2,'2019-03-29 10:02:54','2021-06-20 11:00:54',NULL),(167,'NOOR ANARIZA HASSAN','anariza@mpc.gov.my','760121075060','$2y$10$WSj9cqE.qfV4VwYGMo/es.kyzCwnggcCUj05lS7ypo79.jboJ98o2','1','1','0','tGontf0yImZlhwYsANNn5rfOMbrnCiWxIq3Eutb626I7mkxpHx2dUNNLQLOL',NULL,'en',NULL,'0',NULL,2,2,'2019-03-29 10:02:54','2021-06-20 11:00:54',NULL),(168,'NOOR ASMAWATI HUSSIN','asmawati@mpc.gov.my','820725085480','$2y$10$tsYnOs9tK2wGfjZ3y1rOy.8kGJo3DJPVVXV2KSs3Qzq0h5NFDMehq','1','1','0','Vb1EKDnIKelvrvGNc4Ydb25XEuo1ylk1wDyDiv94hdwF5P1bzKMC1SfofMtO',NULL,'en',NULL,'0',NULL,2,2,'2019-03-29 10:02:54','2021-06-20 11:00:54',NULL),(169,'NOOR AZIAH OTHMAN','noraziah@mpc.gov.my','790928075448','$2y$10$RhC5WMVYidfRUpYZP/DbHOqjTbeXuTrKkQuUJz1mLUMoHoREVd1tK','1','1','0',NULL,NULL,'en',NULL,'0',NULL,2,2,'2019-03-29 10:02:54','2021-06-20 11:00:54',NULL),(170,'NOOR AZMAN HASSAN','azman@mpc.gov.my','770211036515','$2y$10$sZmnriAm8lSpSeNZEt1/kOPa54.LXmeh.QHbPtspbjPVLQuOfA1V.','1','1','0','bvb5AAK1hRZTlNuSIucW6qMxBUoi9lGgPNABcjFEHFJEg80eBKlDDqEuI5H6',NULL,'en',NULL,'0',NULL,2,170,'2019-03-29 10:02:54','2021-01-04 05:17:44',NULL),(171,'NOOR HAZILAH ABDULLAH','hazilah@mpc.gov.my','820318035814','$2y$10$ltvEuXTARcM2r9pGAIBupOYeM.0mBSxtzqTyrPiHqWChcbnopckA6','1','1','0','5tw0c8Li9CRNBgLPbicrnYCfAWuWG8AY20uYWkKlwc8YTE4yieBwAoIPz0AB',NULL,'en',NULL,'0',NULL,2,2,'2019-03-29 10:02:54','2021-06-20 11:00:54',NULL),(172,'NOOR IZZATI KAMIS','noorizzati@mpc.gov.my','900629145658','$2y$10$8gA/S3ToooO.0Td6KrsGA.Ahor1OtPj.yAeLY/zx35lLcW70oXfHG','1','1','0','c0SNTZmwbIKatlelCZfZxlxXQ8wxNJIiMKcBszw6sjOYgJ6wtyd1YyZ77T0I',NULL,'en',NULL,'0',NULL,2,1,'2019-03-29 10:02:54','2021-01-04 01:21:40',NULL),(173,'NOOR MOHAMMAD FARHAN NOR AZMAN','mfarhan@mpc.gov.my','881216566111','$2y$10$i8uL3QRTAkYhacft3v0WduxJcF3Pa1sckAztSSK1kdhH23tubFVOi','1','1','0','dndj6b1r2RqAc9tyEmbl3n5XfaH6WPkiiIBR0txfzkqkNpG3FB0nTLXMzJbD',NULL,'en',NULL,'0',NULL,2,173,'2019-03-29 10:02:54','2020-12-22 16:37:13',NULL),(174,'NOOR RAHIDAH ABDUL RAZAK','rahidah@mpc.gov.my','830505045048','$2y$10$5ARz2XWHKzLr/f0IbZ2I9u/DwGSTt2gmGBP552Iwy5vNscMkirBsK','1','1','0','9syvDokR974VSzpwtWnSu9QyXTY6sVqY0RzfBhsf98MTX4zi690SczcO5Wsa',NULL,'en',NULL,'0',NULL,2,31,'2019-03-29 10:02:54','2020-12-30 05:43:49',NULL),(175,'NOOR SALFARINA JAMALUDIN','salfarina@mpc.gov.my','830202045278','$2y$10$D5VWmtXaCGrt6IjKJkQG7eshmz7yvnYJQW4xwn1iDJSNz994ZAiuS','1','1','0',NULL,NULL,'en',NULL,'0',NULL,2,2,'2019-03-29 10:02:54','2021-06-20 11:00:54',NULL),(176,'NOORSAMSINAR SUM ABDULLAH','noorsamsi@mpc.gov.my','610608105088','$2y$10$NJL9za7YWra6fWS7fyzAy.4ToiZKS7xFeCXKs/T6/Dummlv2wvu9W','0','1','0',NULL,NULL,'en',NULL,'0',NULL,2,2,'2019-03-29 10:02:54','2021-06-20 11:00:54',NULL),(177,'NOR ADIRA ADNAN','noradira@mpc.gov.my','870504295260','$2y$10$EEyrwYMq/W5EEEtPGnXiz.68unH52grkD/p3tRybbyQFgaPGCmbJ6','1','1','0','1ZBQLXOsYEZ91o3FGUdCUmjbX44g8N8g015RDnOhybrgPTl8PkR1jNLQOVws',NULL,'en',NULL,'0',NULL,2,177,'2019-03-29 10:02:54','2021-01-04 01:24:52',NULL),(178,'NOR AISHAH HASSAN','shah@mpc.gov.my','740928085894','$2y$10$y7a.n6GKHz44X6BSG.1Vr.3KPMoX1IpySt3IjmMqiY9wNZ4eN2Zie','1','1','0',NULL,NULL,'en',NULL,'0',NULL,2,2,'2019-03-29 10:02:54','2021-06-20 11:00:54',NULL),(179,'NOR AKMA CHE WAN NAMAN','norakma@mpc.gov.my','890101035104','$2y$10$t4jw/2OUHSc/J0hKVzW7Ruegh2RAlZGNyKO/RpL921f0WjWCE7ht.','1','1','0',NULL,NULL,'en',NULL,'0',NULL,2,179,'2019-03-29 10:02:54','2021-01-04 01:21:24',NULL),(180,'NOR AZMI YAHAYA','norazmi@mpc.gov.my','600102065139','$2y$10$YhU50CIXU4JotxvlbchGKeQ8OX9ULnl7vK0VkzS4YnzUUNTMrxwLm','0','1','0',NULL,NULL,'en',NULL,'0',NULL,2,2,'2019-03-29 10:02:54','2021-06-20 11:00:54',NULL),(181,'NOR ESHAH ABD. RAMAN','noreshah@mpc.gov.my','620113065052','$2y$10$h6jE0O0g0gkvuqPumYoHKeLh4534MU3wcNCVn.2D1rThnB7zjVLtm','0','1','0',NULL,NULL,'en',NULL,'0',NULL,2,2,'2019-03-29 10:02:54','2021-06-20 11:00:54',NULL),(182,'NOR FADILAH ZULKIFLI MUHAMAD','norfadilah@mpc.gov.my','941219036070','$2y$10$4NQ9nk/akNDWamuCL7atNuTfqAAJnE0gzMb4GeArtp.C2fOe09n8q','1','1','0','pApDqG6mlzBt1lrsDh68rBh2vaGgjqJynKYc1BBH6Oa2IjCRn2yRm8alUXXu',NULL,'en',NULL,'0',NULL,2,31,'2019-03-29 10:02:54','2021-06-23 06:48:40',NULL),(183,'NOR FAZILA HASHIM','ila@mpc.gov.my','660129086196','$2y$10$Sez7h778f6yGgwbz0mSeI.2MucGqv8A7thOzJhOdy.Xf324X0yc3u','1','1','0',NULL,NULL,'en',NULL,'0',NULL,2,46,'2019-03-29 10:02:54','2020-02-12 10:21:10',NULL),(184,'NOR HAFIZAH MOHD AROP','hafizah@mpc.gov.my','681203105352','$2y$10$vhya7E11QzQCjfeVGvFvHOaXvLDgJUPa8E8.BolMgLYlCltjtzjJq','1','1','0','pyIaYIQaoFSMCDG6ljn1SfmbUaa5UZutSWJKo9u3aeKuiXuV5FrdmZbB9W0z',NULL,'en',NULL,'0',NULL,2,184,'2019-03-29 10:02:54','2020-12-03 01:52:54',NULL),(185,'NOR HALISA MOHAMAD HALIL','halisa@mpc.gov.my','730228125374','$2y$10$mZij0pXKioqAP2m8qGQPWuCfWolkycTK7IgzjCvOwb8ZlqoyU3WUC','1','1','0','y9FVeo0hnEjPhpTNHaJk73nsBlW5eC4mrLduQ7gv2ADe3iBxXAoSkETACnex',NULL,'en',NULL,'0',NULL,2,31,'2019-03-29 10:02:54','2020-12-09 12:07:51',NULL),(186,'NOR HASIMAH AB. RAHMAN','hasimah@mpc.gov.my','610823105654','$2y$10$X8uKequVzo9eBJVi0NKzxe7AunJxUzeLHb32ali9J9lNCa11HBZr6','1','1','0','KgxMQACCLmmJWleYkO5Jun8qIDDIuKUS7ecGoj77BzMu10XKrg5yTCUn9ZKN',NULL,'en',NULL,'0',NULL,2,2,'2019-03-29 10:02:54','2021-06-20 11:00:54',NULL),(187,'NOR IDAYUNIZA RAHMAT','ayu@mpc.gov.my','781012145720','$2y$10$KqdM1ZDQ/IAHBnKHkkVPiOphOhohxp9JvZVR5z7K8sis3g0fRu2Im','1','1','0','CAwI1HHEQfN1bHY9Ev87JZrjBSOBn9UyldgZlX0gT7pNSpcphkdnCQqGuyVM',NULL,'en',NULL,'0',NULL,2,187,'2019-03-29 10:02:54','2021-01-04 02:56:09',NULL),(188,'NOR IZZATI NORHISAM','izzati@mpc.gov.my','850514105100','$2y$10$c9./jgl0lsCgoaEYaEreBOpgjzOEJB0AQrvDAdxPwQzpgLm5MVYC.','1','1','0','bDnEqyVQ20U1NPGVReHLrLvj34hTS6FaqdseMmgDEmqyV3Mysi6D8fcTpAYh',NULL,'en',NULL,'0',NULL,2,31,'2019-03-29 10:02:54','2021-06-23 05:27:15',NULL),(189,'NOR ROBAAYAH MOHD. NOOR','nrmn@mpc.gov.my','660915085430','$2y$10$K/Vm9xBEHn6phwJRFSG.mO4T3mpkxhAGeB.ywGKlJc88aW7S2y0DC','0','1','0',NULL,NULL,'en',NULL,'0',NULL,2,46,'2019-03-29 10:02:54','2020-10-15 04:29:48',NULL),(190,'NOR SURAYYA ABD. SAMAD','surayya@mpc.gov.my','751119145758','$2y$10$CklKElVYnyt8iolXOBqUo.jH2QB8tCiBFJjuK/ErJAbUwREBRWQWG','1','1','0',NULL,NULL,'en',NULL,'0',NULL,2,2,'2019-03-29 10:02:54','2021-06-20 11:00:54',NULL),(191,'NOR ZAIRISHAM ZAKARIA','norzairisham@mpc.gov.my','681118015811','$2y$10$RWmIqS5706LFKhg.EckqyeldJrtzC.gi7oN/.0zcolhE2hStA93xW','1','1','0','HNQvbqpeMgGgiAj4gknlz9YiZluJ53Y3WEtyUqpCOlVEMDXApBHjRhJLdsRI',NULL,'en',NULL,'0',NULL,2,191,'2019-03-29 10:02:54','2019-10-10 01:29:51',NULL),(192,'NORA\'IN AHMAD KAMIL','norain@mpc.gov.my','690916016290','$2y$10$mwzHIVCoFPB0RT55Px.IKesMOG3IMCtqhIRT2hw38QINCfeBVvM2K','1','1','0','Ik9s7NLmdXnQqtvoiieS2c5tKqy8U4UnlM46tIKqhtmZDcH44M0HGBpaqeKS',NULL,'en',NULL,'0',NULL,2,31,'2019-03-29 10:02:54','2020-10-19 03:53:46',NULL),(193,'NORAFIDAH RAMLI','norafidah@mpc.gov.my','770815016494','$2y$10$w2N8uGJx26gH2KORKdjHsuBcmskQi2pflNeTWtGlOnMZ/vvfViohu','1','1','0',NULL,NULL,'en',NULL,'0',NULL,2,2,'2019-03-29 10:02:54','2021-06-20 11:00:54',NULL),(194,'NORANIZA DAUD','noraniza@mpc.gov.my','821008065262','$2y$10$ESpBHEgXHvkTQ62eaVLo5eG2hS1aV2QV7eg.mQPkYVsYNVobntIqC','1','1','0','dQv93wTHsFcVBZzgabOjOozgjLPD5RRafDTnbg6E8bf7zY66Z8EPZyT53Xp4',NULL,'en',NULL,'0',NULL,2,194,'2019-03-29 10:02:54','2020-12-30 06:38:20',NULL),(195,'NORASHIKIN ABDUL SHUKOR','shikin@mpc.gov.my','820722086154','$2y$10$A4OfPcFmn71L/T8b1Z8YC.wMAbarZn7IPBG/NS5tCbZw.AJyakQhK','1','1','0','B1jbTZ2A0VtGasiqwf8BVKlYssjbkkukdwal9192N0p4VCsU9yrxMDroByb9',NULL,'en',NULL,'0',NULL,2,46,'2019-03-29 10:02:54','2020-03-04 01:50:04',NULL),(196,'NORASHIMA HAMZAH','norashima@mpc.gov.my','771210115582','$2y$10$N1.mbL7vz7p4uj6IfbGJOOZ/yetpdasPTPtvAj.t/yrZZfhpoOeIK','1','1','0','Zxd93PBmmb6IftV9XK7OhrFVR8tddFVUNQaiPI2wd9U3KBVtQJnWzi8iaEe8',NULL,'en',NULL,'0',NULL,2,46,'2019-03-29 10:02:54','2020-12-31 02:17:58',NULL),(197,'NORAZLINA TUN IBRAHIM','norazlina@mpc.gov.my','800222145850','$2y$10$a17zuOkv2z/B7F8dEK.kEuqc2KHr2DxYBxjA6ktBYaWT0MM/XlA4y','1','1','0','ENnLdB2pSwYHjjA5nz7dZ4ffHsEITmNhCjVePLQJ4WqDbr3OnlGNW9yIbzFi',NULL,'en',NULL,'0',NULL,2,31,'2019-03-29 10:02:54','2020-11-20 04:00:42',NULL),(198,'NORDIEANA NORDIN','deana@mpc.gov.my','790206105078','$2y$10$/JbLmOY0JTWio7.neD/e8.5GFudfMucPicew1mfq.O01FX1gFdXb6','1','1','0',NULL,NULL,'en',NULL,'0',NULL,2,2,'2019-03-29 10:02:54','2021-06-20 11:00:54',NULL),(199,'NORFAIZAH ABDUL RAHMAN','faizah@mpc.gov.my','720531065416','$2y$10$rwfdstjUq7SO1pBYkOY8pe8LZdxYE0m2RptFeOnqjT0RXe82LU7Vq','1','1','0','FBHkMUyLZpFY73WUA7pa5AO18AibTVmmJnr3JxiNHksnNXZ70mfUzmsY8fgO',NULL,'en',NULL,'0',NULL,2,2,'2019-03-29 10:02:54','2021-06-20 11:00:54',NULL),(200,'NORHAIDA ROSLAN','norhaida@mpc.gov.my','830513035616','$2y$10$jTcUTQWi9KtFiNuneFpDr.waECBHkmWxKWzgoy/Bc3cdNU0GZS8ES','1','1','0',NULL,NULL,'en',NULL,'0',NULL,2,2,'2019-03-29 10:02:54','2021-06-20 11:00:54',NULL),(201,'NORHANIDA AHMAD PUAD','norhanida@mpc.gov.my','800929085038','$2y$10$dpDcuXyTA7D55bIB63ClFufDKU3WPtXjUTiWK7cpl.F8XaQfdxC.2','1','1','0','3gJf9uVTSjLqIn18rvv8U9taihOZ4KPTYluj2HeB7JAe32IxsroHe6G9DLOO',NULL,'en',NULL,'0',NULL,2,31,'2019-03-29 10:02:54','2020-12-27 20:34:44',NULL),(202,'NORHANIZA HAMIR','norhaniza@mpc.gov.my','790131086326','$2y$10$fzdWXgTWVn98fGxa0fIkMuL8O.A/pG34ERxoF5qE/rhadOOF.ka1m','1','1','0','8cSVkysBQrBQAlxELwSY11aj9q7JvRGIi7ayRd17CNxIrgN3ZcBltTp6LEbX',NULL,'en',NULL,'0',NULL,2,202,'2019-03-29 10:02:54','2021-01-04 01:20:51',NULL),(203,'NORHASIMAH IBRAHIM','norhasimah@mpc.gov.my','750420105494','$2y$10$qSjk9gDBnDBOTtmNbkDiRe6RRyj.FtXwFZldDl4cdcufyClhxIVuO','1','1','0','LGJLRcMMTZrMmBwynlqnsR8Yw7Tiua3wwsRQfwsVdYXagFSpICeCme9iVoRd',NULL,'en',NULL,'0',NULL,2,46,'2019-03-29 10:02:54','2019-10-08 08:21:01',NULL),(204,'NORHAYATI HARUN','norhayatiharun@mpc.gov.my','741211025426','$2y$10$VeUGtHUk59Sk25hQGAvEi.0S/MWviSyBDItgaKiXAu7lQmN/lEcq6','1','1','0',NULL,NULL,'en',NULL,'0',NULL,2,2,'2019-03-29 10:02:54','2021-06-20 11:00:54',NULL),(205,'NORHISAM AHMAD','norhisam@mpc.gov.my','590121085147','$2y$10$DRtymwwuEVO0bMsQo5QtwujbG3xBGy4jjztUV6ZFeRmscglPyqfmq','1','1','0','RcE8otqWZP0eJKC47xuX6M9KXlSNdW1ElFqu4IunrlbTMGGAMe4j6vGtTnMR',NULL,'en',NULL,'0',NULL,2,2,'2019-03-29 10:02:54','2021-06-20 11:00:54',NULL),(206,'NORHUDA ABDULLAH','norhuda@mpc.gov.my','810924075016','$2y$10$HApNMGsOVv//EVlJyY.EEOtBdxxWrFKZYhSMIU8GUjf.K1mCH2b.q','1','1','0',NULL,NULL,'en',NULL,'0',NULL,2,31,'2019-03-29 10:02:54','2020-11-18 04:24:38',NULL),(207,'NORIJAH JUEN','norijah@mpc.gov.my','760715135972','$2y$10$8RLkamKwQMmboxKlL7VSGOmvJmjR1Hok1h74kFRFmBxgJgnJMKdGW','1','1','0','W7AJSf8ubUg2fSGjhG7rPOoGhvdZ6lw3yuOzVTdHDRAcIDu6oGCohh6ngVHK',NULL,'en',NULL,'0',NULL,2,53,'2019-03-29 10:02:54','2020-01-14 08:14:20',NULL),(208,'NORKAMILA SHAHRUDIN','norkamila@mpc.gov.my','810301106066','$2y$10$oktRPefCBRiYhPOTvFwNCejcwKviuDwO7eMRYTCLZX0rvcy2hB1Q.','1','1','0',NULL,NULL,'en',NULL,'0',NULL,2,2,'2019-03-29 10:02:54','2021-06-20 11:00:54',NULL),(209,'NORLIANA MAHMUD','norliana@mpc.gov.my','770521075034','$2y$10$UVnHrl0p4o.AD0H/lt1.ouWvegIf86nUgFgcS1RQ7zNA.MUxbN3g2','1','1','0','4dngHTfJ7iriMnLGvMc5N8lgUTrHO70R2mj1lLddkhz9qONGzcd2nUlFwI6F',NULL,'en',NULL,'0',NULL,2,2,'2019-03-29 10:02:54','2021-06-20 11:00:54',NULL),(210,'NORLIZA AHMAD','norlizaahmad@mpc.gov.my','761213035482','$2y$10$0lFa7tiA3T9a8zjnxBcG4.nQGo3PpQlclYWl4DbK9c5u.NaObBQJm','1','1','0','yJWnJEgMLe7uQz4qsSivsZSiiBA2rJ09BlxMjmfLEjS03mJ5xmyw1Q4T2bu7',NULL,'en',NULL,'0',NULL,2,31,'2019-03-29 10:02:54','2021-06-23 05:28:44',NULL),(211,'NORLIZA ROSLI','norlizarosli@mpc.gov.my','850306055196','$2y$10$dinqEEd5GGb.0NAuCYzbv.HJr8.LfJzXftf00io8RvPZBC94Bh4Ly','1','1','0','iG8v6kWwGX5KG7gkuIiTk7uhNkXEsBxVqzw5tNXx4tGgQ8u1zzRyXnUt3tdK',NULL,'en',NULL,'0',NULL,2,2,'2019-03-29 10:02:54','2021-06-20 11:00:54',NULL),(212,'NORUL HASILA ABDULLAH','norulhasila@mpc.gov.my','830714065344','$2y$10$jHh0j5MejQ3tRcU5zHPXwOMYkzWMos.OGI/deEVhGcreBJ2MDPu9S','1','1','0',NULL,NULL,'en',NULL,'0',NULL,2,2,'2019-03-29 10:02:54','2021-06-20 11:00:54',NULL),(213,'NORWAHIDAH ABDULLAH','norwahidah@mpc.gov.my','800603035364','$2y$10$d2ValofpWKvKCNOr2.4Wxer5v1R33/TwZIVKYmEUaQxRzyLMfrz4S','1','1','0','3AFI12zxxprmJUrSe4ptq2UMUGYKeNbaKGSYtQRHwyP0vcEWxHrUM24G2JsM',NULL,'en',NULL,'0',NULL,2,2,'2019-03-29 10:02:54','2021-06-20 11:00:54',NULL),(214,'NORWAHIZAN BT MOHAMED','norwahizan@mpc.gov.my','781117035608','$2y$10$W5eISXLkRB2lFqr7s0o5/OpWp7R4NDOdbQdE7.9z.y2dmwLvtFNqS','1','1','0',NULL,NULL,'en',NULL,'0',NULL,2,2,'2019-03-29 10:02:54','2021-06-20 11:00:54',NULL),(215,'NORZIAH KABIL','norziah@mpc.gov.my','741111135206','$2y$10$sgnuiASLmvPV/z005bEB3edQuH5i1BZCOPy5L23RLPuc7us05dN/q','1','1','0','s949vkGiIsbMrKQ70CBRQ92crF36iIF3v4f5PZJXH0kGsKdnyAJtHN53GQA1',NULL,'en',NULL,'0',NULL,2,53,'2019-03-29 10:02:54','2019-08-19 13:32:44',NULL),(216,'NORZIRIN ARIFFIN','zirin@mpc.gov.my','640927075362','$2y$10$nP0BW4rro0aa1I0RHkNreucvbxgKGTtzv5Xe7/b1yfcGcuENEIhaq','0','1','0','5EndwdD3j9hBfmL4G6QdPXjSMRJZUfsmGdGeDsRko2Glu924PnXagtfTE6NU',NULL,'en',NULL,'0',NULL,2,46,'2019-03-29 10:02:54','2021-01-03 16:35:29',NULL),(217,'NUR JIHAN RAMLI','nurjihan@mpc.gov.my','820215065332','$2y$10$v4n7EZpjD37MWuDbK.P.hOOrkn0ymkfiJIrWiEOVnH13KODm11zgG','1','1','0',NULL,NULL,'en',NULL,'0',NULL,2,2,'2019-03-29 10:02:54','2021-06-20 11:00:54',NULL),(218,'NUR \'AMIRAH SHAABAN','nuramirah@mpc.gov.my','911229075316','$2y$10$pCh/D6kpzSsc56NgnpODAehZmDKJ8BlLWWv1/X00kqUTChYpY46w6','1','1','0',NULL,NULL,'en',NULL,'0',NULL,2,2,'2019-03-29 10:02:54','2021-06-20 11:00:54',NULL),(219,'NUR FAIZAH TASMAN','nurfaizah@mpc.gov.my','820719015320','$2y$10$SrkMogCTTTipCevZ7TrHMunQzrYBrfGdxmAbCidnz5vdwuS1Di7o6','1','1','0','Dk2bd3J1JMUGM0aPztCkiqm7cUEmJbzIWEdDqT38wjKZfzRwO0yHZv1gqH2D',NULL,'en',NULL,'0',NULL,2,219,'2019-03-29 10:02:54','2021-01-04 01:20:39',NULL),(220,'NUR FATIMAH MOHD ZAKI','nurfatimah@mpc.gov.my','890703085766','$2y$10$bbhnE9YZWUiehyuEHnkx1uEjeK51vDZf3u7z7K3go/QUBmkXpGWgu','1','1','0','hsEaEMRVOyJJWZ1gjKL6jOfYtQLJA7CxE9A9tynSyXcFAZcqsS69X4xV2yCo',NULL,'en',NULL,'0',NULL,2,220,'2019-03-29 10:02:54','2020-12-16 14:56:37',NULL),(221,'NUR HAFIZAH HALIMUDDIN','nurhafizah@mpc.gov.my','830829145870','$2y$10$Q2fiUWT4ksBVtrArxJzMWuf4i7rA7SxKZZFcyeRE0e4PrU74mBUaO','1','1','0','7cYEDXhhWrVhNZaSmmvx3t6fDWG9R4kOTr3JOVPc9iuzjtLJ8YhaX2Yj7dnQ',NULL,'en',NULL,'0',NULL,2,46,'2019-03-29 10:02:54','2019-09-25 08:11:17',NULL),(222,'NUR HANIM ABD GHANI','hanim@mpc.gov.my','760301145732','$2y$10$PDBGkIEA.Ci3SGRY6n/9F./TUzxYLLVnbz4fCtzJIaP8OImXPcJHW','1','1','0','mHTiwXKb5pTkWFgbBUXS2JNOB6qn9bmB1S1sbfG8NrsVrOu5FkUZ8Qq50KdU',NULL,'en',NULL,'0',NULL,2,222,'2019-03-29 10:02:54','2020-10-22 06:43:44',NULL),(223,'NUR RAFIDAH ZULKIFLI','nurrafidah@mpc.gov.my','880707086492','$2y$10$5e/Be6CLPdfnkL71CnmBWO9G5aYS2CsqeYUdSKSa.EDi0qAb0peP.','1','1','0',NULL,NULL,'en',NULL,'0',NULL,2,31,'2019-03-29 10:02:54','2020-11-05 04:08:09',NULL),(224,'NUR SULIA SAARI','sulia@mpc.gov.my','830512145776','$2y$10$lhz6Lh6yD110YpF5mJ5olOn1cm2y5NjbAkQ55TBoWAgARmhjUxLqq','1','1','0',NULL,NULL,'en',NULL,'0',NULL,2,2,'2019-03-29 10:02:54','2021-06-20 11:00:54',NULL),(225,'NUR SYAFINA ANUAR','syafina@mpc.gov.my','830628105688','$2y$10$OSep1JlyZuHam9gM31KuhuPYlnpJrYz5sgmTNy6.ZhhV.vvME8JBW','1','1','0','nNsU4rJMrQQ0wJkq6pk74i6fYwi0so0PMBgu24M81ERZKxD5D1ls55iuckqZ',NULL,'en',NULL,'0',NULL,2,31,'2019-03-29 10:02:54','2020-12-02 02:52:39',NULL),(226,'NUR SYAHRINA MUHAMAD NOR','syahrina@mpc.gov.my','830726146360','$2y$10$7SSsH5iR3q46D52jZATO1eXqpIglrtK1lX5VbblpFpkXcJUT/xwYG','1','1','0',NULL,NULL,'en',NULL,'0',NULL,2,2,'2019-03-29 10:02:54','2021-06-20 11:00:54',NULL),(227,'NURAIZAH HARUN @ HARRON','nuraizah@mpc.gov.my','831217015586','$2y$10$Zj0VDRPgCJTJ.ZHmP6fbhOkQqLW5440NaxtqgrWPZWjsForBv2dw6','1','1','0','K9yJorvltNpygJeQ5OTT0bvrV59PJUN0fP4mrxsq0Q6vpIElSxogJRq1smzA',NULL,'en',NULL,'0',NULL,2,227,'2019-03-29 10:02:54','2021-01-04 02:56:39',NULL),(228,'NURFAYUNIE PAKHRURURZI','nurfayunie@mpc.gov.my','880219145668','$2y$10$WrB2x1YbMgQSj60wz36jvO8XSrNQIsOixG17Y7waUN9SdawrvARey','1','1','0','1X39FDWE4IT3ConOYbOSxwGq7l3VZ9AoCZ1SyN8cXK62LdGnmRzKGNSeFNVQ',NULL,'en',NULL,'0',NULL,2,228,'2019-03-29 10:02:54','2021-01-05 01:12:07',NULL),(229,'NURFAZILA HAJI ZULAIHI','nurfazila@mpc.gov.my','900802136836','$2y$10$DRw5JKG3v4/HdGqMgBnGx.oGgHKtqN9ThBuY3tfv6r.dTuKYAQZL2','1','1','0','9N1mX7EIERjDm8RmNBWp2VuTcBlkXxUUZ8PNaozFJOAszg1H86toCPPjJ8Ba',NULL,'en',NULL,'0',NULL,2,53,'2019-03-29 10:02:54','2019-10-24 08:44:36',NULL),(230,'NURSYAHIDA MUHAMAD ASZAHARI','nursyahida@mpc.gov.my','890921146168','$2y$10$Muvbwt2QGAINhnlu9XhT1OtMI1yeZIhCFZc4hR34M3kCQ7Zfgdam.','1','1','0','dgnHN3lseYRs1LKuFgChDDO8exSD1Xdfp30uZuxinUm6teoPyxhUtM8B8jrc',NULL,'en',NULL,'0',NULL,2,2,'2019-03-29 10:02:54','2021-06-20 11:00:54',NULL),(231,'NURUL AIN ALIA  ABDULLAH ZAWAWI','alia@mpc.gov.my','860805435694','$2y$10$RAoupw6HfGnjgAJnZGJSeuJKypT3COFzbVtrNCF81KzRfUzqMVIHG','1','1','0',NULL,NULL,'en',NULL,'0',NULL,2,2,'2019-03-29 10:02:54','2021-06-20 11:00:54',NULL),(232,'NURUL FARAHATON NAJIHAN JUSOH','farahaton@mpc.gov.my','900430115822','$2y$10$VngOwM74lhmMb.UmAING8u0JbfC2t0cMOqBvpzJp78enq8u46PFMu','1','1','0','yriqxWjVdfwmE08SSdbEvt5ljzZtyBH1B4psMRj3vAyhzNOLKMuGQvoGOddA',NULL,'en',NULL,'0',NULL,2,2,'2019-03-29 10:02:54','2021-06-20 11:00:54',NULL),(233,'NURUL FATIHAH BINTI MOHD AZLAN','fatihahazlan14@gmail.com','860509295922','$2y$10$gZ9xhM1n2CwizsNfDMMgXe0DSe2zrzqT2lCo8O6l0GYTYnBdJ7iTS','1','1','0','Xiyam1DRMy2WPJ9kxGykdvtlfe5QZeHq9aAEAS6iHFp9yrGY8KdGsvvFmNmE',NULL,'en',NULL,'0',NULL,2,233,'2019-03-29 10:02:54','2020-12-09 04:45:32',NULL),(234,'NURUL NADIA ZAINAL ADNAN','nurulnadia@mpc.gov.my','870825565508','$2y$10$BgTvDCJWpNqD2XvIETfDW.RZ.IhsfsopaWCMCGXozVxZbH5KhtSQe','1','1','0','q3IghSJKE7TC1o5pkIstupZ6hdncGj9Zu2uGFT8HTCo1tPufWk6mTrKahKBT',NULL,'en',NULL,'0',NULL,2,2,'2019-03-29 10:02:54','2021-06-20 11:00:54',NULL),(235,'NURUL SAZRINA MOHD SHUKOR','sazrina@mpc.gov.my','830322105028','$2y$10$MbdY1rVvtpl4ZFRz3e8ZOOgSvah.g72R7jTomTRqDEr7NRLHeJe1i','1','1','0','cVx709AOhPJ5jYUMXFQMzDB09hA2n0Zx2zPFVZyZ4LLYhocFxFZjcoRRuYHC',NULL,'en',NULL,'0',NULL,2,31,'2019-03-29 10:02:54','2020-12-27 00:00:05',NULL),(236,'NURUL SYAMIMI ISMAIL','syamimi@mpc.gov.my','850926035516','$2y$10$6L7icLyqBpPqbq9KPAfCK.8PkRVf5qE/o88KlE59XFXsV7B4OMMJm','1','1','0','it8EuivFO5xGjXLewPyQla0qvV8kYWxHgwfjSUpreG1MKPqqJR5PzhA8LBHC',NULL,'en',NULL,'0',NULL,2,236,'2019-03-29 10:02:54','2021-01-04 01:20:13',NULL),(237,'NURZARINA JAAFAR','nurzarina@mpc.gov.my','800509075538','$2y$10$DLZ0jeokaIBw2OVrAZRoaOGzukfPzXYHi9pvw8N3ukD330U5Vub3q','1','1','0','8QnO8kzNQA1kfPooKmwe1TBNIZQf6JuUni0A7bIO57jgyfvbTqfpuH1xooqq',NULL,'en',NULL,'0',NULL,2,46,'2019-03-29 10:02:54','2019-11-25 06:43:29',NULL),(238,'OMI KALSOM OSMAN','omi@mpc.gov.my','590905085292','$2y$10$DPgppx.vwVxLrXHp1H.XkeDjeRPe4lh/fNmJuHP61NpauEDRGBjHG','1','1','0',NULL,NULL,'en',NULL,'0',NULL,2,2,'2019-03-29 10:02:54','2021-06-20 11:00:54',NULL),(239,'OSMAN ZAIDAN','osmanzaidan@mpc.gov.my','680925135225','$2y$10$6T.1R2I7py3m6EzkX1CeeuFzsHk29XAxGx2S/yyA6bcPgVWxyvAam','1','1','0',NULL,NULL,'en',NULL,'0',NULL,2,53,'2019-03-29 10:02:54','2019-08-19 13:35:16',NULL),(240,'RABIATUL HANA ISHAK','rabiatulhana@mpc.gov.my','901211146770','$2y$10$5QI3GcWa4vsXYbqDJhMkreMhwjBnwCfLCoq3xUWPsbnqlFt/KnF56','1','1','0','wP4McIJtJkBSVhWEFhCcJ6LfbOLuo75C8uhwrlZsVxiBKlf9bkgrEGjPRFZA',NULL,'en',NULL,'0',NULL,2,240,'2019-03-29 10:02:54','2020-12-31 05:42:53',NULL),(241,'RAHAYU ABD. RAHMAN','rahayur@mpc.gov.my','821114115518','$2y$10$fwDZuPsuVXDnrx8VVeeOlutLRS1RfSZMOy9mVcOkjBlgKo1Uss5Si','1','1','0',NULL,NULL,'en',NULL,'0',NULL,2,31,'2019-03-29 10:02:54','2020-11-18 04:21:17',NULL),(242,'DR. RAHMAT MD. SMAIL','rahmat@mpc.gov.my','600302045271','$2y$10$OSI7xV8HZsvTf3kOh6..meyU1D8VGI5E5XJ9Ss8jh/Ea2Xng..LE6','0','1','0','M4msXTuUs2FEGEYClteVm66cmzoBw7XCOK7v6956mCjkskTV8o324n3AlrJP',NULL,'en',NULL,'0',NULL,2,46,'2019-03-29 10:02:54','2020-10-15 04:22:20',NULL),(243,'RAINAH OSMAN','rainah@mpc.gov.my','731111125252','$2y$10$XLo4SSfMtX1zt7Gkv077F.5QuKsTWXT7v5RpMiAVUey79Lew0Eiua','1','1','0',NULL,NULL,'en',NULL,'0',NULL,2,46,'2019-03-29 10:02:54','2020-01-23 19:29:15',NULL),(244,'RAJA AINUL BISMI RAJA ABD. HADI','rajaainul@mpc.gov.my','831026086234','$2y$10$7bKPpStYrsf8g4/sXzEf2uTU84SnHgdCBwjKYXu59ZGnShiPluTRW','1','1','0',NULL,NULL,'en',NULL,'0',NULL,2,2,'2019-03-29 10:02:54','2021-06-20 11:00:54',NULL),(245,'RAMALE YUSOFF','ramale@mpc.gov.my','640510035445','$2y$10$ow7/zpFy7radiCOtEo3nkuuZhBjZYS12GnobuT4nW94hDYKPnK0pm','1','1','0',NULL,NULL,'en',NULL,'0',NULL,2,2,'2019-03-29 10:02:54','2021-06-20 11:00:54',NULL),(246,'RAMLAN SAINAN','ramlan@mpc.gov.my','610228105027','$2y$10$FonIOSpq.7DtU4dsGJyGMem692DwGG2FULWlyxmQpVKFuYdFBdHUK','1','1','0',NULL,NULL,'en',NULL,'0',NULL,2,2,'2019-03-29 10:02:54','2021-06-20 11:00:54',NULL),(247,'ROSELEENA HASHIM','leena@mpc.gov.my','650318035284','$2y$10$eRqc.b74sCJJnt5uztGUw.pwdlwsYsrL26cy8bWhzDeM6dO6cEXWK','1','1','0','czDu4vAB7f2t6gwkiIrmHabXsDE9Yr7Vsd898F0GmQHfF6RNOeUxeDfuW9Wc',NULL,'en',NULL,'0',NULL,2,247,'2019-03-29 10:02:54','2020-11-30 00:30:13',NULL),(248,'ROSLAH MD YUSOF','roslah@mpc.gov.my','610210105328','$2y$10$mAhQU8OQQO.fEki3sCNwJ.Kl.aMVHtgS111VIJTWTvhFmszzIfAm.','1','1','0',NULL,NULL,'en',NULL,'0',NULL,2,2,'2019-03-29 10:02:54','2021-06-20 11:00:54',NULL),(249,'ROSLI MAT DOM','rosli@mpc.gov.my','610314055177','$2y$10$h6Ode4Dw6MoVDeVVMj2Ml.QlObtbo7dlXFW4z0x9JcOMGoro1hUjS','1','1','0','G950v2LhQSRibnXwuNGcItYFsY5VuB0WnJggHJFNR1jl4uSUomvFKCC758dU',NULL,'en',NULL,'0',NULL,2,46,'2019-03-29 10:02:54','2020-12-23 08:28:27',NULL),(250,'ROSLINDA ABDUL HAMID','lynda@mpc.gov.my','770706065860','$2y$10$cWZg5fKK3yNHSSa6obBHJ.daKa4zZ9W0RUgspe34cv4G7mDFDymEi','1','1','0','nKudmvXqHqDBGsGdnIX0y6qiIvcO4zmNLXUzAXEPkKwqLTgu96TGZeecLenV',NULL,'en',NULL,'0',NULL,2,2,'2019-03-29 10:02:54','2021-06-20 11:00:54',NULL),(251,'ROSLINDA AHMAD','roslinda@mpc.gov.my','780922105002','$2y$10$epXlPus7SGLwUTACFH3Wcui7yT9jurtgZTO07Z6f8eKmYL8XcbzN6','1','1','0',NULL,NULL,'en',NULL,'0',NULL,2,2,'2019-03-29 10:02:54','2021-06-20 11:00:54',NULL),(252,'ROSMI  ABDULLAH','rosmi@mpc.gov.my','630525035473','$2y$10$f9tZx4rozwRBGC1Ucu3QxeQ/j.M4G2CTiCb/.hAmK6Kg78/osvCxG','1','1','0','oo9FZiU6fPC5ayoMMbr7wWUhqTQ8UtpKqEHMMu3eba0c3EEFgQfRbT3GGNYG',NULL,'en',NULL,'0',NULL,2,31,'2019-03-29 10:02:54','2020-11-02 10:57:54',NULL),(253,'ROSMIZA ROSLY','iza@mpc.gov.my','721031065086','$2y$10$pvXv8wLtQNtkX2kP4uvH6eYIgNwxNX5Z.iPiFpzxCNXzPVAqnhk9m','1','1','0','OsYYt7xDYmvfDscFGenpd2LtRAyFcpt4ZO92k4hPNIndBZ1tAQMDoAEi6g6i',NULL,'en',NULL,'0',NULL,2,253,'2019-03-29 10:02:54','2021-01-04 01:19:39',NULL),(254,'ROSNIWATI ABDULLAH','rosniwati@mpc.gov.my','760405075492','$2y$10$.JuM2mRpaSpFWPT.ZsWyverxo68/sSdOws4qkR9RBX/g/ybA5fsRG','1','1','0',NULL,NULL,'en',NULL,'0',NULL,2,2,'2019-03-29 10:02:54','2021-06-20 11:00:54',NULL),(255,'ROZIANA OTHMAN','ogie@mpc.gov.my','660928015060','$2y$10$FU3aKi5fc1oDqc87R.tzT.YTztGp6rhM8p.5KWo2pm.aUNkpAv2IC','1','1','0','Z3sqKjGQQmZRDJn6Qo3x8W5m0bvsAcETFawMrJf5jPTBKSWno58sx4W06KDJ',NULL,'en',NULL,'0',NULL,2,46,'2019-03-29 10:02:54','2020-02-20 07:06:04',NULL),(256,'ROZITAH MA\'AL','rozitah@mpc.gov.my','730323145672','$2y$10$uBStIhjfkdopaGT8tXtjXu2P5jnhYxWQcM/QsxHkpgCI4c2Gy4Qh.','1','1','0','m6bRAb2sA0KZWNobnh0wFwmvLGkKM0nPU0SBIcPQNGj8yjNzSU3BsrLKNcqs',NULL,'en',NULL,'0',NULL,2,256,'2019-03-29 10:02:54','2021-01-04 01:24:11',NULL),(257,'RUSDI MUDA','rusdi@mpc.gov.my','650803035157','$2y$10$6ugiGTEKcdDEgs5oZFiEBOc2rn/66dOV1tZ1TY4/dyqR1JmnM5Gki','1','1','0','i0eGHyDmSJX1f7HeuF1Nsfj36gg0NAlFnWL1kFooMTgM1BetgbFQUksrx75p',NULL,'en',NULL,'0',NULL,2,46,'2019-03-29 10:02:54','2019-11-21 03:44:14',NULL),(258,'SABRI HASAN','sabri@mpc.gov.my','750708035595','$2y$10$9BmGReSggWWiRM9RRwur/e6xNnNnTigmb7gyP10H7QuMbSynNLWna','1','1','0','ZNmqFNENHZxDXMwuA8xVl4CBERqvTxW1kG5oFSGyU4T2UKzRbn9hRtL8k7oe',NULL,'en',NULL,'0',NULL,2,46,'2019-03-29 10:02:54','2021-01-03 16:56:32',NULL),(259,'SAFARWAN BIN MOHD SUHAIMI','safarwan@mpc.gov.my','890306146107','$2y$10$7z7ugnM5413hSFKGwNn5IuwsMdZZl79/RHI5NMmsW3zuRLeiRedCe','1','1','0','NznT2roxGch8bXKFyCr6V0xUTzazORYqnqbrXCO1LbboQtFjddzuvaxteDgD',NULL,'en',NULL,'0',NULL,2,259,'2019-03-29 10:02:54','2021-01-04 01:24:18',NULL),(260,'SAFIAH MITRI','safiah@mpc.gov.my','830413125884','$2y$10$wLiLd.SI1ME7z50XEPlHluZuJyIBco2mVTMXtxGCvQN4ABm1IE2sm','1','1','0','1DOuXWlbNT6EZhCGERwlst7xpBFrFO1SeLjMWVL6EWqvjTQauCbd1dihHc3S',NULL,'en',NULL,'0',NULL,2,2,'2019-03-29 10:02:54','2021-06-20 11:00:54',NULL),(261,'SAFNIWATI JASRI','safniwati@mpc.gov.my','760217715026','$2y$10$I8Md6xKTZRlfw1rpgk.IBubI0RihAwAELoENN6337ZPhS8PzOsSKu','1','1','0','oGQYzbvapTfVH8IkuXG714BTmyETC37iTusIk0OOhMbiu9b2IL2OfQf9C9X7',NULL,'en',NULL,'0',NULL,2,261,'2019-03-29 10:02:54','2021-01-06 19:36:08',NULL),(262,'SAFURA ABDUL MALEK','safura@mpc.gov.my','860904525900','$2y$10$kVaWk7eMT8lh6qRBUH5.Ae3CtSi.pmRoEczpjH64j1AucTb7dusly','1','1','0','qDAa2ciTtqUCTst0uFTIEXDML0iaWwKCfxaADeIogjtn05VYIPMwossXwhJw',NULL,'en',NULL,'0',NULL,2,31,'2019-03-29 10:02:54','2020-12-01 13:02:51',NULL),(263,'SALIZA SAARI','saliza@mpc.gov.my','770801066220','$2y$10$6Zacx6yLwqggFS9Q2yvcFuTWQpfLCfnboCdP9Nn.4VcuYJixslftm','1','1','0','18GHMN0N7m1oJOLp8BT9LNnUNU3orLPHnTLTE76fi6HX1msHS4DDjmTti442',NULL,'en',NULL,'0',NULL,2,31,'2019-03-29 10:02:54','2020-12-10 05:30:34',NULL),(264,'SARIMAH MISMAN','sarimah@mpc.gov.my','640414107066','$2y$10$lcocG3Vrva62i/CgOvABKe3hmrAlqanL4I3lc4reFnn8JRzogxUoK','1','1','0','EBxxRElEge6hWljxOuT9WA5Dn3whcB35xlwdqneGPqWHFry6OP4u4NggG6r7',NULL,'en',NULL,'0',NULL,2,31,'2019-03-29 10:02:54','2020-10-28 09:52:51',NULL),(265,'SAWIAH ABDUL SAMAD','sawiah@mpc.gov.my','680101045120','$2y$10$ft4.q3uIdKZLq40SpsdvU.tSHZwTOlBb95yX9z1c72blSxvW1jz4.','1','1','0','8Jm45qRvf4Mc1OLijH5LFkxhxcTcvqoGUSfNwIU1cW2tdHJ0UxnF875HirfX',NULL,'en',NULL,'0',NULL,2,265,'2019-03-29 10:02:54','2019-11-25 07:20:12',NULL),(266,'SEMAWI ZAKARIA','semawi@mpc.gov.my','630328085527','$2y$10$iya3wKKNaAHu38xvktStcOE3ALryDSj4D6JCRlCdhUWBL0iqm86hq','1','1','0',NULL,NULL,'en',NULL,'0',NULL,2,2,'2019-03-29 10:02:54','2021-06-20 11:00:54',NULL),(267,'SHAFIRUL IZWAR SAAD','shafirul@mpc.gov.my','810418025235','$2y$10$1Js6M4CbAvGhuJzMqMJEnORjfWo.nOVPDAS6LUfJunzEC/mv1CalO','1','1','0',NULL,NULL,'en',NULL,'0',NULL,2,2,'2019-03-29 10:02:54','2021-06-20 11:00:54',NULL),(268,'SHAHIDAH SAMSUDIN','shahidah@mpc.gov.my','820526145858','$2y$10$K3mMnR2JtnK2GKBQpOoiIuek5Q10.p8x2Yf3lp8.RCWyiRfLQG.Wy','1','1','0','2X3LhJgBYFb8sb5COfQvOXfFk1ulXZAlnk8kcFKCvFHS7djDdebpR8D826yH',NULL,'en',NULL,'0',NULL,2,2,'2019-03-29 10:02:54','2021-06-20 11:00:54',NULL),(269,'SHAHRIZA BAHARI','shahriza@mpc.gov.my','751226145016','$2y$10$z/5oNMnpZO79Uq1Ywsv1/OeKDEblEuR6VDStvezfGrN3Y9K2bBz6G','1','1','0','vcL78ApLkNG2qPd5L4emp5j5j5m3s7tD13BJD7mW3HAGQxiCdqFeFUYtn7LP',NULL,'en',NULL,'0',NULL,2,2,'2019-03-29 10:02:54','2021-06-20 11:00:54',NULL),(270,'DR. SHAIK ROSLINAH BUX','roslinahbux@mpc.gov.my','630619106404','$2y$10$.aadGnfpKpkmddARvkjYfuVWN3OvslZE0Lbpn5tnCi4.H0UkJ5Rn6','1','1','0',NULL,NULL,'en',NULL,'0',NULL,2,46,'2019-03-29 10:02:54','2019-04-16 20:46:27',NULL),(271,'SHANTHINI TAMADORAM','shanthini@mpc.gov.my','800528145896','$2y$10$fqv1D9j5LV7j6kBCW4O13OoI14h5/TNOJFEV44oX7XJZwx1O0Zqym','1','1','0',NULL,NULL,'en',NULL,'0',NULL,2,271,'2019-03-29 10:02:54','2021-01-04 01:23:56',NULL),(272,'SHARIPAH MAZINA SYED MOHAMMED','sharipah@mpc.gov.my','660228035028','$2y$10$biHM9Z3I5Fk4D7Qj0Y/DzuvG2HrjlWZaXM6KH3z1WuZ0PfMJ7fozm','1','1','0',NULL,NULL,'en',NULL,'0',NULL,2,2,'2019-03-29 10:02:54','2021-06-20 11:00:54',NULL),(273,'SHARIZAL SAMSUDIN','sharizal@mpc.gov.my','800809085025','$2y$10$cEvoHrdk27iGchHjtlHl0OVeVFNUc9P92DTX77tNaneWUTFQCnj86','1','1','0',NULL,NULL,'en',NULL,'0',NULL,2,2,'2019-03-29 10:02:54','2021-06-20 11:00:54',NULL),(274,'SHEZLINA ZAKARIA','shez@mpc.gov.my','720408025822','$2y$10$HTkGDRnwhuZOuibMRXY6tOF5r7EFGPn.g2kSgcxqwoWcdB6M0J8Di','1','1','0','s8e0d9tpI2728WszFOH1tpU7GD32UaNtos1fBHELwB7pZuRZtnc7VgZBGGTG',NULL,'en',NULL,'0',NULL,2,46,'2019-03-29 10:02:54','2020-10-14 13:22:13',NULL),(275,'SITI ASLINDAH AHMAD','sitiaslindah@mpc.gov.my','830813125234','$2y$10$gVajUAbVOeK./OFNBbxcl.CyOEYaYpGkdbCQr.xC9r3BHw1y2fvTi','1','1','0','YS4LRJwAb03VPbA8E9G3X8l6SKGvVTHzq89AIbtqzb9deLmZv2fqaNbPcq2X',NULL,'en',NULL,'0',NULL,2,275,'2019-03-29 10:02:54','2020-12-30 04:31:33',NULL),(276,'SITI RAHAYU MD. DESA','rahayu@mpc.gov.my','750514075062','$2y$10$EpPBRwjWgtRUJJpQRkWtBuX33u8nxbjfml2oEXDutzt5A0QLsHn7y','1','1','0','VTYFyE6aOmQ8ydyl4b4AQrP5FKJ8FXb3Zmm0iVrmzCndTkfR2CaURSvQnrZx',NULL,'en',NULL,'0',NULL,2,276,'2019-03-29 10:02:54','2021-02-17 17:14:23',NULL),(277,'SITI RAWAIDA SHARIFF','rawaida@mpc.gov.my','840604075284','$2y$10$.9yOkxqWMmIxdgXCtztTjORZbKwqASibdsIn2i8OproqJzfF9gPIu','1','1','0','pHJobEWwJeA2DbhxjzzPqTzlYEXXnRwItA735iCkIbIaDiK4yIDe4OCR9Z2V',NULL,'en',NULL,'0',NULL,2,31,'2019-03-29 10:02:54','2020-12-28 08:48:39',NULL),(278,'SITI SAKINAH MOHD ZAKI','sakinah@mpc.gov.my','890129035608','$2y$10$OpGdKxMe5itiZCrjnsumRO7oq0316Lg22w26Je.8bLCDVvn74ET4K','1','1','0','oGynjTgQ7WtFDCQQneg0DQiEiE8TLLecRp28SQPzZvc6zdcnE5voDVNHAbf0',NULL,'en',NULL,'0',NULL,2,278,'2019-03-29 10:02:54','2020-12-14 03:52:49',NULL),(279,'SITI SALIA AZIZAN','salia@mpc.gov.my','770502025592','$2y$10$kb6.JILEjHybLMkNu4fiCuTyZi/RwDqtbKYMerb7Ro.68FeZ/iN9u','1','1','0','O1UdW5xWbZBGZD4G1J7vRxcbpyF1AWOds0VKkmtd1UjHEC5iJO8CEBedTlnJ',NULL,'en',NULL,'0',NULL,2,31,'2019-03-29 10:02:54','2020-12-07 04:32:36',NULL),(280,'SITI SALMIAH YAHAYA','siti@mpc.gov.my','641101065170','$2y$10$lSE6K67yZFr.7tq2Rsg5vegEtDSH4wIIEZkbgdQeYYvVE9FxCej1O','1','1','0',NULL,NULL,'en',NULL,'0',NULL,2,2,'2019-03-29 10:02:54','2021-06-20 11:00:54',NULL),(281,'SITI SYAFIQAH AHMAD','syafiqah@mpc.gov.my','891122146000','$2y$10$pFh8p5L2atxBs0YjwIr6SerMmAkd7mRak8GZcsRc76ENIBumOPB8a','1','1','0',NULL,NULL,'en',NULL,'0',NULL,2,281,'2019-03-29 10:02:54','2020-10-15 04:44:44',NULL),(282,'SITI ZAHARAH MOHAMED','zaharah@mpc.gov.my','860913235390','$2y$10$jMD2IS/9/531VSS982bqZenx6GECQCcI/QEHLz7EXy/IyW.A576EK','1','1','0',NULL,NULL,'en',NULL,'0',NULL,2,2,'2019-03-29 10:02:54','2021-06-20 11:00:54',NULL),(283,'SITI ZURIANAH OTHMAN','zurianah@mpc.gov.my','780808045202','$2y$10$oEH//svcfJecad.4d2owTuGpfggdzf56gfBfRh0cs64TGa4rq7Z2q','1','1','0','S05fbpHOUSqJzgUK0QQmgkYMFuyvEF2iMbWp2jQjtiyw8Q3OuGjh1MiC4Y1i',NULL,'en',NULL,'0',NULL,2,31,'2019-03-29 10:02:54','2020-11-27 06:15:40',NULL),(284,'SUGUMAR A/L SAMINATHAN','sugumar@mpc.gov.my','650711025373','$2y$10$xilmTQOg2TY.r89GR74sEuPuTLpuMrhUpBKTgHu8MEmNzj9S26Eui','1','1','0','RfOnE70JNJ3UtUYEzdcpUahhdDFkzRWJwF6HFv8FoC16pTdkRU60wljSjJjj',NULL,'en',NULL,'0',NULL,2,46,'2019-03-29 10:02:54','2020-08-23 18:28:37',NULL),(285,'SUHAIMI HAMAD','suhaimi@mpc.gov.my','610920035475','$2y$10$NVP0Qcy44g0Duq9WC6rCt.y0gA8hvVcUh.1DSjce6rLQKVAMqVVki','1','1','0','LuWxXtPTeVGT6I46knbchVZRxUI7RxNeLrngttHK591X8uQGwNEEhO2RVPsZ',NULL,'en',NULL,'0',NULL,2,46,'2019-03-29 10:02:54','2020-12-21 07:58:54',NULL),(286,'SUHAIMI ROBINI','suhaimi_robini@mpc.gov.my','821006015819','$2y$10$8eno3lKksVsAQgc5/jERp.yI2IsMqYSowjwGyx3l.nLt5oB2e9yae','1','1','0',NULL,NULL,'en',NULL,'0',NULL,2,31,'2019-03-29 10:02:54','2020-11-18 05:55:10',NULL),(287,'DR. SURIATI ZAINAL ABIDIN','ati@mpc.gov.my','720615045084','$2y$10$D3/cVgDZ5R2bCy3zs9pF/u1w2odAPANqqDHD0GUYz.em8eciASAdq','1','1','0','qhrSvt3OchM92NdsvGnBPxPqbcfgwnfx6mowwF7Q1r3Sl9yJGmsW3Ngpg6aR',NULL,'en',NULL,'0',NULL,2,31,'2019-03-29 10:02:54','2020-12-02 09:16:05',NULL),(288,'SUZANA ISMAIL','suzana@mpc.gov.my','730505035706','$2y$10$96oJjuyAIwdKXS/pd7Z.QeOWX4jt0dlVZr88ZVElauF2mBE4VrmoO','1','1','0',NULL,NULL,'en',NULL,'0',NULL,2,2,'2019-03-29 10:02:54','2021-06-20 11:00:54',NULL),(289,'SYAIRAH ZAIMAH SHAFIEE','syairah@mpc.gov.my','860504387326','$2y$10$fIB5mvMh8kHn6QZgygMEEOyfD1FigFnhi5nuu3SOuAeHcxtt/VI/i','1','1','0','xap5yN2fpNSU56UbntH45hkYxnoqgGX4qYqisRxkQhitVHjCNn3Xj4dq89jR',NULL,'en',NULL,'0',NULL,2,46,'2019-03-29 10:02:54','2020-12-09 08:00:03',NULL),(290,'SYED MOHAMMAD FITRI SYED ABDUL RAHIM','smfitri@mpc.gov.my','780905065205','$2y$10$uH0hryR2LD113wp5SXC3EezJUqKdAlgbbSkhCl05Yhz89SXyN7bl2','1','1','0',NULL,NULL,'en',NULL,'0',NULL,2,2,'2019-03-29 10:02:54','2021-06-20 11:00:54',NULL),(291,'SYED MOHD. AL-KHAFIEZ SHAH SYED MOHD. AZAM SHAH','syed@mpc.gov.my','800531145133','$2y$10$2GY4P4xumrg7kTNaV1qlluJobS7VNwWDSjwcsR0OXZZh2JMQ03qIK','1','1','0','7iYACM2839oaJX5hiyI16C8zTaSGyyWog8IYj86KpAPUECJLCVqxN7r1Xd4E',NULL,'en',NULL,'0',NULL,2,46,'2019-03-29 10:02:54','2019-09-11 18:26:36',NULL),(292,'THEA JUMINITA CHEONG KIAM','thea@mpc.gov.my','611123125392','$2y$10$lo8iNYZqHOc8RZ90znX3Z.DJXAx5H3UQoSF8o46j1MQxGfoZBmvmu','1','1','0','ac5NEctWumnj1pGgPjjZJediL02lZ5CoZZMUMeRw26bSWJWeb1TmeoQ1Corh',NULL,'en',NULL,'0',NULL,2,31,'2019-03-29 10:02:54','2020-11-16 07:39:37',NULL),(293,'UMI KALSOM OSMAN','umi@mpc.gov.my','610102045102','$2y$10$GZ6kZTHl.2a.BDwHM8twjex4OSYMybypZOBPP4t8nckYQPviFAYTK','1','1','0',NULL,NULL,'en',NULL,'0',NULL,2,2,'2019-03-29 10:02:54','2021-06-20 11:00:54',NULL),(294,'VIMALA A/P R.MUNIANDY','vimala@mpc.gov.my','830708146260','$2y$10$zqY6nQzuyhf7SH.HY54qq.CkgLTlKHy9ffxOi60Dp6R6tkXAYd0ry','1','1','0','R3fMZqTnogzt5BKu3gROzq1lYc9Ri7RDXaPOWrczzBG9Z81TRz3d4xNjnoqb',NULL,'en',NULL,'0',NULL,2,294,'2019-03-29 10:02:54','2021-01-04 03:02:51',NULL),(295,'WAILA MOHD. NASIR','waila@mpc.gov.my','730621106022','$2y$10$QxwKzXGEUHIn3PQYsjIT1e4he4Ee4YP/9S4yWamB0bL7GcNEkGOg2','1','1','0','CqL4CMNTiNa78sbdG0XJWRZC3XaNkyv3w0nl7xHpbDFDaNHDT8Z3KI2NQ6H4',NULL,'en',NULL,'0',NULL,2,53,'2019-03-29 10:02:54','2019-11-26 01:22:21',NULL),(296,'WAN FARID WAN HAMAD @ WAN AHMAD','wanfarid@mpc.gov.my','791024105661','$2y$10$Dbn2ucgWiVjNdTP9Iuj3K.S7u8Dv6hPHEqo2b.GQ9.LotRqowbXPC','1','1','0','Yb8p7GNngA4fSutnrbnoroROWQEyHRLQKZ8XKHtobhpxqaJkcXp57OrwpetM',NULL,'en',NULL,'0',NULL,2,46,'2019-03-29 10:02:54','2020-02-10 06:56:54',NULL),(297,'WAN FAZLIN NADIA WAN OSMAN','nadia@mpc.gov.my','791126015974','$2y$10$K/BTBiOMrQJwuok0Aa7RyOdGb40aobLoxLIE4NOj4zLvgp2Myf3au','1','1','0','iftO1f9muWBNH6IzkmydVLBylHzPRMrhlPmGT70zcBlO7YCBGi5Zs9mbeQ7J',NULL,'en',NULL,'0',NULL,2,46,'2019-03-29 10:02:54','2020-12-02 03:46:18',NULL),(298,'WAN KHAIRUNNISA AZMI','khairunnisa@mpc.gov.my','860225295576','$2y$10$zTfd5WnvMdmVOY1/8qhkQOGLyYeMHpM7YO8wjMXNQA.eLtGuFzCjy','1','1','0','D5VY88knLfvDXp3bhA3hL9ae4SO1Uh5AoEWeYqLCOA9fqpWqab6QkospFBzJ',NULL,'en',NULL,'0',NULL,2,31,'2019-03-29 10:02:54','2021-06-23 05:17:41',NULL),(299,'WAN NORHANI WAN KHALID','wannorhani@mpc.gov.my','640706115164','$2y$10$TCNAlxNx57IR7gHrgxxXtO.1swp2OxWAqMbs2LR5eQVyEWorT.n9K','1','1','0','lf3q3YjD3behiScyKKuQRZ28MGjDV8dyPmvPRUAFxHK70zkB535ku243A594',NULL,'en',NULL,'0',NULL,2,31,'2019-03-29 10:02:54','2020-11-04 08:00:02',NULL),(300,'WAN ROZITA HUSSAIN','wanrozita@mpc.gov.my','770518065820','$2y$10$Zl1pCsO0d.jCTv3ZJfvWuOZuvuAJWh9pG7Bna34z1tIo5v14SYtHe','1','1','0','t4Sa8RlC62naQFvCvJiOd1a6qGNTGOcHuWb3GRGubWwUBEahkAyn31VWpk2J',NULL,'en',NULL,'0',NULL,2,46,'2019-03-29 10:02:54','2019-09-10 08:40:34',NULL),(301,'WAN YUSNAINI WAN YAACOB','yusnaini@mpc.gov.my','710502035534','$2y$10$Pd1kTOPRjapjqQzTfsN6cuW7YmHt72ZT9fvpxxhPhNm161qpVkTfi','1','1','0',NULL,NULL,'en',NULL,'0',NULL,2,2,'2019-03-29 10:02:54','2021-06-20 11:00:54',NULL),(302,'WAN ZAINULHAQ THANIAH CHE HARON','WanZainulhaq@mpc.gov.my','710129035076','$2y$10$H5IeaHcTNzyG2rk1PhdS2euaqZD98bsv3NgyL4z9lCprcs1EE1zuq','1','1','0',NULL,NULL,'en',NULL,'0',NULL,2,2,'2019-03-29 10:02:54','2021-06-20 11:00:54',NULL),(303,'ZAFFRULLA BIN HUSSEIN','zaff@mpc.gov.my','691003035395','$2y$10$qQZrLrdAMdehB4gSK7Gnn.3qdrzLvSamchX/p0qaaAMdmuvkNptSe','1','1','0',NULL,NULL,'en',NULL,'0',NULL,2,303,'2019-03-29 10:02:54','2020-10-29 16:10:08',NULL),(304,'ZAHID ISMAIL','zahid@mpc.gov.my','660320075225','$2y$10$ydWP8yv0D5DsqQYmIOykh.OYqgt4lvwMltN1zikqjIDHUpIZ3MtlG','1','1','0','Oig4QS0GLKkQ57xmeMepzAYmzGouPWcuyMGb4J7EJVomlI08TAprvPUfKbGi',NULL,'en',NULL,'0',NULL,2,1,'2019-03-29 10:02:54','2020-12-27 08:14:39',NULL),(305,'ZAIDAH HASSAN','zaidah@mpc.gov.my','810614065568','$2y$10$bu0VtBc38HQ9yHIbz5GZaOd0XQU06F7L85qz0sI2sLfmz4QsqFGVK','1','1','0',NULL,NULL,'en',NULL,'0',NULL,2,2,'2019-03-29 10:02:54','2021-06-20 11:00:54',NULL),(306,'ZAINI HARON','zainiharon@mpc.gov.my','830119105073','$2y$10$fbF.g4Rj0xWY54nabo2t0.L3Qj26oNO0aebT0m7VogptI459ryT8.','1','1','0',NULL,NULL,'en',NULL,'0',NULL,2,2,'2019-03-29 10:02:54','2021-06-20 11:00:54',NULL),(307,'DATIN ZAINON BAKAR','zaiba63@gmail.com','630524106620','$2y$10$BgFq18EKlgc1cuj4HyyW4.QK3yTclR3VSghIBq4FFwl6rEMmRc10O','1','1','0','qlfl2Pzs8DCyhXiGQ2fRCSAUXmCePkd3GaaFfsUIYG792lzxFS2mGnrNQBqA',NULL,'en',NULL,'0',NULL,2,46,'2019-03-29 10:02:54','2020-02-13 05:05:30',NULL),(308,'ZAINUDIN ELIAS','zainudine@mpc.gov.my','650322015235','$2y$10$4yga4aA7mHa3GFDZdQPG6.4qtLRh3JlyZOkyXLLn.Qb9D7yZ.1ijO','1','1','0',NULL,NULL,'en',NULL,'0',NULL,2,46,'2019-03-29 10:02:54','2019-04-16 20:55:12',NULL),(309,'ZAITON NORDIN','zainordin@mpc.gov.my','621101065316','$2y$10$v7IpQfJoO.953PC.20/TQO8dQ5.aHi.gk/frC/xm7p/VMpWhKWYam','1','1','0',NULL,NULL,'en',NULL,'0',NULL,2,2,'2019-03-29 10:02:54','2021-06-20 11:00:54',NULL),(310,'ZAKI JAAFAR','zeck@mpc.gov.my','670719035611','$2y$10$hhaKi2pZxkcgRRk8bPJBGOAgBKSnygBmNTkG2eelsPHE65A0LWUv6','1','1','0','5XxmnZEjtN5wuqf6VS7kRs45r1hae6rzKa8d3CDRe1RQK6urh5S04sjMLJT6',NULL,'en',NULL,'0',NULL,2,310,'2019-03-29 10:02:54','2020-01-28 17:33:40',NULL),(311,'ZAWIYAH ABD MANAF','zawiyahmanaf@mpc.gov.my','871012235530','$2y$10$FnImoV2tesv9kklk6fLsBuHmmTCDn.G0GyEf8nJB0hig8fzBpJs2W','1','1','0','Y5ATn2SD4gamQHX5cAMdmGImjeZcyfh7xx2lTSN96u7gWPobdhFUHfNYaoGW',NULL,'en',NULL,'0',NULL,2,275,'2019-03-29 10:02:54','2020-12-31 03:08:56',NULL),(312,'ZUBIR ZAINUDDIN','zack@mpc.gov.my','720327055077','$2y$10$1BCvvlCBAfaXQJtxmGkKXe0Pdutyiq3Y8LZB3neN/DZoOP8DM3j3K','1','1','0',NULL,NULL,'en',NULL,'0',NULL,2,2,'2019-03-29 10:02:54','2021-06-20 11:00:54',NULL),(313,'ZUL EZWAN MUHAMAD','zulezwan@mpc.gov.my','810122015257','$2y$10$H6cI5X3z6IPhZZ88w8CUB.aJuM/ltRPBNAmGUg7k3ImgPfXyBFNuu','1','1','0',NULL,NULL,'en',NULL,'0',NULL,2,2,'2019-03-29 10:02:54','2021-06-20 11:00:54',NULL),(314,'ZULAIFAH OMAR','xue@mpc.gov.my','631016015006','$2y$10$XjmlPquEks25kegvHQZUte/CLmXgXgHvVZBvFPNhTd0bJY0iPwzv6','1','1','0','UIWiGh3yjdCjecSTdLYcvKu8za9j9zr8rlGyYyJ3jzz2kMF7BXAHax7oXuIO',NULL,'en',NULL,'0',NULL,2,46,'2019-03-29 10:02:54','2020-10-28 08:09:59',NULL),(315,'ZUNAIDAH AWANG NAWI','zunaidah@mpc.gov.my','820911035882','$2y$10$C8Z1k.90Rx3VfVM1sZxEjOi5WRBUPJQIP2qhLa8Rw/7caEd91aAw.','1','1','0','fsUUuWtS2DypNIO4Xc6VbLFB59Faj8aofYIR2DdgAFPAY6oorkbPI1P8UKFV',NULL,'en',NULL,'0',NULL,2,2,'2019-03-29 10:02:54','2021-06-20 11:00:54',NULL),(316,'ZURAIDI ZAINOL','zuraidi@mpc.gov.my','830428095219','$2y$10$1MuJB11O670GFF8JRgoRzu4QrRnmTqjcxeVEi9bgTKsNnc.RttwpS','1','1','0','4PSrPnui7Ko80NmxyEpCQK55p3VKul1la6gltZZYRMtAQ5eMBxhHmofQIb25',NULL,'en',NULL,'0',NULL,2,316,'2019-03-29 10:02:54','2021-01-04 07:05:56',NULL),(317,'ZURAINI SUBKI','zuraini@mpc.gov.my','820829035744','$2y$10$Xx4sYatlAhQggM1Nu3eJK.2Aw6ELGLvbG.RyesPYWIakhD3N9RMkG','1','1','0','CtCdPD9bw94CcaCsFsPDsuWI60ZDVQNMrcBUV9Vd4K4bniCGRItRFgBKZAG9',NULL,'en',NULL,'0',NULL,2,53,'2019-03-29 10:02:54','2019-12-16 07:05:20',NULL),(318,'ZURIANTI NOR AZIAN MOHD. NAFI','zurianti@mpc.gov.my','880229065872','$2y$10$CjtIKYt0vppATqm2TcqzG.pprV.e0XHGIhLaiSygfrxifAXyGOcNu','1','1','0','XTI9JEUtSzodHXTFEgSEtQBXAYKpX2lmubAiUSpZd0g56sIEQzpSq9dFu3uQ',NULL,'en',NULL,'0',NULL,2,31,'2019-03-29 10:02:54','2021-01-04 08:56:14',NULL),(319,'ABDUL RAHMAN KAMIS','arahman@mpc.gov.my','911019085241','$2y$10$AqSCX.OXDmOppiMmzAOUfub.GXWsVEvRp9KQwM6dPLUPo.8dJ6CIu','1','1','0','4ginVHoujP8oC9BBuv05xgdtf9xWy1d4w9sdGFElLhsARsvV150RHJZgswcA',NULL,'en',NULL,'0',NULL,2,319,'2019-03-29 10:02:54','2021-01-04 01:12:57',NULL),(320,'AIMI ZAHIRA AZAMI','aimizahira@mpc.gov.my','891008026064','$2y$10$w39geegsrN99lf/BKGMNr.GWrv6HcId.kjIKKSpiNLET.kGBbDMfy','1','1','0',NULL,NULL,'en',NULL,'0',NULL,2,2,'2019-03-29 10:02:54','2021-06-20 11:00:54',NULL),(321,'ANIS SYAFIQAH AYOB','anissyafiqah@mpc.gov.my','910208095030','$2y$10$CzuPgv6Fga4fUb3n1uVkWu/DH0U4VPUGnKbUCHo/jN2U7FJzYUuXy','1','1','0',NULL,NULL,'en',NULL,'0',NULL,2,2,'2019-03-29 10:02:54','2021-06-20 11:00:54',NULL),(322,'JERRECY ELSIE P. TOJIPUN','jerrecy@mpc.gov.my','841208125352','$2y$10$3uuY35K45pOCfI08uOAyxOF8HWzSYEnaOnhj7uaTmfCa8N/KmNMu2','1','1','0',NULL,NULL,'en',NULL,'0',NULL,2,31,'2019-03-29 10:02:54','2020-11-16 07:36:29',NULL),(323,'MOHAMAD AMIRUL ARIF SAHIMI','mohamad@mpc.gov.my','910408036123','$2y$10$fL7nbP18iyKD2lgvOfxdPuoe6vClZybD5PqEE32uO1eNTd7XlrI7e','1','1','0',NULL,NULL,'en',NULL,'0',NULL,2,2,'2019-03-29 10:02:54','2021-06-20 11:00:54',NULL),(324,'MOHAMMAD FADZRUL FARIDZ HAZNI','mfadzrul@mpc.gov.my','930527045223','$2y$10$1BHOYldISyfm9FDVdZTaguv9Tnf/oJQDn45oNnqeEVlZKX07dcY3i','0','1','0','eWVdSOMMnCp9nZwRIA1G24hWTFIsDYWTChypyp199evbis0qgPNjQrgrqaGV',NULL,'en',NULL,'0',NULL,2,275,'2019-03-29 10:02:54','2021-01-03 16:29:34',NULL),(325,'MOHD AIZUDDIN NOOR AZMAN','aizuddin@mpc.gov.my','890129085541','$2y$10$JtL2piGFTgbJiM0CeIT7jOpbPk2Pp/ahWHK3kAxFk9dHdHVfORA9e','1','1','0',NULL,NULL,'en',NULL,'0',NULL,2,2,'2019-03-29 10:02:54','2021-06-20 11:00:54',NULL),(326,'MOHD MUJAHID MOHD YUSOFF','mujahid@mpc.gov.my','900521036193','$2y$10$qIJ/lSRfCcpjj/v6lOppguc29dqnLCAXvYoiTSaEshiQqhxbspLLq','1','1','0',NULL,NULL,'en',NULL,'0',NULL,2,46,'2019-03-29 10:02:54','2020-02-06 06:16:04',NULL),(327,'MUHAMMAD ADIB FITRIE MUKHTAR','adibfitrie@mpc.gov.my','910416036107','$2y$10$oIVvzSUS9xEJLEhLlNTaaOgRWi1rnZqYoiuck5zEb0dZ2/0yHaFHq','0','1','0',NULL,NULL,'en',NULL,'0',NULL,2,2,'2019-03-29 10:02:54','2021-06-20 11:00:54',NULL),(328,'MUHAMMAD AZRULL NAZREEN','azrullnazreen@mpc.gov.my','940822015325','$2y$10$Za7eRSw.phviIO6nIepjneefsEHmycKa8fcawsvV9GHQd706KqDV.','1','1','0',NULL,NULL,'en',NULL,'0',NULL,2,2,'2019-03-29 10:02:54','2021-06-20 11:00:54',NULL),(329,'MUHAMMAD FIRDAUS YAHYA','firdaus@mpc.gov.my','940723015733','$2y$10$MRFXDLrAnnPagqoWo54s7.boH8tnUnkTmbtAUAjQkuOsuYnLUiMiS','1','1','0','iixPepPne4bkjkewCtQf7HRlguqm4YQLRYbBZTcjVK6kCnF7pFyGwYLX2Ivv',NULL,'en',NULL,'0',NULL,2,2,'2019-03-29 10:02:54','2021-06-20 11:00:54',NULL),(330,'MUHAMMAD HANIF CHE WAN NAMAN','hanif@mpc.gov.my','950913035929','$2y$10$mKUvJv0wtJh/IDVxsV3jhu5KOSDMgaUpFaUlv195LIHoJNidN21TC','1','1','0','m8PhVfodEmWUIelTSBtF0LkTueyezxRCd32NlX1m9vA9ZeLW3bTZ6VwvGUeI',NULL,'en',NULL,'0',NULL,2,46,'2019-03-29 10:02:54','2021-01-04 01:22:11',NULL),(331,'MUHAMMAD IMAZAKWAN ABDUL RAZAK','imazakwan@mpc.gov.my','930213145205','$2y$10$vNUt153KdYLQ3jBcNOKYk.3csH.uW8EbU0qD39ukhLhYpg1bnvcNe','0','1','0',NULL,NULL,'en',NULL,'0',NULL,2,2,'2019-03-29 10:02:54','2021-06-20 11:00:54',NULL),(332,'MUHAMMAD ZARUL NAIM ZUL HADDI','zarulnaim@mpc.gov.my','941218085225','$2y$10$74j33Pj//FXKwMaqZT/jn.PRXscAJD93Ig0f.OyvOMtE50/k2GQEy','0','1','0',NULL,NULL,'en',NULL,'0',NULL,2,2,'2019-03-29 10:02:54','2021-06-20 11:00:54',NULL),(333,'MUNIRA ABD RAZAK','muniraabd@mpc.gov.my','821219105244','$2y$10$8QgoZwIsw0Cpat9crcIDrusnPG5cXpVIMgHMMAgsXC5pFHjZooSTq','1','1','0',NULL,NULL,'en',NULL,'0',NULL,2,2,'2019-03-29 10:02:54','2021-06-20 11:00:54',NULL),(334,'NADIAH JAMAL','nadiah@mpc.gov.my','930416105414','$2y$10$/kd6KngvJy4dw2uCHFnm6uVUUor2I1MZXGolByPD.peB91Hd.oqBC','0','1','0',NULL,NULL,'en',NULL,'0',NULL,2,2,'2019-03-29 10:02:54','2021-06-20 11:00:54',NULL),(335,'NARATUL NURHANIZA RUSLI','naratul@mpc.gov.my','940209146298','$2y$10$dm8i1LnxnJEH6Kw07jQ8n.U.5.NMpam8E5aJWtqjAhkY97GXD0Bde','1','1','0','wpm2ohZCU8TR0YyETUWqRGIVak50UxJtkHNlajAtHRTEkxot2fsOLOlm3x7X',NULL,'en',NULL,'0',NULL,2,2,'2019-03-29 10:02:54','2021-06-20 11:00:54',NULL),(336,'NASUHA BINTI MISRI','nasuha@mpc.gov.my','930827016256','$2y$10$.H5lOhHp2UX4fPiU.p2T9u8RSvPz/K28zqnMsifFaPx4fEu1H52TS','1','1','0','HPezfQQu9nJiuPNPursGB2yDKglJS1ZAqHZ43IKlC5N9XBTAKoAEkt1DXuhG',NULL,'en',NULL,'0',NULL,2,275,'2019-03-29 10:02:54','2020-11-27 06:40:53',NULL),(337,'NIK HANEEZ AMIZAN NIK ROSDI','nikhaneez@mpc.gov.my','920718895010','$2y$10$..TZiAsAfhtIlg6lDg86Luux2SGBufNjNvHKRfXABIKPlHTHBntGu','1','1','0',NULL,NULL,'en',NULL,'0',NULL,2,337,'2019-03-29 10:02:54','2020-10-14 10:33:35',NULL),(338,'NOORAZLIN MOHD NASIR','noorazlin@mpc.gov.my','930103085678','$2y$10$p5rOYgP4M/Yw9PyJc0aQ0OObBbDJPU1WOpny6DV7vRPqyuKfSraWi','1','1','0',NULL,NULL,'en',NULL,'0',NULL,2,2,'2019-03-29 10:02:54','2021-06-20 11:00:54',NULL),(339,'NUR ASYIKIN SETAPA','nurasyikin@mpc.gov.my','920609035740','$2y$10$lHM2SCpEUXGMvnbutqbek.uW9HIUoPGc7Ev05T5.AKEGrQMRh.RBy','1','1','0',NULL,NULL,'en',NULL,'0',NULL,2,2,'2019-03-29 10:02:54','2021-06-20 11:00:54',NULL),(340,'NUR FARHANA ZAIBIDI','nurfarhana@mpc.gov.my','871216015126','$2y$10$d7LKg/9Ul6MGX8Ky8DYhd.hTI22r.QiIU1kaJ/os5aO1kgvFyQrV6','1','1','0','87Ll4yCUnicEB9KmwTPD4mc7VcKfp8acgNpNWYFOjkCQJGxVRyKGaGAlc4Mx',NULL,'en',NULL,'0',NULL,2,31,'2019-03-29 10:02:54','2020-12-30 09:28:30',NULL),(341,'NURAIN SYAFIQAH NORAZMAN','ainsyafiqah@mpc.gov.my','930624016096','$2y$10$Yftm3k/TMbeqxiFEtci/Uutb7CL4eMwH8/BgV2G3DtdZkBTXzL1pS','1','1','0','xEx6ShG25gXW2KffLguLUxqvJIPgHWVTDz2rOlbPF49BR8EBrDMgh6S8S4Rr',NULL,'en',NULL,'0',NULL,2,341,'2019-03-29 10:02:54','2020-12-31 04:09:00',NULL),(342,'NUREZYAN SOFEA ZAIRUL MUJAHIDIN','nurezyansofea@mpc.gov.my','940312015130','$2y$10$N2IcC3KNzW.STjl.WJqEdepI9cxh/gnnejg53GiVIe9pabSO4Wr5i','1','1','0',NULL,NULL,'en',NULL,'0',NULL,2,2,'2019-03-29 10:02:54','2021-06-20 11:00:54',NULL),(343,'NURFARIHA AHMAD','nurfariha@mpc.gov.my','951130136162','$2y$10$Nv0UAOS45/1/I4sKGVLmcO5a589KEPvRAllNw3hvMi9lZtcmIaAKu','1','1','0','lhbZZzuniEq7c6tRuEiPqXGyNOpzXFEdkNw1HvO1WmKz7QgTlWzZGMOU2xtq',NULL,'en',NULL,'0',NULL,2,343,'2019-03-29 10:02:54','2020-11-17 02:27:07',NULL),(344,'NURUL HUSNA BINTI ABDUL RASHID','nurulhusna@mpc.gov.my','920422086556','$2y$10$YHEvnVo7Sk.F.E.GGV3pc.R2NCgiSD.BE7x9h9iICXOn7aXWPuXbm','1','1','0',NULL,NULL,'en',NULL,'0',NULL,2,275,'2019-03-29 10:02:54','2021-01-04 08:54:19',NULL),(345,'RABIATUL ADAWIYAH ARZAHAR','rabiatuladawiyah@mpc.gov.my','970504145308','$2y$10$u1UHF08o6M5ctx5p530KgO5uscoZyBnBuzMHqR0YMmkyPpAhBpGnW','1','1','0',NULL,NULL,'en',NULL,'0',NULL,2,2,'2019-03-29 10:02:54','2021-06-20 11:00:54',NULL),(346,'ROZAINY ELYZA ROSLI','rozainy@mpc.gov.my','940817146750','$2y$10$edTRhvyY/FHNb5d2NcKEpurNItyChSfEXiMrT7P9Nc7ivwmemkWRu','1','1','0',NULL,NULL,'en',NULL,'0',NULL,2,2,'2019-03-29 10:02:54','2021-06-20 11:00:54',NULL),(347,'SHAZYMIN MAZLAN','shazymin@mpc.gov.my','930205075796','$2y$10$K8j2TM0jIsdX9qBlURk.Cum1TVTgtRPWdg4lO4oxvfYmWO/Wr52ve','1','1','0','of5CYYTh8ATDr6ilvEM132MMgwtW1pU8mETAUVyBCh73JjDSDjFNdQiHgrar',NULL,'en',NULL,'0',NULL,2,46,'2019-03-29 10:02:54','2020-03-05 01:57:44',NULL),(348,'SITI HAJAR ISMAIL','sitihajar@mpc.gov.my','930122085702','$2y$10$Rn1ZGqZPBnrPbm3xECbeveGH6gI9PqcM1eLrWaMo8lS9QAs/sBVTC','1','1','0',NULL,NULL,'en',NULL,'0',NULL,2,2,'2019-03-29 10:02:54','2021-06-20 11:00:54',NULL),(349,'SITI NUR SYUHAIDA BINTI MOHD SALLEH','syuhaidasalleh96@gmail.com','960416115070','$2y$10$NPl/lOwrV7hGA3wJnN6BoOgSFqRl8gJQBQERWHAsGb0Kro3qMfpue','1','1','0','hNo1tlGFDJ5hwMyUkrGLuLnSLg5SloaokmV3jPYza3p56CLScSQl2D0WhD2w',NULL,'en',NULL,'0',NULL,2,275,'2019-03-29 10:02:54','2020-11-27 06:41:31',NULL),(350,'SITI NURAINI AB HALIM','sitinuraini@mpc.gov.my','921013065046','$2y$10$cjT7VeTex79cY5uqE1f9zuKnIP0oNW06G9vM3OzSMtJEleG8JlZtm','1','1','0',NULL,NULL,'en',NULL,'0',NULL,2,2,'2019-03-29 10:02:54','2021-06-20 11:00:54',NULL),(351,'SITI ROHANA RUBAIDI','rohana@mpc.gov.my','910516106408','$2y$10$3mUMV5ZmxAAPx2j6B6SnnuHMgZZ9dTRKVkFEN463g5s/ZmGq6Bun.','1','1','0','hHFYCX7NiK3lc6LwpNaUvrsa9ggIkN5wR0ap1JgPvDBokgnPgNJKBxOZ2xXh',NULL,'en',NULL,'0',NULL,2,46,'2019-03-29 10:02:54','2020-01-21 04:45:11',NULL),(352,'SITI ZAHARAH IBRAHIM','szaharah@mpc.gov.my','830226045192','$2y$10$UpmiOoje4c2ZSUXKAbqo1.VrFZTrBULaJn.xiIRtbyqo5OXvmu6fO','1','1','0','rB2gO0W2AmbNPdPD3vV8WJKBL1QFm0bzjsQmhcE85eqsCEko1Z3yXeLK0Iwq',NULL,'en',NULL,'0',NULL,2,352,'2019-03-29 10:02:54','2020-01-21 02:19:33',NULL),(353,'SYED IZZAT EMIR SYED AHMAD RAZALI','syedizzat@mpc.gov.my','940405105629','$2y$10$INdnHuM8coOPYT9SRvAO5OQb4SK3490ha5t6yFtGN7NTR0RNm0Lzm','1','1','0','48iFMN4cZkp1EgzjvbNMO29SnKHwZ65Nz5SYww6JhdvH98zriXwXZ8fIbVZg',NULL,'en',NULL,'0',NULL,2,2,'2019-03-29 10:02:54','2021-06-20 11:00:54',NULL),(354,'UMMU \'AMMARAH BASYIRAH HASHIM','ummu@mpc.gov.my','940826017328','$2y$10$h8dANrvS503XOaPLFq5RJ.a1C4cmNMy2I6r4R5znNRarGyD793KQi','1','1','0','4Xmcp32R1fJE5X1OQrzpwfbxJmaWsAvQZrj38E3s04VoCsJ5pcviZ8J2vSG4',NULL,'en',NULL,'0',NULL,2,354,'2019-03-29 10:02:54','2021-01-04 03:02:56',NULL),(355,'AHMAD SYAFIQ BIN IDRUS','emailtester.451@gmail.com','860716335317','$2y$10$gw0izPMU3RRuC4YfPSl4m.kGzqtxT9mby73D.yAouGl/p8agf1LQa','1','1','0','JeZXRPgWJIUWnGWl10ySICEfa4izchwQvIdVL662WDWM4Sk6V8hK8OPXKRNr',NULL,NULL,NULL,'0',NULL,2,355,'2019-03-31 12:57:41','2021-05-16 17:25:01',NULL),(356,'NORAIZAM BIN BADRON','mpcflightsystem@gmail.com','740102015937','$2y$10$ZIV94i/dFpR1/fZl5xDkw.RqmJ1GbJkofRCDij5MywYhNe0VMZhHu','0','1','0','QVBeuRqwXuXsGDpMOrERAO524C8ZcxceTpyjeX0nsz9JBsjX1l45Stp6PakL',NULL,NULL,NULL,'0',NULL,2,356,'2019-03-31 13:04:28','2020-10-15 04:30:07',NULL),(357,'MUHAMMAD FATHI BIN MD TAIB','fathi@mpc.gov.my','9106070950','$2y$10$PBdt0oCEPBMDBe5WUXPIbefA6np.hYx5rPHbugWRJFmBl5wv.zTLi','0','1','0','WORFA30e1sHFLRFc90IoNWflAgGCcp6uFHjcdbaHDyfqLnhTEl5M0oGMwsn0',NULL,NULL,NULL,'0',NULL,46,46,'2019-04-17 20:38:59','2020-10-15 04:27:20',NULL),(358,'MOHAMED AMIRUL ZAFAREN MOHAMED ZAKIR','zafaren@mpc.gov.my','9409041463','$2y$10$BBtwc0fbN5pP/dqywNOa4ueJI4flD2lQ3lk3PrHcszEZ7C4BIBuOK','1','1','0','Hj1E8nocVkOKznCoKrWXZb4soQ4uU1lbaoIQcGgo9kMviWbnrZ6sL6zVqIaC',NULL,NULL,NULL,'0',NULL,46,46,'2019-04-17 20:47:42','2019-07-05 03:25:47',NULL),(359,'MOHD NOOR AZRIN BIN ADNAN','azrin@mpc.gov.my','871129035559','$2y$10$zjt3U5ZFdx7YQ6DYzCM35OAektLKr5dTC1RBs/g.neAG7lyMqdvBG','1','1','0','46UQIDnOy9jn4VBNfAjTP9WvEOiTxUFjTU1ku3cKkqJ2D8cMkWMA0RPnBONw',NULL,NULL,NULL,'0',NULL,46,275,'2019-04-20 21:00:49','2020-11-27 06:41:43',NULL),(360,'AZIRAH BT MOHD','azirah@mpc.gov.my','940610115324','$2y$10$u4llW0RiPibhGyCiQe.FjOz71605GeI0FIWOACHg5L7FA9Ujw3ncq','0','1','0','Ngq91mMwoz43L7vKHC2oPmBnt7PQjRUD8V5J72IitNfBPja1ZNJsnPQ4GUEu',NULL,NULL,NULL,'0',NULL,46,46,'2019-04-22 12:16:25','2020-11-06 16:07:24',NULL),(361,'NUR ILINA BINTI ROSLI','nurilina@mpc.gov.my','940603146456','$2y$10$HniiN8uVPA6gyYLPZ9rdruncBGEty/0VmFM1SZJIS.1CRFZXt1982','1','1','0','whyovYQMRVfjBxOUXcbWb0lF51gyPOq2zwPG7f0GQbTiO5XJ1XfLgaA2fRc5',NULL,NULL,NULL,'0',NULL,46,46,'2019-04-24 17:56:56','2019-04-25 07:58:55',NULL),(362,'NOOR IDDEANNA BINTI IDRIS','iddeanna@mpc.gov.my','950806146236','$2y$10$er7A1b6zxNaKA.nMghdSGeZZ2G5A.AW8JqAUVx60hGhH6HPNwZPKG','1','1','0','wk6dFUCQU9pghfZ4cZXGsOUX6eIDRWHWv4seTKVlxhXfPXGXqaVnJZO4kQum',NULL,NULL,NULL,'0',NULL,71,71,'2019-05-02 19:35:10','2020-01-19 01:29:21',NULL),(363,'AMIRUL HAIZAD BIN REDZWAN','haizad@mpc.gov.my','940109015151','$2y$10$UhfuWkKlFEPXrR1q0NyfquQ63FDudkNJDvONWJ0PU.WCFG6Bh3RNq','1','1','0','yKNzuoiWiTHHKyDxp3BcqUIJNVAl2itN7kJDJ3mhBO1rvaUNgtOChxYUBA7K',NULL,NULL,NULL,'0',NULL,46,46,'2019-05-21 12:43:57','2019-10-30 03:26:59',NULL),(364,'NOR AZZATUL AKMARISHA BINTI SERJALI','azzatul@mpc.gov.my','940801086140','$2y$10$1zCA8PUnZdQNqucR..lp9.Mmc1dwSHf2mlXRSrMveOcmJyYFf7lg.','1','1','0',NULL,NULL,NULL,NULL,'0',NULL,46,46,'2019-05-27 15:13:16','2019-05-27 03:13:29',NULL),(365,'NURUL NADIA BINTI ABDUL PATAH','nuruln@mpc.gov.my','950526145298','$2y$10$cTfHHgcjCkySCxqBosbfUue.Fm9JQJ8FrXzmQPh2wzB08DzTZ75fC','1','1','0','yhAaWocpvVMVWGLKQvyIIQKt1bKHdOz481B4F55KTZkDLzwZIRSvN9Kf9bgk',NULL,NULL,NULL,'0',NULL,46,46,'2019-06-12 13:38:57','2021-01-04 08:54:26',NULL),(366,'MAHZAR REZZA BIN ITHNIN','mahzar@mpc.gov.my','860306335779','$2y$10$aOA32i7OyFfDHSqOvMK9ZOL8iBaaLuAlrK.SQv7Y.kW6.itmzE05K','1','1','0','h3QmRRJNkpVzobaKNjvNvD3yzkYVoFSOTIGFMTsNJNAI7xnIcPRzRfiLV2Gw',NULL,NULL,NULL,'0',NULL,46,366,'2019-06-19 16:52:18','2020-02-20 15:38:41',NULL),(367,'NURRUL NUR AISYAH HAMRAN','nurrul@mpc.gov.my','950829135206','$2y$10$9RVaYPZ3sCcEvmUZ1h4Pb./oowUYhHXS.FvEfM8E8FEiiM9l16WrO','1','1','0','RfJnH0RxZZAJPfVqqZYBTyDBs0q9NvbdtD6FcYiOQu3HskxgSHkHYQJJOC7B',NULL,NULL,NULL,'0',NULL,46,275,'2019-06-25 15:02:35','2021-01-04 08:54:09',NULL),(368,'NORLIYANA BINTI MOHD SHAMSUDDIN','norliyanas@mpc.gov.my','920812105660','$2y$10$7PNQImuZK5LiW4M5htQ/mOeIn0zO4igECDj1y1e5/Ae3KW0tTWuaa','1','1','0','GvJttw3VfnUnvZP4RuLFfUhZZF0KoI6kIO6WQ5RFExNcQEhYyrVsS05xO6qT',NULL,NULL,NULL,'0',NULL,46,46,'2019-07-02 13:19:42','2019-07-02 01:56:25',NULL),(369,'NIK NUR ATIQAH BINTI SAIDI','niknuratiqah@mpc.gov.my','920916035644','$2y$10$YDe1NMI4UKGE1t3EeTrRQu9BeIO25dgVFo9WoAiUPW4h0X752zQ/2','1','1','0','hqcC7B4WsJHt4SFaPvNJ7pkhXlmN1WiRKmaCoBbu8nmdw4njkjozCbYw13rt',NULL,NULL,NULL,'0',NULL,46,369,'2019-07-05 18:44:38','2019-11-14 16:08:33',NULL),(370,'SARAH AFIQAH BINTI KAMARUZAMAN','sarah@mpc.gov.my','970218145040','$2y$10$JmuZZVyszcvWf/gLWJUis.d595F/nId2JVV4H8TsNSLEcWo41aWWK','1','1','0','XskE5aNF7oF9BdQw7ex4xQp0IBIbIFcK1IkHwJyPzLcCdDOko7pABtSfrYSU',NULL,NULL,NULL,'0',NULL,46,275,'2019-07-22 15:30:15','2020-11-27 06:42:11',NULL),(371,'NURUL AZNEE BT ABDUL AZIZ','aznee@mpc.gov.my','930505106566','$2y$10$6G8OMvFSdCDkIAHsF05GPugW4pNqjnpyekl24H2.3wrup2wZmqb72','1','1','0','1a02dGkB57BO9z4WhU0gB2stkSwY0U9fjpR2d3NDS9BFey6U3cjBTWha5srg',NULL,NULL,NULL,'0',NULL,46,46,'2019-07-22 15:32:38','2019-07-25 06:39:00',NULL),(372,'NUR AISYA AIDA BINTI KHAIRUL SALLEH','nuraisya@mpc.gov.my','960623105318','$2y$10$gbYUlLGLSYS6G2375rlggOVV6zmTWZA6lBGjlisWvp.g55Z5EFp.S','1','1','0','NqZJGtgTgy0gL58ivxsJ1siyPgJsqQiUUITtMN3SeWporfXiBoXCL7jkqUFz',NULL,NULL,NULL,'0',NULL,46,46,'2019-07-25 19:31:17','2019-09-26 08:16:39',NULL),(373,'ANIS UMAIRAH BINTI JASNI','anisumairah@mpc.gov.my','941212065370','$2y$10$Agh/pjAhyI1K.4ThwHzN3OCbGQ3dorODj/AHv9PlkvxJTfQGYyuUC','1','1','0','wY8aTL3aoZhtohODtg8jjSop7Ay7BBghpLm8NmcAsr5yp3VyBU0M7UvwTlQV',NULL,NULL,NULL,'0',NULL,46,46,'2019-07-29 19:02:30','2020-01-22 02:38:11',NULL),(374,'NORNADIA BINTI OMAR','nornadia@mpc.gov.my','910330036544','$2y$10$OE4tRMWlM6cd7rhB.dPrP.SCJXAyWuDazLkKjDku2j2gnmm1vipEq','1','1','0','37tYPp8zJvFaVKQWuT50iQf6CyaSVMvxqKCKhR4PIg8cNaDQf0NvDjiMDzs7',NULL,NULL,NULL,'0',NULL,46,46,'2019-08-26 12:30:02','2019-08-26 07:22:55',NULL),(375,'MOHD AFIQ BIN MOHD ADNAN','mohdafiqn@mpc.gov.my','890219136111','$2y$10$Syg7mFJBQqL5KUk/VQtJ/.U41r1oqFdxx0I2qWRjsay75Xd76CCBu','1','1','0',NULL,NULL,NULL,NULL,'0',NULL,46,46,'2019-08-28 19:37:45','2019-08-28 07:37:49',NULL),(376,'NANCY ANAK JOAN','nancy@mpc.gov.my','950124136348','$2y$10$c83MWEtQXKpfBb6r.AHmou/Cv/.pHgnxdIEUGfyR20/U7okKloVMe','1','1','0','eD3vyioQk23ew5OBrgqqfTtLoBl695x2dE7Ete2YlpPamWnT4Xz4FfaZxhx4',NULL,NULL,NULL,'0',NULL,46,275,'2019-09-23 15:40:03','2020-11-27 06:42:43',NULL),(377,'YOGESVARI A/P SAMBASEVAM','yogesvari@mpc.gov.my','910210025912','$2y$10$RS5G2JWammFp979gpH81.uQza0CVNehbXof4clGJIOValksBTXJge','1','1','0','Yi1uGpvuBL8kJpRdQAnhRb6SP18VXfK4QDujKQlKN4HuvHtiTO8vYRnbhgr4',NULL,NULL,NULL,'0',NULL,46,275,'2019-10-07 14:51:06','2020-11-27 06:42:31',NULL),(378,'NIK NUR MAISARAH NIK SOH','niknur@mpc.gov.my','951224035354','$2y$10$L8oQgbqzhRaWL1MqzfdKQ.PI6ArCV9Nhdsh0PDDGszaNVlQDNdBXG','1','1','0',NULL,NULL,NULL,NULL,'0',NULL,46,46,'2019-10-07 15:06:12','2019-10-07 03:06:18',NULL),(379,'NIK ZARITH ELIDA BINTI NIK RAMLI','nikzarith@mpc.gov.my','950406035924','$2y$10$sykMm9Vp8eSgqaAk4zpFjOmBQyvoYUQwu70mDXyUVTU1Kww7r/drK','0','1','0','Kbejb7Auni9kIWwac0wXakcpAPXxUOTjFM5FXjaA4BUAkR4pQxNSIRKXYDVY',NULL,NULL,NULL,'0',NULL,46,46,'2019-10-15 12:46:24','2020-10-15 04:28:47',NULL),(380,'MOHD SYAMAEL BIN MOHD NASIR','syamaelr@mpc.gov.my','931007015295','$2y$10$ECLjRl6FGKg.4JlCBMI4he6O2GTKWzi5lRjvpt2bRwBhFjXFl63ya','1','1','0',NULL,NULL,NULL,NULL,'0',NULL,46,46,'2019-11-18 18:18:05','2019-11-18 05:18:25',NULL),(381,'AISYAH BINTI ISMAIL','aisyah@mpc.gov.my','940502115546','$2y$10$ByXJ4Fx3aoR5g5DGQOiVrOhJ6o3VNbCrp1MG3kgoYYn2cp8q6Kz3W','1','1','0',NULL,NULL,NULL,NULL,'0',NULL,46,46,'2020-01-28 13:35:34','2020-01-28 00:35:57',NULL),(382,'NUR MUNIRAH BINTI MUSTAFFA KAMAL','munirah@mpc.gov.my','940908106180','$2y$10$co/OkDZUWa8Xg6i.92RqRuZ0VSscJvRA7VRV0OKt.ocbCUvY6Unwe','1','1','0','BGyeXF7kDJEolITsRFMZw1yZW8iYyFvwVRNLpfojz2GJUOnwXpXH3RnEp7NA',NULL,NULL,NULL,'0',NULL,275,275,'2020-11-27 05:24:14','2021-01-04 07:01:55',NULL),(383,'DANIAL ZARKASYI BIN MAZLAN','danial@mpc.gov.my','910703105531','$2y$10$wyrqfqA/6TrgJYcNkjT1uuijVn7s3ZEiP60TPu6z1l6hsKgSf7/m6','1','1','0',NULL,NULL,NULL,NULL,'0',NULL,275,275,'2020-11-27 05:51:19','2021-01-04 01:14:13',NULL),(384,'LIM EU YIK KRISHEN','krishen@mpc.gov.my','930319105017','$2y$10$IcFqrCmrqA5Qt6AYtAv.Q.2S8he3DqY.hpcYQiNkdviDbwaZaZFiW','1','1','0',NULL,NULL,NULL,NULL,'0',NULL,275,275,'2020-11-27 05:52:36','2020-11-27 06:43:14',NULL),(385,'MOHD SHAHRILL RIZA BIN MOHD FADZILAH','riza@mpc.gov.my','910909115321','$2y$10$U4/g1xcwNfcN5RQo8/WCJOA1jlAKUGkIz8mBl4dEdQYkYe9u05YlO','1','1','0',NULL,NULL,NULL,NULL,'0',NULL,275,275,'2020-11-27 05:54:20','2020-11-27 06:43:35',NULL),(386,'MUHAMMAD FAHMI ASYRAF BIN ABD. KAHAR','fahmiasyraf@mpc.gov.my','981222106785','$2y$10$rGSd3uWTj3Cp/7l.X/sih.pglJeAc4UeMyaH9xMFFfSiD.IMIj.uS','1','1','0',NULL,NULL,NULL,NULL,'0',NULL,275,275,'2020-11-27 05:55:57','2020-11-27 06:44:03',NULL),(387,'NORHASMIRA BINTI MD SUHAIMI','norhasmira@mpc.gov.my','910308146130','$2y$10$dkyn01BJ2VfQpH/Fq79UEOBRbAYTtSXEHchDoJa1UlT.GraT7Cb4u','1','1','0',NULL,NULL,NULL,NULL,'0',NULL,275,275,'2020-11-27 05:59:32','2020-11-27 06:44:36',NULL),(388,'NUR AISYAH BINTI AHMAD JAILANI','nuraisyah@mpc.gov.my','990927106384','$2y$10$FU/5mUk/n5YcmRg0am27NedKtdFFRdal8q4ZStkS7c48yNX7adTmG','1','1','0','I5P7d4a1P7b5wAA25nx9eJujG9rP79ox5RPddIQq60PYF5ec0KoaCa2IsJgb',NULL,NULL,NULL,'0',NULL,275,275,'2020-11-27 06:00:42','2020-12-03 02:08:32',NULL),(389,'NUR SYAWAL BIN MOHAMAD SHARIF','syawal@mpc.gov.my','890514145547','$2y$10$1L5yOCoYirqiuU7ZAEYIruPr3oitLbVPsqPMaSCxprr2Fq/0qxRi2','1','1','0',NULL,NULL,NULL,NULL,'0',NULL,275,31,'2020-11-27 06:02:39','2020-12-01 02:48:55',NULL),(390,'JENNIFER KAVITHAMBIGAI PANIR SILVAM','jennifer@mpc.gov.my','990709089280','$2y$10$gXZclQH6RC/Xz0ksn6pxnOiCIUsHHF2zO9QYhCciNsC.URcuIhFFa','1','1','0','CHDsJaEFMwCAqD4ySqIyU7n7JQ9bxJk5ChWZP9H19jLEj9oyd2OyGby8vE6M',NULL,NULL,NULL,'0',NULL,275,31,'2020-11-27 06:03:45','2021-06-23 05:30:46',NULL),(391,'PUTERI NABILAH HUSNA BINTI ZULKEFLEE','puteri@mpc.gov.my','980224016260','$2y$10$191Qr8j8pBrjpVhI.LTpiObbDHKgRFmPfnc9/.SM1eLUMfu2nA7ZW','1','1','0',NULL,NULL,NULL,NULL,'0',NULL,275,275,'2020-11-27 06:18:34','2020-11-27 06:44:27',NULL),(392,'AMALINA SAPIREN','amalina@mpc.gov.my','940902015050','$2y$10$VC4bu4lpfy6BJfYRJz0Pouig46KMlMuR1ctdbRmPhVh6dnFs5mjU.','0','1','0',NULL,NULL,NULL,NULL,'0',NULL,275,275,'2020-12-30 05:05:05','2021-01-03 16:23:59',NULL),(393,'TAJODIN BIN SANUSI',NULL,'470901015813','$2y$10$gw0izPMU3RRuC4YfPSl4m.kGzqtxT9mby73D.yAouGl/p8agf1LQa','0','0','0',NULL,NULL,'en',NULL,'0',NULL,2,2,'2021-06-20 12:05:28','2021-06-20 13:14:34',NULL),(394,'MOHD ZULKIFLI BIN ITAM',NULL,'510117105317','$2y$10$gw0izPMU3RRuC4YfPSl4m.kGzqtxT9mby73D.yAouGl/p8agf1LQa','0','0','0',NULL,NULL,'en',NULL,'0',NULL,2,2,'2021-06-20 12:05:28','2021-06-20 13:14:34',NULL),(395,'GOH SWEE SEANG',NULL,'510613075049','$2y$10$gw0izPMU3RRuC4YfPSl4m.kGzqtxT9mby73D.yAouGl/p8agf1LQa','0','0','0',NULL,NULL,'en',NULL,'0',NULL,2,2,'2021-06-20 12:05:28','2021-06-21 11:30:35',NULL),(396,'ANDREW WING KAY CHAN',NULL,'51814681','$2y$10$gw0izPMU3RRuC4YfPSl4m.kGzqtxT9mby73D.yAouGl/p8agf1LQa','0','0','0',NULL,NULL,'en',NULL,'0',NULL,2,2,'2021-06-20 12:05:28','2021-06-20 12:05:28',NULL),(397,'OOI SAY CHUAN',NULL,'521019075437','$2y$10$gw0izPMU3RRuC4YfPSl4m.kGzqtxT9mby73D.yAouGl/p8agf1LQa','0','0','0',NULL,NULL,'en',NULL,'0',NULL,2,2,'2021-06-20 12:05:28','2021-06-21 11:30:35',NULL),(398,'FAZIL SHUHAIMI BIN HAJI TALIB',NULL,'530910085647','$2y$10$gw0izPMU3RRuC4YfPSl4m.kGzqtxT9mby73D.yAouGl/p8agf1LQa','0','0','0',NULL,NULL,'en',NULL,'0',NULL,2,2,'2021-06-20 12:05:28','2021-06-21 11:30:35',NULL),(399,'SANTHRAMORGAN VARATHARAJU',NULL,'531205025037','$2y$10$gw0izPMU3RRuC4YfPSl4m.kGzqtxT9mby73D.yAouGl/p8agf1LQa','0','0','0',NULL,NULL,'en',NULL,'0',NULL,2,2,'2021-06-20 12:05:28','2021-06-20 13:14:34',NULL),(400,'YOONG KEE SIN',NULL,'531229055273','$2y$10$gw0izPMU3RRuC4YfPSl4m.kGzqtxT9mby73D.yAouGl/p8agf1LQa','0','0','0',NULL,NULL,'en',NULL,'0',NULL,2,2,'2021-06-20 12:05:28','2021-06-21 11:30:35',NULL),(401,'ABD RASHID ANUAR BIN ZAKARIA',NULL,'540312086171','$2y$10$gw0izPMU3RRuC4YfPSl4m.kGzqtxT9mby73D.yAouGl/p8agf1LQa','0','0','0',NULL,NULL,'en',NULL,'0',NULL,2,2,'2021-06-20 12:05:28','2021-06-20 13:14:34',NULL),(402,'KASUDDIN BIN MD YASIN',NULL,'540625105767','$2y$10$gw0izPMU3RRuC4YfPSl4m.kGzqtxT9mby73D.yAouGl/p8agf1LQa','0','0','0',NULL,NULL,'en',NULL,'0',NULL,2,2,'2021-06-20 12:05:28','2021-06-21 11:30:35',NULL),(403,'ABD WAHAB BIN IKHSAN',NULL,'540825015053','$2y$10$gw0izPMU3RRuC4YfPSl4m.kGzqtxT9mby73D.yAouGl/p8agf1LQa','0','0','0',NULL,NULL,'en',NULL,'0',NULL,2,2,'2021-06-20 12:05:28','2021-06-20 13:14:34',NULL),(404,'PHAN POH CHOO',NULL,'540911085904','$2y$10$gw0izPMU3RRuC4YfPSl4m.kGzqtxT9mby73D.yAouGl/p8agf1LQa','0','0','0',NULL,NULL,'en',NULL,'0',NULL,2,2,'2021-06-20 12:05:28','2021-06-21 11:30:35',NULL),(405,'ISHAK BIN SALLEH',NULL,'540923025255','$2y$10$gw0izPMU3RRuC4YfPSl4m.kGzqtxT9mby73D.yAouGl/p8agf1LQa','0','0','0',NULL,NULL,'en',NULL,'0',NULL,2,2,'2021-06-20 12:05:28','2021-06-20 13:14:34',NULL),(406,'SANGARAN A/L NARAYANAN',NULL,'550217085567','$2y$10$gw0izPMU3RRuC4YfPSl4m.kGzqtxT9mby73D.yAouGl/p8agf1LQa','0','0','0',NULL,NULL,'en',NULL,'0',NULL,2,2,'2021-06-20 12:05:28','2021-06-21 11:30:35',NULL),(407,'NOELINE CHANAN SINGH',NULL,'550322105400','$2y$10$gw0izPMU3RRuC4YfPSl4m.kGzqtxT9mby73D.yAouGl/p8agf1LQa','0','0','0',NULL,NULL,'en',NULL,'0',NULL,2,2,'2021-06-20 12:05:28','2021-06-21 11:30:35',NULL),(408,'HAMDI BIN OTHMAN',NULL,'550324025551','$2y$10$gw0izPMU3RRuC4YfPSl4m.kGzqtxT9mby73D.yAouGl/p8agf1LQa','0','0','0',NULL,NULL,'en',NULL,'0',NULL,2,2,'2021-06-20 12:05:28','2021-06-21 11:30:35',NULL),(409,'LEE BOON TECK',NULL,'550514075277','$2y$10$gw0izPMU3RRuC4YfPSl4m.kGzqtxT9mby73D.yAouGl/p8agf1LQa','0','0','0',NULL,NULL,'en',NULL,'0',NULL,2,2,'2021-06-20 12:05:28','2021-06-21 11:30:35',NULL),(410,'DATO\' DR AMIN KHAN',NULL,'550520136179','$2y$10$gw0izPMU3RRuC4YfPSl4m.kGzqtxT9mby73D.yAouGl/p8agf1LQa','0','0','0',NULL,NULL,'en',NULL,'0',NULL,2,2,'2021-06-20 12:05:28','2021-06-21 11:30:35',NULL),(411,'WAN HASSAN BIN W KADIR',NULL,'550613035155','$2y$10$gw0izPMU3RRuC4YfPSl4m.kGzqtxT9mby73D.yAouGl/p8agf1LQa','0','0','0',NULL,NULL,'en',NULL,'0',NULL,2,2,'2021-06-20 12:05:28','2021-06-20 13:14:34',NULL),(412,'LOK LEE LEE',NULL,'550920075010','$2y$10$gw0izPMU3RRuC4YfPSl4m.kGzqtxT9mby73D.yAouGl/p8agf1LQa','0','0','0',NULL,NULL,'en',NULL,'0',NULL,2,2,'2021-06-20 12:05:28','2021-06-21 11:30:35',NULL),(413,'MEGAT AKBARRUDIN MEGAT ISMAIL',NULL,'560129085611','$2y$10$gw0izPMU3RRuC4YfPSl4m.kGzqtxT9mby73D.yAouGl/p8agf1LQa','0','0','0',NULL,NULL,'en',NULL,'0',NULL,2,2,'2021-06-20 12:05:28','2021-06-21 11:30:35',NULL),(414,'KAMARUDIN MAMAT',NULL,'560216035129','$2y$10$gw0izPMU3RRuC4YfPSl4m.kGzqtxT9mby73D.yAouGl/p8agf1LQa','0','0','0',NULL,NULL,'en',NULL,'0',NULL,2,2,'2021-06-20 12:05:28','2021-06-21 11:30:35',NULL),(415,'PARMINDAR SINGH',NULL,'560216055533','$2y$10$gw0izPMU3RRuC4YfPSl4m.kGzqtxT9mby73D.yAouGl/p8agf1LQa','0','0','0',NULL,NULL,'en',NULL,'0',NULL,2,2,'2021-06-20 12:05:28','2021-06-21 11:30:35',NULL),(416,'ARONI BIN MAT ISA',NULL,'560305095043','$2y$10$gw0izPMU3RRuC4YfPSl4m.kGzqtxT9mby73D.yAouGl/p8agf1LQa','0','0','0',NULL,NULL,'en',NULL,'0',NULL,2,2,'2021-06-20 12:05:28','2021-06-21 11:30:35',NULL),(417,'DR. MOHD KAMIL YUSOFF',NULL,'560317035187','$2y$10$gw0izPMU3RRuC4YfPSl4m.kGzqtxT9mby73D.yAouGl/p8agf1LQa','0','0','0',NULL,NULL,'en',NULL,'0',NULL,2,2,'2021-06-20 12:05:28','2021-06-20 13:14:34',NULL),(418,'OMAR BIN OTHMAN',NULL,'560327025599','$2y$10$gw0izPMU3RRuC4YfPSl4m.kGzqtxT9mby73D.yAouGl/p8agf1LQa','0','0','0',NULL,NULL,'en',NULL,'0',NULL,2,2,'2021-06-20 12:05:28','2021-06-21 11:30:35',NULL),(419,'NIK MUSTAFA BIN RAJA SALLEH',NULL,'560428035489','$2y$10$gw0izPMU3RRuC4YfPSl4m.kGzqtxT9mby73D.yAouGl/p8agf1LQa','0','0','0',NULL,NULL,'en',NULL,'0',NULL,2,2,'2021-06-20 12:05:28','2021-06-20 13:14:34',NULL),(420,'RODNEY JOSEPH ESPECKERMAN',NULL,'560520055247','$2y$10$gw0izPMU3RRuC4YfPSl4m.kGzqtxT9mby73D.yAouGl/p8agf1LQa','0','0','0',NULL,NULL,'en',NULL,'0',NULL,2,2,'2021-06-20 12:05:28','2021-06-20 13:14:34',NULL),(421,'PROF. DR. AHMAD ZAKI BIN A BAKAR',NULL,'560529025247','$2y$10$gw0izPMU3RRuC4YfPSl4m.kGzqtxT9mby73D.yAouGl/p8agf1LQa','0','0','0',NULL,NULL,'en',NULL,'0',NULL,2,2,'2021-06-20 12:05:28','2021-06-21 11:30:35',NULL),(422,'ISMAIL BIN HASHIM',NULL,'560605075423','$2y$10$gw0izPMU3RRuC4YfPSl4m.kGzqtxT9mby73D.yAouGl/p8agf1LQa','0','0','0',NULL,NULL,'en',NULL,'0',NULL,2,2,'2021-06-20 12:05:28','2021-06-20 13:14:34',NULL),(423,'CHUA KEE MOH',NULL,'560731106067','$2y$10$gw0izPMU3RRuC4YfPSl4m.kGzqtxT9mby73D.yAouGl/p8agf1LQa','0','0','0',NULL,NULL,'en',NULL,'0',NULL,2,2,'2021-06-20 12:05:28','2021-06-21 11:30:35',NULL),(424,'CHAN SENG KIT',NULL,'570506016369','$2y$10$gw0izPMU3RRuC4YfPSl4m.kGzqtxT9mby73D.yAouGl/p8agf1LQa','0','0','0',NULL,NULL,'en',NULL,'0',NULL,2,2,'2021-06-20 12:05:28','2021-06-21 11:30:35',NULL),(425,'SHARIFAH NORMAH BINTI SYED OMAR',NULL,'570613115500','$2y$10$gw0izPMU3RRuC4YfPSl4m.kGzqtxT9mby73D.yAouGl/p8agf1LQa','0','0','0',NULL,NULL,'en',NULL,'0',NULL,2,2,'2021-06-20 12:05:28','2021-06-21 11:30:35',NULL),(426,'SYED ABDULLAH BIN SYED HASHIM',NULL,'570701065443','$2y$10$gw0izPMU3RRuC4YfPSl4m.kGzqtxT9mby73D.yAouGl/p8agf1LQa','0','0','0',NULL,NULL,'en',NULL,'0',NULL,2,2,'2021-06-20 12:05:28','2021-06-20 13:14:34',NULL),(427,'ABD RAHMAN ABD RAHIM',NULL,'570828055939','$2y$10$gw0izPMU3RRuC4YfPSl4m.kGzqtxT9mby73D.yAouGl/p8agf1LQa','0','0','0',NULL,NULL,'en',NULL,'0',NULL,2,2,'2021-06-20 12:05:28','2021-06-20 13:14:34',NULL),(428,'LAILAH BINTI CHE MOHD DARUS',NULL,'571016035398','$2y$10$gw0izPMU3RRuC4YfPSl4m.kGzqtxT9mby73D.yAouGl/p8agf1LQa','0','0','0',NULL,NULL,'en',NULL,'0',NULL,2,2,'2021-06-20 12:05:28','2021-06-20 13:14:34',NULL),(429,'LIEW YUEN CHUN',NULL,'571112105050','$2y$10$gw0izPMU3RRuC4YfPSl4m.kGzqtxT9mby73D.yAouGl/p8agf1LQa','0','0','0',NULL,NULL,'en',NULL,'0',NULL,2,2,'2021-06-20 12:05:28','2021-06-21 11:30:35',NULL),(430,'CHUA GEOK BOON',NULL,'571118115129','$2y$10$gw0izPMU3RRuC4YfPSl4m.kGzqtxT9mby73D.yAouGl/p8agf1LQa','0','0','0',NULL,NULL,'en',NULL,'0',NULL,2,2,'2021-06-20 12:05:28','2021-06-20 13:14:34',NULL),(431,'TIONG KHE HOCK',NULL,'571218085385','$2y$10$gw0izPMU3RRuC4YfPSl4m.kGzqtxT9mby73D.yAouGl/p8agf1LQa','0','0','0',NULL,NULL,'en',NULL,'0',NULL,2,2,'2021-06-20 12:05:28','2021-06-21 11:30:35',NULL),(432,'G. ANTHONY MARIADAS (TONY MARIADASS)',NULL,'580615105997','$2y$10$gw0izPMU3RRuC4YfPSl4m.kGzqtxT9mby73D.yAouGl/p8agf1LQa','0','0','0',NULL,NULL,'en',NULL,'0',NULL,2,2,'2021-06-20 12:05:28','2021-06-20 12:05:28',NULL),(433,'ZULKIFLI BIN IBRAHIM',NULL,'580723025513','$2y$10$gw0izPMU3RRuC4YfPSl4m.kGzqtxT9mby73D.yAouGl/p8agf1LQa','0','0','0',NULL,NULL,'en',NULL,'0',NULL,2,2,'2021-06-20 12:05:28','2021-06-21 11:30:35',NULL),(434,'AB AZIZ BIN SALLEH',NULL,'580802035701','$2y$10$gw0izPMU3RRuC4YfPSl4m.kGzqtxT9mby73D.yAouGl/p8agf1LQa','0','0','0',NULL,NULL,'en',NULL,'0',NULL,2,2,'2021-06-20 12:05:28','2021-06-20 13:14:34',NULL),(435,'TAN BENG TEONG',NULL,'580828035339','$2y$10$gw0izPMU3RRuC4YfPSl4m.kGzqtxT9mby73D.yAouGl/p8agf1LQa','0','0','0',NULL,NULL,'en',NULL,'0',NULL,2,2,'2021-06-20 12:05:28','2021-06-20 13:14:34',NULL),(436,'AB AZIZ BIN AB RAHMAN',NULL,'580828035443','$2y$10$gw0izPMU3RRuC4YfPSl4m.kGzqtxT9mby73D.yAouGl/p8agf1LQa','0','0','0',NULL,NULL,'en',NULL,'0',NULL,2,2,'2021-06-20 12:05:28','2021-06-21 11:30:35',NULL),(437,'NOOR HASHIMAH BINTI ABDUL AHAFUR',NULL,'580921021958','$2y$10$gw0izPMU3RRuC4YfPSl4m.kGzqtxT9mby73D.yAouGl/p8agf1LQa','0','0','0',NULL,NULL,'en',NULL,'0',NULL,2,2,'2021-06-20 12:05:28','2021-06-21 11:30:35',NULL),(438,'DR NORSAIDATUL AKMAR BINTI MAZELAN',NULL,'581022085112','$2y$10$gw0izPMU3RRuC4YfPSl4m.kGzqtxT9mby73D.yAouGl/p8agf1LQa','0','0','0',NULL,NULL,'en',NULL,'0',NULL,2,2,'2021-06-20 12:05:28','2021-06-21 11:30:35',NULL),(439,'LEONG KIN CHOONG',NULL,'581023085659','$2y$10$gw0izPMU3RRuC4YfPSl4m.kGzqtxT9mby73D.yAouGl/p8agf1LQa','0','0','0',NULL,NULL,'en',NULL,'0',NULL,2,2,'2021-06-20 12:05:28','2021-06-21 11:30:35',NULL),(440,'FARID BIN FAIZ',NULL,'581029075283','$2y$10$gw0izPMU3RRuC4YfPSl4m.kGzqtxT9mby73D.yAouGl/p8agf1LQa','0','0','0',NULL,NULL,'en',NULL,'0',NULL,2,2,'2021-06-20 12:05:28','2021-06-20 13:14:34',NULL),(441,'DR. M. SUGUMARAN',NULL,'581205025315','$2y$10$gw0izPMU3RRuC4YfPSl4m.kGzqtxT9mby73D.yAouGl/p8agf1LQa','0','0','0',NULL,NULL,'en',NULL,'0',NULL,2,2,'2021-06-20 12:05:28','2021-06-20 13:14:34',NULL),(442,'THIRUMALAI KUPPUSAMY',NULL,'590205085283','$2y$10$gw0izPMU3RRuC4YfPSl4m.kGzqtxT9mby73D.yAouGl/p8agf1LQa','0','0','0',NULL,NULL,'en',NULL,'0',NULL,2,2,'2021-06-20 12:05:28','2021-06-21 11:30:35',NULL),(443,'ANTHONY TAN ENG LAN',NULL,'590302015033','$2y$10$gw0izPMU3RRuC4YfPSl4m.kGzqtxT9mby73D.yAouGl/p8agf1LQa','0','0','0',NULL,NULL,'en',NULL,'0',NULL,2,2,'2021-06-20 12:05:28','2021-06-20 13:14:34',NULL),(444,'KATIJAH ATAN',NULL,'590305715086','$2y$10$gw0izPMU3RRuC4YfPSl4m.kGzqtxT9mby73D.yAouGl/p8agf1LQa','0','0','0',NULL,NULL,'en',NULL,'0',NULL,2,2,'2021-06-20 12:05:28','2021-06-21 11:30:35',NULL),(445,'JOHARI BIN ISMAIL',NULL,'590308015923','$2y$10$gw0izPMU3RRuC4YfPSl4m.kGzqtxT9mby73D.yAouGl/p8agf1LQa','0','0','0',NULL,NULL,'en',NULL,'0',NULL,2,2,'2021-06-20 12:05:28','2021-06-20 13:14:34',NULL),(446,'DATO\' DR MOHAMED NOOR SANY',NULL,'590419085271','$2y$10$gw0izPMU3RRuC4YfPSl4m.kGzqtxT9mby73D.yAouGl/p8agf1LQa','0','0','0',NULL,NULL,'en',NULL,'0',NULL,2,2,'2021-06-20 12:05:28','2021-06-21 11:30:35',NULL),(447,'DR. MOHHIDIN BIN OTHMAN',NULL,'590612025167','$2y$10$gw0izPMU3RRuC4YfPSl4m.kGzqtxT9mby73D.yAouGl/p8agf1LQa','0','0','0',NULL,NULL,'en',NULL,'0',NULL,2,2,'2021-06-20 12:05:28','2021-06-21 11:30:35',NULL),(448,'HARIDASS A/L NAGALINGAM',NULL,'590918105379','$2y$10$gw0izPMU3RRuC4YfPSl4m.kGzqtxT9mby73D.yAouGl/p8agf1LQa','0','0','0',NULL,NULL,'en',NULL,'0',NULL,2,2,'2021-06-20 12:05:28','2021-06-21 11:30:35',NULL),(449,'NIK ROSDI BIN NIK YUSOFF',NULL,'591022035333','$2y$10$gw0izPMU3RRuC4YfPSl4m.kGzqtxT9mby73D.yAouGl/p8agf1LQa','0','0','0',NULL,NULL,'en',NULL,'0',NULL,2,2,'2021-06-20 12:05:28','2021-06-20 13:14:34',NULL),(450,'ISHAK BIN AB RAHMAN',NULL,'591208035227','$2y$10$gw0izPMU3RRuC4YfPSl4m.kGzqtxT9mby73D.yAouGl/p8agf1LQa','0','0','0',NULL,NULL,'en',NULL,'0',NULL,2,2,'2021-06-20 12:05:28','2021-06-20 13:14:34',NULL),(451,'KABIR AHMAD BIN MOHD JAMIL',NULL,'600101025303','$2y$10$gw0izPMU3RRuC4YfPSl4m.kGzqtxT9mby73D.yAouGl/p8agf1LQa','0','0','0',NULL,NULL,'en',NULL,'0',NULL,2,2,'2021-06-20 12:05:28','2021-06-21 11:30:35',NULL),(452,'MOHD ZIN UDIN',NULL,'600117055005','$2y$10$gw0izPMU3RRuC4YfPSl4m.kGzqtxT9mby73D.yAouGl/p8agf1LQa','0','0','0',NULL,NULL,'en',NULL,'0',NULL,2,2,'2021-06-20 12:05:28','2021-06-20 13:14:34',NULL),(453,'AHMAD NASAR BIN JOHARI',NULL,'600209085367','$2y$10$gw0izPMU3RRuC4YfPSl4m.kGzqtxT9mby73D.yAouGl/p8agf1LQa','0','0','0',NULL,NULL,'en',NULL,'0',NULL,2,2,'2021-06-20 12:05:28','2021-06-20 12:05:28',NULL),(454,'DR HJ NOORHISHAM MOHD ALWI',NULL,'600216015877','$2y$10$gw0izPMU3RRuC4YfPSl4m.kGzqtxT9mby73D.yAouGl/p8agf1LQa','0','0','0',NULL,NULL,'en',NULL,'0',NULL,2,2,'2021-06-20 12:05:28','2021-06-20 13:14:34',NULL),(455,'ABDUL RAHMAN BIN YAHYA',NULL,'600219025667','$2y$10$gw0izPMU3RRuC4YfPSl4m.kGzqtxT9mby73D.yAouGl/p8agf1LQa','0','0','0',NULL,NULL,'en',NULL,'0',NULL,2,2,'2021-06-20 12:05:28','2021-06-20 13:14:34',NULL),(456,'AZMAN BIN ZAKARIA',NULL,'600416085909','$2y$10$gw0izPMU3RRuC4YfPSl4m.kGzqtxT9mby73D.yAouGl/p8agf1LQa','0','0','0',NULL,NULL,'en',NULL,'0',NULL,2,2,'2021-06-20 12:05:28','2021-06-20 13:14:34',NULL),(457,'DR MOHD PAUZE BIN MOHAMAD TAHA',NULL,'600419045339','$2y$10$gw0izPMU3RRuC4YfPSl4m.kGzqtxT9mby73D.yAouGl/p8agf1LQa','0','0','0',NULL,NULL,'en',NULL,'0',NULL,2,2,'2021-06-20 12:05:28','2021-06-21 11:30:35',NULL),(458,'DATO\' DR ONG GUA PAK',NULL,'600428035167','$2y$10$gw0izPMU3RRuC4YfPSl4m.kGzqtxT9mby73D.yAouGl/p8agf1LQa','0','0','0',NULL,NULL,'en',NULL,'0',NULL,2,2,'2021-06-20 12:05:28','2021-06-20 12:05:28',NULL),(459,'SAIFUL ANWAR BIN ABU HASSAN',NULL,'600509105235','$2y$10$gw0izPMU3RRuC4YfPSl4m.kGzqtxT9mby73D.yAouGl/p8agf1LQa','0','0','0',NULL,NULL,'en',NULL,'0',NULL,2,2,'2021-06-20 12:05:28','2021-06-20 12:05:28',NULL),(460,'PAUZI BIN HANIPI',NULL,'600610035251','$2y$10$gw0izPMU3RRuC4YfPSl4m.kGzqtxT9mby73D.yAouGl/p8agf1LQa','0','0','0',NULL,NULL,'en',NULL,'0',NULL,2,2,'2021-06-20 12:05:28','2021-06-20 13:14:34',NULL),(461,'ARUNGKALATHEVAN A/L S. ANNAMALAI',NULL,'600630015725','$2y$10$gw0izPMU3RRuC4YfPSl4m.kGzqtxT9mby73D.yAouGl/p8agf1LQa','0','0','0',NULL,NULL,'en',NULL,'0',NULL,2,2,'2021-06-20 12:05:28','2021-06-20 13:14:34',NULL),(462,'WONG WING KIN',NULL,'600716105983','$2y$10$gw0izPMU3RRuC4YfPSl4m.kGzqtxT9mby73D.yAouGl/p8agf1LQa','0','0','0',NULL,NULL,'en',NULL,'0',NULL,2,2,'2021-06-20 12:05:28','2021-06-20 13:14:34',NULL),(463,'FAUZIAH BINTI TALIB',NULL,'600727016038','$2y$10$gw0izPMU3RRuC4YfPSl4m.kGzqtxT9mby73D.yAouGl/p8agf1LQa','0','0','0',NULL,NULL,'en',NULL,'0',NULL,2,2,'2021-06-20 12:05:28','2021-06-20 13:14:34',NULL),(464,'LIM HONG SIEW',NULL,'600810075063','$2y$10$gw0izPMU3RRuC4YfPSl4m.kGzqtxT9mby73D.yAouGl/p8agf1LQa','0','0','0',NULL,NULL,'en',NULL,'0',NULL,2,2,'2021-06-20 12:05:28','2021-06-20 13:14:34',NULL),(465,'ANUAR BIN PANDAK AHMAD',NULL,'600912086257','$2y$10$gw0izPMU3RRuC4YfPSl4m.kGzqtxT9mby73D.yAouGl/p8agf1LQa','0','0','0',NULL,NULL,'en',NULL,'0',NULL,2,2,'2021-06-20 12:05:28','2021-06-20 13:14:34',NULL),(466,'MARCUS PIERS OSBORNE',NULL,'600914875049','$2y$10$gw0izPMU3RRuC4YfPSl4m.kGzqtxT9mby73D.yAouGl/p8agf1LQa','0','0','0',NULL,NULL,'en',NULL,'0',NULL,2,2,'2021-06-20 12:05:28','2021-06-20 13:14:34',NULL),(467,'DZULKIFLI SIPON',NULL,'601212015025','$2y$10$gw0izPMU3RRuC4YfPSl4m.kGzqtxT9mby73D.yAouGl/p8agf1LQa','0','0','0',NULL,NULL,'en',NULL,'0',NULL,2,2,'2021-06-20 12:05:28','2021-06-21 11:30:35',NULL),(468,'ALLAN LEE SIT CHOY',NULL,'610105075825','$2y$10$gw0izPMU3RRuC4YfPSl4m.kGzqtxT9mby73D.yAouGl/p8agf1LQa','0','0','0',NULL,NULL,'en',NULL,'0',NULL,2,2,'2021-06-20 12:05:28','2021-06-20 13:14:34',NULL),(469,'MAZLAN ABBAS',NULL,'610123016247','$2y$10$gw0izPMU3RRuC4YfPSl4m.kGzqtxT9mby73D.yAouGl/p8agf1LQa','0','0','0',NULL,NULL,'en',NULL,'0',NULL,2,2,'2021-06-20 12:05:28','2021-06-21 11:30:35',NULL),(470,'AZMAN SHAH BIN D. AZIZ',NULL,'610304045389','$2y$10$gw0izPMU3RRuC4YfPSl4m.kGzqtxT9mby73D.yAouGl/p8agf1LQa','0','0','0',NULL,NULL,'en',NULL,'0',NULL,2,2,'2021-06-20 12:05:28','2021-06-20 13:14:34',NULL),(471,'TOH CHU HWA',NULL,'610307015396','$2y$10$gw0izPMU3RRuC4YfPSl4m.kGzqtxT9mby73D.yAouGl/p8agf1LQa','0','0','0',NULL,NULL,'en',NULL,'0',NULL,2,2,'2021-06-20 12:05:28','2021-06-20 13:14:34',NULL),(472,'NORHAYATI BINTI SHUJA',NULL,'610314015036','$2y$10$gw0izPMU3RRuC4YfPSl4m.kGzqtxT9mby73D.yAouGl/p8agf1LQa','0','0','0',NULL,NULL,'en',NULL,'0',NULL,2,2,'2021-06-20 12:05:28','2021-06-21 11:30:35',NULL),(473,'TS ZAINUDIN BIN ELIAS',NULL,'610322015239','$2y$10$gw0izPMU3RRuC4YfPSl4m.kGzqtxT9mby73D.yAouGl/p8agf1LQa','0','0','0',NULL,NULL,'en',NULL,'0',NULL,2,2,'2021-06-20 12:05:28','2021-06-21 11:30:35',NULL),(474,'HALIMATUS SAADIAH ALIAS',NULL,'610403055064','$2y$10$gw0izPMU3RRuC4YfPSl4m.kGzqtxT9mby73D.yAouGl/p8agf1LQa','0','0','0',NULL,NULL,'en',NULL,'0',NULL,2,2,'2021-06-20 12:05:28','2021-06-21 11:30:35',NULL),(475,'IR AZIZ BIN ISMAIL',NULL,'610410015263','$2y$10$gw0izPMU3RRuC4YfPSl4m.kGzqtxT9mby73D.yAouGl/p8agf1LQa','0','0','0',NULL,NULL,'en',NULL,'0',NULL,2,2,'2021-06-20 12:05:28','2021-06-20 12:05:28',NULL),(476,'MOHAMAD ABDUL KADIR BIN JOHARI',NULL,'610414135043','$2y$10$gw0izPMU3RRuC4YfPSl4m.kGzqtxT9mby73D.yAouGl/p8agf1LQa','0','0','0',NULL,NULL,'en',NULL,'0',NULL,2,2,'2021-06-20 12:05:28','2021-06-20 13:14:34',NULL),(477,'MUHAMMAD KHAIRUDDIN SOH',NULL,'610524036003','$2y$10$gw0izPMU3RRuC4YfPSl4m.kGzqtxT9mby73D.yAouGl/p8agf1LQa','0','0','0',NULL,NULL,'en',NULL,'0',NULL,2,2,'2021-06-20 12:05:28','2021-06-20 13:14:34',NULL),(478,'LIM CHEAN SHEN',NULL,'610606085351','$2y$10$gw0izPMU3RRuC4YfPSl4m.kGzqtxT9mby73D.yAouGl/p8agf1LQa','0','0','0',NULL,NULL,'en',NULL,'0',NULL,2,2,'2021-06-20 12:05:28','2021-06-20 13:14:34',NULL),(479,'RAJINI RAMLAN',NULL,'610626106367','$2y$10$gw0izPMU3RRuC4YfPSl4m.kGzqtxT9mby73D.yAouGl/p8agf1LQa','0','0','0',NULL,NULL,'en',NULL,'0',NULL,2,2,'2021-06-20 12:05:28','2021-06-20 12:05:28',NULL),(480,'DR HJ ZULKIFLI HASSAN',NULL,'610802715007','$2y$10$gw0izPMU3RRuC4YfPSl4m.kGzqtxT9mby73D.yAouGl/p8agf1LQa','0','0','0',NULL,NULL,'en',NULL,'0',NULL,2,2,'2021-06-20 12:05:28','2021-06-20 13:14:34',NULL),(481,'DATO\' NOOR ZALEHA BAHARUDDIN',NULL,'610804085926','$2y$10$gw0izPMU3RRuC4YfPSl4m.kGzqtxT9mby73D.yAouGl/p8agf1LQa','0','0','0',NULL,NULL,'en',NULL,'0',NULL,2,2,'2021-06-20 12:05:28','2021-06-21 11:30:35',NULL),(482,'MOHD FUAD BIN AHMAD',NULL,'610806015059','$2y$10$gw0izPMU3RRuC4YfPSl4m.kGzqtxT9mby73D.yAouGl/p8agf1LQa','0','0','0',NULL,NULL,'en',NULL,'0',NULL,2,2,'2021-06-20 12:05:28','2021-06-20 12:05:28',NULL),(483,'SOH BENG HOCK',NULL,'611114015861','$2y$10$gw0izPMU3RRuC4YfPSl4m.kGzqtxT9mby73D.yAouGl/p8agf1LQa','0','0','0',NULL,NULL,'en',NULL,'0',NULL,2,2,'2021-06-20 12:05:28','2021-06-21 11:30:35',NULL),(484,'AHMAD KAMAL BIN ABDUL HAMID',NULL,'611226025335','$2y$10$gw0izPMU3RRuC4YfPSl4m.kGzqtxT9mby73D.yAouGl/p8agf1LQa','0','0','0',NULL,NULL,'en',NULL,'0',NULL,2,2,'2021-06-20 12:05:28','2021-06-20 13:14:34',NULL),(485,'KU NOR IZAH KU ISMAIL',NULL,'620104025710','$2y$10$gw0izPMU3RRuC4YfPSl4m.kGzqtxT9mby73D.yAouGl/p8agf1LQa','0','0','0',NULL,NULL,'en',NULL,'0',NULL,2,2,'2021-06-20 12:05:28','2021-06-21 11:30:35',NULL),(486,'ISHAR BIN OMAR',NULL,'620113065159','$2y$10$gw0izPMU3RRuC4YfPSl4m.kGzqtxT9mby73D.yAouGl/p8agf1LQa','0','0','0',NULL,NULL,'en',NULL,'0',NULL,2,2,'2021-06-20 12:05:28','2021-06-20 13:14:34',NULL),(487,'DZULKIFLI BIN HAMZAH',NULL,'620217015535','$2y$10$gw0izPMU3RRuC4YfPSl4m.kGzqtxT9mby73D.yAouGl/p8agf1LQa','0','0','0',NULL,NULL,'en',NULL,'0',NULL,2,2,'2021-06-20 12:05:28','2021-06-20 12:05:28',NULL),(488,'AMINAH ABD RAHMAN',NULL,'620323106596','$2y$10$gw0izPMU3RRuC4YfPSl4m.kGzqtxT9mby73D.yAouGl/p8agf1LQa','0','0','0',NULL,NULL,'en',NULL,'0',NULL,2,2,'2021-06-20 12:05:28','2021-06-21 11:30:35',NULL),(489,'DR IZHAR CHE MEE',NULL,'620422106479','$2y$10$gw0izPMU3RRuC4YfPSl4m.kGzqtxT9mby73D.yAouGl/p8agf1LQa','0','0','0',NULL,NULL,'en',NULL,'0',NULL,2,2,'2021-06-20 12:05:28','2021-06-20 13:14:34',NULL),(490,'EMMY SURAYA BT HUSSEIN',NULL,'621231085526','$2y$10$gw0izPMU3RRuC4YfPSl4m.kGzqtxT9mby73D.yAouGl/p8agf1LQa','0','0','0',NULL,NULL,'en',NULL,'0',NULL,2,2,'2021-06-20 12:05:28','2021-06-21 11:30:35',NULL),(491,'MUHAMAD FUAAD BIN AMRAN',NULL,'630108715443','$2y$10$gw0izPMU3RRuC4YfPSl4m.kGzqtxT9mby73D.yAouGl/p8agf1LQa','0','0','0',NULL,NULL,'en',NULL,'0',NULL,2,2,'2021-06-20 12:05:28','2021-06-20 12:05:28',NULL),(492,'WAN ZAINAL ABIDIN BIN WAN HANAFI',NULL,'630408035407','$2y$10$gw0izPMU3RRuC4YfPSl4m.kGzqtxT9mby73D.yAouGl/p8agf1LQa','0','0','0',NULL,NULL,'en',NULL,'0',NULL,2,2,'2021-06-20 12:05:28','2021-06-20 12:05:28',NULL),(493,'NORA MORSHIDI',NULL,'630422135164','$2y$10$gw0izPMU3RRuC4YfPSl4m.kGzqtxT9mby73D.yAouGl/p8agf1LQa','0','0','0',NULL,NULL,'en',NULL,'0',NULL,2,2,'2021-06-20 12:05:28','2021-06-20 12:05:28',NULL),(494,'MAHADI BIN AHAMAD',NULL,'630522107435','$2y$10$gw0izPMU3RRuC4YfPSl4m.kGzqtxT9mby73D.yAouGl/p8agf1LQa','0','0','0',NULL,NULL,'en',NULL,'0',NULL,2,2,'2021-06-20 12:05:28','2021-06-20 13:14:34',NULL),(495,'MAZIBAH BINTI MOHD ZIN',NULL,'630623055048','$2y$10$gw0izPMU3RRuC4YfPSl4m.kGzqtxT9mby73D.yAouGl/p8agf1LQa','0','0','0',NULL,NULL,'en',NULL,'0',NULL,2,2,'2021-06-20 12:05:28','2021-06-20 13:14:34',NULL),(496,'WONG POH WEN',NULL,'630805715027','$2y$10$gw0izPMU3RRuC4YfPSl4m.kGzqtxT9mby73D.yAouGl/p8agf1LQa','0','0','0',NULL,NULL,'en',NULL,'0',NULL,2,2,'2021-06-20 12:05:28','2021-06-21 11:30:35',NULL),(497,'IKMAL HISHAM MOHD HASHIM',NULL,'630821085723','$2y$10$gw0izPMU3RRuC4YfPSl4m.kGzqtxT9mby73D.yAouGl/p8agf1LQa','0','0','0',NULL,NULL,'en',NULL,'0',NULL,2,2,'2021-06-20 12:05:28','2021-06-20 12:05:28',NULL),(498,'MOHD YAZID BIN JENIN',NULL,'63090915039','$2y$10$gw0izPMU3RRuC4YfPSl4m.kGzqtxT9mby73D.yAouGl/p8agf1LQa','0','0','0',NULL,NULL,'en',NULL,'0',NULL,2,2,'2021-06-20 12:05:28','2021-06-21 11:30:35',NULL),(499,'MOHD SHAHREEN ZAINOOREEN B MADROS',NULL,'631013715023','$2y$10$gw0izPMU3RRuC4YfPSl4m.kGzqtxT9mby73D.yAouGl/p8agf1LQa','0','0','0',NULL,NULL,'en',NULL,'0',NULL,2,2,'2021-06-20 12:05:28','2021-06-21 11:30:35',NULL),(500,'IR. HJ. RIWAYAT BIN MANSOR',NULL,'631014025657','$2y$10$gw0izPMU3RRuC4YfPSl4m.kGzqtxT9mby73D.yAouGl/p8agf1LQa','0','0','0',NULL,NULL,'en',NULL,'0',NULL,2,2,'2021-06-20 12:05:28','2021-06-20 13:14:34',NULL),(501,'MIRZA MANIRAJAH BIN ABDULLAH',NULL,'631031106889','$2y$10$gw0izPMU3RRuC4YfPSl4m.kGzqtxT9mby73D.yAouGl/p8agf1LQa','0','0','0',NULL,NULL,'en',NULL,'0',NULL,2,2,'2021-06-20 12:05:28','2021-06-20 13:14:34',NULL),(502,'MAT ZANI BIN PUTEH',NULL,'640105115871','$2y$10$gw0izPMU3RRuC4YfPSl4m.kGzqtxT9mby73D.yAouGl/p8agf1LQa','0','0','0',NULL,NULL,'en',NULL,'0',NULL,2,2,'2021-06-20 12:05:28','2021-06-20 13:14:34',NULL),(503,'LOURDES CHANDRAMOHAN S APPOLINARIS',NULL,'640316085529','$2y$10$gw0izPMU3RRuC4YfPSl4m.kGzqtxT9mby73D.yAouGl/p8agf1LQa','0','0','0',NULL,NULL,'en',NULL,'0',NULL,2,2,'2021-06-20 12:05:28','2021-06-20 13:14:34',NULL),(504,'CHEE KOK BENG',NULL,'640326075295','$2y$10$gw0izPMU3RRuC4YfPSl4m.kGzqtxT9mby73D.yAouGl/p8agf1LQa','0','0','0',NULL,NULL,'en',NULL,'0',NULL,2,2,'2021-06-20 12:05:28','2021-06-20 13:14:34',NULL),(505,'ANICETA V TAN (NANCY TAN)',NULL,'640417655068','$2y$10$gw0izPMU3RRuC4YfPSl4m.kGzqtxT9mby73D.yAouGl/p8agf1LQa','0','0','0',NULL,NULL,'en',NULL,'0',NULL,2,2,'2021-06-20 12:05:28','2021-06-21 11:30:35',NULL),(506,'MOHD ZAMRI BIN AMINUDDIN',NULL,'640531065467','$2y$10$gw0izPMU3RRuC4YfPSl4m.kGzqtxT9mby73D.yAouGl/p8agf1LQa','0','0','0',NULL,NULL,'en',NULL,'0',NULL,2,2,'2021-06-20 12:05:28','2021-06-20 13:14:34',NULL),(507,'ROZLIHAM BIN ALI',NULL,'640705107779','$2y$10$gw0izPMU3RRuC4YfPSl4m.kGzqtxT9mby73D.yAouGl/p8agf1LQa','0','0','0',NULL,NULL,'en',NULL,'0',NULL,2,2,'2021-06-20 12:05:28','2021-06-21 11:30:35',NULL),(508,'MUSTAPHA KAMAL BIN ZULKARNAIN',NULL,'641119106057','$2y$10$gw0izPMU3RRuC4YfPSl4m.kGzqtxT9mby73D.yAouGl/p8agf1LQa','0','0','0',NULL,NULL,'en',NULL,'0',NULL,2,2,'2021-06-20 12:05:28','2021-06-21 11:30:35',NULL),(509,'BASKARAN SUBRAMANIAM',NULL,'641128085251','$2y$10$gw0izPMU3RRuC4YfPSl4m.kGzqtxT9mby73D.yAouGl/p8agf1LQa','0','0','0',NULL,NULL,'en',NULL,'0',NULL,2,2,'2021-06-20 12:05:28','2021-06-20 13:14:34',NULL),(510,'AHMAD AZHAR BIN WAGIRAN',NULL,'650102105087','$2y$10$gw0izPMU3RRuC4YfPSl4m.kGzqtxT9mby73D.yAouGl/p8agf1LQa','0','0','0',NULL,NULL,'en',NULL,'0',NULL,2,2,'2021-06-20 12:05:28','2021-06-20 12:05:28',NULL),(511,'UZAIDI UDANIS',NULL,'650129025693','$2y$10$gw0izPMU3RRuC4YfPSl4m.kGzqtxT9mby73D.yAouGl/p8agf1LQa','0','0','0',NULL,NULL,'en',NULL,'0',NULL,2,2,'2021-06-20 12:05:28','2021-06-21 11:30:35',NULL),(512,'TAMIZARASU NANDAN',NULL,'650404016231','$2y$10$gw0izPMU3RRuC4YfPSl4m.kGzqtxT9mby73D.yAouGl/p8agf1LQa','0','0','0',NULL,NULL,'en',NULL,'0',NULL,2,2,'2021-06-20 12:05:28','2021-06-20 13:14:34',NULL),(513,'YUSNI BT MOHD SOM',NULL,'650510107858','$2y$10$gw0izPMU3RRuC4YfPSl4m.kGzqtxT9mby73D.yAouGl/p8agf1LQa','0','0','0',NULL,NULL,'en',NULL,'0',NULL,2,2,'2021-06-20 12:05:28','2021-06-20 12:05:28',NULL),(514,'MOHAMED NAZMI BIN SALLEHHUDDIN',NULL,'650630035457','$2y$10$gw0izPMU3RRuC4YfPSl4m.kGzqtxT9mby73D.yAouGl/p8agf1LQa','0','0','0',NULL,NULL,'en',NULL,'0',NULL,2,2,'2021-06-20 12:05:28','2021-06-21 11:30:35',NULL),(515,'AR DATUK HJ SAIFUL ANUAR BIN ABDUL AZIZ',NULL,'650725085203','$2y$10$gw0izPMU3RRuC4YfPSl4m.kGzqtxT9mby73D.yAouGl/p8agf1LQa','0','0','0',NULL,NULL,'en',NULL,'0',NULL,2,2,'2021-06-20 12:05:28','2021-06-20 13:14:34',NULL),(516,'ZAMARI BIN MUHYI',NULL,'650811085787','$2y$10$gw0izPMU3RRuC4YfPSl4m.kGzqtxT9mby73D.yAouGl/p8agf1LQa','0','0','0',NULL,NULL,'en',NULL,'0',NULL,2,2,'2021-06-20 12:05:28','2021-06-21 11:30:35',NULL),(517,'MAZMI BIN KAMAL',NULL,'650921025291','$2y$10$gw0izPMU3RRuC4YfPSl4m.kGzqtxT9mby73D.yAouGl/p8agf1LQa','0','0','0',NULL,NULL,'en',NULL,'0',NULL,2,2,'2021-06-20 12:05:28','2021-06-20 12:05:28',NULL),(518,'YEAP KAH PHAIK',NULL,'651114075502','$2y$10$gw0izPMU3RRuC4YfPSl4m.kGzqtxT9mby73D.yAouGl/p8agf1LQa','0','0','0',NULL,NULL,'en',NULL,'0',NULL,2,2,'2021-06-20 12:05:28','2021-06-20 13:14:34',NULL),(519,'MOHD ANUAR BIN ABDUL KARIM',NULL,'651115055271','$2y$10$gw0izPMU3RRuC4YfPSl4m.kGzqtxT9mby73D.yAouGl/p8agf1LQa','0','0','0',NULL,NULL,'en',NULL,'0',NULL,2,2,'2021-06-20 12:05:28','2021-06-20 13:14:34',NULL),(520,'NG SOON KIANG',NULL,'651118065125','$2y$10$gw0izPMU3RRuC4YfPSl4m.kGzqtxT9mby73D.yAouGl/p8agf1LQa','0','0','0',NULL,NULL,'en',NULL,'0',NULL,2,2,'2021-06-20 12:05:28','2021-06-20 12:05:28',NULL),(521,'KAMARUZAMAN BIN JAHIDIN',NULL,'660114055477','$2y$10$gw0izPMU3RRuC4YfPSl4m.kGzqtxT9mby73D.yAouGl/p8agf1LQa','0','0','0',NULL,NULL,'en',NULL,'0',NULL,2,2,'2021-06-20 12:05:28','2021-06-20 13:14:34',NULL),(522,'DR THANMOLI A/P PEARIASAMY',NULL,'660211015360','$2y$10$gw0izPMU3RRuC4YfPSl4m.kGzqtxT9mby73D.yAouGl/p8agf1LQa','0','0','0',NULL,NULL,'en',NULL,'0',NULL,2,2,'2021-06-20 12:05:28','2021-06-20 13:14:34',NULL),(523,'MEOR WAZIR ZUL\'AIDIN',NULL,'660425086713','$2y$10$gw0izPMU3RRuC4YfPSl4m.kGzqtxT9mby73D.yAouGl/p8agf1LQa','0','0','0',NULL,NULL,'en',NULL,'0',NULL,2,2,'2021-06-20 12:05:28','2021-06-20 13:14:34',NULL),(524,'MOHD RASHID BIN KANCHIL',NULL,'660427045149','$2y$10$gw0izPMU3RRuC4YfPSl4m.kGzqtxT9mby73D.yAouGl/p8agf1LQa','0','0','0',NULL,NULL,'en',NULL,'0',NULL,2,2,'2021-06-20 12:05:28','2021-06-20 13:14:34',NULL),(525,'MADZURAH BINTI MOHD ZIN',NULL,'660515055312','$2y$10$gw0izPMU3RRuC4YfPSl4m.kGzqtxT9mby73D.yAouGl/p8agf1LQa','0','0','0',NULL,NULL,'en',NULL,'0',NULL,2,2,'2021-06-20 12:05:28','2021-06-20 12:05:28',NULL),(526,'HASNAN BIN JAMALUDDIN',NULL,'660606085293','$2y$10$gw0izPMU3RRuC4YfPSl4m.kGzqtxT9mby73D.yAouGl/p8agf1LQa','0','0','0',NULL,NULL,'en',NULL,'0',NULL,2,2,'2021-06-20 12:05:28','2021-06-20 13:14:34',NULL),(527,'MOHD AZLAN MOHD YAACOB',NULL,'660612075139','$2y$10$gw0izPMU3RRuC4YfPSl4m.kGzqtxT9mby73D.yAouGl/p8agf1LQa','0','0','0',NULL,NULL,'en',NULL,'0',NULL,2,2,'2021-06-20 12:05:28','2021-06-20 12:05:28',NULL),(528,'KAMARUZZAMAN KASIM',NULL,'660724106075','$2y$10$gw0izPMU3RRuC4YfPSl4m.kGzqtxT9mby73D.yAouGl/p8agf1LQa','0','0','0',NULL,NULL,'en',NULL,'0',NULL,2,2,'2021-06-20 12:05:28','2021-06-20 13:14:34',NULL),(529,'MOHD NATRAH BIN LOMAN',NULL,'660804035385','$2y$10$gw0izPMU3RRuC4YfPSl4m.kGzqtxT9mby73D.yAouGl/p8agf1LQa','0','0','0',NULL,NULL,'en',NULL,'0',NULL,2,2,'2021-06-20 12:05:28','2021-06-21 11:30:35',NULL),(530,'DR KAMARUL BAHARI BIN YAAKUB',NULL,'660812035019','$2y$10$gw0izPMU3RRuC4YfPSl4m.kGzqtxT9mby73D.yAouGl/p8agf1LQa','0','0','0',NULL,NULL,'en',NULL,'0',NULL,2,2,'2021-06-20 12:05:28','2021-06-21 11:30:35',NULL),(531,'MOHD FADZIL BIN HARUN',NULL,'661107085103','$2y$10$gw0izPMU3RRuC4YfPSl4m.kGzqtxT9mby73D.yAouGl/p8agf1LQa','0','0','0',NULL,NULL,'en',NULL,'0',NULL,2,2,'2021-06-20 12:05:28','2021-06-21 11:30:35',NULL),(532,'MOHD FADGLULLAH BIN IBRAHIM',NULL,'661203025397','$2y$10$gw0izPMU3RRuC4YfPSl4m.kGzqtxT9mby73D.yAouGl/p8agf1LQa','0','0','0',NULL,NULL,'en',NULL,'0',NULL,2,2,'2021-06-20 12:05:28','2021-06-20 13:14:34',NULL),(533,'KHAIRUL ANUAR BIN SHARIFF',NULL,'661208106233','$2y$10$gw0izPMU3RRuC4YfPSl4m.kGzqtxT9mby73D.yAouGl/p8agf1LQa','0','0','0',NULL,NULL,'en',NULL,'0',NULL,2,2,'2021-06-20 12:05:28','2021-06-20 13:14:34',NULL),(534,'AHMAD NAJIB BIN ARIFFIN (NADGE)',NULL,'661231105829','$2y$10$gw0izPMU3RRuC4YfPSl4m.kGzqtxT9mby73D.yAouGl/p8agf1LQa','0','0','0',NULL,NULL,'en',NULL,'0',NULL,2,2,'2021-06-20 12:05:28','2021-06-21 11:30:35',NULL),(535,'MUSRI BIN TUKIMAN @ MUSA',NULL,'670225016277','$2y$10$gw0izPMU3RRuC4YfPSl4m.kGzqtxT9mby73D.yAouGl/p8agf1LQa','0','0','0',NULL,NULL,'en',NULL,'0',NULL,2,2,'2021-06-20 12:05:28','2021-06-20 12:05:28',NULL),(536,'SHAHRIR BIN SHAHABUDIM',NULL,'670505045339','$2y$10$gw0izPMU3RRuC4YfPSl4m.kGzqtxT9mby73D.yAouGl/p8agf1LQa','0','0','0',NULL,NULL,'en',NULL,'0',NULL,2,2,'2021-06-20 12:05:28','2021-06-21 11:30:35',NULL),(537,'WAN HISHAM BALKIAH BIN WAN HASSAN',NULL,'670518115455','$2y$10$gw0izPMU3RRuC4YfPSl4m.kGzqtxT9mby73D.yAouGl/p8agf1LQa','0','0','0',NULL,NULL,'en',NULL,'0',NULL,2,2,'2021-06-20 12:05:28','2021-06-20 12:05:28',NULL),(538,'FATKURRADZI BIN JAMIL',NULL,'670519105427','$2y$10$gw0izPMU3RRuC4YfPSl4m.kGzqtxT9mby73D.yAouGl/p8agf1LQa','0','0','0',NULL,NULL,'en',NULL,'0',NULL,2,2,'2021-06-20 12:05:28','2021-06-20 12:05:28',NULL),(539,'NAZRI BIN A. WAHAB',NULL,'670822015707','$2y$10$gw0izPMU3RRuC4YfPSl4m.kGzqtxT9mby73D.yAouGl/p8agf1LQa','0','0','0',NULL,NULL,'en',NULL,'0',NULL,2,2,'2021-06-20 12:05:28','2021-06-20 13:14:34',NULL),(540,'NAZARI HARON',NULL,'671002055353','$2y$10$gw0izPMU3RRuC4YfPSl4m.kGzqtxT9mby73D.yAouGl/p8agf1LQa','0','0','0',NULL,NULL,'en',NULL,'0',NULL,2,2,'2021-06-20 12:05:28','2021-06-20 13:14:34',NULL),(541,'SAVARANJIT SINGH BHATT',NULL,'671007106367','$2y$10$gw0izPMU3RRuC4YfPSl4m.kGzqtxT9mby73D.yAouGl/p8agf1LQa','0','0','0',NULL,NULL,'en',NULL,'0',NULL,2,2,'2021-06-20 12:05:28','2021-06-20 13:14:34',NULL),(542,'YAN KWAI SENG',NULL,'671108105259','$2y$10$gw0izPMU3RRuC4YfPSl4m.kGzqtxT9mby73D.yAouGl/p8agf1LQa','0','0','0',NULL,NULL,'en',NULL,'0',NULL,2,2,'2021-06-20 12:05:28','2021-06-20 13:14:34',NULL),(543,'KAMARIZAN BIN MUHMAD IDRIS',NULL,'671110055385','$2y$10$gw0izPMU3RRuC4YfPSl4m.kGzqtxT9mby73D.yAouGl/p8agf1LQa','0','0','0',NULL,NULL,'en',NULL,'0',NULL,2,2,'2021-06-20 12:05:28','2021-06-20 13:14:34',NULL),(544,'FUAD MOHAMAD IDRIS',NULL,'671211025935','$2y$10$gw0izPMU3RRuC4YfPSl4m.kGzqtxT9mby73D.yAouGl/p8agf1LQa','0','0','0',NULL,NULL,'en',NULL,'0',NULL,2,2,'2021-06-20 12:05:28','2021-06-20 12:05:28',NULL),(545,'SHAHRULAZAM BIN JAAFAR',NULL,'680120016421','$2y$10$gw0izPMU3RRuC4YfPSl4m.kGzqtxT9mby73D.yAouGl/p8agf1LQa','0','0','0',NULL,NULL,'en',NULL,'0',NULL,2,2,'2021-06-20 12:05:28','2021-06-21 11:30:35',NULL),(546,'TAN YEAN CHIN',NULL,'680229075177','$2y$10$gw0izPMU3RRuC4YfPSl4m.kGzqtxT9mby73D.yAouGl/p8agf1LQa','0','0','0',NULL,NULL,'en',NULL,'0',NULL,2,2,'2021-06-20 12:05:28','2021-06-21 11:30:35',NULL),(547,'MEGAT MOHD AZLANN MD. ARSHAD',NULL,'680401025033','$2y$10$gw0izPMU3RRuC4YfPSl4m.kGzqtxT9mby73D.yAouGl/p8agf1LQa','0','0','0',NULL,NULL,'en',NULL,'0',NULL,2,2,'2021-06-20 12:05:28','2021-06-20 12:05:28',NULL),(548,'ABD. RANI BIN MAT SALLEH',NULL,'680501086677','$2y$10$gw0izPMU3RRuC4YfPSl4m.kGzqtxT9mby73D.yAouGl/p8agf1LQa','0','0','0',NULL,NULL,'en',NULL,'0',NULL,2,2,'2021-06-20 12:05:28','2021-06-21 11:30:35',NULL),(549,'SHARIFAH ANISAH SYED IDRUS',NULL,'680727045042','$2y$10$gw0izPMU3RRuC4YfPSl4m.kGzqtxT9mby73D.yAouGl/p8agf1LQa','0','0','0',NULL,NULL,'en',NULL,'0',NULL,2,2,'2021-06-20 12:05:28','2021-06-20 12:05:28',NULL),(550,'ISVARAN P RAMASAMY',NULL,'680801107767','$2y$10$gw0izPMU3RRuC4YfPSl4m.kGzqtxT9mby73D.yAouGl/p8agf1LQa','0','0','0',NULL,NULL,'en',NULL,'0',NULL,2,2,'2021-06-20 12:05:28','2021-06-21 11:30:35',NULL),(551,'AHMAD IZHAM KHAIRUDDIN',NULL,'680809106297','$2y$10$gw0izPMU3RRuC4YfPSl4m.kGzqtxT9mby73D.yAouGl/p8agf1LQa','0','0','0',NULL,NULL,'en',NULL,'0',NULL,2,2,'2021-06-20 12:05:28','2021-06-21 11:30:35',NULL),(552,'ZOHAIME BIN MUHAMAD SORI',NULL,'680819045381','$2y$10$gw0izPMU3RRuC4YfPSl4m.kGzqtxT9mby73D.yAouGl/p8agf1LQa','0','0','0',NULL,NULL,'en',NULL,'0',NULL,2,2,'2021-06-20 12:05:28','2021-06-21 11:30:35',NULL),(553,'ROZIAH MD NOH',NULL,'680826016108','$2y$10$gw0izPMU3RRuC4YfPSl4m.kGzqtxT9mby73D.yAouGl/p8agf1LQa','0','0','0',NULL,NULL,'en',NULL,'0',NULL,2,2,'2021-06-20 12:05:28','2021-06-20 13:14:34',NULL),(554,'HOOD BIN ATAN',NULL,'681024016127','$2y$10$gw0izPMU3RRuC4YfPSl4m.kGzqtxT9mby73D.yAouGl/p8agf1LQa','0','0','0',NULL,NULL,'en',NULL,'0',NULL,2,2,'2021-06-20 12:05:28','2021-06-20 13:14:34',NULL),(555,'SR SHARIFAH NORAINI NOREEN SYED IBRAHIM',NULL,'681024105170','$2y$10$gw0izPMU3RRuC4YfPSl4m.kGzqtxT9mby73D.yAouGl/p8agf1LQa','0','0','0',NULL,NULL,'en',NULL,'0',NULL,2,2,'2021-06-20 12:05:28','2021-06-21 11:30:35',NULL),(556,'ZUHAIRAH ARIFF BT ABD GHADAS',NULL,'681025055064','$2y$10$gw0izPMU3RRuC4YfPSl4m.kGzqtxT9mby73D.yAouGl/p8agf1LQa','0','0','0',NULL,NULL,'en',NULL,'0',NULL,2,2,'2021-06-20 12:05:28','2021-06-21 11:30:35',NULL),(557,'CHUA GOH BOON HUA',NULL,'681111015309','$2y$10$gw0izPMU3RRuC4YfPSl4m.kGzqtxT9mby73D.yAouGl/p8agf1LQa','0','0','0',NULL,NULL,'en',NULL,'0',NULL,2,2,'2021-06-20 12:05:28','2021-06-21 11:30:35',NULL),(558,'AHMAD KAMAL BIN MOHAMMED',NULL,'681223085539','$2y$10$gw0izPMU3RRuC4YfPSl4m.kGzqtxT9mby73D.yAouGl/p8agf1LQa','0','0','0',NULL,NULL,'en',NULL,'0',NULL,2,2,'2021-06-20 12:05:28','2021-06-20 13:14:34',NULL),(559,'ANDI MUHAMAD FAJAR',NULL,'6834772','$2y$10$gw0izPMU3RRuC4YfPSl4m.kGzqtxT9mby73D.yAouGl/p8agf1LQa','0','0','0',NULL,NULL,'en',NULL,'0',NULL,2,2,'2021-06-20 12:05:28','2021-06-20 13:14:34',NULL),(560,'LEE WAH PHENG',NULL,'690104075543','$2y$10$gw0izPMU3RRuC4YfPSl4m.kGzqtxT9mby73D.yAouGl/p8agf1LQa','0','0','0',NULL,NULL,'en',NULL,'0',NULL,2,2,'2021-06-20 12:05:28','2021-06-21 11:30:35',NULL),(561,'ABDUL RASHID B MOKHTAR',NULL,'690120086621','$2y$10$gw0izPMU3RRuC4YfPSl4m.kGzqtxT9mby73D.yAouGl/p8agf1LQa','0','0','0',NULL,NULL,'en',NULL,'0',NULL,2,2,'2021-06-20 12:05:28','2021-06-20 12:05:28',NULL),(562,'SHAIRUL BAKI BIN MOHAMAD SALEH',NULL,'690201085823','$2y$10$gw0izPMU3RRuC4YfPSl4m.kGzqtxT9mby73D.yAouGl/p8agf1LQa','0','0','0',NULL,NULL,'en',NULL,'0',NULL,2,2,'2021-06-20 12:05:28','2021-06-20 12:05:28',NULL),(563,'DATO\' BEATRICE NIRMALA A/P SWAMIRAJU',NULL,'690224085316','$2y$10$gw0izPMU3RRuC4YfPSl4m.kGzqtxT9mby73D.yAouGl/p8agf1LQa','0','0','0',NULL,NULL,'en',NULL,'0',NULL,2,2,'2021-06-20 12:05:28','2021-06-20 13:14:34',NULL),(564,'ZAINORNI BINTI MOHD JANIS',NULL,'690304715058','$2y$10$gw0izPMU3RRuC4YfPSl4m.kGzqtxT9mby73D.yAouGl/p8agf1LQa','0','0','0',NULL,NULL,'en',NULL,'0',NULL,2,2,'2021-06-20 12:05:28','2021-06-20 12:05:28',NULL),(565,'NIK SHEHAR BIN NIK WAN',NULL,'690326035037','$2y$10$gw0izPMU3RRuC4YfPSl4m.kGzqtxT9mby73D.yAouGl/p8agf1LQa','0','0','0',NULL,NULL,'en',NULL,'0',NULL,2,2,'2021-06-20 12:05:28','2021-06-20 13:14:34',NULL),(566,'ZALIZAN MUID',NULL,'690329045361','$2y$10$gw0izPMU3RRuC4YfPSl4m.kGzqtxT9mby73D.yAouGl/p8agf1LQa','0','0','0',NULL,NULL,'en',NULL,'0',NULL,2,2,'2021-06-20 12:05:28','2021-06-20 13:14:34',NULL),(567,'ZALINA BINTI MAT NASIR',NULL,'690517085600','$2y$10$gw0izPMU3RRuC4YfPSl4m.kGzqtxT9mby73D.yAouGl/p8agf1LQa','0','0','0',NULL,NULL,'en',NULL,'0',NULL,2,2,'2021-06-20 12:05:28','2021-06-21 11:30:35',NULL),(568,'ANIJAH BINTI PANGAT',NULL,'690801105664','$2y$10$gw0izPMU3RRuC4YfPSl4m.kGzqtxT9mby73D.yAouGl/p8agf1LQa','0','0','0',NULL,NULL,'en',NULL,'0',NULL,2,2,'2021-06-20 12:05:28','2021-06-20 12:05:28',NULL),(569,'LIM TECK LOON',NULL,'690913055067','$2y$10$gw0izPMU3RRuC4YfPSl4m.kGzqtxT9mby73D.yAouGl/p8agf1LQa','0','0','0',NULL,NULL,'en',NULL,'0',NULL,2,2,'2021-06-20 12:05:28','2021-06-20 13:14:34',NULL),(570,'SAMSUDIN BIN MAMAT @ DAUD',NULL,'700102116723','$2y$10$gw0izPMU3RRuC4YfPSl4m.kGzqtxT9mby73D.yAouGl/p8agf1LQa','0','0','0',NULL,NULL,'en',NULL,'0',NULL,2,2,'2021-06-20 12:05:28','2021-06-20 12:05:28',NULL),(571,'RUDZIAH BINTI MOHD DARUS',NULL,'700111035298','$2y$10$gw0izPMU3RRuC4YfPSl4m.kGzqtxT9mby73D.yAouGl/p8agf1LQa','0','0','0',NULL,NULL,'en',NULL,'0',NULL,2,2,'2021-06-20 12:05:28','2021-06-20 13:14:34',NULL),(572,'KONG TZEH FUNG',NULL,'700117135249','$2y$10$gw0izPMU3RRuC4YfPSl4m.kGzqtxT9mby73D.yAouGl/p8agf1LQa','0','0','0',NULL,NULL,'en',NULL,'0',NULL,2,2,'2021-06-20 12:05:28','2021-06-21 11:30:35',NULL),(573,'LOH KOK LIANG',NULL,'700118085087','$2y$10$gw0izPMU3RRuC4YfPSl4m.kGzqtxT9mby73D.yAouGl/p8agf1LQa','0','0','0',NULL,NULL,'en',NULL,'0',NULL,2,2,'2021-06-20 12:05:28','2021-06-21 11:30:35',NULL),(574,'JEYA KUMAR VAIHILINGAM',NULL,'700203105599','$2y$10$gw0izPMU3RRuC4YfPSl4m.kGzqtxT9mby73D.yAouGl/p8agf1LQa','0','0','0',NULL,NULL,'en',NULL,'0',NULL,2,2,'2021-06-20 12:05:28','2021-06-20 13:14:34',NULL),(575,'PROF. MADYA DR MOHD NOR HAKIMIN YUSOFF',NULL,'700306035271','$2y$10$gw0izPMU3RRuC4YfPSl4m.kGzqtxT9mby73D.yAouGl/p8agf1LQa','0','0','0',NULL,NULL,'en',NULL,'0',NULL,2,2,'2021-06-20 12:05:28','2021-06-20 13:14:34',NULL),(576,'DATUK AR. EZUMI HARZANI BIN ISMAIL',NULL,'700412035523','$2y$10$gw0izPMU3RRuC4YfPSl4m.kGzqtxT9mby73D.yAouGl/p8agf1LQa','0','0','0',NULL,NULL,'en',NULL,'0',NULL,2,2,'2021-06-20 12:05:28','2021-06-21 11:30:35',NULL),(577,'PROF. MADYA DR. AZLIZAM AZIZ',NULL,'700424085181','$2y$10$gw0izPMU3RRuC4YfPSl4m.kGzqtxT9mby73D.yAouGl/p8agf1LQa','0','0','0',NULL,NULL,'en',NULL,'0',NULL,2,2,'2021-06-20 12:05:28','2021-06-20 12:05:28',NULL),(578,'AWANG MOSLEM AWANG ANNUAR',NULL,'700507135949','$2y$10$gw0izPMU3RRuC4YfPSl4m.kGzqtxT9mby73D.yAouGl/p8agf1LQa','0','0','0',NULL,NULL,'en',NULL,'0',NULL,2,2,'2021-06-20 12:05:28','2021-06-20 13:14:34',NULL),(579,'YUSAINY BIN YUSOP',NULL,'700512085447','$2y$10$gw0izPMU3RRuC4YfPSl4m.kGzqtxT9mby73D.yAouGl/p8agf1LQa','0','0','0',NULL,NULL,'en',NULL,'0',NULL,2,2,'2021-06-20 12:05:28','2021-06-20 13:14:34',NULL),(580,'DR. MUHAMMAD BIN OMAR',NULL,'700519115419','$2y$10$gw0izPMU3RRuC4YfPSl4m.kGzqtxT9mby73D.yAouGl/p8agf1LQa','0','0','0',NULL,NULL,'en',NULL,'0',NULL,2,2,'2021-06-20 12:05:28','2021-06-20 12:05:28',NULL),(581,'AHMAD ZAIDI ABD. WAHAB',NULL,'700524115245','$2y$10$gw0izPMU3RRuC4YfPSl4m.kGzqtxT9mby73D.yAouGl/p8agf1LQa','0','0','0',NULL,NULL,'en',NULL,'0',NULL,2,2,'2021-06-20 12:05:28','2021-06-21 11:30:35',NULL),(582,'AZIM BIN PAWANCHIK',NULL,'700622075419','$2y$10$gw0izPMU3RRuC4YfPSl4m.kGzqtxT9mby73D.yAouGl/p8agf1LQa','0','0','0',NULL,NULL,'en',NULL,'0',NULL,2,2,'2021-06-20 12:05:28','2021-06-21 11:30:35',NULL),(583,'DR IDA BINTI MD YASIN',NULL,'700624105482','$2y$10$gw0izPMU3RRuC4YfPSl4m.kGzqtxT9mby73D.yAouGl/p8agf1LQa','0','0','0',NULL,NULL,'en',NULL,'0',NULL,2,2,'2021-06-20 12:05:28','2021-06-20 12:05:28',NULL),(584,'MAZLAN BIN HASHIM',NULL,'700724025455','$2y$10$gw0izPMU3RRuC4YfPSl4m.kGzqtxT9mby73D.yAouGl/p8agf1LQa','0','0','0',NULL,NULL,'en',NULL,'0',NULL,2,2,'2021-06-20 12:05:28','2021-06-20 12:05:28',NULL),(585,'SHARIFUDDIN BIN MOHD YASIN',NULL,'701001045393','$2y$10$gw0izPMU3RRuC4YfPSl4m.kGzqtxT9mby73D.yAouGl/p8agf1LQa','0','0','0',NULL,NULL,'en',NULL,'0',NULL,2,2,'2021-06-20 12:05:28','2021-06-20 13:14:34',NULL),(586,'NIRMALA A/P RAMASAMY',NULL,'701005106202','$2y$10$gw0izPMU3RRuC4YfPSl4m.kGzqtxT9mby73D.yAouGl/p8agf1LQa','0','0','0',NULL,NULL,'en',NULL,'0',NULL,2,2,'2021-06-20 12:05:28','2021-06-21 11:30:35',NULL),(587,'AIMAN @ NARIMAN BT MOHD SULAIMAN',NULL,'701017015690','$2y$10$gw0izPMU3RRuC4YfPSl4m.kGzqtxT9mby73D.yAouGl/p8agf1LQa','0','0','0',NULL,NULL,'en',NULL,'0',NULL,2,2,'2021-06-20 12:05:28','2021-06-20 12:05:28',NULL),(588,'JUMARI BIN KOSRIN',NULL,'701102106773','$2y$10$gw0izPMU3RRuC4YfPSl4m.kGzqtxT9mby73D.yAouGl/p8agf1LQa','0','0','0',NULL,NULL,'en',NULL,'0',NULL,2,2,'2021-06-20 12:05:28','2021-06-20 13:14:34',NULL),(589,'ADLINA BINTI ILYASAK',NULL,'701104715070','$2y$10$gw0izPMU3RRuC4YfPSl4m.kGzqtxT9mby73D.yAouGl/p8agf1LQa','0','0','0',NULL,NULL,'en',NULL,'0',NULL,2,2,'2021-06-20 12:05:28','2021-06-20 12:05:28',NULL),(590,'SURAYA BINTI SULAIMAN',NULL,'701110105682','$2y$10$gw0izPMU3RRuC4YfPSl4m.kGzqtxT9mby73D.yAouGl/p8agf1LQa','0','0','0',NULL,NULL,'en',NULL,'0',NULL,2,2,'2021-06-20 12:05:28','2021-06-21 11:30:35',NULL),(591,'PROF. IR. DR. PUVANASVARAN A/L A.PERUMAL',NULL,'701120045097','$2y$10$gw0izPMU3RRuC4YfPSl4m.kGzqtxT9mby73D.yAouGl/p8agf1LQa','0','0','0',NULL,NULL,'en',NULL,'0',NULL,2,2,'2021-06-20 12:05:28','2021-06-21 11:30:35',NULL),(592,'LOUIS TAY CHEE SIONG',NULL,'710406015197','$2y$10$gw0izPMU3RRuC4YfPSl4m.kGzqtxT9mby73D.yAouGl/p8agf1LQa','0','0','0',NULL,NULL,'en',NULL,'0',NULL,2,2,'2021-06-20 12:05:28','2021-06-21 11:30:35',NULL),(593,'AZHANNIBT MUHAMMAD',NULL,'710412035370','$2y$10$gw0izPMU3RRuC4YfPSl4m.kGzqtxT9mby73D.yAouGl/p8agf1LQa','0','0','0',NULL,NULL,'en',NULL,'0',NULL,2,2,'2021-06-20 12:05:28','2021-06-20 13:14:34',NULL),(594,'NURFARHANI LEE @ LEE WAN CHUAN',NULL,'710423105370','$2y$10$gw0izPMU3RRuC4YfPSl4m.kGzqtxT9mby73D.yAouGl/p8agf1LQa','0','0','0',NULL,NULL,'en',NULL,'0',NULL,2,2,'2021-06-20 12:05:28','2021-06-20 12:05:28',NULL),(595,'NURAIZAH SHAMSUL BAHARIN',NULL,'710523105992','$2y$10$gw0izPMU3RRuC4YfPSl4m.kGzqtxT9mby73D.yAouGl/p8agf1LQa','0','0','0',NULL,NULL,'en',NULL,'0',NULL,2,2,'2021-06-20 12:05:28','2021-06-21 11:30:35',NULL),(596,'MOHAMMED SALIM BIN ASHEDOFF',NULL,'710602075525','$2y$10$gw0izPMU3RRuC4YfPSl4m.kGzqtxT9mby73D.yAouGl/p8agf1LQa','0','0','0',NULL,NULL,'en',NULL,'0',NULL,2,2,'2021-06-20 12:05:28','2021-06-20 12:05:28',NULL),(597,'PEH CHUN CHUEH',NULL,'710625105643','$2y$10$gw0izPMU3RRuC4YfPSl4m.kGzqtxT9mby73D.yAouGl/p8agf1LQa','0','0','0',NULL,NULL,'en',NULL,'0',NULL,2,2,'2021-06-20 12:05:28','2021-06-21 11:30:35',NULL),(598,'SUHAILA BINTI MOHAMMAD',NULL,'710715075628','$2y$10$gw0izPMU3RRuC4YfPSl4m.kGzqtxT9mby73D.yAouGl/p8agf1LQa','0','0','0',NULL,NULL,'en',NULL,'0',NULL,2,2,'2021-06-20 12:05:28','2021-06-20 12:05:28',NULL),(599,'MUHAMAD ROSLAN BIN MUHAMAD YUSOFF',NULL,'710910106135','$2y$10$gw0izPMU3RRuC4YfPSl4m.kGzqtxT9mby73D.yAouGl/p8agf1LQa','0','0','0',NULL,NULL,'en',NULL,'0',NULL,2,2,'2021-06-20 12:05:28','2021-06-20 13:14:34',NULL),(600,'HELMY BIN BASRI',NULL,'711001715173','$2y$10$gw0izPMU3RRuC4YfPSl4m.kGzqtxT9mby73D.yAouGl/p8agf1LQa','0','0','0',NULL,NULL,'en',NULL,'0',NULL,2,2,'2021-06-20 12:05:28','2021-06-20 12:05:28',NULL),(601,'MAZNI BINTI SAAD',NULL,'711002075016','$2y$10$gw0izPMU3RRuC4YfPSl4m.kGzqtxT9mby73D.yAouGl/p8agf1LQa','0','0','0',NULL,NULL,'en',NULL,'0',NULL,2,2,'2021-06-20 12:05:28','2021-06-21 11:30:35',NULL),(602,'KEVIN ERIC RAJ A/L AMMAL OPENATHAN',NULL,'711126105723','$2y$10$gw0izPMU3RRuC4YfPSl4m.kGzqtxT9mby73D.yAouGl/p8agf1LQa','0','0','0',NULL,NULL,'en',NULL,'0',NULL,2,2,'2021-06-20 12:05:28','2021-06-20 12:05:28',NULL),(603,'ZARAK SHAIFUDDIN BIN ZAMRAH',NULL,'711129035185','$2y$10$gw0izPMU3RRuC4YfPSl4m.kGzqtxT9mby73D.yAouGl/p8agf1LQa','0','0','0',NULL,NULL,'en',NULL,'0',NULL,2,2,'2021-06-20 12:05:28','2021-06-21 11:30:35',NULL),(604,'SHADAITUL BINTI MOHD ZIN',NULL,'711228085102','$2y$10$gw0izPMU3RRuC4YfPSl4m.kGzqtxT9mby73D.yAouGl/p8agf1LQa','0','0','0',NULL,NULL,'en',NULL,'0',NULL,2,2,'2021-06-20 12:05:28','2021-06-20 12:05:28',NULL),(605,'MOHD NAZLI BIN MOHD NAZIR',NULL,'720123035445','$2y$10$gw0izPMU3RRuC4YfPSl4m.kGzqtxT9mby73D.yAouGl/p8agf1LQa','0','0','0',NULL,NULL,'en',NULL,'0',NULL,2,2,'2021-06-20 12:05:28','2021-06-21 11:30:35',NULL),(606,'MARZIDAH BINTI HASBULLAH',NULL,'720217145522','$2y$10$gw0izPMU3RRuC4YfPSl4m.kGzqtxT9mby73D.yAouGl/p8agf1LQa','0','0','0',NULL,NULL,'en',NULL,'0',NULL,2,2,'2021-06-20 12:05:28','2021-06-20 12:05:28',NULL),(607,'HARTINI BINTI OTHMAN',NULL,'720225035868','$2y$10$gw0izPMU3RRuC4YfPSl4m.kGzqtxT9mby73D.yAouGl/p8agf1LQa','0','0','0',NULL,NULL,'en',NULL,'0',NULL,2,2,'2021-06-20 12:05:28','2021-06-21 11:30:35',NULL),(608,'ROHAIZA BINTI ABD ROKIS',NULL,'720420115038','$2y$10$gw0izPMU3RRuC4YfPSl4m.kGzqtxT9mby73D.yAouGl/p8agf1LQa','0','0','0',NULL,NULL,'en',NULL,'0',NULL,2,2,'2021-06-20 12:05:28','2021-06-21 11:30:35',NULL),(609,'NG SOOK KING',NULL,'720503015697','$2y$10$gw0izPMU3RRuC4YfPSl4m.kGzqtxT9mby73D.yAouGl/p8agf1LQa','0','0','0',NULL,NULL,'en',NULL,'0',NULL,2,2,'2021-06-20 12:05:28','2021-06-20 12:05:28',NULL),(610,'NOOR AZLENDA MOHD NOORDIN',NULL,'720517075212','$2y$10$gw0izPMU3RRuC4YfPSl4m.kGzqtxT9mby73D.yAouGl/p8agf1LQa','0','0','0',NULL,NULL,'en',NULL,'0',NULL,2,2,'2021-06-20 12:05:28','2021-06-21 11:30:35',NULL),(611,'HJ MAZLIZAN BIN MOHD ZIN',NULL,'720612055455','$2y$10$gw0izPMU3RRuC4YfPSl4m.kGzqtxT9mby73D.yAouGl/p8agf1LQa','0','0','0',NULL,NULL,'en',NULL,'0',NULL,2,2,'2021-06-20 12:05:28','2021-06-20 12:05:28',NULL),(612,'TIMURABANUN BINTI ABDUL HAMID',NULL,'720717035354','$2y$10$gw0izPMU3RRuC4YfPSl4m.kGzqtxT9mby73D.yAouGl/p8agf1LQa','0','0','0',NULL,NULL,'en',NULL,'0',NULL,2,2,'2021-06-20 12:05:28','2021-06-21 11:30:35',NULL),(613,'MEENACHI A/P MUNIANDY',NULL,'720724085368','$2y$10$gw0izPMU3RRuC4YfPSl4m.kGzqtxT9mby73D.yAouGl/p8agf1LQa','0','0','0',NULL,NULL,'en',NULL,'0',NULL,2,2,'2021-06-20 12:05:28','2021-06-20 12:05:28',NULL),(614,'DR. NOOR AZLIN ISMAIL',NULL,'720907075488','$2y$10$gw0izPMU3RRuC4YfPSl4m.kGzqtxT9mby73D.yAouGl/p8agf1LQa','0','0','0',NULL,NULL,'en',NULL,'0',NULL,2,2,'2021-06-20 12:05:28','2021-06-21 11:30:35',NULL),(615,'NG SIEW IMM',NULL,'720914025278','$2y$10$gw0izPMU3RRuC4YfPSl4m.kGzqtxT9mby73D.yAouGl/p8agf1LQa','0','0','0',NULL,NULL,'en',NULL,'0',NULL,2,2,'2021-06-20 12:05:28','2021-06-21 11:30:35',NULL),(616,'MOHD NIZAM BIN MOHD NORDIN',NULL,'721018105901','$2y$10$gw0izPMU3RRuC4YfPSl4m.kGzqtxT9mby73D.yAouGl/p8agf1LQa','0','0','0',NULL,NULL,'en',NULL,'0',NULL,2,2,'2021-06-20 12:05:28','2021-06-21 11:30:35',NULL),(617,'SHEILA STANLEY',NULL,'721023055398','$2y$10$gw0izPMU3RRuC4YfPSl4m.kGzqtxT9mby73D.yAouGl/p8agf1LQa','0','0','0',NULL,NULL,'en',NULL,'0',NULL,2,2,'2021-06-20 12:05:28','2021-06-21 11:30:35',NULL),(618,'LT.KOL(B) PROF. MADYA DR. NOOR AZMI BIN MOHD ZAINOL',NULL,'721202025397','$2y$10$gw0izPMU3RRuC4YfPSl4m.kGzqtxT9mby73D.yAouGl/p8agf1LQa','0','0','0',NULL,NULL,'en',NULL,'0',NULL,2,2,'2021-06-20 12:05:28','2021-06-20 12:05:28',NULL),(619,'MOHD ZAINAL  BIN MOHAMMED ARSHED',NULL,'730102106653','$2y$10$gw0izPMU3RRuC4YfPSl4m.kGzqtxT9mby73D.yAouGl/p8agf1LQa','0','0','0',NULL,NULL,'en',NULL,'0',NULL,2,2,'2021-06-20 12:05:28','2021-06-21 11:30:35',NULL),(620,'FUAD BIN MOHAMED FAHMY',NULL,'730202145801','$2y$10$gw0izPMU3RRuC4YfPSl4m.kGzqtxT9mby73D.yAouGl/p8agf1LQa','0','0','0',NULL,NULL,'en',NULL,'0',NULL,2,2,'2021-06-20 12:05:28','2021-06-21 11:30:35',NULL),(621,'AOBE SDN BHD',NULL,'730204085187','$2y$10$gw0izPMU3RRuC4YfPSl4m.kGzqtxT9mby73D.yAouGl/p8agf1LQa','0','0','0',NULL,NULL,'en',NULL,'0',NULL,2,2,'2021-06-20 12:05:28','2021-06-20 13:14:34',NULL),(622,'MUZAMMIL MARDZUKI',NULL,'730226145179','$2y$10$gw0izPMU3RRuC4YfPSl4m.kGzqtxT9mby73D.yAouGl/p8agf1LQa','0','0','0',NULL,NULL,'en',NULL,'0',NULL,2,2,'2021-06-20 12:05:28','2021-06-21 11:30:35',NULL),(623,'NOR ATIKAH BINTI SULAIMAN',NULL,'730227065154','$2y$10$gw0izPMU3RRuC4YfPSl4m.kGzqtxT9mby73D.yAouGl/p8agf1LQa','0','0','0',NULL,NULL,'en',NULL,'0',NULL,2,2,'2021-06-20 12:05:28','2021-06-20 13:14:34',NULL),(624,'GO YEW LIANG',NULL,'730331135183','$2y$10$gw0izPMU3RRuC4YfPSl4m.kGzqtxT9mby73D.yAouGl/p8agf1LQa','0','0','0',NULL,NULL,'en',NULL,'0',NULL,2,2,'2021-06-20 12:05:28','2021-06-20 13:14:34',NULL),(625,'MAHMIZA BINTI MOHAMED',NULL,'730410035826','$2y$10$gw0izPMU3RRuC4YfPSl4m.kGzqtxT9mby73D.yAouGl/p8agf1LQa','0','0','0',NULL,NULL,'en',NULL,'0',NULL,2,2,'2021-06-20 12:05:28','2021-06-21 11:30:35',NULL),(626,'YAP YUN FANG',NULL,'730419145327','$2y$10$gw0izPMU3RRuC4YfPSl4m.kGzqtxT9mby73D.yAouGl/p8agf1LQa','0','0','0',NULL,NULL,'en',NULL,'0',NULL,2,2,'2021-06-20 12:05:28','2021-06-20 13:14:34',NULL),(627,'DATO\' BRUCE LIM AUN CHOONG',NULL,'730424075175','$2y$10$gw0izPMU3RRuC4YfPSl4m.kGzqtxT9mby73D.yAouGl/p8agf1LQa','0','0','0',NULL,NULL,'en',NULL,'0',NULL,2,2,'2021-06-20 12:05:28','2021-06-20 13:14:34',NULL),(628,'NOR AZLINA BINTI ISHAK',NULL,'730507145546','$2y$10$gw0izPMU3RRuC4YfPSl4m.kGzqtxT9mby73D.yAouGl/p8agf1LQa','0','0','0',NULL,NULL,'en',NULL,'0',NULL,2,2,'2021-06-20 12:05:28','2021-06-21 11:30:35',NULL),(629,'TS. IR. HAN LIANG KWANG, EDWARD',NULL,'730614135239','$2y$10$gw0izPMU3RRuC4YfPSl4m.kGzqtxT9mby73D.yAouGl/p8agf1LQa','0','0','0',NULL,NULL,'en',NULL,'0',NULL,2,2,'2021-06-20 12:05:28','2021-06-21 11:30:35',NULL),(630,'PROF IR. DR. SITI MAZLINA MUSTAPA KAMAL',NULL,'730624055072','$2y$10$gw0izPMU3RRuC4YfPSl4m.kGzqtxT9mby73D.yAouGl/p8agf1LQa','0','0','0',NULL,NULL,'en',NULL,'0',NULL,2,2,'2021-06-20 12:05:28','2021-06-20 12:05:28',NULL),(631,'ZURAINA BINTI AHMAD',NULL,'730910025376','$2y$10$gw0izPMU3RRuC4YfPSl4m.kGzqtxT9mby73D.yAouGl/p8agf1LQa','0','0','0',NULL,NULL,'en',NULL,'0',NULL,2,2,'2021-06-20 12:05:28','2021-06-20 12:05:28',NULL),(632,'MOHAMAD NIZAM BIN MOHD WALID',NULL,'731012085953','$2y$10$gw0izPMU3RRuC4YfPSl4m.kGzqtxT9mby73D.yAouGl/p8agf1LQa','0','0','0',NULL,NULL,'en',NULL,'0',NULL,2,2,'2021-06-20 12:05:28','2021-06-20 12:05:28',NULL),(633,'YIP WAI LEONG',NULL,'731113145257','$2y$10$gw0izPMU3RRuC4YfPSl4m.kGzqtxT9mby73D.yAouGl/p8agf1LQa','0','0','0',NULL,NULL,'en',NULL,'0',NULL,2,2,'2021-06-20 12:05:28','2021-06-20 13:14:34',NULL),(634,'ZATUN ZURAIDA MUHAMMED AMUAR',NULL,'731127105096','$2y$10$gw0izPMU3RRuC4YfPSl4m.kGzqtxT9mby73D.yAouGl/p8agf1LQa','0','0','0',NULL,NULL,'en',NULL,'0',NULL,2,2,'2021-06-20 12:05:28','2021-06-20 13:14:34',NULL),(635,'RAJIFAH RAMLI',NULL,'731206065264','$2y$10$gw0izPMU3RRuC4YfPSl4m.kGzqtxT9mby73D.yAouGl/p8agf1LQa','0','0','0',NULL,NULL,'en',NULL,'0',NULL,2,2,'2021-06-20 12:05:28','2021-06-20 13:14:34',NULL),(636,'ONG KIAN YEW',NULL,'740121105305','$2y$10$gw0izPMU3RRuC4YfPSl4m.kGzqtxT9mby73D.yAouGl/p8agf1LQa','0','0','0',NULL,NULL,'en',NULL,'0',NULL,2,2,'2021-06-20 12:05:28','2021-06-21 11:30:35',NULL),(637,'NORHASRINA HASAN BASRI',NULL,'740124085442','$2y$10$gw0izPMU3RRuC4YfPSl4m.kGzqtxT9mby73D.yAouGl/p8agf1LQa','0','0','0',NULL,NULL,'en',NULL,'0',NULL,2,2,'2021-06-20 12:05:28','2021-06-20 13:14:34',NULL),(638,'SHARIL GOH BIN MD FADHIL',NULL,'740304715025','$2y$10$gw0izPMU3RRuC4YfPSl4m.kGzqtxT9mby73D.yAouGl/p8agf1LQa','0','0','0',NULL,NULL,'en',NULL,'0',NULL,2,2,'2021-06-20 12:05:28','2021-06-20 12:05:28',NULL),(639,'SONIA KUMARI RAJ KUMAR',NULL,'740403045400','$2y$10$gw0izPMU3RRuC4YfPSl4m.kGzqtxT9mby73D.yAouGl/p8agf1LQa','0','0','0',NULL,NULL,'en',NULL,'0',NULL,2,2,'2021-06-20 12:05:28','2021-06-21 11:30:35',NULL),(640,'TAN CHEE FAI',NULL,'740408145953','$2y$10$gw0izPMU3RRuC4YfPSl4m.kGzqtxT9mby73D.yAouGl/p8agf1LQa','0','0','0',NULL,NULL,'en',NULL,'0',NULL,2,2,'2021-06-20 12:05:28','2021-06-21 11:30:35',NULL),(641,'SAHARUDDIN BIN A KADIR',NULL,'740409015085','$2y$10$gw0izPMU3RRuC4YfPSl4m.kGzqtxT9mby73D.yAouGl/p8agf1LQa','0','0','0',NULL,NULL,'en',NULL,'0',NULL,2,2,'2021-06-20 12:05:28','2021-06-20 12:05:28',NULL),(642,'HANIFAH SYUKRI BIN ABD AZIZ',NULL,'740505115131','$2y$10$gw0izPMU3RRuC4YfPSl4m.kGzqtxT9mby73D.yAouGl/p8agf1LQa','0','0','0',NULL,NULL,'en',NULL,'0',NULL,2,2,'2021-06-20 12:05:28','2021-06-20 13:14:34',NULL),(643,'PROF.DR.WAN NORHAYATE WAN DAUD',NULL,'740618115090','$2y$10$gw0izPMU3RRuC4YfPSl4m.kGzqtxT9mby73D.yAouGl/p8agf1LQa','0','0','0',NULL,NULL,'en',NULL,'0',NULL,2,2,'2021-06-20 12:05:28','2021-06-20 12:05:28',NULL),(644,'GHAZALI BIN HAJI ABU',NULL,'740707016641','$2y$10$gw0izPMU3RRuC4YfPSl4m.kGzqtxT9mby73D.yAouGl/p8agf1LQa','0','0','0',NULL,NULL,'en',NULL,'0',NULL,2,2,'2021-06-20 12:05:28','2021-06-20 12:05:28',NULL),(645,'KAMAL HARMONI KAMAL ARIFF',NULL,'740911085839','$2y$10$gw0izPMU3RRuC4YfPSl4m.kGzqtxT9mby73D.yAouGl/p8agf1LQa','0','0','0',NULL,NULL,'en',NULL,'0',NULL,2,2,'2021-06-20 12:05:28','2021-06-20 13:14:34',NULL),(646,'AR ADRIANTA AZIZ',NULL,'741011146151','$2y$10$gw0izPMU3RRuC4YfPSl4m.kGzqtxT9mby73D.yAouGl/p8agf1LQa','0','0','0',NULL,NULL,'en',NULL,'0',NULL,2,2,'2021-06-20 12:05:28','2021-06-20 13:14:34',NULL),(647,'SIAH SIEN LIE',NULL,'741028145112','$2y$10$gw0izPMU3RRuC4YfPSl4m.kGzqtxT9mby73D.yAouGl/p8agf1LQa','0','0','0',NULL,NULL,'en',NULL,'0',NULL,2,2,'2021-06-20 12:05:28','2021-06-20 13:14:34',NULL),(648,'PROFESOR MADYA DR RAMZYZAN RAMLY',NULL,'741103025373','$2y$10$gw0izPMU3RRuC4YfPSl4m.kGzqtxT9mby73D.yAouGl/p8agf1LQa','0','0','0',NULL,NULL,'en',NULL,'0',NULL,2,2,'2021-06-20 12:05:28','2021-06-21 11:30:35',NULL),(649,'SITI HASLINDA BINTI HASHIM',NULL,'741116015174','$2y$10$gw0izPMU3RRuC4YfPSl4m.kGzqtxT9mby73D.yAouGl/p8agf1LQa','0','0','0',NULL,NULL,'en',NULL,'0',NULL,2,2,'2021-06-20 12:05:28','2021-06-20 12:05:28',NULL),(650,'AZLIN NIZA BINTI ISMAIL',NULL,'741124045058','$2y$10$gw0izPMU3RRuC4YfPSl4m.kGzqtxT9mby73D.yAouGl/p8agf1LQa','0','0','0',NULL,NULL,'en',NULL,'0',NULL,2,2,'2021-06-20 12:05:28','2021-06-21 11:30:35',NULL),(651,'MOHD IRHAM BIN MOHD IHSAN',NULL,'750113125567','$2y$10$gw0izPMU3RRuC4YfPSl4m.kGzqtxT9mby73D.yAouGl/p8agf1LQa','0','0','0',NULL,NULL,'en',NULL,'0',NULL,2,2,'2021-06-20 12:05:28','2021-06-20 12:05:28',NULL),(652,'DR. HO LEE LEE',NULL,'750128135784','$2y$10$gw0izPMU3RRuC4YfPSl4m.kGzqtxT9mby73D.yAouGl/p8agf1LQa','0','0','0',NULL,NULL,'en',NULL,'0',NULL,2,2,'2021-06-20 12:05:28','2021-06-20 12:05:28',NULL),(653,'MAIZATUL AKMAM ABDUL WAHAB',NULL,'750225105368','$2y$10$gw0izPMU3RRuC4YfPSl4m.kGzqtxT9mby73D.yAouGl/p8agf1LQa','0','0','0',NULL,NULL,'en',NULL,'0',NULL,2,2,'2021-06-20 12:05:28','2021-06-21 11:30:35',NULL),(654,'NURASLINA ZAINAL ABIDIN',NULL,'750307085612','$2y$10$gw0izPMU3RRuC4YfPSl4m.kGzqtxT9mby73D.yAouGl/p8agf1LQa','0','0','0',NULL,NULL,'en',NULL,'0',NULL,2,2,'2021-06-20 12:05:28','2021-06-20 12:05:28',NULL),(655,'WONG FOOT YOW',NULL,'750331055261','$2y$10$gw0izPMU3RRuC4YfPSl4m.kGzqtxT9mby73D.yAouGl/p8agf1LQa','0','0','0',NULL,NULL,'en',NULL,'0',NULL,2,2,'2021-06-20 12:05:28','2021-06-21 11:30:35',NULL),(656,'AINUL ROFIDZA BINTI IBRAHIM',NULL,'750413086176','$2y$10$gw0izPMU3RRuC4YfPSl4m.kGzqtxT9mby73D.yAouGl/p8agf1LQa','0','0','0',NULL,NULL,'en',NULL,'0',NULL,2,2,'2021-06-20 12:05:28','2021-06-20 12:05:28',NULL),(657,'ROMAIZA BINTI AB RAHMAN',NULL,'750430065246','$2y$10$gw0izPMU3RRuC4YfPSl4m.kGzqtxT9mby73D.yAouGl/p8agf1LQa','0','0','0',NULL,NULL,'en',NULL,'0',NULL,2,2,'2021-06-20 12:05:28','2021-06-21 11:30:35',NULL),(658,'KHAERIL ANUAR BIN DARUS',NULL,'750504105811','$2y$10$gw0izPMU3RRuC4YfPSl4m.kGzqtxT9mby73D.yAouGl/p8agf1LQa','0','0','0',NULL,NULL,'en',NULL,'0',NULL,2,2,'2021-06-20 12:05:28','2021-06-20 13:14:34',NULL),(659,'WONG YOKE LING, ELYN',NULL,'750712095072','$2y$10$gw0izPMU3RRuC4YfPSl4m.kGzqtxT9mby73D.yAouGl/p8agf1LQa','0','0','0',NULL,NULL,'en',NULL,'0',NULL,2,2,'2021-06-20 12:05:28','2021-06-20 13:14:34',NULL),(660,'AFIZA BT MOHAMAD ALI',NULL,'750717145446','$2y$10$gw0izPMU3RRuC4YfPSl4m.kGzqtxT9mby73D.yAouGl/p8agf1LQa','0','0','0',NULL,NULL,'en',NULL,'0',NULL,2,2,'2021-06-20 12:05:28','2021-06-21 11:30:35',NULL),(661,'EDLY FERDIN RAMLY',NULL,'750721015193','$2y$10$gw0izPMU3RRuC4YfPSl4m.kGzqtxT9mby73D.yAouGl/p8agf1LQa','0','0','0',NULL,NULL,'en',NULL,'0',NULL,2,2,'2021-06-20 12:05:28','2021-06-20 12:05:28',NULL),(662,'MANZALINA BINTI SULAIMAN',NULL,'750830145800','$2y$10$gw0izPMU3RRuC4YfPSl4m.kGzqtxT9mby73D.yAouGl/p8agf1LQa','0','0','0',NULL,NULL,'en',NULL,'0',NULL,2,2,'2021-06-20 12:05:28','2021-06-20 13:14:34',NULL),(663,'TS. IR DR. NORDIN BIN RAMLI',NULL,'750914025195','$2y$10$gw0izPMU3RRuC4YfPSl4m.kGzqtxT9mby73D.yAouGl/p8agf1LQa','0','0','0',NULL,NULL,'en',NULL,'0',NULL,2,2,'2021-06-20 12:05:28','2021-06-20 13:14:34',NULL),(664,'DEVIKA A/P NADARAJAH',NULL,'751019105468','$2y$10$gw0izPMU3RRuC4YfPSl4m.kGzqtxT9mby73D.yAouGl/p8agf1LQa','0','0','0',NULL,NULL,'en',NULL,'0',NULL,2,2,'2021-06-20 12:05:28','2021-06-21 11:30:35',NULL),(665,'NURAISYAH CHUA ABDULLAH',NULL,'751104016118','$2y$10$gw0izPMU3RRuC4YfPSl4m.kGzqtxT9mby73D.yAouGl/p8agf1LQa','0','0','0',NULL,NULL,'en',NULL,'0',NULL,2,2,'2021-06-20 12:05:28','2021-06-21 11:30:35',NULL),(666,'MOHAMMAD BIN ABDUL HAMID',NULL,'751218035343','$2y$10$gw0izPMU3RRuC4YfPSl4m.kGzqtxT9mby73D.yAouGl/p8agf1LQa','0','0','0',NULL,NULL,'en',NULL,'0',NULL,2,2,'2021-06-20 12:05:28','2021-06-21 11:30:35',NULL),(667,'LIEN THANG',NULL,'7600763','$2y$10$gw0izPMU3RRuC4YfPSl4m.kGzqtxT9mby73D.yAouGl/p8agf1LQa','0','0','0',NULL,NULL,'en',NULL,'0',NULL,2,2,'2021-06-20 12:05:28','2021-06-20 13:14:34',NULL),(668,'ELINA BINTI MOHD HUSINI',NULL,'760111016470','$2y$10$gw0izPMU3RRuC4YfPSl4m.kGzqtxT9mby73D.yAouGl/p8agf1LQa','0','0','0',NULL,NULL,'en',NULL,'0',NULL,2,2,'2021-06-20 12:05:28','2021-06-20 13:14:34',NULL),(669,'NORSHEILA BINTI ABDULLAH',NULL,'760127055490','$2y$10$gw0izPMU3RRuC4YfPSl4m.kGzqtxT9mby73D.yAouGl/p8agf1LQa','0','0','0',NULL,NULL,'en',NULL,'0',NULL,2,2,'2021-06-20 12:05:28','2021-06-21 11:30:35',NULL),(670,'WAN ZULKIFLI WAN ABDULLAH',NULL,'760301035699','$2y$10$gw0izPMU3RRuC4YfPSl4m.kGzqtxT9mby73D.yAouGl/p8agf1LQa','0','0','0',NULL,NULL,'en',NULL,'0',NULL,2,2,'2021-06-20 12:05:28','2021-06-20 13:14:34',NULL),(671,'ERIC CHO SUES CHEL',NULL,'760302135333','$2y$10$gw0izPMU3RRuC4YfPSl4m.kGzqtxT9mby73D.yAouGl/p8agf1LQa','0','0','0',NULL,NULL,'en',NULL,'0',NULL,2,2,'2021-06-20 12:05:28','2021-06-20 12:05:28',NULL),(672,'MOHD IRWAN BIN DAHNIL',NULL,'760322145707','$2y$10$gw0izPMU3RRuC4YfPSl4m.kGzqtxT9mby73D.yAouGl/p8agf1LQa','0','0','0',NULL,NULL,'en',NULL,'0',NULL,2,2,'2021-06-20 12:05:28','2021-06-21 11:30:35',NULL),(673,'CHONG SIOW YEN',NULL,'760413105110','$2y$10$gw0izPMU3RRuC4YfPSl4m.kGzqtxT9mby73D.yAouGl/p8agf1LQa','0','0','0',NULL,NULL,'en',NULL,'0',NULL,2,2,'2021-06-20 12:05:28','2021-06-20 12:05:28',NULL),(674,'AHMED RAZMAN BIN ABDUL LATIFF',NULL,'760425715119','$2y$10$gw0izPMU3RRuC4YfPSl4m.kGzqtxT9mby73D.yAouGl/p8agf1LQa','0','0','0',NULL,NULL,'en',NULL,'0',NULL,2,2,'2021-06-20 12:05:28','2021-06-20 12:05:28',NULL),(675,'GOPINATH RAO A/L SINNIAH',NULL,'760521086279','$2y$10$gw0izPMU3RRuC4YfPSl4m.kGzqtxT9mby73D.yAouGl/p8agf1LQa','0','0','0',NULL,NULL,'en',NULL,'0',NULL,2,2,'2021-06-20 12:05:28','2021-06-21 11:30:35',NULL),(676,'DESMOND HO CHEE CHEONG',NULL,'760831045333','$2y$10$gw0izPMU3RRuC4YfPSl4m.kGzqtxT9mby73D.yAouGl/p8agf1LQa','0','0','0',NULL,NULL,'en',NULL,'0',NULL,2,2,'2021-06-20 12:05:28','2021-06-20 12:05:28',NULL),(677,'WAN MD SYIKRI BIN WAN MOHAMAD ALI',NULL,'760902115045','$2y$10$gw0izPMU3RRuC4YfPSl4m.kGzqtxT9mby73D.yAouGl/p8agf1LQa','0','0','0',NULL,NULL,'en',NULL,'0',NULL,2,2,'2021-06-20 12:05:28','2021-06-20 12:05:28',NULL),(678,'TOOTY BINTI JAMALUDIN',NULL,'760904025684','$2y$10$gw0izPMU3RRuC4YfPSl4m.kGzqtxT9mby73D.yAouGl/p8agf1LQa','0','0','0',NULL,NULL,'en',NULL,'0',NULL,2,2,'2021-06-20 12:05:28','2021-06-21 11:30:35',NULL),(679,'ROYAN ONG HIAN LEE',NULL,'760909045553','$2y$10$gw0izPMU3RRuC4YfPSl4m.kGzqtxT9mby73D.yAouGl/p8agf1LQa','0','0','0',NULL,NULL,'en',NULL,'0',NULL,2,2,'2021-06-20 12:05:28','2021-06-20 12:05:28',NULL),(680,'NG TUCK SEONG, WILLIAM',NULL,'760915086749','$2y$10$gw0izPMU3RRuC4YfPSl4m.kGzqtxT9mby73D.yAouGl/p8agf1LQa','0','0','0',NULL,NULL,'en',NULL,'0',NULL,2,2,'2021-06-20 12:05:28','2021-06-20 12:05:28',NULL),(681,'KHADIJATUL ISMALASARI BINTI ISMAIL',NULL,'760922055158','$2y$10$gw0izPMU3RRuC4YfPSl4m.kGzqtxT9mby73D.yAouGl/p8agf1LQa','0','0','0',NULL,NULL,'en',NULL,'0',NULL,2,2,'2021-06-20 12:05:28','2021-06-21 11:30:35',NULL),(682,'UNGKU AZLAN SHAH UNGKU CHULAN',NULL,'761223715289','$2y$10$gw0izPMU3RRuC4YfPSl4m.kGzqtxT9mby73D.yAouGl/p8agf1LQa','0','0','0',NULL,NULL,'en',NULL,'0',NULL,2,2,'2021-06-20 12:05:28','2021-06-20 13:14:34',NULL),(683,'ENG CHEE SAN',NULL,'761228016316','$2y$10$gw0izPMU3RRuC4YfPSl4m.kGzqtxT9mby73D.yAouGl/p8agf1LQa','0','0','0',NULL,NULL,'en',NULL,'0',NULL,2,2,'2021-06-20 12:05:28','2021-06-20 13:14:34',NULL),(684,'HJ SYAMSUL ARMAN BIN YAP',NULL,'770115145105','$2y$10$gw0izPMU3RRuC4YfPSl4m.kGzqtxT9mby73D.yAouGl/p8agf1LQa','0','0','0',NULL,NULL,'en',NULL,'0',NULL,2,2,'2021-06-20 12:05:28','2021-06-20 12:05:28',NULL),(685,'PROF. MADYA DR FAKHRUL ANWAR ZAINOL',NULL,'770222025651','$2y$10$gw0izPMU3RRuC4YfPSl4m.kGzqtxT9mby73D.yAouGl/p8agf1LQa','0','0','0',NULL,NULL,'en',NULL,'0',NULL,2,2,'2021-06-20 12:05:28','2021-06-20 12:05:28',NULL),(686,'MOHAMAD SHUKRI ABDUL GHANI',NULL,'770327075743','$2y$10$gw0izPMU3RRuC4YfPSl4m.kGzqtxT9mby73D.yAouGl/p8agf1LQa','0','0','0',NULL,NULL,'en',NULL,'0',NULL,2,2,'2021-06-20 12:05:28','2021-06-20 12:05:28',NULL),(687,'MOHD LIZUAN BIN ABD LATIF',NULL,'770512105289','$2y$10$gw0izPMU3RRuC4YfPSl4m.kGzqtxT9mby73D.yAouGl/p8agf1LQa','0','0','0',NULL,NULL,'en',NULL,'0',NULL,2,2,'2021-06-20 12:05:28','2021-06-20 13:14:34',NULL),(688,'PROF IR TS DR AHMAD SULAIMAN',NULL,'770604715017','$2y$10$gw0izPMU3RRuC4YfPSl4m.kGzqtxT9mby73D.yAouGl/p8agf1LQa','0','0','0',NULL,NULL,'en',NULL,'0',NULL,2,2,'2021-06-20 12:05:28','2021-06-20 13:14:34',NULL),(689,'ROSLAINI KHAIDIR',NULL,'770622715192','$2y$10$gw0izPMU3RRuC4YfPSl4m.kGzqtxT9mby73D.yAouGl/p8agf1LQa','0','0','0',NULL,NULL,'en',NULL,'0',NULL,2,2,'2021-06-20 12:05:28','2021-06-20 13:14:34',NULL),(690,'JOHAN AFENDI BIN IBRAHIM',NULL,'770702086197','$2y$10$gw0izPMU3RRuC4YfPSl4m.kGzqtxT9mby73D.yAouGl/p8agf1LQa','0','0','0',NULL,NULL,'en',NULL,'0',NULL,2,2,'2021-06-20 12:05:28','2021-06-21 11:30:35',NULL),(691,'ASPIYATI BINTI JUSOH',NULL,'770812036502','$2y$10$gw0izPMU3RRuC4YfPSl4m.kGzqtxT9mby73D.yAouGl/p8agf1LQa','0','0','0',NULL,NULL,'en',NULL,'0',NULL,2,2,'2021-06-20 12:05:28','2021-06-20 12:05:28',NULL),(692,'MOHAMAD FAISAL BIN ABDUL MALIK',NULL,'771015036117','$2y$10$gw0izPMU3RRuC4YfPSl4m.kGzqtxT9mby73D.yAouGl/p8agf1LQa','0','0','0',NULL,NULL,'en',NULL,'0',NULL,2,2,'2021-06-20 12:05:28','2021-06-20 12:05:28',NULL),(693,'IR. TS. DR. ALVIN YAP CHEE WEI',NULL,'771117145517','$2y$10$gw0izPMU3RRuC4YfPSl4m.kGzqtxT9mby73D.yAouGl/p8agf1LQa','0','0','0',NULL,NULL,'en',NULL,'0',NULL,2,2,'2021-06-20 12:05:28','2021-06-21 11:30:35',NULL),(694,'SHAHRUDIN BIN MD REJAB',NULL,'771218025987','$2y$10$gw0izPMU3RRuC4YfPSl4m.kGzqtxT9mby73D.yAouGl/p8agf1LQa','0','0','0',NULL,NULL,'en',NULL,'0',NULL,2,2,'2021-06-20 12:05:28','2021-06-20 12:05:28',NULL),(695,'JESSICA MARY A/P NANAPRAGASAM',NULL,'771229145474','$2y$10$gw0izPMU3RRuC4YfPSl4m.kGzqtxT9mby73D.yAouGl/p8agf1LQa','0','0','0',NULL,NULL,'en',NULL,'0',NULL,2,2,'2021-06-20 12:05:28','2021-06-21 11:30:35',NULL),(696,'SHAZLIN BINTI AHMAD',NULL,'771229146880','$2y$10$gw0izPMU3RRuC4YfPSl4m.kGzqtxT9mby73D.yAouGl/p8agf1LQa','0','0','0',NULL,NULL,'en',NULL,'0',NULL,2,2,'2021-06-20 12:05:28','2021-06-21 11:30:35',NULL),(697,'ABD AZHAREE BIN ABDUL WAHID',NULL,'780105146189','$2y$10$gw0izPMU3RRuC4YfPSl4m.kGzqtxT9mby73D.yAouGl/p8agf1LQa','0','0','0',NULL,NULL,'en',NULL,'0',NULL,2,2,'2021-06-20 12:05:28','2021-06-21 11:30:35',NULL),(698,'KAMARUL ARIFFIN BIN KAMARUDIN',NULL,'780122125769','$2y$10$gw0izPMU3RRuC4YfPSl4m.kGzqtxT9mby73D.yAouGl/p8agf1LQa','0','0','0',NULL,NULL,'en',NULL,'0',NULL,2,2,'2021-06-20 12:05:28','2021-06-20 12:05:28',NULL),(699,'MOHAMAD KHAIRI BIN MOHAMAD @ ALWI',NULL,'780124035177','$2y$10$gw0izPMU3RRuC4YfPSl4m.kGzqtxT9mby73D.yAouGl/p8agf1LQa','0','0','0',NULL,NULL,'en',NULL,'0',NULL,2,2,'2021-06-20 12:05:28','2021-06-21 11:30:35',NULL),(700,'MOHAMAD ZAKRY BIN HASHIM',NULL,'780201066357','$2y$10$gw0izPMU3RRuC4YfPSl4m.kGzqtxT9mby73D.yAouGl/p8agf1LQa','0','0','0',NULL,NULL,'en',NULL,'0',NULL,2,2,'2021-06-20 12:05:28','2021-06-20 13:14:34',NULL),(701,'SHAHARUM ASHAARI',NULL,'780202045507','$2y$10$gw0izPMU3RRuC4YfPSl4m.kGzqtxT9mby73D.yAouGl/p8agf1LQa','0','0','0',NULL,NULL,'en',NULL,'0',NULL,2,2,'2021-06-20 12:05:28','2021-06-20 13:14:34',NULL),(702,'CHENG MING KUEN',NULL,'780303085540','$2y$10$gw0izPMU3RRuC4YfPSl4m.kGzqtxT9mby73D.yAouGl/p8agf1LQa','0','0','0',NULL,NULL,'en',NULL,'0',NULL,2,2,'2021-06-20 12:05:28','2021-06-20 12:05:28',NULL),(703,'NORSAMSINAR SAMSUDIN',NULL,'780328055460','$2y$10$gw0izPMU3RRuC4YfPSl4m.kGzqtxT9mby73D.yAouGl/p8agf1LQa','0','0','0',NULL,NULL,'en',NULL,'0',NULL,2,2,'2021-06-20 12:05:28','2021-06-21 11:30:35',NULL),(704,'NORHISYAM BIN MUSTAPHA',NULL,'780414036055','$2y$10$gw0izPMU3RRuC4YfPSl4m.kGzqtxT9mby73D.yAouGl/p8agf1LQa','0','0','0',NULL,NULL,'en',NULL,'0',NULL,2,2,'2021-06-20 12:05:28','2021-06-20 12:05:28',NULL),(705,'FREDERICK ROY PRABU LUCCAS',NULL,'780502145999','$2y$10$gw0izPMU3RRuC4YfPSl4m.kGzqtxT9mby73D.yAouGl/p8agf1LQa','0','0','0',NULL,NULL,'en',NULL,'0',NULL,2,2,'2021-06-20 12:05:28','2021-06-20 12:05:28',NULL),(706,'DR. HANINA HALIMATUSAADIAH BINTI HAMSAN',NULL,'780525015222','$2y$10$gw0izPMU3RRuC4YfPSl4m.kGzqtxT9mby73D.yAouGl/p8agf1LQa','0','0','0',NULL,NULL,'en',NULL,'0',NULL,2,2,'2021-06-20 12:05:28','2021-06-20 12:05:28',NULL),(707,'MUHAMMAD KHAIRIL FAIEZ BIN ABDUL AZIZ',NULL,'780604075661','$2y$10$gw0izPMU3RRuC4YfPSl4m.kGzqtxT9mby73D.yAouGl/p8agf1LQa','0','0','0',NULL,NULL,'en',NULL,'0',NULL,2,2,'2021-06-20 12:05:28','2021-06-21 11:30:35',NULL),(708,'AZIZUL BIN BACHOK',NULL,'780714016259','$2y$10$gw0izPMU3RRuC4YfPSl4m.kGzqtxT9mby73D.yAouGl/p8agf1LQa','0','0','0',NULL,NULL,'en',NULL,'0',NULL,2,2,'2021-06-20 12:05:28','2021-06-20 12:05:28',NULL),(709,'LIM YEE MEI',NULL,'780729145096','$2y$10$gw0izPMU3RRuC4YfPSl4m.kGzqtxT9mby73D.yAouGl/p8agf1LQa','0','0','0',NULL,NULL,'en',NULL,'0',NULL,2,2,'2021-06-20 12:05:28','2021-06-21 11:30:35',NULL),(710,'PROF. MADYA DR NORAILIS BINTI AB. WAHAB',NULL,'780904055128','$2y$10$gw0izPMU3RRuC4YfPSl4m.kGzqtxT9mby73D.yAouGl/p8agf1LQa','0','0','0',NULL,NULL,'en',NULL,'0',NULL,2,2,'2021-06-20 12:05:28','2021-06-21 11:30:35',NULL),(711,'AHMAD ZAKKIE SAARI',NULL,'780921075593','$2y$10$gw0izPMU3RRuC4YfPSl4m.kGzqtxT9mby73D.yAouGl/p8agf1LQa','0','0','0',NULL,NULL,'en',NULL,'0',NULL,2,2,'2021-06-20 12:05:28','2021-06-21 11:30:35',NULL),(712,'RIZAL BIN ZAIDI',NULL,'781018025359','$2y$10$gw0izPMU3RRuC4YfPSl4m.kGzqtxT9mby73D.yAouGl/p8agf1LQa','0','0','0',NULL,NULL,'en',NULL,'0',NULL,2,2,'2021-06-20 12:05:28','2021-06-20 12:05:28',NULL),(713,'AR. MOHD AZLI BIN MOHAMAD JAMIL',NULL,'781031105513','$2y$10$gw0izPMU3RRuC4YfPSl4m.kGzqtxT9mby73D.yAouGl/p8agf1LQa','0','0','0',NULL,NULL,'en',NULL,'0',NULL,2,2,'2021-06-20 12:05:28','2021-06-20 12:05:28',NULL),(714,'NICHOLAS CHAN YEE SOON',NULL,'781106145617','$2y$10$gw0izPMU3RRuC4YfPSl4m.kGzqtxT9mby73D.yAouGl/p8agf1LQa','0','0','0',NULL,NULL,'en',NULL,'0',NULL,2,2,'2021-06-20 12:05:28','2021-06-20 12:05:28',NULL),(715,'ERWIN ANAK HARRY@ERWAN LAI',NULL,'781130135873','$2y$10$gw0izPMU3RRuC4YfPSl4m.kGzqtxT9mby73D.yAouGl/p8agf1LQa','0','0','0',NULL,NULL,'en',NULL,'0',NULL,2,2,'2021-06-20 12:05:28','2021-06-21 11:30:35',NULL),(716,'MOHD YUSRIZAL AB RAZAK',NULL,'781207145835','$2y$10$gw0izPMU3RRuC4YfPSl4m.kGzqtxT9mby73D.yAouGl/p8agf1LQa','0','0','0',NULL,NULL,'en',NULL,'0',NULL,2,2,'2021-06-20 12:05:28','2021-06-21 11:30:35',NULL),(717,'MOHD RIZAL AYOB',NULL,'781219075387','$2y$10$gw0izPMU3RRuC4YfPSl4m.kGzqtxT9mby73D.yAouGl/p8agf1LQa','0','0','0',NULL,NULL,'en',NULL,'0',NULL,2,2,'2021-06-20 12:05:28','2021-06-20 12:05:28',NULL),(718,'ZAHIRA BINTI MOHAMED TAHIR',NULL,'781229085976','$2y$10$gw0izPMU3RRuC4YfPSl4m.kGzqtxT9mby73D.yAouGl/p8agf1LQa','0','0','0',NULL,NULL,'en',NULL,'0',NULL,2,2,'2021-06-20 12:05:28','2021-06-20 13:14:34',NULL),(719,'DENISE EVIRA LIM',NULL,'790212105330','$2y$10$gw0izPMU3RRuC4YfPSl4m.kGzqtxT9mby73D.yAouGl/p8agf1LQa','0','0','0',NULL,NULL,'en',NULL,'0',NULL,2,2,'2021-06-20 12:05:28','2021-06-21 11:30:35',NULL),(720,'LIM GUAT MENG, O\'NEIL',NULL,'790308075164','$2y$10$gw0izPMU3RRuC4YfPSl4m.kGzqtxT9mby73D.yAouGl/p8agf1LQa','0','0','0',NULL,NULL,'en',NULL,'0',NULL,2,2,'2021-06-20 12:05:28','2021-06-21 11:30:35',NULL),(721,'KOW MEE YEE',NULL,'790311145282','$2y$10$gw0izPMU3RRuC4YfPSl4m.kGzqtxT9mby73D.yAouGl/p8agf1LQa','0','0','0',NULL,NULL,'en',NULL,'0',NULL,2,2,'2021-06-20 12:05:28','2021-06-20 12:05:28',NULL),(722,'SANMUGANATHAN A/L KRISHNAN',NULL,'790826105431','$2y$10$gw0izPMU3RRuC4YfPSl4m.kGzqtxT9mby73D.yAouGl/p8agf1LQa','0','0','0',NULL,NULL,'en',NULL,'0',NULL,2,2,'2021-06-20 12:05:28','2021-06-21 11:30:35',NULL),(723,'TS. YEW KIAN SENG',NULL,'791016035229','$2y$10$gw0izPMU3RRuC4YfPSl4m.kGzqtxT9mby73D.yAouGl/p8agf1LQa','0','0','0',NULL,NULL,'en',NULL,'0',NULL,2,2,'2021-06-20 12:05:28','2021-06-21 11:30:35',NULL),(724,'SAIFUL NAZRIN BIN ABDUL RASHID',NULL,'791023145733','$2y$10$gw0izPMU3RRuC4YfPSl4m.kGzqtxT9mby73D.yAouGl/p8agf1LQa','0','0','0',NULL,NULL,'en',NULL,'0',NULL,2,2,'2021-06-20 12:05:28','2021-06-21 11:30:35',NULL),(725,'LEE CHEOK SZE',NULL,'791030086145','$2y$10$gw0izPMU3RRuC4YfPSl4m.kGzqtxT9mby73D.yAouGl/p8agf1LQa','0','0','0',NULL,NULL,'en',NULL,'0',NULL,2,2,'2021-06-20 12:05:28','2021-06-20 12:05:28',NULL),(726,'KHAIRIYAH BINTI MD ADNAN',NULL,'791128145270','$2y$10$gw0izPMU3RRuC4YfPSl4m.kGzqtxT9mby73D.yAouGl/p8agf1LQa','0','0','0',NULL,NULL,'en',NULL,'0',NULL,2,2,'2021-06-20 12:05:28','2021-06-21 11:30:35',NULL),(727,'CHEANG YEW KAY',NULL,'791203085942','$2y$10$gw0izPMU3RRuC4YfPSl4m.kGzqtxT9mby73D.yAouGl/p8agf1LQa','0','0','0',NULL,NULL,'en',NULL,'0',NULL,2,2,'2021-06-20 12:05:28','2021-06-20 12:05:28',NULL),(728,'NUR AIN BT SHAHRIER',NULL,'800127075380','$2y$10$gw0izPMU3RRuC4YfPSl4m.kGzqtxT9mby73D.yAouGl/p8agf1LQa','0','0','0',NULL,NULL,'en',NULL,'0',NULL,2,2,'2021-06-20 12:05:28','2021-06-21 11:30:35',NULL),(729,'MUHAMMAD HAFIZ BIN A RASHID',NULL,'800223145641','$2y$10$gw0izPMU3RRuC4YfPSl4m.kGzqtxT9mby73D.yAouGl/p8agf1LQa','0','0','0',NULL,NULL,'en',NULL,'0',NULL,2,2,'2021-06-20 12:05:28','2021-06-20 13:14:34',NULL),(730,'SOO HOO YOON HUN',NULL,'800410075669','$2y$10$gw0izPMU3RRuC4YfPSl4m.kGzqtxT9mby73D.yAouGl/p8agf1LQa','0','0','0',NULL,NULL,'en',NULL,'0',NULL,2,2,'2021-06-20 12:05:28','2021-06-21 11:30:35',NULL),(731,'ILLISRIYANI ISMAIL',NULL,'800619075520','$2y$10$gw0izPMU3RRuC4YfPSl4m.kGzqtxT9mby73D.yAouGl/p8agf1LQa','0','0','0',NULL,NULL,'en',NULL,'0',NULL,2,2,'2021-06-20 12:05:28','2021-06-21 11:30:35',NULL),(732,'RISWARDI ABDUL RAJAK',NULL,'800903145573','$2y$10$gw0izPMU3RRuC4YfPSl4m.kGzqtxT9mby73D.yAouGl/p8agf1LQa','0','0','0',NULL,NULL,'en',NULL,'0',NULL,2,2,'2021-06-20 12:05:28','2021-06-21 11:30:35',NULL),(733,'PROF MADYA TS DR MOHAMMAD FAHMI HUSSINE',NULL,'800910086911','$2y$10$gw0izPMU3RRuC4YfPSl4m.kGzqtxT9mby73D.yAouGl/p8agf1LQa','0','0','0',NULL,NULL,'en',NULL,'0',NULL,2,2,'2021-06-20 12:05:28','2021-06-20 12:05:28',NULL),(734,'ZULHASNI BIN ABDUL RAHIM',NULL,'801003145185','$2y$10$gw0izPMU3RRuC4YfPSl4m.kGzqtxT9mby73D.yAouGl/p8agf1LQa','0','0','0',NULL,NULL,'en',NULL,'0',NULL,2,2,'2021-06-20 12:05:28','2021-06-20 12:05:28',NULL),(735,'SYUKRI HADAFI HAMDAN',NULL,'801014055273','$2y$10$gw0izPMU3RRuC4YfPSl4m.kGzqtxT9mby73D.yAouGl/p8agf1LQa','0','0','0',NULL,NULL,'en',NULL,'0',NULL,2,2,'2021-06-20 12:05:28','2021-06-20 12:05:28',NULL),(736,'DAYANA NIS HANSINI CHASKAR',NULL,'801023146214','$2y$10$gw0izPMU3RRuC4YfPSl4m.kGzqtxT9mby73D.yAouGl/p8agf1LQa','0','0','0',NULL,NULL,'en',NULL,'0',NULL,2,2,'2021-06-20 12:05:28','2021-06-20 12:05:28',NULL),(737,'REVATHI A/P KRISHNAN',NULL,'801107105452','$2y$10$gw0izPMU3RRuC4YfPSl4m.kGzqtxT9mby73D.yAouGl/p8agf1LQa','0','0','0',NULL,NULL,'en',NULL,'0',NULL,2,2,'2021-06-20 12:05:28','2021-06-21 11:30:35',NULL),(738,'RAYMOND HO SWEE HAU',NULL,'801111145537','$2y$10$gw0izPMU3RRuC4YfPSl4m.kGzqtxT9mby73D.yAouGl/p8agf1LQa','0','0','0',NULL,NULL,'en',NULL,'0',NULL,2,2,'2021-06-20 12:05:28','2021-06-21 11:30:35',NULL),(739,'SYED MUHAMMAD FAUZI BIN SYED SHAZALI',NULL,'801123135221','$2y$10$gw0izPMU3RRuC4YfPSl4m.kGzqtxT9mby73D.yAouGl/p8agf1LQa','0','0','0',NULL,NULL,'en',NULL,'0',NULL,2,2,'2021-06-20 12:05:28','2021-06-20 13:14:34',NULL),(740,'LEE MENG FAH',NULL,'801226085044','$2y$10$gw0izPMU3RRuC4YfPSl4m.kGzqtxT9mby73D.yAouGl/p8agf1LQa','0','0','0',NULL,NULL,'en',NULL,'0',NULL,2,2,'2021-06-20 12:05:28','2021-06-20 13:14:34',NULL),(741,'LIM POOI YEI',NULL,'810312145220','$2y$10$gw0izPMU3RRuC4YfPSl4m.kGzqtxT9mby73D.yAouGl/p8agf1LQa','0','0','0',NULL,NULL,'en',NULL,'0',NULL,2,2,'2021-06-20 12:05:28','2021-06-20 13:14:34',NULL),(742,'YASRUL RIDZUAN USMAN',NULL,'810606075221','$2y$10$gw0izPMU3RRuC4YfPSl4m.kGzqtxT9mby73D.yAouGl/p8agf1LQa','0','0','0',NULL,NULL,'en',NULL,'0',NULL,2,2,'2021-06-20 12:05:28','2021-06-20 12:05:28',NULL),(743,'TS MUHAMMAD DIDI HENDRASHAH BIN NORHARASHID',NULL,'810905015325','$2y$10$gw0izPMU3RRuC4YfPSl4m.kGzqtxT9mby73D.yAouGl/p8agf1LQa','0','0','0',NULL,NULL,'en',NULL,'0',NULL,2,2,'2021-06-20 12:05:28','2021-06-20 12:05:28',NULL),(744,'IBNU KHUSAIRI BIN IBNU ARIS',NULL,'810905145875','$2y$10$gw0izPMU3RRuC4YfPSl4m.kGzqtxT9mby73D.yAouGl/p8agf1LQa','0','0','0',NULL,NULL,'en',NULL,'0',NULL,2,2,'2021-06-20 12:05:28','2021-06-21 11:30:35',NULL),(745,'LOH YINGHAO @ GARRY',NULL,'810918105581','$2y$10$gw0izPMU3RRuC4YfPSl4m.kGzqtxT9mby73D.yAouGl/p8agf1LQa','0','0','0',NULL,NULL,'en',NULL,'0',NULL,2,2,'2021-06-20 12:05:28','2021-06-20 12:05:28',NULL),(746,'AR IDR TS AHMAD RIHDA BIN ABDUL RAZAK',NULL,'811010715085','$2y$10$gw0izPMU3RRuC4YfPSl4m.kGzqtxT9mby73D.yAouGl/p8agf1LQa','0','0','0',NULL,NULL,'en',NULL,'0',NULL,2,2,'2021-06-20 12:05:28','2021-06-20 12:05:28',NULL),(747,'MOHD AZRUL BIN MOHD NOR',NULL,'811030115271','$2y$10$gw0izPMU3RRuC4YfPSl4m.kGzqtxT9mby73D.yAouGl/p8agf1LQa','0','0','0',NULL,NULL,'en',NULL,'0',NULL,2,2,'2021-06-20 12:05:28','2021-06-21 11:30:35',NULL),(748,'AZAHAR BIN RABU',NULL,'820120045187','$2y$10$yB8Matl5Trfyy8j7hlD4SuUDBT.78FHgSw.dABFIJMntj1uGvWjkK','0','0','0',NULL,NULL,'en',NULL,'0',NULL,31,31,'2021-06-20 12:05:28','2021-06-21 16:09:24',NULL),(749,'RAJESVARI A/P K.D RADA',NULL,'820208145246','$2y$10$gw0izPMU3RRuC4YfPSl4m.kGzqtxT9mby73D.yAouGl/p8agf1LQa','0','0','0',NULL,NULL,'en',NULL,'0',NULL,2,2,'2021-06-20 12:05:28','2021-06-21 11:30:35',NULL),(750,'NORUL AZLIN BT MOHD HANAFI',NULL,'820219065460','$2y$10$gw0izPMU3RRuC4YfPSl4m.kGzqtxT9mby73D.yAouGl/p8agf1LQa','0','0','0',NULL,NULL,'en',NULL,'0',NULL,2,2,'2021-06-20 12:05:28','2021-06-21 11:30:35',NULL),(751,'GOH KEE KEE',NULL,'820223085982','$2y$10$gw0izPMU3RRuC4YfPSl4m.kGzqtxT9mby73D.yAouGl/p8agf1LQa','0','0','0',NULL,NULL,'en',NULL,'0',NULL,2,2,'2021-06-20 12:05:28','2021-06-20 12:05:28',NULL),(752,'AZLINA AMER HAMZAH',NULL,'820426115686','$2y$10$gw0izPMU3RRuC4YfPSl4m.kGzqtxT9mby73D.yAouGl/p8agf1LQa','0','0','0',NULL,NULL,'en',NULL,'0',NULL,2,2,'2021-06-20 12:05:28','2021-06-20 12:05:28',NULL),(753,'NADIAH BINTI MUSA',NULL,'820521145728','$2y$10$gw0izPMU3RRuC4YfPSl4m.kGzqtxT9mby73D.yAouGl/p8agf1LQa','0','0','0',NULL,NULL,'en',NULL,'0',NULL,2,2,'2021-06-20 12:05:28','2021-06-20 13:14:34',NULL),(754,'MOHD MUSTAQIM BIN ASMUJI',NULL,'820815016093','$2y$10$gw0izPMU3RRuC4YfPSl4m.kGzqtxT9mby73D.yAouGl/p8agf1LQa','0','0','0',NULL,NULL,'en',NULL,'0',NULL,2,2,'2021-06-20 12:05:28','2021-06-20 12:05:28',NULL),(755,'LING HSEM WEI',NULL,'820821715075','$2y$10$gw0izPMU3RRuC4YfPSl4m.kGzqtxT9mby73D.yAouGl/p8agf1LQa','0','0','0',NULL,NULL,'en',NULL,'0',NULL,2,2,'2021-06-20 12:05:28','2021-06-20 12:05:28',NULL),(756,'FAIZI ABDUL KARIM',NULL,'820911145811','$2y$10$gw0izPMU3RRuC4YfPSl4m.kGzqtxT9mby73D.yAouGl/p8agf1LQa','0','0','0',NULL,NULL,'en',NULL,'0',NULL,2,2,'2021-06-20 12:05:28','2021-06-20 12:05:28',NULL),(757,'SHAZWAN BIN SALEH',NULL,'820912145311','$2y$10$gw0izPMU3RRuC4YfPSl4m.kGzqtxT9mby73D.yAouGl/p8agf1LQa','0','0','0',NULL,NULL,'en',NULL,'0',NULL,2,2,'2021-06-20 12:05:28','2021-06-21 11:30:35',NULL),(758,'KAMARULNIZAM RAHMAT',NULL,'820916015709','$2y$10$gw0izPMU3RRuC4YfPSl4m.kGzqtxT9mby73D.yAouGl/p8agf1LQa','0','0','0',NULL,NULL,'en',NULL,'0',NULL,2,2,'2021-06-20 12:05:28','2021-06-20 12:05:28',NULL),(759,'DR. KHAIRUL ANUAR BIN ABD WAHID',NULL,'821025026265','$2y$10$gw0izPMU3RRuC4YfPSl4m.kGzqtxT9mby73D.yAouGl/p8agf1LQa','0','0','0',NULL,NULL,'en',NULL,'0',NULL,2,2,'2021-06-20 12:05:28','2021-06-20 12:05:28',NULL),(760,'CHAN CHEE TATT',NULL,'830118055107','$2y$10$gw0izPMU3RRuC4YfPSl4m.kGzqtxT9mby73D.yAouGl/p8agf1LQa','0','0','0',NULL,NULL,'en',NULL,'0',NULL,2,2,'2021-06-20 12:05:28','2021-06-21 11:30:35',NULL),(761,'SITI NURBAYA ABD RAHMAN',NULL,'830204105166','$2y$10$gw0izPMU3RRuC4YfPSl4m.kGzqtxT9mby73D.yAouGl/p8agf1LQa','0','0','0',NULL,NULL,'en',NULL,'0',NULL,2,2,'2021-06-20 12:05:28','2021-06-20 12:05:28',NULL),(762,'NORHIDAYATI BINTI MD NUSI',NULL,'830209105202','$2y$10$gw0izPMU3RRuC4YfPSl4m.kGzqtxT9mby73D.yAouGl/p8agf1LQa','0','0','0',NULL,NULL,'en',NULL,'0',NULL,2,2,'2021-06-20 12:05:28','2021-06-20 13:14:34',NULL),(763,'MOHD SHAHIDI BIN ISMAIL',NULL,'830219025265','$2y$10$gw0izPMU3RRuC4YfPSl4m.kGzqtxT9mby73D.yAouGl/p8agf1LQa','0','0','0',NULL,NULL,'en',NULL,'0',NULL,2,2,'2021-06-20 12:05:28','2021-06-21 11:30:35',NULL),(764,'SITI ZAHARAH BINTI IBRAHIM',NULL,'830226045192','$2y$10$gw0izPMU3RRuC4YfPSl4m.kGzqtxT9mby73D.yAouGl/p8agf1LQa','0','0','0',NULL,NULL,'en',NULL,'0',NULL,2,2,'2021-06-20 12:05:28','2021-06-21 11:30:35',NULL),(765,'ABDUL HAFIZ BIN MOHD ISA AZMI',NULL,'830301105213','$2y$10$gw0izPMU3RRuC4YfPSl4m.kGzqtxT9mby73D.yAouGl/p8agf1LQa','0','0','0',NULL,NULL,'en',NULL,'0',NULL,2,2,'2021-06-20 12:05:28','2021-06-21 11:30:35',NULL),(766,'JOHAN IRWAN BIN KAMAROZAMAN',NULL,'830326015919','$2y$10$gw0izPMU3RRuC4YfPSl4m.kGzqtxT9mby73D.yAouGl/p8agf1LQa','0','0','0',NULL,NULL,'en',NULL,'0',NULL,2,2,'2021-06-20 12:05:28','2021-06-20 12:05:28',NULL),(767,'MOHD FAIRUS BIN SALEHEN',NULL,'830428105691','$2y$10$gw0izPMU3RRuC4YfPSl4m.kGzqtxT9mby73D.yAouGl/p8agf1LQa','0','0','0',NULL,NULL,'en',NULL,'0',NULL,2,2,'2021-06-20 12:05:28','2021-06-21 11:30:35',NULL),(768,'MOHMMAD FIRDAUS ISHAK',NULL,'830523085043','$2y$10$gw0izPMU3RRuC4YfPSl4m.kGzqtxT9mby73D.yAouGl/p8agf1LQa','0','0','0',NULL,NULL,'en',NULL,'0',NULL,2,2,'2021-06-20 12:05:28','2021-06-20 13:14:34',NULL),(769,'KHALIK BIN SENAK',NULL,'831110135043','$2y$10$gw0izPMU3RRuC4YfPSl4m.kGzqtxT9mby73D.yAouGl/p8agf1LQa','0','0','0',NULL,NULL,'en',NULL,'0',NULL,2,2,'2021-06-20 12:05:28','2021-06-20 12:05:28',NULL),(770,'SAIFUL FARHAN BIN MASHOR',NULL,'840617015977','$2y$10$gw0izPMU3RRuC4YfPSl4m.kGzqtxT9mby73D.yAouGl/p8agf1LQa','0','0','0',NULL,NULL,'en',NULL,'0',NULL,2,2,'2021-06-20 12:05:28','2021-06-20 12:05:28',NULL),(771,'SURIA RIZA BINTI RADZALI',NULL,'840820145056','$2y$10$gw0izPMU3RRuC4YfPSl4m.kGzqtxT9mby73D.yAouGl/p8agf1LQa','0','0','0',NULL,NULL,'en',NULL,'0',NULL,2,2,'2021-06-20 12:05:28','2021-06-20 12:05:28',NULL),(772,'IR TS DR FADHLAN HAFIZHELMI KAMARU ZAMAN',NULL,'840924115839','$2y$10$gw0izPMU3RRuC4YfPSl4m.kGzqtxT9mby73D.yAouGl/p8agf1LQa','0','0','0',NULL,NULL,'en',NULL,'0',NULL,2,2,'2021-06-20 12:05:28','2021-06-20 12:05:28',NULL),(773,'SAFARUDIN BIN TAMBI',NULL,'841029135555','$2y$10$gw0izPMU3RRuC4YfPSl4m.kGzqtxT9mby73D.yAouGl/p8agf1LQa','0','0','0',NULL,NULL,'en',NULL,'0',NULL,2,2,'2021-06-20 12:05:28','2021-06-20 13:14:34',NULL),(774,'HAFIZ BIN BAHARUDIN',NULL,'841109065403','$2y$10$gw0izPMU3RRuC4YfPSl4m.kGzqtxT9mby73D.yAouGl/p8agf1LQa','0','0','0',NULL,NULL,'en',NULL,'0',NULL,2,2,'2021-06-20 12:05:28','2021-06-20 12:05:28',NULL),(775,'FEROZ HAYAT KHAN BIN GAMASH KHAN',NULL,'841206135645','$2y$10$gw0izPMU3RRuC4YfPSl4m.kGzqtxT9mby73D.yAouGl/p8agf1LQa','0','0','0',NULL,NULL,'en',NULL,'0',NULL,2,2,'2021-06-20 12:05:28','2021-06-20 13:14:34',NULL),(776,'MOHD RADHI RAZALI',NULL,'841217105169','$2y$10$gw0izPMU3RRuC4YfPSl4m.kGzqtxT9mby73D.yAouGl/p8agf1LQa','0','0','0',NULL,NULL,'en',NULL,'0',NULL,2,2,'2021-06-20 12:05:28','2021-06-20 12:05:28',NULL),(777,'SITI AISAH BINTI ABAS',NULL,'850108125456','$2y$10$gw0izPMU3RRuC4YfPSl4m.kGzqtxT9mby73D.yAouGl/p8agf1LQa','0','0','0',NULL,NULL,'en',NULL,'0',NULL,2,2,'2021-06-20 12:05:28','2021-06-21 11:30:35',NULL),(778,'MOHAMAD IZAHAR BIN MOHAMAD IZHAM',NULL,'850120105431','$2y$10$gw0izPMU3RRuC4YfPSl4m.kGzqtxT9mby73D.yAouGl/p8agf1LQa','0','0','0',NULL,NULL,'en',NULL,'0',NULL,2,2,'2021-06-20 12:05:28','2021-06-21 11:30:35',NULL),(779,'NURHUSNA BINTI YUSOF',NULL,'850423145166','$2y$10$gw0izPMU3RRuC4YfPSl4m.kGzqtxT9mby73D.yAouGl/p8agf1LQa','0','0','0',NULL,NULL,'en',NULL,'0',NULL,2,2,'2021-06-20 12:05:28','2021-06-21 11:30:35',NULL),(780,'NABILAH BINTI ABDUL RAHMAN',NULL,'850426075642','$2y$10$gw0izPMU3RRuC4YfPSl4m.kGzqtxT9mby73D.yAouGl/p8agf1LQa','0','0','0',NULL,NULL,'en',NULL,'0',NULL,2,2,'2021-06-20 12:05:28','2021-06-21 11:30:35',NULL),(781,'NOR SHAFAWATI WAN HALIM',NULL,'850519075756','$2y$10$gw0izPMU3RRuC4YfPSl4m.kGzqtxT9mby73D.yAouGl/p8agf1LQa','0','0','0',NULL,NULL,'en',NULL,'0',NULL,2,2,'2021-06-20 12:05:28','2021-06-21 11:30:35',NULL),(782,'DR. AFNIZANFAIZAL ABDULLAH',NULL,'850612065683','$2y$10$gw0izPMU3RRuC4YfPSl4m.kGzqtxT9mby73D.yAouGl/p8agf1LQa','0','0','0',NULL,NULL,'en',NULL,'0',NULL,2,2,'2021-06-20 12:05:28','2021-06-20 12:05:28',NULL),(783,'KAMINE A/P KETHIESWARANATHAN',NULL,'850618105754','$2y$10$gw0izPMU3RRuC4YfPSl4m.kGzqtxT9mby73D.yAouGl/p8agf1LQa','0','0','0',NULL,NULL,'en',NULL,'0',NULL,2,2,'2021-06-20 12:05:28','2021-06-20 13:14:34',NULL),(784,'OON CHIN HONG',NULL,'850809025239','$2y$10$gw0izPMU3RRuC4YfPSl4m.kGzqtxT9mby73D.yAouGl/p8agf1LQa','0','0','0',NULL,NULL,'en',NULL,'0',NULL,2,2,'2021-06-20 12:05:28','2021-06-20 12:05:28',NULL),(785,'MOHAMAD YASSAR BIN ISHAK',NULL,'850815105139','$2y$10$gw0izPMU3RRuC4YfPSl4m.kGzqtxT9mby73D.yAouGl/p8agf1LQa','0','0','0',NULL,NULL,'en',NULL,'0',NULL,2,2,'2021-06-20 12:05:28','2021-06-20 13:14:34',NULL),(786,'SITI MUNIRAH BINTI MAAROF',NULL,'850913105052','$2y$10$gw0izPMU3RRuC4YfPSl4m.kGzqtxT9mby73D.yAouGl/p8agf1LQa','0','0','0',NULL,NULL,'en',NULL,'0',NULL,2,2,'2021-06-20 12:05:28','2021-06-20 12:05:28',NULL),(787,'MOHD HAFIZ BIN HUSSIN',NULL,'851001145865','$2y$10$R3IlRUBXwAZhE1O5BamCZewJIYY/QAuwlZEIFfpYYplSHc0os4RGO','1','1','0',NULL,NULL,'en',NULL,'0',NULL,31,31,'2021-06-20 12:05:28','2021-06-23 07:22:56',NULL),(788,'MOHAMAD IZAHAR MOHAMAD IZHAM',NULL,'851012010543','$2y$10$gw0izPMU3RRuC4YfPSl4m.kGzqtxT9mby73D.yAouGl/p8agf1LQa','0','0','0',NULL,NULL,'en',NULL,'0',NULL,2,2,'2021-06-20 12:05:28','2021-06-20 12:05:28',NULL),(789,'INTAN NATASHA BINTI ISMAIL',NULL,'851105035978','$2y$10$gw0izPMU3RRuC4YfPSl4m.kGzqtxT9mby73D.yAouGl/p8agf1LQa','0','0','0',NULL,NULL,'en',NULL,'0',NULL,2,2,'2021-06-20 12:05:28','2021-06-21 11:30:35',NULL),(790,'MOHD SYAZMIN BIN MOHD SOFFIAN',NULL,'851128115217','$2y$10$gw0izPMU3RRuC4YfPSl4m.kGzqtxT9mby73D.yAouGl/p8agf1LQa','0','0','0',NULL,NULL,'en',NULL,'0',NULL,2,2,'2021-06-20 12:05:28','2021-06-20 12:05:28',NULL),(791,'SITI NUR ZAKIRAH BINTI MOHD HASHIM',NULL,'851201295008','$2y$10$gw0izPMU3RRuC4YfPSl4m.kGzqtxT9mby73D.yAouGl/p8agf1LQa','0','0','0',NULL,NULL,'en',NULL,'0',NULL,2,2,'2021-06-20 12:05:28','2021-06-21 11:30:35',NULL),(792,'NUR SYAZWANI BINTI ABDUL RAHMAN',NULL,'851231146126','$2y$10$gw0izPMU3RRuC4YfPSl4m.kGzqtxT9mby73D.yAouGl/p8agf1LQa','0','0','0',NULL,NULL,'en',NULL,'0',NULL,2,2,'2021-06-20 12:05:28','2021-06-20 12:05:28',NULL),(793,'HO MEE TEEN',NULL,'860105386238','$2y$10$gw0izPMU3RRuC4YfPSl4m.kGzqtxT9mby73D.yAouGl/p8agf1LQa','0','0','0',NULL,NULL,'en',NULL,'0',NULL,2,2,'2021-06-20 12:05:28','2021-06-21 11:30:35',NULL),(794,'MOHD KAMAL FITRI BIN MOHD GHAZALI',NULL,'860115565547','$2y$10$gw0izPMU3RRuC4YfPSl4m.kGzqtxT9mby73D.yAouGl/p8agf1LQa','0','0','0',NULL,NULL,'en',NULL,'0',NULL,2,2,'2021-06-20 12:05:28','2021-06-20 12:05:28',NULL),(795,'SERI HARIATI BINTI HASHIM',NULL,'860119405014','$2y$10$gw0izPMU3RRuC4YfPSl4m.kGzqtxT9mby73D.yAouGl/p8agf1LQa','0','0','0',NULL,NULL,'en',NULL,'0',NULL,2,2,'2021-06-20 12:05:28','2021-06-20 12:05:28',NULL),(796,'SHASHIDARAN',NULL,'860211565221','$2y$10$gw0izPMU3RRuC4YfPSl4m.kGzqtxT9mby73D.yAouGl/p8agf1LQa','0','0','0',NULL,NULL,'en',NULL,'0',NULL,2,2,'2021-06-20 12:05:28','2021-06-21 11:30:35',NULL),(797,'WAN LUQMAN HAKIM BIN WAN KAIRUDDIN',NULL,'860225295453','$2y$10$gw0izPMU3RRuC4YfPSl4m.kGzqtxT9mby73D.yAouGl/p8agf1LQa','0','0','0',NULL,NULL,'en',NULL,'0',NULL,2,2,'2021-06-20 12:05:28','2021-06-20 12:05:28',NULL),(798,'MOHD FARID BIN ALADDIN',NULL,'860420435669','$2y$10$gw0izPMU3RRuC4YfPSl4m.kGzqtxT9mby73D.yAouGl/p8agf1LQa','0','0','0',NULL,NULL,'en',NULL,'0',NULL,2,2,'2021-06-20 12:05:28','2021-06-21 11:30:35',NULL),(799,'NOR SYAHIRAH BINTI ISMAIL',NULL,'860425015014','$2y$10$gw0izPMU3RRuC4YfPSl4m.kGzqtxT9mby73D.yAouGl/p8agf1LQa','0','0','0',NULL,NULL,'en',NULL,'0',NULL,2,2,'2021-06-20 12:05:28','2021-06-20 12:05:28',NULL),(800,'CHEAH WEN HSIN',NULL,'860618145288','$2y$10$gw0izPMU3RRuC4YfPSl4m.kGzqtxT9mby73D.yAouGl/p8agf1LQa','0','0','0',NULL,NULL,'en',NULL,'0',NULL,2,2,'2021-06-20 12:05:28','2021-06-20 12:05:28',NULL),(801,'MUHD ZULHAFRIZ AADEL BIN MARZUKI',NULL,'860618525897','$2y$10$gw0izPMU3RRuC4YfPSl4m.kGzqtxT9mby73D.yAouGl/p8agf1LQa','0','0','0',NULL,NULL,'en',NULL,'0',NULL,2,2,'2021-06-20 12:05:28','2021-06-21 11:30:35',NULL),(802,'KHAIRUN NISA\' BINTI AZIZ',NULL,'860630465110','$2y$10$gw0izPMU3RRuC4YfPSl4m.kGzqtxT9mby73D.yAouGl/p8agf1LQa','0','0','0',NULL,NULL,'en',NULL,'0',NULL,2,2,'2021-06-20 12:05:28','2021-06-20 12:05:28',NULL),(803,'TAN E-WEI',NULL,'861024436226','$2y$10$gw0izPMU3RRuC4YfPSl4m.kGzqtxT9mby73D.yAouGl/p8agf1LQa','0','0','0',NULL,NULL,'en',NULL,'0',NULL,2,2,'2021-06-20 12:05:28','2021-06-20 12:05:28',NULL),(804,'AHMED ROWIN BIN BERAHIM',NULL,'870127295467','$2y$10$gw0izPMU3RRuC4YfPSl4m.kGzqtxT9mby73D.yAouGl/p8agf1LQa','0','0','0',NULL,NULL,'en',NULL,'0',NULL,2,2,'2021-06-20 12:05:28','2021-06-20 13:14:34',NULL),(805,'NORHAZWANI BINTI ARIS',NULL,'870519015794','$2y$10$gw0izPMU3RRuC4YfPSl4m.kGzqtxT9mby73D.yAouGl/p8agf1LQa','0','0','0',NULL,NULL,'en',NULL,'0',NULL,2,2,'2021-06-20 12:05:28','2021-06-20 12:05:28',NULL),(806,'MOHD.HARRIS BIN ZAHARI',NULL,'870626435073','$2y$10$gw0izPMU3RRuC4YfPSl4m.kGzqtxT9mby73D.yAouGl/p8agf1LQa','0','0','0',NULL,NULL,'en',NULL,'0',NULL,2,2,'2021-06-20 12:05:28','2021-06-20 13:14:34',NULL),(807,'VINCENT LEONG WING SUM',NULL,'870630145327','$2y$10$gw0izPMU3RRuC4YfPSl4m.kGzqtxT9mby73D.yAouGl/p8agf1LQa','0','0','0',NULL,NULL,'en',NULL,'0',NULL,2,2,'2021-06-20 12:05:28','2021-06-20 12:05:28',NULL),(808,'NURULNADIAH MUHAMMAD',NULL,'870814235634','$2y$10$gw0izPMU3RRuC4YfPSl4m.kGzqtxT9mby73D.yAouGl/p8agf1LQa','0','0','0',NULL,NULL,'en',NULL,'0',NULL,2,2,'2021-06-20 12:05:28','2021-06-20 12:05:28',NULL),(809,'CHE KU AMIR RIZAL BIN CHE KU MOHD',NULL,'870924115545','$2y$10$gw0izPMU3RRuC4YfPSl4m.kGzqtxT9mby73D.yAouGl/p8agf1LQa','0','0','0',NULL,NULL,'en',NULL,'0',NULL,2,2,'2021-06-20 12:05:28','2021-06-21 11:30:35',NULL),(810,'WAN NURUL EZZATI HASLEE SHARIL',NULL,'870930055032','$2y$10$gw0izPMU3RRuC4YfPSl4m.kGzqtxT9mby73D.yAouGl/p8agf1LQa','0','0','0',NULL,NULL,'en',NULL,'0',NULL,2,2,'2021-06-20 12:05:28','2021-06-20 12:05:28',NULL),(811,'NORANIZA MOHD SAAD',NULL,'871013086274','$2y$10$gw0izPMU3RRuC4YfPSl4m.kGzqtxT9mby73D.yAouGl/p8agf1LQa','0','0','0',NULL,NULL,'en',NULL,'0',NULL,2,2,'2021-06-20 12:05:28','2021-06-20 12:05:28',NULL),(812,'SITI NUR SYAHIRAH MOHD ADNAN',NULL,'871113035132','$2y$10$gw0izPMU3RRuC4YfPSl4m.kGzqtxT9mby73D.yAouGl/p8agf1LQa','0','0','0',NULL,NULL,'en',NULL,'0',NULL,2,2,'2021-06-20 12:05:28','2021-06-21 11:30:35',NULL),(813,'MUHAMAD TAUFIK BIN RAMTHAN',NULL,'871201295049','$2y$10$gw0izPMU3RRuC4YfPSl4m.kGzqtxT9mby73D.yAouGl/p8agf1LQa','0','0','0',NULL,NULL,'en',NULL,'0',NULL,2,2,'2021-06-20 12:05:28','2021-06-20 12:05:28',NULL),(814,'CHUA ZHEN HONG',NULL,'880502145655','$2y$10$gw0izPMU3RRuC4YfPSl4m.kGzqtxT9mby73D.yAouGl/p8agf1LQa','0','0','0',NULL,NULL,'en',NULL,'0',NULL,2,2,'2021-06-20 12:05:28','2021-06-20 12:05:28',NULL),(815,'HO JIA WEI',NULL,'880521045238','$2y$10$gw0izPMU3RRuC4YfPSl4m.kGzqtxT9mby73D.yAouGl/p8agf1LQa','0','0','0',NULL,NULL,'en',NULL,'0',NULL,2,2,'2021-06-20 12:05:28','2021-06-21 11:30:35',NULL),(816,'TIANG MING CHEE',NULL,'880624495477','$2y$10$gw0izPMU3RRuC4YfPSl4m.kGzqtxT9mby73D.yAouGl/p8agf1LQa','0','0','0',NULL,NULL,'en',NULL,'0',NULL,2,2,'2021-06-20 12:05:28','2021-06-20 12:05:28',NULL),(817,'MOHD NAIM \'AFIFI B. ISHAK',NULL,'881017075133','$2y$10$gw0izPMU3RRuC4YfPSl4m.kGzqtxT9mby73D.yAouGl/p8agf1LQa','0','0','0',NULL,NULL,'en',NULL,'0',NULL,2,2,'2021-06-20 12:05:28','2021-06-20 12:05:28',NULL),(818,'NURSHAFIZA BINTI RAZEMI',NULL,'881225135284','$2y$10$gw0izPMU3RRuC4YfPSl4m.kGzqtxT9mby73D.yAouGl/p8agf1LQa','0','0','0',NULL,NULL,'en',NULL,'0',NULL,2,2,'2021-06-20 12:05:28','2021-06-20 12:05:28',NULL),(819,'CHUA WEN SHYAN',NULL,'890810055159','$2y$10$gw0izPMU3RRuC4YfPSl4m.kGzqtxT9mby73D.yAouGl/p8agf1LQa','0','0','0',NULL,NULL,'en',NULL,'0',NULL,2,2,'2021-06-20 12:05:28','2021-06-20 12:05:28',NULL),(820,'KOAY WEI CHIN',NULL,'89091102557','$2y$10$gw0izPMU3RRuC4YfPSl4m.kGzqtxT9mby73D.yAouGl/p8agf1LQa','0','0','0',NULL,NULL,'en',NULL,'0',NULL,2,2,'2021-06-20 12:05:28','2021-06-20 12:05:28',NULL),(821,'WAN NURUL ASMA BINTI WAN BERAHIM',NULL,'891022035784','$2y$10$gw0izPMU3RRuC4YfPSl4m.kGzqtxT9mby73D.yAouGl/p8agf1LQa','0','0','0',NULL,NULL,'en',NULL,'0',NULL,2,2,'2021-06-20 12:05:28','2021-06-20 12:05:28',NULL),(822,'NUR ALIAH BINTI MANSHOR',NULL,'900506015592','$2y$10$gw0izPMU3RRuC4YfPSl4m.kGzqtxT9mby73D.yAouGl/p8agf1LQa','0','0','0',NULL,NULL,'en',NULL,'0',NULL,2,2,'2021-06-20 12:05:28','2021-06-21 11:30:35',NULL),(823,'MUHAMMAD KHAIRUL AFANDI BIN KAMARUDIN',NULL,'900629035563','$2y$10$gw0izPMU3RRuC4YfPSl4m.kGzqtxT9mby73D.yAouGl/p8agf1LQa','0','0','0',NULL,NULL,'en',NULL,'0',NULL,2,2,'2021-06-20 12:05:28','2021-06-20 12:05:28',NULL),(824,'HO CHIN WAI',NULL,'900809146551','$2y$10$gw0izPMU3RRuC4YfPSl4m.kGzqtxT9mby73D.yAouGl/p8agf1LQa','0','0','0',NULL,NULL,'en',NULL,'0',NULL,2,2,'2021-06-20 12:05:28','2021-06-20 12:05:28',NULL),(825,'MUHAMAD TAUFIK BIN MEH',NULL,'901008095277','$2y$10$gw0izPMU3RRuC4YfPSl4m.kGzqtxT9mby73D.yAouGl/p8agf1LQa','0','0','0',NULL,NULL,'en',NULL,'0',NULL,2,2,'2021-06-20 12:05:28','2021-06-21 11:30:35',NULL),(826,'MOHD HISAM BIN DAUD',NULL,'901219115557','$2y$10$gw0izPMU3RRuC4YfPSl4m.kGzqtxT9mby73D.yAouGl/p8agf1LQa','0','0','0',NULL,NULL,'en',NULL,'0',NULL,2,2,'2021-06-20 12:05:28','2021-06-20 12:05:28',NULL),(827,'LIYA SAFURA AB RASHID',NULL,'901222055460','$2y$10$gw0izPMU3RRuC4YfPSl4m.kGzqtxT9mby73D.yAouGl/p8agf1LQa','0','0','0',NULL,NULL,'en',NULL,'0',NULL,2,2,'2021-06-20 12:05:28','2021-06-20 12:05:28',NULL),(828,'MOHD ZULIKHWAN BIN AYUB',NULL,'910202025015','$2y$10$gw0izPMU3RRuC4YfPSl4m.kGzqtxT9mby73D.yAouGl/p8agf1LQa','0','0','0',NULL,NULL,'en',NULL,'0',NULL,2,2,'2021-06-20 12:05:28','2021-06-21 11:30:35',NULL),(829,'NAVEENTIRAN',NULL,'910405086395','$2y$10$gw0izPMU3RRuC4YfPSl4m.kGzqtxT9mby73D.yAouGl/p8agf1LQa','0','0','0',NULL,NULL,'en',NULL,'0',NULL,2,2,'2021-06-20 12:05:28','2021-06-20 12:05:28',NULL),(830,'AL AIN IT CONSULTANTS SDN BHD',NULL,'910927035093','$2y$10$gw0izPMU3RRuC4YfPSl4m.kGzqtxT9mby73D.yAouGl/p8agf1LQa','0','0','0',NULL,NULL,'en',NULL,'0',NULL,2,2,'2021-06-20 12:05:28','2021-06-21 11:30:35',NULL),(831,'NIK SYAFIQAH BINTI NIK IBRAHIM',NULL,'920705145376','$2y$10$gw0izPMU3RRuC4YfPSl4m.kGzqtxT9mby73D.yAouGl/p8agf1LQa','0','0','0',NULL,NULL,'en',NULL,'0',NULL,2,2,'2021-06-20 12:05:28','2021-06-21 11:30:35',NULL),(832,'INTAN LIYANA MOHD FADZIL',NULL,'920725105312','$2y$10$gw0izPMU3RRuC4YfPSl4m.kGzqtxT9mby73D.yAouGl/p8agf1LQa','0','0','0',NULL,NULL,'en',NULL,'0',NULL,2,2,'2021-06-20 12:05:28','2021-06-20 12:05:28',NULL),(833,'MOHAMMAD FADZRUL FARIDZ',NULL,'930527045223','$2y$10$gw0izPMU3RRuC4YfPSl4m.kGzqtxT9mby73D.yAouGl/p8agf1LQa','0','0','0',NULL,NULL,'en',NULL,'0',NULL,2,2,'2021-06-20 12:05:28','2021-06-21 11:30:35',NULL),(834,'MUHAMMAD ZULFADHLI BIN MOHD JAMAL',NULL,'931119025789','$2y$10$gw0izPMU3RRuC4YfPSl4m.kGzqtxT9mby73D.yAouGl/p8agf1LQa','0','0','0',NULL,NULL,'en',NULL,'0',NULL,2,2,'2021-06-20 12:05:28','2021-06-21 11:30:35',NULL),(835,'MUHAMMAD KOHRUDDIN ABD RAHMAN',NULL,'940223105177','$2y$10$gw0izPMU3RRuC4YfPSl4m.kGzqtxT9mby73D.yAouGl/p8agf1LQa','0','0','0',NULL,NULL,'en',NULL,'0',NULL,2,2,'2021-06-20 12:05:28','2021-06-20 12:05:28',NULL),(836,'NUR AMALINA ASHAARI',NULL,'940430105292','$2y$10$gw0izPMU3RRuC4YfPSl4m.kGzqtxT9mby73D.yAouGl/p8agf1LQa','0','0','0',NULL,NULL,'en',NULL,'0',NULL,2,2,'2021-06-20 12:05:28','2021-06-20 12:05:28',NULL),(837,'CHOONG PUI WEI',NULL,'940624085234','$2y$10$gw0izPMU3RRuC4YfPSl4m.kGzqtxT9mby73D.yAouGl/p8agf1LQa','0','0','0',NULL,NULL,'en',NULL,'0',NULL,2,2,'2021-06-20 12:05:28','2021-06-21 11:30:35',NULL),(838,'AMALINA BINTI SAPIREN',NULL,'940902015050','$2y$10$gw0izPMU3RRuC4YfPSl4m.kGzqtxT9mby73D.yAouGl/p8agf1LQa','0','0','0',NULL,NULL,'en',NULL,'0',NULL,2,2,'2021-06-20 12:05:28','2021-06-21 11:30:35',NULL),(839,'NAWAL AQILAH BINTI ABDUL RAHMAN',NULL,'940917105980','$2y$10$gw0izPMU3RRuC4YfPSl4m.kGzqtxT9mby73D.yAouGl/p8agf1LQa','0','0','0',NULL,NULL,'en',NULL,'0',NULL,2,2,'2021-06-20 12:05:28','2021-06-21 11:30:35',NULL),(840,'NUR AFIFA BINTI HASHIM',NULL,'941107035276','$2y$10$gw0izPMU3RRuC4YfPSl4m.kGzqtxT9mby73D.yAouGl/p8agf1LQa','0','0','0',NULL,NULL,'en',NULL,'0',NULL,2,2,'2021-06-20 12:05:28','2021-06-20 12:05:28',NULL),(841,'NIK ZARITH ELIDA NIK RAMLI',NULL,'950406035924','$2y$10$gw0izPMU3RRuC4YfPSl4m.kGzqtxT9mby73D.yAouGl/p8agf1LQa','0','0','0',NULL,NULL,'en',NULL,'0',NULL,2,2,'2021-06-20 12:05:28','2021-06-21 11:30:35',NULL),(842,'NURUL NADIA BT ABDUL PATAH',NULL,'950526145298','$2y$10$gw0izPMU3RRuC4YfPSl4m.kGzqtxT9mby73D.yAouGl/p8agf1LQa','0','0','0',NULL,NULL,'en',NULL,'0',NULL,2,2,'2021-06-20 12:05:28','2021-06-21 11:30:35',NULL),(843,'NOOR IDDEANNA BINTI IDRIS',NULL,'950806146236','$2y$10$gw0izPMU3RRuC4YfPSl4m.kGzqtxT9mby73D.yAouGl/p8agf1LQa','0','0','0',NULL,NULL,'en',NULL,'0',NULL,2,2,'2021-06-20 12:05:28','2021-06-21 11:30:35',NULL),(844,'NAJWA HARZANI BINTI EZUMI HARZANI',NULL,'950902075044','$2y$10$gw0izPMU3RRuC4YfPSl4m.kGzqtxT9mby73D.yAouGl/p8agf1LQa','0','0','0',NULL,NULL,'en',NULL,'0',NULL,2,2,'2021-06-20 12:05:28','2021-06-21 11:30:35',NULL),(845,'MUHAMMAD HANIF BIN CHE WAN NAMAN',NULL,'950913035929','$2y$10$gw0izPMU3RRuC4YfPSl4m.kGzqtxT9mby73D.yAouGl/p8agf1LQa','0','0','0',NULL,NULL,'en',NULL,'0',NULL,2,2,'2021-06-20 12:05:28','2021-06-21 11:30:35',NULL),(846,'AMIZA AHMAD MURAD',NULL,'951116105810','$2y$10$gw0izPMU3RRuC4YfPSl4m.kGzqtxT9mby73D.yAouGl/p8agf1LQa','0','0','0',NULL,NULL,'en',NULL,'0',NULL,2,2,'2021-06-20 12:05:28','2021-06-20 12:05:28',NULL),(847,'WONG HUI XIAN',NULL,'960219145166','$2y$10$gw0izPMU3RRuC4YfPSl4m.kGzqtxT9mby73D.yAouGl/p8agf1LQa','0','0','0',NULL,NULL,'en',NULL,'0',NULL,2,2,'2021-06-20 12:05:28','2021-06-20 12:05:28',NULL),(848,'FARAH NABIHAH BINTI AZILAN',NULL,'960413115454','$2y$10$gw0izPMU3RRuC4YfPSl4m.kGzqtxT9mby73D.yAouGl/p8agf1LQa','0','0','0',NULL,NULL,'en',NULL,'0',NULL,2,2,'2021-06-20 12:05:28','2021-06-21 11:30:35',NULL),(849,'AININ SOFIYA BINTI YAHYA',NULL,'960501145100','$2y$10$gw0izPMU3RRuC4YfPSl4m.kGzqtxT9mby73D.yAouGl/p8agf1LQa','0','0','0',NULL,NULL,'en',NULL,'0',NULL,2,2,'2021-06-20 12:05:28','2021-06-21 11:30:35',NULL),(850,'SITI NUR AISHAH BT ZUHAIRI',NULL,'960507105470','$2y$10$gw0izPMU3RRuC4YfPSl4m.kGzqtxT9mby73D.yAouGl/p8agf1LQa','0','0','0',NULL,NULL,'en',NULL,'0',NULL,2,2,'2021-06-20 12:05:28','2021-06-21 11:30:35',NULL),(851,'IKHLAS ROZLIMAN',NULL,'960908105311','$2y$10$gw0izPMU3RRuC4YfPSl4m.kGzqtxT9mby73D.yAouGl/p8agf1LQa','0','0','0',NULL,NULL,'en',NULL,'0',NULL,2,2,'2021-06-20 12:05:28','2021-06-21 11:30:35',NULL),(852,'CHO THANDAR HTUN',NULL,'AA0050118','$2y$10$gw0izPMU3RRuC4YfPSl4m.kGzqtxT9mby73D.yAouGl/p8agf1LQa','0','0','0',NULL,NULL,'en',NULL,'0',NULL,2,2,'2021-06-20 12:05:28','2021-06-20 12:05:28',NULL),(853,'QML CONSULTANCY',NULL,'001047386-W','$2y$10$gw0izPMU3RRuC4YfPSl4m.kGzqtxT9mby73D.yAouGl/p8agf1LQa','0','0','0',NULL,NULL,'en',NULL,'0',NULL,2,2,'2021-06-20 13:02:35','2021-06-21 11:30:35',NULL),(854,'NH STRATEGIC RESOURCES',NULL,'001176577-H','$2y$10$gw0izPMU3RRuC4YfPSl4m.kGzqtxT9mby73D.yAouGl/p8agf1LQa','0','0','0',NULL,NULL,'en',NULL,'0',NULL,2,2,'2021-06-20 13:02:35','2021-06-21 11:30:35',NULL),(855,'NETLINX SOLUTION CONSULTANT',NULL,'001296252-T','$2y$10$gw0izPMU3RRuC4YfPSl4m.kGzqtxT9mby73D.yAouGl/p8agf1LQa','0','0','0',NULL,NULL,'en',NULL,'0',NULL,2,2,'2021-06-20 13:02:35','2021-06-21 11:30:35',NULL),(856,'AD SUCCESS CONSULTING',NULL,'001458831-P','$2y$10$gw0izPMU3RRuC4YfPSl4m.kGzqtxT9mby73D.yAouGl/p8agf1LQa','0','0','0',NULL,NULL,'en',NULL,'0',NULL,2,2,'2021-06-20 13:02:35','2021-06-21 11:30:35',NULL),(857,'ARAR VENTURE',NULL,'001588890-X','$2y$10$gw0izPMU3RRuC4YfPSl4m.kGzqtxT9mby73D.yAouGl/p8agf1LQa','0','0','0',NULL,NULL,'en',NULL,'0',NULL,2,2,'2021-06-20 13:02:35','2021-06-21 11:30:35',NULL),(858,'ISLAH MANAGEMENT CONSULTANCY',NULL,'001671951-K','$2y$10$gw0izPMU3RRuC4YfPSl4m.kGzqtxT9mby73D.yAouGl/p8agf1LQa','0','0','0',NULL,NULL,'en',NULL,'0',NULL,2,2,'2021-06-20 13:02:35','2021-06-21 11:30:35',NULL),(859,'BARAKA RESOURCES',NULL,'001750753-A','$2y$10$gw0izPMU3RRuC4YfPSl4m.kGzqtxT9mby73D.yAouGl/p8agf1LQa','0','0','0',NULL,NULL,'en',NULL,'0',NULL,2,2,'2021-06-20 13:02:35','2021-06-21 11:30:35',NULL),(860,'GLOBAL MEDIA ENTERTAINMENT',NULL,'002158839-X','$2y$10$gw0izPMU3RRuC4YfPSl4m.kGzqtxT9mby73D.yAouGl/p8agf1LQa','0','0','0',NULL,NULL,'en',NULL,'0',NULL,2,2,'2021-06-20 13:02:35','2021-06-21 11:30:35',NULL),(861,'SENA TRAINING & CONSULTANCY SERVICES',NULL,'002297438-V','$2y$10$gw0izPMU3RRuC4YfPSl4m.kGzqtxT9mby73D.yAouGl/p8agf1LQa','0','0','0',NULL,NULL,'en',NULL,'0',NULL,2,2,'2021-06-20 13:02:35','2021-06-21 11:30:35',NULL),(862,'OSH CAPITAL SOLUTIONS',NULL,'002453937-H','$2y$10$gw0izPMU3RRuC4YfPSl4m.kGzqtxT9mby73D.yAouGl/p8agf1LQa','0','0','0',NULL,NULL,'en',NULL,'0',NULL,2,2,'2021-06-20 13:02:35','2021-06-21 11:30:35',NULL),(863,'ARN CONSULTING',NULL,'002511844-U','$2y$10$gw0izPMU3RRuC4YfPSl4m.kGzqtxT9mby73D.yAouGl/p8agf1LQa','0','0','0',NULL,NULL,'en',NULL,'0',NULL,2,2,'2021-06-20 13:02:35','2021-06-21 11:30:35',NULL),(864,'ON POINT TRAINING & CONSULTANCY',NULL,'002748392-T','$2y$10$gw0izPMU3RRuC4YfPSl4m.kGzqtxT9mby73D.yAouGl/p8agf1LQa','0','0','0',NULL,NULL,'en',NULL,'0',NULL,2,2,'2021-06-20 13:02:35','2021-06-21 11:30:35',NULL),(865,'FLUXNOVA SOLUTIONS',NULL,'002766235-U','$2y$10$gw0izPMU3RRuC4YfPSl4m.kGzqtxT9mby73D.yAouGl/p8agf1LQa','0','0','0',NULL,NULL,'en',NULL,'0',NULL,2,2,'2021-06-20 13:02:35','2021-06-21 11:30:35',NULL),(866,'OEC MANAGEMENT',NULL,'002914600-D','$2y$10$gw0izPMU3RRuC4YfPSl4m.kGzqtxT9mby73D.yAouGl/p8agf1LQa','0','0','0',NULL,NULL,'en',NULL,'0',NULL,2,2,'2021-06-20 13:02:35','2021-06-21 11:30:35',NULL),(867,'KENARI MAKMUR RESOURCES',NULL,'002959041-M','$2y$10$gw0izPMU3RRuC4YfPSl4m.kGzqtxT9mby73D.yAouGl/p8agf1LQa','0','0','0',NULL,NULL,'en',NULL,'0',NULL,2,2,'2021-06-20 13:02:35','2021-06-21 11:30:35',NULL),(868,'DMC SOLUTIONS AND SERVICES',NULL,'003009567-H','$2y$10$gw0izPMU3RRuC4YfPSl4m.kGzqtxT9mby73D.yAouGl/p8agf1LQa','0','0','0',NULL,NULL,'en',NULL,'0',NULL,2,2,'2021-06-20 13:02:35','2021-06-21 11:30:35',NULL),(869,'TECHNORIANT SDN BHD',NULL,'1013998-A','$2y$10$gw0izPMU3RRuC4YfPSl4m.kGzqtxT9mby73D.yAouGl/p8agf1LQa','0','0','0',NULL,NULL,'en',NULL,'0',NULL,2,2,'2021-06-20 13:02:35','2021-06-21 11:30:35',NULL),(870,'UNISZA CONSULTANCY SDN BHD',NULL,'1017199-W','$2y$10$gw0izPMU3RRuC4YfPSl4m.kGzqtxT9mby73D.yAouGl/p8agf1LQa','0','0','0',NULL,NULL,'en',NULL,'0',NULL,2,2,'2021-06-20 13:02:35','2021-06-21 11:30:35',NULL),(871,'KIC GROUP (M) SDN BHD',NULL,'1045293-W','$2y$10$gw0izPMU3RRuC4YfPSl4m.kGzqtxT9mby73D.yAouGl/p8agf1LQa','0','0','0',NULL,NULL,'en',NULL,'0',NULL,2,2,'2021-06-20 13:02:35','2021-06-21 11:30:35',NULL),(872,'DO GREAT SDN BHD',NULL,'1069988-P','$2y$10$gw0izPMU3RRuC4YfPSl4m.kGzqtxT9mby73D.yAouGl/p8agf1LQa','0','0','0',NULL,NULL,'en',NULL,'0',NULL,2,2,'2021-06-20 13:02:35','2021-06-21 11:30:35',NULL),(873,'MWZ CONSORTIUM SDN BHD',NULL,'1090169-U','$2y$10$gw0izPMU3RRuC4YfPSl4m.kGzqtxT9mby73D.yAouGl/p8agf1LQa','0','0','0',NULL,NULL,'en',NULL,'0',NULL,2,2,'2021-06-20 13:02:35','2021-06-21 11:30:35',NULL),(874,'ECOLEAN CONSULTANCY SDN BHD',NULL,'1091973-A','$2y$10$gw0izPMU3RRuC4YfPSl4m.kGzqtxT9mby73D.yAouGl/p8agf1LQa','0','0','0',NULL,NULL,'en',NULL,'0',NULL,2,2,'2021-06-20 13:02:35','2021-06-21 11:30:35',NULL),(875,'SYNERGY CERTIFICATION SDN BHD',NULL,'1095861-D','$2y$10$gw0izPMU3RRuC4YfPSl4m.kGzqtxT9mby73D.yAouGl/p8agf1LQa','0','0','0',NULL,NULL,'en',NULL,'0',NULL,2,2,'2021-06-20 13:02:35','2021-06-21 11:30:35',NULL),(876,'LEAP LEADERSHIP ACADEMY SDN BHD',NULL,'1102714-A','$2y$10$gw0izPMU3RRuC4YfPSl4m.kGzqtxT9mby73D.yAouGl/p8agf1LQa','0','0','0',NULL,NULL,'en',NULL,'0',NULL,2,2,'2021-06-20 13:02:35','2021-06-21 11:30:35',NULL),(877,'OSHEQ MANAGEMENT SDN BHD',NULL,'1113467 D','$2y$10$gw0izPMU3RRuC4YfPSl4m.kGzqtxT9mby73D.yAouGl/p8agf1LQa','0','0','0',NULL,NULL,'en',NULL,'0',NULL,2,2,'2021-06-20 13:02:35','2021-06-21 11:30:35',NULL),(878,'JHI RESOURCES SDN BHD',NULL,'1120101 P','$2y$10$gw0izPMU3RRuC4YfPSl4m.kGzqtxT9mby73D.yAouGl/p8agf1LQa','0','0','0',NULL,NULL,'en',NULL,'0',NULL,2,2,'2021-06-20 13:02:35','2021-06-21 11:30:35',NULL),(879,'DECK CONSULTING SDN BHD',NULL,'1121646-U','$2y$10$gw0izPMU3RRuC4YfPSl4m.kGzqtxT9mby73D.yAouGl/p8agf1LQa','0','0','0',NULL,NULL,'en',NULL,'0',NULL,2,2,'2021-06-20 13:02:35','2021-06-21 11:30:35',NULL),(880,'KARL CONSULT SDN BHD',NULL,'1149384-D','$2y$10$gw0izPMU3RRuC4YfPSl4m.kGzqtxT9mby73D.yAouGl/p8agf1LQa','0','0','0',NULL,NULL,'en',NULL,'0',NULL,2,2,'2021-06-20 13:02:35','2021-06-21 11:30:35',NULL),(881,'QTF CONSULTING SDN BHD',NULL,'1174659 M','$2y$10$gw0izPMU3RRuC4YfPSl4m.kGzqtxT9mby73D.yAouGl/p8agf1LQa','0','0','0',NULL,NULL,'en',NULL,'0',NULL,2,2,'2021-06-20 13:02:35','2021-06-21 11:30:35',NULL),(882,'3PLEPIX SDN BHD',NULL,'1175647-P','$2y$10$QgKt08oNCVUFZpoeybe2QO9oVP.bp0AbAQ7m7576znJFYn1LEmgGy','1','1','0','BdRgcfraJxzHVHavv9D266IJsDh33jU234A80CrBHKvjxE4VEL1Vq5rBnvNt',NULL,'en',NULL,'0',NULL,31,31,'2021-06-20 13:02:35','2021-06-23 07:44:46',NULL),(883,'PEOPLE PROWESS SDN BHD',NULL,'1176955V','$2y$10$gw0izPMU3RRuC4YfPSl4m.kGzqtxT9mby73D.yAouGl/p8agf1LQa','0','0','0',NULL,NULL,'en',NULL,'0',NULL,2,2,'2021-06-20 13:02:35','2021-06-21 11:30:35',NULL),(884,'AK INTERGRATION SDN BHD',NULL,'1177103-U','$2y$10$gw0izPMU3RRuC4YfPSl4m.kGzqtxT9mby73D.yAouGl/p8agf1LQa','0','0','0',NULL,NULL,'en',NULL,'0',NULL,2,2,'2021-06-20 13:02:35','2021-06-21 11:30:35',NULL),(885,'BIZMART RESOURCES SDN BHD',NULL,'1177594-H','$2y$10$gw0izPMU3RRuC4YfPSl4m.kGzqtxT9mby73D.yAouGl/p8agf1LQa','0','0','0',NULL,NULL,'en',NULL,'0',NULL,2,2,'2021-06-20 13:02:35','2021-06-21 11:30:35',NULL),(886,'ADROIT SOLUTION SDN BHD',NULL,'1186050-A','$2y$10$gw0izPMU3RRuC4YfPSl4m.kGzqtxT9mby73D.yAouGl/p8agf1LQa','0','0','0',NULL,NULL,'en',NULL,'0',NULL,2,2,'2021-06-20 13:02:35','2021-06-21 11:30:35',NULL),(887,'D LICIOUS EMPIRE SDN BHD',NULL,'1192988K','$2y$10$gw0izPMU3RRuC4YfPSl4m.kGzqtxT9mby73D.yAouGl/p8agf1LQa','0','0','0',NULL,NULL,'en',NULL,'0',NULL,2,2,'2021-06-20 13:02:35','2021-06-21 11:30:35',NULL),(888,'KISMEC TRAINING AND CONSULTANCY SDN BHD',NULL,'1208308M','$2y$10$gw0izPMU3RRuC4YfPSl4m.kGzqtxT9mby73D.yAouGl/p8agf1LQa','0','0','0',NULL,NULL,'en',NULL,'0',NULL,2,2,'2021-06-20 13:02:35','2021-06-21 11:30:35',NULL),(889,'UTECHTIUM SDN BHD',NULL,'1210797-A','$2y$10$gw0izPMU3RRuC4YfPSl4m.kGzqtxT9mby73D.yAouGl/p8agf1LQa','0','0','0',NULL,NULL,'en',NULL,'0',NULL,2,2,'2021-06-20 13:02:35','2021-06-21 11:30:35',NULL),(890,'SCALA TRAINING MATCH SDN BHD',NULL,'1218955-X','$2y$10$gw0izPMU3RRuC4YfPSl4m.kGzqtxT9mby73D.yAouGl/p8agf1LQa','0','0','0',NULL,NULL,'en',NULL,'0',NULL,2,2,'2021-06-20 13:02:35','2021-06-21 11:30:35',NULL),(891,'HUMANOLOGY SDN BHD',NULL,'1224424-D','$2y$10$gw0izPMU3RRuC4YfPSl4m.kGzqtxT9mby73D.yAouGl/p8agf1LQa','0','0','0',NULL,NULL,'en',NULL,'0',NULL,2,2,'2021-06-20 13:02:35','2021-06-21 11:30:35',NULL),(892,'INTELLECT MOMENTUM TRAINING & CONSULTING SDN BHD',NULL,'1238067-M','$2y$10$gw0izPMU3RRuC4YfPSl4m.kGzqtxT9mby73D.yAouGl/p8agf1LQa','0','0','0',NULL,NULL,'en',NULL,'0',NULL,2,2,'2021-06-20 13:02:35','2021-06-21 11:30:35',NULL),(893,'ALLIANZ CERTIFICATION INTERNATIONAL SDN BHD',NULL,'1242391-A','$2y$10$gw0izPMU3RRuC4YfPSl4m.kGzqtxT9mby73D.yAouGl/p8agf1LQa','0','0','0',NULL,NULL,'en',NULL,'0',NULL,2,2,'2021-06-20 13:02:35','2021-06-21 11:30:35',NULL),(894,'DATA8 SDN BHD',NULL,'1252198-W','$2y$10$gw0izPMU3RRuC4YfPSl4m.kGzqtxT9mby73D.yAouGl/p8agf1LQa','0','0','0',NULL,NULL,'en',NULL,'0',NULL,2,2,'2021-06-20 13:02:35','2021-06-21 11:30:35',NULL),(895,'ETRONIX SDN BHD',NULL,'1252237-V','$2y$10$gw0izPMU3RRuC4YfPSl4m.kGzqtxT9mby73D.yAouGl/p8agf1LQa','0','0','0',NULL,NULL,'en',NULL,'0',NULL,2,2,'2021-06-20 13:02:35','2021-06-21 11:30:35',NULL),(896,'BLANKSKRIPT CONSULTANTS SDN BHD',NULL,'1269307-X','$2y$10$gw0izPMU3RRuC4YfPSl4m.kGzqtxT9mby73D.yAouGl/p8agf1LQa','0','0','0',NULL,NULL,'en',NULL,'0',NULL,2,2,'2021-06-20 13:02:35','2021-06-21 11:30:35',NULL),(897,'SUSTAINABLE INDUSTRIAL REVOLUTION AND INNOVATION SDN. BHD',NULL,'1289535-P','$2y$10$gw0izPMU3RRuC4YfPSl4m.kGzqtxT9mby73D.yAouGl/p8agf1LQa','0','0','0',NULL,NULL,'en',NULL,'0',NULL,2,2,'2021-06-20 13:02:35','2021-06-21 11:30:35',NULL),(898,'ACADEMY OF ORGANISATIONAL AND BUSINESS EXCELLENCE (AOBE) SDN BHD',NULL,'1307677-M','$2y$10$gw0izPMU3RRuC4YfPSl4m.kGzqtxT9mby73D.yAouGl/p8agf1LQa','0','0','0',NULL,NULL,'en',NULL,'0',NULL,2,2,'2021-06-20 13:02:35','2021-06-21 11:30:35',NULL),(899,'KOPERASI BELIA ISLAM MALAYSIA BERHAD',NULL,'16/31.5.77','$2y$10$gw0izPMU3RRuC4YfPSl4m.kGzqtxT9mby73D.yAouGl/p8agf1LQa','0','0','0',NULL,NULL,'en',NULL,'0',NULL,2,2,'2021-06-20 13:02:35','2021-06-21 11:30:35',NULL),(900,'PAHANG SKILS DEVELOPMENT CENTRE',NULL,'1766/94','$2y$10$gw0izPMU3RRuC4YfPSl4m.kGzqtxT9mby73D.yAouGl/p8agf1LQa','0','0','0',NULL,NULL,'en',NULL,'0',NULL,2,2,'2021-06-20 13:02:35','2021-06-21 11:30:35',NULL),(901,'INTERTEK CERTIFICATION INTERNATIONAL SDN BHD',NULL,'188296-W','$2y$10$gw0izPMU3RRuC4YfPSl4m.kGzqtxT9mby73D.yAouGl/p8agf1LQa','0','0','0',NULL,NULL,'en',NULL,'0',NULL,2,2,'2021-06-20 13:02:35','2021-06-21 11:30:35',NULL),(902,'THE IBR ASIA GROUP SDN BHD',NULL,'199501027042 (356247-V)','$2y$10$gw0izPMU3RRuC4YfPSl4m.kGzqtxT9mby73D.yAouGl/p8agf1LQa','0','0','0',NULL,NULL,'en',NULL,'0',NULL,2,2,'2021-06-20 13:02:35','2021-06-21 11:30:35',NULL),(903,'SIRIM STS SDN BHD',NULL,'199701032750 (448249-A)','$2y$10$gw0izPMU3RRuC4YfPSl4m.kGzqtxT9mby73D.yAouGl/p8agf1LQa','0','0','0',NULL,NULL,'en',NULL,'0',NULL,2,2,'2021-06-20 13:02:35','2021-06-21 11:30:35',NULL),(904,'IDEAL CONNECTORS',NULL,'1997176-H','$2y$10$gw0izPMU3RRuC4YfPSl4m.kGzqtxT9mby73D.yAouGl/p8agf1LQa','0','0','0',NULL,NULL,'en',NULL,'0',NULL,2,2,'2021-06-20 13:02:35','2021-06-21 11:30:35',NULL),(905,'THINK PLUS CONSULTING SDN BHD',NULL,'200001012591','$2y$10$gw0izPMU3RRuC4YfPSl4m.kGzqtxT9mby73D.yAouGl/p8agf1LQa','0','0','0',NULL,NULL,'en',NULL,'0',NULL,2,2,'2021-06-20 13:02:35','2021-06-21 11:30:35',NULL),(906,'ALPHAKAIZEN SDN BHD',NULL,'200101005445 (541201-X)','$2y$10$gw0izPMU3RRuC4YfPSl4m.kGzqtxT9mby73D.yAouGl/p8agf1LQa','0','0','0',NULL,NULL,'en',NULL,'0',NULL,2,2,'2021-06-20 13:02:35','2021-06-21 11:30:35',NULL),(907,'IME CADCAM TRAINING CENTRE SDN BHD',NULL,'200301003284','$2y$10$gw0izPMU3RRuC4YfPSl4m.kGzqtxT9mby73D.yAouGl/p8agf1LQa','0','0','0',NULL,NULL,'en',NULL,'0',NULL,2,2,'2021-06-20 13:02:35','2021-06-21 11:30:35',NULL),(908,'UNIVERSAL HOLIDAYS TRAVEL & TOURISM SDN BHD',NULL,'201001037925 (921849-W)','$2y$10$gw0izPMU3RRuC4YfPSl4m.kGzqtxT9mby73D.yAouGl/p8agf1LQa','0','0','0',NULL,NULL,'en',NULL,'0',NULL,2,2,'2021-06-20 13:02:35','2021-06-21 11:30:35',NULL),(909,'IDEAS TRAINING AND CONSULTANCY',NULL,'201003097664 (001949322-M)','$2y$10$gw0izPMU3RRuC4YfPSl4m.kGzqtxT9mby73D.yAouGl/p8agf1LQa','0','0','0',NULL,NULL,'en',NULL,'0',NULL,2,2,'2021-06-20 13:02:35','2021-06-21 11:30:35',NULL),(910,'GEMBA SOLUTION ENTERPRISE',NULL,'201003187716','$2y$10$gw0izPMU3RRuC4YfPSl4m.kGzqtxT9mby73D.yAouGl/p8agf1LQa','0','0','0',NULL,NULL,'en',NULL,'0',NULL,2,2,'2021-06-20 13:02:35','2021-06-21 11:30:35',NULL),(911,'KZK CONSULTING',NULL,'201403278892','$2y$10$gw0izPMU3RRuC4YfPSl4m.kGzqtxT9mby73D.yAouGl/p8agf1LQa','0','0','0',NULL,NULL,'en',NULL,'0',NULL,2,2,'2021-06-20 13:02:35','2021-06-21 11:30:35',NULL),(912,'HADI VENTURE SDN BHD',NULL,'201501021008','$2y$10$gw0izPMU3RRuC4YfPSl4m.kGzqtxT9mby73D.yAouGl/p8agf1LQa','0','0','0',NULL,NULL,'en',NULL,'0',NULL,2,2,'2021-06-20 13:02:35','2021-06-21 11:30:35',NULL),(913,'LPS LEARNING PLATFORM',NULL,'201603257801 (SA0395129-K)','$2y$10$gw0izPMU3RRuC4YfPSl4m.kGzqtxT9mby73D.yAouGl/p8agf1LQa','0','0','0',NULL,NULL,'en',NULL,'0',NULL,2,2,'2021-06-20 13:02:35','2021-06-21 11:30:35',NULL),(914,'TAMUASIA DOT COM VENTURES',NULL,'201703020720 (002610993-P)','$2y$10$gw0izPMU3RRuC4YfPSl4m.kGzqtxT9mby73D.yAouGl/p8agf1LQa','0','0','0',NULL,NULL,'en',NULL,'0',NULL,2,2,'2021-06-20 13:02:35','2021-06-21 11:30:35',NULL),(915,'PROGRESSIVE MASTERY TRAINING & CONSULTANCY',NULL,'202003044400 (003079722-W)','$2y$10$gw0izPMU3RRuC4YfPSl4m.kGzqtxT9mby73D.yAouGl/p8agf1LQa','0','0','0',NULL,NULL,'en',NULL,'0',NULL,2,2,'2021-06-20 13:02:35','2021-06-21 11:30:35',NULL),(916,'Q IDEAS SOLUTION',NULL,'2077173-M','$2y$10$gw0izPMU3RRuC4YfPSl4m.kGzqtxT9mby73D.yAouGl/p8agf1LQa','0','0','0',NULL,NULL,'en',NULL,'0',NULL,2,2,'2021-06-20 13:02:35','2021-06-21 11:30:35',NULL),(917,'NOVO QUALITY SERVICES (M) SDN BHD',NULL,'261983P','$2y$10$gw0izPMU3RRuC4YfPSl4m.kGzqtxT9mby73D.yAouGl/p8agf1LQa','0','0','0',NULL,NULL,'en',NULL,'0',NULL,2,2,'2021-06-20 13:02:35','2021-06-21 11:30:35',NULL),(918,'PERFORMANCE DEVELOPMENT CONSULTANTS SDN BHD',NULL,'336720-H','$2y$10$gw0izPMU3RRuC4YfPSl4m.kGzqtxT9mby73D.yAouGl/p8agf1LQa','0','0','0',NULL,NULL,'en',NULL,'0',NULL,2,2,'2021-06-20 13:02:35','2021-06-21 11:30:35',NULL),(919,'ZOHL INDUSTRIES SDN BHD',NULL,'351827-A','$2y$10$gw0izPMU3RRuC4YfPSl4m.kGzqtxT9mby73D.yAouGl/p8agf1LQa','0','0','0',NULL,NULL,'en',NULL,'0',NULL,2,2,'2021-06-20 13:02:35','2021-06-21 11:30:35',NULL),(920,'QAI SDN BHD',NULL,'354689-V','$2y$10$gw0izPMU3RRuC4YfPSl4m.kGzqtxT9mby73D.yAouGl/p8agf1LQa','0','0','0',NULL,NULL,'en',NULL,'0',NULL,2,2,'2021-06-20 13:02:35','2021-06-21 11:30:35',NULL),(921,'DAYAFASIH SDN BHD',NULL,'359782-A','$2y$10$gw0izPMU3RRuC4YfPSl4m.kGzqtxT9mby73D.yAouGl/p8agf1LQa','0','0','0',NULL,NULL,'en',NULL,'0',NULL,2,2,'2021-06-20 13:02:35','2021-06-21 11:30:35',NULL),(922,'NADILMU PLT',NULL,'403313-A','$2y$10$gw0izPMU3RRuC4YfPSl4m.kGzqtxT9mby73D.yAouGl/p8agf1LQa','0','0','0',NULL,NULL,'en',NULL,'0',NULL,2,2,'2021-06-20 13:02:35','2021-06-21 11:30:35',NULL),(923,'MSC TECHNOLOGY CENTRE SDN BHD',NULL,'443651-A','$2y$10$gw0izPMU3RRuC4YfPSl4m.kGzqtxT9mby73D.yAouGl/p8agf1LQa','0','0','0',NULL,NULL,'en',NULL,'0',NULL,2,2,'2021-06-20 13:02:35','2021-06-21 11:30:35',NULL),(924,'AUTHENTIC VENTURE SDN BHD',NULL,'4700336-H','$2y$10$gw0izPMU3RRuC4YfPSl4m.kGzqtxT9mby73D.yAouGl/p8agf1LQa','0','0','0',NULL,NULL,'en',NULL,'0',NULL,2,2,'2021-06-20 13:02:35','2021-06-21 11:30:35',NULL),(925,'USAINS HOLDING SDN BHD',NULL,'473883-H (199801017754)','$2y$10$gw0izPMU3RRuC4YfPSl4m.kGzqtxT9mby73D.yAouGl/p8agf1LQa','0','0','0',NULL,NULL,'en',NULL,'0',NULL,2,2,'2021-06-20 13:02:35','2021-06-21 11:30:35',NULL),(926,'YNY TECHNOLOGY SDN BHD',NULL,'478868P','$2y$10$gw0izPMU3RRuC4YfPSl4m.kGzqtxT9mby73D.yAouGl/p8agf1LQa','0','0','0',NULL,NULL,'en',NULL,'0',NULL,2,2,'2021-06-20 13:02:35','2021-06-21 11:30:35',NULL),(927,'AJA EQS CERTIFICATION (M) SDN BHD',NULL,'488491-D','$2y$10$gw0izPMU3RRuC4YfPSl4m.kGzqtxT9mby73D.yAouGl/p8agf1LQa','0','0','0',NULL,NULL,'en',NULL,'0',NULL,2,2,'2021-06-20 13:02:35','2021-06-21 11:30:35',NULL),(928,'FUSION BRAND SDN BHD',NULL,'488738-H','$2y$10$gw0izPMU3RRuC4YfPSl4m.kGzqtxT9mby73D.yAouGl/p8agf1LQa','0','0','0',NULL,NULL,'en',NULL,'0',NULL,2,2,'2021-06-20 13:02:35','2021-06-21 11:30:35',NULL),(929,'SELANGOR HUMAN RESOURCE DEVELOPMENT CENTRE',NULL,'5196/92(SEL)','$2y$10$gw0izPMU3RRuC4YfPSl4m.kGzqtxT9mby73D.yAouGl/p8agf1LQa','0','0','0',NULL,NULL,'en',NULL,'0',NULL,2,2,'2021-06-20 13:02:35','2021-06-21 11:30:35',NULL),(930,'PRICEWATERHOUSECOOPERS ADVISORY SERVICES SDN BHD',NULL,'573259-K','$2y$10$gw0izPMU3RRuC4YfPSl4m.kGzqtxT9mby73D.yAouGl/p8agf1LQa','0','0','0',NULL,NULL,'en',NULL,'0',NULL,2,2,'2021-06-20 13:02:35','2021-06-21 11:30:35',NULL),(931,'BLUESKIES NETWORK SDN BHD',NULL,'573801-V','$2y$10$gw0izPMU3RRuC4YfPSl4m.kGzqtxT9mby73D.yAouGl/p8agf1LQa','0','0','0',NULL,NULL,'en',NULL,'0',NULL,2,2,'2021-06-20 13:02:35','2021-06-21 11:30:35',NULL),(932,'AAZ PUNCAK PINNACLE',NULL,'57493','$2y$10$gw0izPMU3RRuC4YfPSl4m.kGzqtxT9mby73D.yAouGl/p8agf1LQa','0','0','0',NULL,NULL,'en',NULL,'0',NULL,2,2,'2021-06-20 13:02:35','2021-06-21 11:30:35',NULL),(933,'UNI C.E.T.E (M) SDN BHD',NULL,'578671-W','$2y$10$gw0izPMU3RRuC4YfPSl4m.kGzqtxT9mby73D.yAouGl/p8agf1LQa','0','0','0',NULL,NULL,'en',NULL,'0',NULL,2,2,'2021-06-20 13:02:35','2021-06-21 11:30:35',NULL),(934,'GENAXIS SDN BHD',NULL,'589747-T','$2y$10$gw0izPMU3RRuC4YfPSl4m.kGzqtxT9mby73D.yAouGl/p8agf1LQa','0','0','0',NULL,NULL,'en',NULL,'0',NULL,2,2,'2021-06-20 13:02:35','2021-06-21 11:30:35',NULL),(935,'LION SIGHT TRAVEL & TOURS SDN BHD',NULL,'593315-X','$2y$10$gw0izPMU3RRuC4YfPSl4m.kGzqtxT9mby73D.yAouGl/p8agf1LQa','0','0','0',NULL,NULL,'en',NULL,'0',NULL,2,2,'2021-06-20 13:02:35','2021-06-21 11:30:35',NULL),(936,'ARIESTAR TRAINING AND SERVICES',NULL,'62746','$2y$10$gw0izPMU3RRuC4YfPSl4m.kGzqtxT9mby73D.yAouGl/p8agf1LQa','0','0','0',NULL,NULL,'en',NULL,'0',NULL,2,2,'2021-06-20 13:02:35','2021-06-21 11:30:35',NULL),(937,'ASIA BIGWAVE SDN BHD',NULL,'668784-M','$2y$10$gw0izPMU3RRuC4YfPSl4m.kGzqtxT9mby73D.yAouGl/p8agf1LQa','0','0','0',NULL,NULL,'en',NULL,'0',NULL,2,2,'2021-06-20 13:02:35','2021-06-21 11:30:35',NULL),(938,'TOP FORESIGHT SDN. BHD.',NULL,'686358-A','$2y$10$gw0izPMU3RRuC4YfPSl4m.kGzqtxT9mby73D.yAouGl/p8agf1LQa','0','0','0',NULL,NULL,'en',NULL,'0',NULL,2,2,'2021-06-20 13:02:35','2021-06-21 11:30:35',NULL),(939,'KAIZEN SOLUTION SDN BHD',NULL,'693209-V','$2y$10$gw0izPMU3RRuC4YfPSl4m.kGzqtxT9mby73D.yAouGl/p8agf1LQa','0','0','0',NULL,NULL,'en',NULL,'0',NULL,2,2,'2021-06-20 13:02:35','2021-06-21 11:30:35',NULL),(940,'PERINTIS EMBUN SDN BHD',NULL,'709019-V','$2y$10$gw0izPMU3RRuC4YfPSl4m.kGzqtxT9mby73D.yAouGl/p8agf1LQa','0','0','0',NULL,NULL,'en',NULL,'0',NULL,2,2,'2021-06-20 13:02:35','2021-06-21 11:30:35',NULL),(941,'NOVA FUSION SDN BHD',NULL,'724108-M','$2y$10$gw0izPMU3RRuC4YfPSl4m.kGzqtxT9mby73D.yAouGl/p8agf1LQa','0','0','0',NULL,NULL,'en',NULL,'0',NULL,2,2,'2021-06-20 13:02:35','2021-06-21 11:30:35',NULL),(942,'HABENERO TRAIDING AND CONSULTANCY',NULL,'72491','$2y$10$gw0izPMU3RRuC4YfPSl4m.kGzqtxT9mby73D.yAouGl/p8agf1LQa','0','0','0',NULL,NULL,'en',NULL,'0',NULL,2,2,'2021-06-20 13:02:35','2021-06-21 11:30:35',NULL),(943,'PEOPLE SYNERGY SDN BHD',NULL,'734776-V','$2y$10$gw0izPMU3RRuC4YfPSl4m.kGzqtxT9mby73D.yAouGl/p8agf1LQa','0','0','0',NULL,NULL,'en',NULL,'0',NULL,2,2,'2021-06-20 13:02:35','2021-06-21 11:30:35',NULL),(944,'BUDIMAN DINAMIK SDN BHD',NULL,'779105-D','$2y$10$gw0izPMU3RRuC4YfPSl4m.kGzqtxT9mby73D.yAouGl/p8agf1LQa','0','0','0',NULL,NULL,'en',NULL,'0',NULL,2,2,'2021-06-20 13:02:35','2021-06-21 11:30:35',NULL),(945,'AIDAN TECHNOLOGIES SDN BHD',NULL,'791404-P','$2y$10$gw0izPMU3RRuC4YfPSl4m.kGzqtxT9mby73D.yAouGl/p8agf1LQa','0','0','0',NULL,NULL,'en',NULL,'0',NULL,2,2,'2021-06-20 13:02:35','2021-06-21 11:30:35',NULL),(946,'TAN NORIZAN & ASSOCIATES',NULL,'805977-A','$2y$10$gw0izPMU3RRuC4YfPSl4m.kGzqtxT9mby73D.yAouGl/p8agf1LQa','0','0','0',NULL,NULL,'en',NULL,'0',NULL,2,2,'2021-06-20 13:02:35','2021-06-21 11:30:35',NULL),(947,'ITS MANAGEMENT SDN BHD',NULL,'820316D','$2y$10$gw0izPMU3RRuC4YfPSl4m.kGzqtxT9mby73D.yAouGl/p8agf1LQa','0','0','0',NULL,NULL,'en',NULL,'0',NULL,2,2,'2021-06-20 13:02:35','2021-06-21 11:30:35',NULL),(948,'STANDARD ACTIVE SDN BHD',NULL,'823229V','$2y$10$gw0izPMU3RRuC4YfPSl4m.kGzqtxT9mby73D.yAouGl/p8agf1LQa','0','0','0',NULL,NULL,'en',NULL,'0',NULL,2,2,'2021-06-20 13:02:35','2021-06-21 11:30:35',NULL),(949,'UPM EDUCATION & TRAINING SDN BHD',NULL,'850011-U','$2y$10$gw0izPMU3RRuC4YfPSl4m.kGzqtxT9mby73D.yAouGl/p8agf1LQa','0','0','0',NULL,NULL,'en',NULL,'0',NULL,2,2,'2021-06-20 13:02:35','2021-06-21 11:30:35',NULL),(950,'QUALITYMIND SDN BHD',NULL,'853494A','$2y$10$gw0izPMU3RRuC4YfPSl4m.kGzqtxT9mby73D.yAouGl/p8agf1LQa','0','0','0',NULL,NULL,'en',NULL,'0',NULL,2,2,'2021-06-20 13:02:35','2021-06-21 11:30:35',NULL),(951,'CONSULTLEAD SDN BHD',NULL,'871182-U','$2y$10$gw0izPMU3RRuC4YfPSl4m.kGzqtxT9mby73D.yAouGl/p8agf1LQa','0','0','0',NULL,NULL,'en',NULL,'0',NULL,2,2,'2021-06-20 13:02:35','2021-06-21 11:30:35',NULL),(952,'SELAPIS ULTRA SDN BHD',NULL,'893709','$2y$10$gw0izPMU3RRuC4YfPSl4m.kGzqtxT9mby73D.yAouGl/p8agf1LQa','0','0','0',NULL,NULL,'en',NULL,'0',NULL,2,2,'2021-06-20 13:02:35','2021-06-21 11:30:35',NULL),(953,'MNS MODULAZ MARKETING SDN BHD',NULL,'934297-D','$2y$10$gw0izPMU3RRuC4YfPSl4m.kGzqtxT9mby73D.yAouGl/p8agf1LQa','0','0','0',NULL,NULL,'en',NULL,'0',NULL,2,2,'2021-06-20 13:02:35','2021-06-21 11:30:35',NULL),(954,'YGL INTELLIGENT TECHNOLOGY SDN BHD',NULL,'940456-A','$2y$10$gw0izPMU3RRuC4YfPSl4m.kGzqtxT9mby73D.yAouGl/p8agf1LQa','0','0','0',NULL,NULL,'en',NULL,'0',NULL,2,2,'2021-06-20 13:02:35','2021-06-21 11:30:35',NULL),(955,'UNIUTAMA EDUCATION AND CONSULTANCY SDN BHD',NULL,'945736-D','$2y$10$gw0izPMU3RRuC4YfPSl4m.kGzqtxT9mby73D.yAouGl/p8agf1LQa','0','0','0',NULL,NULL,'en',NULL,'0',NULL,2,2,'2021-06-20 13:02:35','2021-06-21 11:30:35',NULL),(956,'PUTRA BUSINESS SCHOOL',NULL,'958242-U','$2y$10$gw0izPMU3RRuC4YfPSl4m.kGzqtxT9mby73D.yAouGl/p8agf1LQa','0','0','0',NULL,NULL,'en',NULL,'0',NULL,2,2,'2021-06-20 13:02:35','2021-06-21 11:30:35',NULL),(957,'GKK CONSULTANTS SDN BHD',NULL,'959396-M','$2y$10$gw0izPMU3RRuC4YfPSl4m.kGzqtxT9mby73D.yAouGl/p8agf1LQa','0','0','0',NULL,NULL,'en',NULL,'0',NULL,2,2,'2021-06-20 13:02:35','2021-06-21 11:30:35',NULL),(958,'ACT CONSULTING & EDUCATION SDN BHD',NULL,'987004-P','$2y$10$gw0izPMU3RRuC4YfPSl4m.kGzqtxT9mby73D.yAouGl/p8agf1LQa','0','0','0',NULL,NULL,'en',NULL,'0',NULL,2,2,'2021-06-20 13:02:35','2021-06-21 11:30:35',NULL),(959,'DESMOND HO & ASSOCIATES',NULL,'BC/H/534','$2y$10$gw0izPMU3RRuC4YfPSl4m.kGzqtxT9mby73D.yAouGl/p8agf1LQa','0','0','0',NULL,NULL,'en',NULL,'0',NULL,2,2,'2021-06-20 13:02:35','2021-06-21 11:30:35',NULL),(960,'Q KAIZEN CENTRE',NULL,'JM0336687-T','$2y$10$gw0izPMU3RRuC4YfPSl4m.kGzqtxT9mby73D.yAouGl/p8agf1LQa','0','0','0',NULL,NULL,'en',NULL,'0',NULL,2,2,'2021-06-20 13:02:35','2021-06-21 11:30:35',NULL),(961,'EFR MANAGEMENT CONSULTANT',NULL,'JM0451327-U','$2y$10$gw0izPMU3RRuC4YfPSl4m.kGzqtxT9mby73D.yAouGl/p8agf1LQa','0','0','0',NULL,NULL,'en',NULL,'0',NULL,2,2,'2021-06-20 13:02:35','2021-06-21 11:30:35',NULL),(962,'ELSMAR COVE MANAGEMENT CONSULTANT',NULL,'JM0491140-P','$2y$10$gw0izPMU3RRuC4YfPSl4m.kGzqtxT9mby73D.yAouGl/p8agf1LQa','0','0','0',NULL,NULL,'en',NULL,'0',NULL,2,2,'2021-06-20 13:02:35','2021-06-21 11:30:35',NULL),(963,'GMD TRAINING & CONSULTANCY PLT',NULL,'LLP0006621-LGN','$2y$10$gw0izPMU3RRuC4YfPSl4m.kGzqtxT9mby73D.yAouGl/p8agf1LQa','0','0','0',NULL,NULL,'en',NULL,'0',NULL,2,2,'2021-06-20 13:02:35','2021-06-21 11:30:35',NULL),(964,'SIMPLY LEAN SOLUTIONS PLT',NULL,'LLP0010056-LGN','$2y$10$gw0izPMU3RRuC4YfPSl4m.kGzqtxT9mby73D.yAouGl/p8agf1LQa','0','0','0',NULL,NULL,'en',NULL,'0',NULL,2,2,'2021-06-20 13:02:35','2021-06-21 11:30:35',NULL),(965,'INTACT PROLINK PLT',NULL,'LLP0012559-LGN','$2y$10$gw0izPMU3RRuC4YfPSl4m.kGzqtxT9mby73D.yAouGl/p8agf1LQa','0','0','0',NULL,NULL,'en',NULL,'0',NULL,2,2,'2021-06-20 13:02:35','2021-06-21 11:30:35',NULL),(966,'ANDAL CONSULT PLT',NULL,'LLP0014242-LGN','$2y$10$gw0izPMU3RRuC4YfPSl4m.kGzqtxT9mby73D.yAouGl/p8agf1LQa','0','0','0',NULL,NULL,'en',NULL,'0',NULL,2,2,'2021-06-20 13:02:35','2021-06-21 11:30:35',NULL),(967,'NASDIQ MANUFACTURING CONSULTANT',NULL,'MA0057604-D','$2y$10$gw0izPMU3RRuC4YfPSl4m.kGzqtxT9mby73D.yAouGl/p8agf1LQa','0','0','0',NULL,NULL,'en',NULL,'0',NULL,2,2,'2021-06-20 13:02:35','2021-06-21 11:30:35',NULL),(968,'XTHREEM PATRON ENTERPRISE',NULL,'MA0098202-V','$2y$10$gw0izPMU3RRuC4YfPSl4m.kGzqtxT9mby73D.yAouGl/p8agf1LQa','0','0','0',NULL,NULL,'en',NULL,'0',NULL,2,2,'2021-06-20 13:02:35','2021-06-21 11:30:35',NULL),(969,'KAIZEN CONSULT SERVICES',NULL,'MA0228323-P','$2y$10$gw0izPMU3RRuC4YfPSl4m.kGzqtxT9mby73D.yAouGl/p8agf1LQa','0','0','0',NULL,NULL,'en',NULL,'0',NULL,2,2,'2021-06-20 13:02:35','2021-06-21 11:30:35',NULL),(970,'FAISAL MALIK & CO',NULL,'NF1704','$2y$10$gw0izPMU3RRuC4YfPSl4m.kGzqtxT9mby73D.yAouGl/p8agf1LQa','0','0','0',NULL,NULL,'en',NULL,'0',NULL,2,2,'2021-06-20 13:02:35','2021-06-21 11:30:35',NULL),(971,'SALAM CONSULTANCY',NULL,'NS0093360-M','$2y$10$gw0izPMU3RRuC4YfPSl4m.kGzqtxT9mby73D.yAouGl/p8agf1LQa','0','0','0',NULL,NULL,'en',NULL,'0',NULL,2,2,'2021-06-20 13:02:35','2021-06-21 11:30:35',NULL),(972,'CREATIVE INNOVATION CENTRE',NULL,'PG0332266-H','$2y$10$gw0izPMU3RRuC4YfPSl4m.kGzqtxT9mby73D.yAouGl/p8agf1LQa','0','0','0',NULL,NULL,'en',NULL,'0',NULL,2,2,'2021-06-20 13:02:35','2021-06-21 11:30:35',NULL),(973,'PENANG SKILLS DEVELOPMENT CENTRE',NULL,'PPM-007-07-16111989','$2y$10$gw0izPMU3RRuC4YfPSl4m.kGzqtxT9mby73D.yAouGl/p8agf1LQa','0','0','0',NULL,NULL,'en',NULL,'0',NULL,2,2,'2021-06-20 13:02:35','2021-06-21 11:30:35',NULL),(974,'TRC CONSULTING',NULL,'SA0111957-P','$2y$10$gw0izPMU3RRuC4YfPSl4m.kGzqtxT9mby73D.yAouGl/p8agf1LQa','0','0','0',NULL,NULL,'en',NULL,'0',NULL,2,2,'2021-06-20 13:02:35','2021-06-21 11:30:35',NULL),(975,'MAI Q CONSULT & SERVICES',NULL,'SA0149270-P','$2y$10$gw0izPMU3RRuC4YfPSl4m.kGzqtxT9mby73D.yAouGl/p8agf1LQa','0','0','0',NULL,NULL,'en',NULL,'0',NULL,2,2,'2021-06-20 13:02:35','2021-06-21 11:30:35',NULL),(976,'BMPRO SOLUTIONS',NULL,'SA0314029-W','$2y$10$gw0izPMU3RRuC4YfPSl4m.kGzqtxT9mby73D.yAouGl/p8agf1LQa','0','0','0',NULL,NULL,'en',NULL,'0',NULL,2,2,'2021-06-20 13:02:35','2021-06-21 11:30:35',NULL),(977,'NLA CONSULTANCY',NULL,'SA03451266-A','$2y$10$gw0izPMU3RRuC4YfPSl4m.kGzqtxT9mby73D.yAouGl/p8agf1LQa','0','0','0',NULL,NULL,'en',NULL,'0',NULL,2,2,'2021-06-20 13:02:35','2021-06-21 11:30:35',NULL),(978,'WELINGTONS RESOURCES',NULL,'SA0398359-P','$2y$10$gw0izPMU3RRuC4YfPSl4m.kGzqtxT9mby73D.yAouGl/p8agf1LQa','0','0','0',NULL,NULL,'en',NULL,'0',NULL,2,2,'2021-06-20 13:02:35','2021-06-21 11:30:35',NULL),(979,'SAIS TRAINING AND CONSULTANT',NULL,'SA0483787-X','$2y$10$gw0izPMU3RRuC4YfPSl4m.kGzqtxT9mby73D.yAouGl/p8agf1LQa','0','0','0',NULL,NULL,'en',NULL,'0',NULL,2,2,'2021-06-20 13:02:35','2021-06-21 11:30:35',NULL),(980,'ACTIVE SYNERGY RESOURCES',NULL,'SA04855094-A','$2y$10$gw0izPMU3RRuC4YfPSl4m.kGzqtxT9mby73D.yAouGl/p8agf1LQa','0','0','0',NULL,NULL,'en',NULL,'0',NULL,2,2,'2021-06-20 13:02:35','2021-06-21 11:30:35',NULL),(981,'PERUNDING NMRS',NULL,'SA0535282-A','$2y$10$gw0izPMU3RRuC4YfPSl4m.kGzqtxT9mby73D.yAouGl/p8agf1LQa','0','0','0',NULL,NULL,'en',NULL,'0',NULL,2,2,'2021-06-20 13:02:35','2021-06-21 11:30:35',NULL),(982,'AINUL RAHMAN ARCHITECT',NULL,'SP/ A 173','$2y$10$gw0izPMU3RRuC4YfPSl4m.kGzqtxT9mby73D.yAouGl/p8agf1LQa','0','0','0',NULL,NULL,'en',NULL,'0',NULL,2,2,'2021-06-20 13:02:35','2021-06-21 11:30:35',NULL),(983,'ANUAR AZIZ ARCHITECT',NULL,'SP/S 99','$2y$10$gw0izPMU3RRuC4YfPSl4m.kGzqtxT9mby73D.yAouGl/p8agf1LQa','0','0','0',NULL,NULL,'en',NULL,'0',NULL,2,2,'2021-06-20 13:02:35','2021-06-21 11:30:35',NULL),(984,'TASTEBUDS EATERY & SERVICES',NULL,'TR 0093447-M','$2y$10$gw0izPMU3RRuC4YfPSl4m.kGzqtxT9mby73D.yAouGl/p8agf1LQa','0','0','0',NULL,NULL,'en',NULL,'0',NULL,2,2,'2021-06-20 13:02:35','2021-06-21 11:30:35',NULL),(985,'MAISARA EDINA MOHD REDZEMI','maisara@mpc.gov.my','970818105704','$2y$10$7RZRMb3BTNB.MZ8/C/nf9.2SR54PDoul/EtEnylbXJcw0vjg2LGtu','1','1','0',NULL,NULL,NULL,NULL,'0',NULL,31,31,'2021-06-21 11:40:56','2021-06-21 11:41:04',NULL),(986,'NAJIYAH MD ZALIKI','najiyah@mpc.gov.my','971220565778','$2y$10$mx6Vs9Gf3zLgtxeAoIu9rOnIR4VGKgNhdAWqAUJ3/zRdaylcqRlh.','1','1','0',NULL,NULL,NULL,NULL,'0',NULL,31,31,'2021-06-21 11:42:56','2021-06-21 11:43:01',NULL),(987,'NOOR AQILAH ZAINAL ABIDDIN','aqilah@mpc.gov.my','950901145530','$2y$10$kHToLkKUUeb/b.9T3GaIyuLvsGJ9CIKvi.uCuMlwdmqbgK39O7RFe','1','1','0',NULL,NULL,NULL,NULL,'0',NULL,31,31,'2021-06-21 11:44:16','2021-06-21 11:44:19',NULL),(988,'PUTRI DHIA NATHASYA MOHAMMAD YUSOFF','dhia@mpc.gov.my','980503435038','$2y$10$d0FdIKbDbf1SmgeA5KWjL.m3qwC4Y59gkJn2kEc1H4g8d/0ote8oq','1','1','0',NULL,NULL,NULL,NULL,'0',NULL,31,31,'2021-06-21 11:45:25','2021-06-21 11:45:29',NULL),(989,'AIDA FARZANA MUHAMMAD','farzana@mpc.gov.my','971031145168','$2y$10$OkDoMiLWPNIANb9q/yjg7Ojcx83CvFKfzOtaQMLPZ.9XqWXwyNXky','1','1','0',NULL,NULL,NULL,NULL,'0',NULL,31,31,'2021-06-21 11:46:51','2021-06-21 11:46:54',NULL);

--
