
CREATE TABLE `master_gender` (
  `gender_id` int(11) NOT NULL AUTO_INCREMENT,
  `gender_desc` varchar(20) NOT NULL,
  `created_at` timestamp NULL DEFAULT NULL,
  `updated_at` timestamp NOT NULL DEFAULT '0000-00-00 00:00:00',
  `deleted_at` timestamp NULL DEFAULT NULL,
  PRIMARY KEY (`gender_id`)
) ENGINE=InnoDB AUTO_INCREMENT=4 DEFAULT CHARSET=latin1;

/*Data for the table `master_gender` */

insert  into `master_gender`(`gender_id`,`gender_desc`,`created_at`,`updated_at`,`deleted_at`) values 
(1,'MALE','2018-04-20 15:46:31','2018-04-20 15:46:31',NULL),
(2,'FEMALE','2018-04-20 15:46:39','2018-04-20 15:46:39',NULL),
(3,'OTHER','2018-04-20 15:46:45','2018-04-20 15:46:45',NULL);

/*Table structure for table `master_salutation` */


CREATE TABLE `master_salutation` (
  `salutation_id` int(11) NOT NULL AUTO_INCREMENT,
  `salutation_desc` varchar(100) NOT NULL,
  `created_at` timestamp NULL DEFAULT NULL,
  `updated_at` timestamp NOT NULL DEFAULT '0000-00-00 00:00:00',
  `deleted_at` timestamp NULL DEFAULT NULL,
  PRIMARY KEY (`salutation_id`)
) ENGINE=InnoDB AUTO_INCREMENT=11 DEFAULT CHARSET=latin1;

/*Data for the table `master_salutation` */

insert  into `master_salutation`(`salutation_id`,`salutation_desc`,`created_at`,`updated_at`,`deleted_at`) values 
(1,'ENCIK','2018-04-23 14:08:17','2018-04-23 14:08:17',NULL),
(2,'PUAN','2018-04-23 14:08:22','2018-04-23 14:08:22',NULL),
(3,'CIK','2018-04-23 14:08:25','2018-04-23 14:08:25',NULL),
(4,'SIR','2018-04-23 14:08:30','2018-04-23 14:08:30',NULL),
(5,'DATUK','2018-04-23 14:08:35','2018-04-23 14:08:35',NULL),
(6,'DATIN','2018-04-23 14:08:47','2018-04-23 14:08:47',NULL),
(7,'DATO\'','2018-04-23 14:08:55','2018-04-23 14:08:55',NULL),
(8,'DATO\' SERI','2018-04-23 14:09:31','2018-04-23 14:09:31',NULL),
(9,'DATIN SERI','2018-04-23 14:09:56','2018-04-23 14:09:56',NULL),
(10,'TUN','2018-04-23 14:10:01','2018-04-23 14:10:01',NULL);

/*Table structure for table `master_state` */


CREATE TABLE `master_state` (
  `state_id` int(10) unsigned NOT NULL AUTO_INCREMENT,
  `state_code` char(3) COLLATE utf8_unicode_ci NOT NULL,
  `state_desc` varchar(255) COLLATE utf8_unicode_ci NOT NULL,
  `area_id` int(11) NOT NULL,
  `created_at` timestamp NULL DEFAULT NULL,
  `updated_at` timestamp NOT NULL DEFAULT '0000-00-00 00:00:00',
  `deleted_at` timestamp NULL DEFAULT NULL,
  PRIMARY KEY (`state_id`)
) ENGINE=InnoDB AUTO_INCREMENT=17 DEFAULT CHARSET=utf8 COLLATE=utf8_unicode_ci;

/*Data for the table `master_state` */

insert  into `master_state`(`state_id`,`state_code`,`state_desc`,`area_id`,`created_at`,`updated_at`,`deleted_at`) values 
(1,'JHR','JOHOR',1,'2018-05-02 11:57:20','2018-05-02 11:57:20',NULL),
(2,'KDH','KEDAH',1,'2018-05-02 11:57:20','2018-05-02 11:57:20',NULL),
(3,'KTN','KELANTAN',1,'2018-05-02 11:57:20','2018-05-02 11:57:20',NULL),
(4,'KUL','WILAYAH PERSEKUTUAN KUALA LUMPUR',1,'2018-05-02 11:57:20','2018-05-02 11:57:20',NULL),
(5,'LBN','WILAYAH PERSEKUTUAN LABUAN',2,'2018-05-02 11:57:20','2018-05-02 11:57:20',NULL),
(6,'MLK','MELAKA',1,'2018-05-02 11:57:20','2018-05-02 11:57:20',NULL),
(7,'NSN','NEGERI SEMBILAN',1,'2018-05-02 11:57:20','2018-05-02 11:57:20',NULL),
(8,'PHG','PAHANG',1,'2018-05-02 11:57:20','2018-05-02 11:57:20',NULL),
(9,'PJY','WILAYAH PERSEKUTUAN PUTRA JAYA',1,'2018-05-02 11:57:20','2018-05-02 11:57:20',NULL),
(10,'PLS','PERLIS',1,'2018-05-02 11:57:20','2018-05-02 11:57:20',NULL),
(11,'PNG','PULAU PINANG',1,'2018-05-02 11:57:20','2018-05-02 11:57:20',NULL),
(12,'PRK','PERAK',1,'2018-05-02 11:57:20','2018-05-02 11:57:20',NULL),
(13,'SBH','SABAH',2,'2018-05-02 11:57:20','2018-05-02 11:57:20',NULL),
(14,'SGR','SELANGOR',1,'2018-05-02 11:57:20','2018-05-02 11:57:20',NULL),
(15,'SRW','SARAWAK',2,'2018-05-02 11:57:20','2018-05-02 11:57:20',NULL),
(16,'TRG','TERENGGANU',1,'2018-05-02 11:57:20','2018-05-02 11:57:20',NULL);

/*Table structure for table `menus` */


CREATE TABLE `menus` (
  `id` int(10) unsigned NOT NULL AUTO_INCREMENT,
  `parent_id` int(10) unsigned DEFAULT NULL,
  `title` varchar(255) NOT NULL,
  `label` varchar(255) NOT NULL,
  `url` text NOT NULL,
  `order` int(11) NOT NULL,
  `created_at` timestamp NULL DEFAULT NULL,
  `updated_at` timestamp NOT NULL DEFAULT CURRENT_TIMESTAMP ON UPDATE CURRENT_TIMESTAMP,
  `deleted_at` timestamp NULL DEFAULT NULL,
  PRIMARY KEY (`id`)
) ENGINE=InnoDB AUTO_INCREMENT=6 DEFAULT CHARSET=latin1;

/*Data for the table `menus` */

insert  into `menus`(`id`,`parent_id`,`title`,`label`,`url`,`order`,`created_at`,`updated_at`,`deleted_at`) values 
(1,NULL,'test','test','google.com',0,NULL,'2018-07-13 12:44:08','2018-07-13 04:44:08'),
(2,1,'test','ting','testing.com',0,NULL,'2018-07-13 12:44:05','2018-07-13 04:44:04'),
(3,NULL,'test','ting','google.com',0,NULL,'2018-07-16 16:13:47',NULL),
(4,NULL,'tang','tang','otoworkz.my',2,NULL,'2018-07-16 16:13:48',NULL),
(5,NULL,'tung','tung','web.com',1,NULL,'2018-07-16 16:13:48',NULL);

/*Table structure for table `migrations` */


CREATE TABLE `migrations` (
  `id` int(10) unsigned NOT NULL AUTO_INCREMENT,
  `migration` varchar(255) COLLATE utf8_unicode_ci NOT NULL,
  `batch` int(11) NOT NULL,
  PRIMARY KEY (`id`)
) ENGINE=InnoDB AUTO_INCREMENT=7 DEFAULT CHARSET=utf8 COLLATE=utf8_unicode_ci ROW_FORMAT=DYNAMIC;

/*Data for the table `migrations` */

insert  into `migrations`(`id`,`migration`,`batch`) values 
(1,'2014_10_12_000000_create_users_table',1),
(2,'2014_10_12_100000_create_password_resets_table',1),
(3,'2017_08_29_064643_create_admins_table',1),
(4,'2017_09_07_041931_create_employees_table',1),
(5,'2018_04_02_142137_create_permission_tables',2),
(6,'2018_04_07_170349_create_audits_table',3);

/*Data for the table `password_resets` */

/*Table structure for table `permissions` */


CREATE TABLE `permissions` (
  `id` int(10) unsigned NOT NULL AUTO_INCREMENT,
  `name` varchar(255) COLLATE utf8_unicode_ci NOT NULL,
  `description` text COLLATE utf8_unicode_ci,
  `namespace` varchar(255) COLLATE utf8_unicode_ci DEFAULT NULL,
  `controller` varchar(100) COLLATE utf8_unicode_ci DEFAULT NULL,
  `function` varchar(100) COLLATE utf8_unicode_ci DEFAULT NULL,
  `parent_menu` int(11) NOT NULL DEFAULT '0',
  `sort` int(11) NOT NULL,
  `created_at` timestamp NULL DEFAULT NULL,
  `updated_at` timestamp NULL DEFAULT NULL,
  PRIMARY KEY (`id`),
  UNIQUE KEY `permissions_name_unique` (`name`)
) ENGINE=InnoDB AUTO_INCREMENT=165 DEFAULT CHARSET=utf8 COLLATE=utf8_unicode_ci ROW_FORMAT=DYNAMIC COMMENT='ACL related';

/*Data for the table `permissions` */

insert  into `permissions`(`id`,`name`,`description`,`namespace`,`controller`,`function`,`parent_menu`,`sort`,`created_at`,`updated_at`) values 
(13,'home','Dashboard Pengguna','App\\Http\\Controllers','HomeController','index',1,0,'2018-12-17 15:02:13','2018-12-17 15:02:13'),
(14,'administration','Pengurusan Pentadbiran','administration','AdminController','na',1,2,'2018-12-17 15:02:13','2018-12-17 15:02:13'),
(15,'admin.dashboard','Dashboard Pentadbir','App\\Modules\\Admin\\Controllers','AdminController','index',1,1,'2018-12-17 15:02:13','2018-12-17 15:02:13'),
(16,'user.index','Pengurusan Pengguna','App\\Http\\Controllers\\Controller','UserController','index',0,3,'2018-12-17 15:02:13','2018-04-25 13:46:50'),
(17,'admin.roles','Pengurusan Peranan','App\\Modules\\Admin\\Controllers','RoleController','index',0,9,'2018-12-17 15:02:13','2021-05-23 19:55:02'),
(18,'admin.permission','Pengurusan Permission','App\\Http\\Controllers\\Controller','PermissionController','index',0,10,'2018-12-17 15:02:13','2021-05-23 19:55:02'),
(19,'admin.menus','Pengurusan Menu','App\\Modules\\Admin\\Controllers','MenuController','index',0,11,'2018-12-17 15:02:13','2021-05-23 19:55:02'),
(20,'admin.logs','Log Sistem','Rap2hpoutre\\LaravelLogViewer','LogViewerController','index',0,12,'2018-12-17 15:02:13','2021-05-23 19:55:02'),
(21,'admin.config','Konfigurasi Sistem','App\\Modules\\Admin\\Controllers','AdminController','configuration',0,13,'2018-12-17 15:02:13','2021-05-23 19:55:02'),
(22,'admin.auditrail','Log Aktiviti Pengguna','App\\Modules\\Admin\\Controllers','AdminController','auditTrail',0,14,'2018-12-17 15:02:13','2021-05-23 19:55:02'),
(29,'user.disable','Nyahaktif Pengguna','App\\Modules\\Admin\\Controllers','UserController','disableUser',0,6,'2018-04-30 06:58:17','2021-05-23 19:55:02'),
(30,'user.enable','Pengaktifan Pengguna','App\\Modules\\Admin\\Controllers','UserController','enableUser',0,7,'2018-04-30 06:59:02','2021-05-23 19:55:02'),
(101,'data','Pengurusan Data Rujukan','App\\Modules\\Admin\\Controllers','DataManagementController','na',1,16,'2018-11-10 13:06:34','2021-05-23 19:55:02'),
(104,'data.jawatan.index','Senarai Jawatan','App\\Modules\\Admin\\Controllers','DataManagementController','jawatanindex',0,20,'2018-11-17 14:59:47','2021-05-23 19:55:02'),
(108,'proses.permohonan','Pengurusan Permohonan','App\\Modules\\Permohonan\\Controllers','na','na',1,26,'2018-11-25 23:08:46','2021-05-25 09:50:12'),
(110,'report.index','Laporan','App\\Modules\\Report\\Controller','ReportController','index',1,36,'2020-10-08 11:17:32','2021-05-27 17:54:05'),
(121,'user.changerole','Tukar Peranan Pengguna','na','na','na',0,15,'2018-12-11 01:41:13','2021-05-23 19:55:02'),
(123,'data.announcement.index','Pengumuman','App\\Modules\\Admin\\Controllers','DataManagementController','announcementindex',0,25,'2019-02-26 20:34:56','2021-05-25 09:50:12'),
(124,'data.gred.index','Senarai Gred','App\\Modules\\Admin\\Controllers','DataManagementController','gredindex',0,17,'2019-03-21 01:14:43','2021-05-23 19:55:02'),
(128,'data.unit.index','Senarai Unit Bahagian','App\\Modules\\Admin\\Controllers','DataManagementController','unitbahagianindex',0,19,'2019-03-21 01:21:11','2021-05-23 19:55:02'),
(129,'user.limitupdate','Had Kemaskini Profil','na','na','na',0,8,'2019-03-22 00:51:51','2021-05-23 19:55:02'),
(130,'proses.permohonan.baru','Permohonan Baru','App\\Modules\\Permohonan\\Controllers','na','na',0,27,'2019-03-22 01:04:46','2021-05-25 09:50:12'),
(131,'proses.permohonan.lulus','Melulus Permohonan (Kurang RM10,000)','App\\Modules\\Permohonan\\Controllers','na','na',0,29,'2019-03-22 01:06:15','2021-05-25 09:50:12'),
(132,'proses.permohonan.sokong','Menyokong Permohonan','App\\Modules\\Permohonan\\Controllers','na','na',0,28,'2019-03-22 01:15:41','2021-05-25 09:50:13'),
(134,'report.expensessummary.index','Laporan Rumusan Perbelanjaan','App\\Modules\\Report\\Controller','ReportController','expensessummary',0,37,'2019-10-07 13:11:45','2021-05-27 17:54:05'),
(137,'proses.permohonan.selesai','Program Selesai','App\\Modules\\Permohonan\\Controllers','na','na',0,32,'2020-07-23 00:51:28','2021-05-25 09:50:13'),
(138,'proses.permohonan.caridokumen','Carian Dokumen Permohonan','App\\Modules\\Permohonan\\Controllers','na','na',0,33,'2020-07-23 03:05:46','2021-05-25 09:50:13'),
(140,'proses.permohonan.lulus2','Melulus Permohonan (RM10,001-RM20,000)','App\\Modules\\Permohonan\\Controllers','na','na',0,30,'2020-09-11 19:24:45','2021-05-25 09:50:13'),
(141,'proses.permohonan.lulus3','Melulus Permohonan (Lebih RM20,000)','App\\Modules\\Permohonan\\Controllers','na','na',0,31,'2020-09-11 19:25:49','2021-05-25 09:50:13'),
(150,'proses.permohonan.searchall','Carian Semua Permohonan','App\\Modules\\Permohonan\\Controllers','na','na',0,34,'2020-10-08 11:17:32','2021-05-25 09:50:13'),
(156,'data.bank.index','Senarai Bank','App\\Modules\\Admin\\Controllers','DataManagementController','bankindex',0,18,'2021-01-05 20:06:12','2021-05-23 19:55:02'),
(157,'data.projectcategory.index','Senarai Kategori Projek','App\\Modules\\Admin\\Controllers','DataManagementController','projectcategoryindex',0,21,'2021-05-24 01:35:58','2021-05-23 19:55:02'),
(158,'data.program.index','Senarai Program','App\\Modules\\Admin\\Controllers','DataManagementController','programindex',0,22,'2021-05-24 02:03:28','2021-05-23 19:55:02'),
(159,'usercompany.index','Pengurusan Pembekal (Syarikat)','App\\Http\\Controllers\\Controller','UserController','companyindex',0,4,'2021-05-24 03:52:40','2021-05-24 03:54:09'),
(161,'usersupplier.index','Pengurusan Pembekal (Individu)','App\\Http\\Controllers\\Controller','UserController','supplierindex',0,5,'2021-05-24 03:55:02','2021-05-24 03:55:02'),
(162,'data.servicemain.index','Senarai Kategori Perkhidmatan','App\\Modules\\Admin\\Controllers','DataManagementController','servicemainindex',0,23,'2021-05-25 17:49:03','2021-05-25 17:49:03'),
(163,'data.service.index','Senarai Perkhidmatan','App\\Modules\\Admin\\Controllers','DataManagementController','serviceindex',0,24,'2021-05-25 17:50:13','2021-05-25 17:50:13'),
(164,'proses.permohonan.supplierindex','Senarai Tawaran Program','App\\Modules\\Permohonan\\Controllers','na','na',0,35,'2021-05-28 01:54:05','2021-05-28 01:54:05');

/*Table structure for table `permohonan` */


CREATE TABLE `permohonan` (
  `permohonan_id` bigint(11) NOT NULL AUTO_INCREMENT,
  `permohonan_no` varchar(30) DEFAULT NULL,
  `unit_bahagian_id` int(11) DEFAULT NULL,
  `is_government` int(11) DEFAULT NULL,
  `supplier_service_id` int(11) DEFAULT NULL,
  `project_category_id` int(11) DEFAULT NULL,
  `program_id` int(11) DEFAULT NULL,
  `is_online` int(11) NOT NULL DEFAULT '0',
  `calculation_type` int(11) DEFAULT NULL,
  `program_title` text,
  `program_startdate` date DEFAULT NULL,
  `program_enddate` date DEFAULT NULL,
  `program_location` varchar(200) DEFAULT NULL,
  `permohonan_gross_amount` decimal(10,2) NOT NULL DEFAULT '0.00',
  `permohonan_sst_percentage` decimal(10,2) NOT NULL DEFAULT '0.00',
  `permohonan_additional_amount` decimal(10,2) NOT NULL DEFAULT '0.00',
  `permohonan_additional_percent` decimal(10,2) NOT NULL DEFAULT '0.00',
  `permohonan_need_approval` int(11) NOT NULL DEFAULT '0',
  `permohonan_has_sst` int(1) NOT NULL DEFAULT '0',
  `permohonan_sst_amount` decimal(10,2) NOT NULL DEFAULT '0.00',
  `permohonan_final_amount` decimal(10,2) NOT NULL DEFAULT '0.00',
  `supplier1_user_id` int(11) DEFAULT NULL,
  `company1_user_id` int(11) DEFAULT NULL,
  `supplier1_status` char(1) NOT NULL DEFAULT 'N',
  `supplier2_user_id` int(11) DEFAULT NULL,
  `company2_user_id` int(11) DEFAULT NULL,
  `supplier2_status` char(1) NOT NULL DEFAULT 'H',
  `supplier3_user_id` int(11) DEFAULT NULL,
  `company3_user_id` int(11) DEFAULT NULL,
  `supplier3_status` char(1) NOT NULL DEFAULT 'H',
  `supplier_active` int(11) NOT NULL DEFAULT '1',
  `pemohon_id` int(11) DEFAULT NULL,
  `submitted_date` datetime DEFAULT NULL,
  `permohonan_catatan` text,
  `approver_remarks` text,
  `approver_id` int(11) DEFAULT NULL,
  `approved_date` datetime DEFAULT NULL,
  `completed_remarks` text,
  `completed_by` int(11) DEFAULT NULL COMMENT 'pelulus',
  `completed_date` datetime DEFAULT NULL,
  `final_remarks` text,
  `final_by` int(11) DEFAULT NULL COMMENT 'acceptedby-penerima tawaran',
  `final_date` datetime DEFAULT NULL,
  `closed_remarks` text,
  `closed_by` int(11) DEFAULT NULL COMMENT 'data consider done',
  `closed_date` datetime DEFAULT NULL,
  `status` char(1) NOT NULL DEFAULT 'N',
  `rotation_inactive` int(11) NOT NULL DEFAULT '0' COMMENT '1-tiada penggiliran,0-penggiliran',
  `created_by` int(11) NOT NULL,
  `created_at` timestamp NULL DEFAULT NULL,
  `updated_at` timestamp NOT NULL DEFAULT CURRENT_TIMESTAMP,
  `deleted_at` timestamp NULL DEFAULT NULL,
  PRIMARY KEY (`permohonan_id`),
  KEY `idx_permohonan_allocation_id` (`supplier_service_id`),
  KEY `idx_permohonan_no` (`permohonan_no`),
  KEY `idx_permohonan_status` (`status`),
  KEY `idx_permohonan_pemohon_id` (`pemohon_id`),
  KEY `idx_permohonan_created_by` (`created_by`),
  KEY `idx_permohonan_unitbhagianid` (`unit_bahagian_id`),
  KEY `idx_permohonan_assetid` (`program_id`),
  KEY `idx_permohonan_pemohonid` (`pemohon_id`),
  KEY `idx_permohonan_approverid` (`approver_id`),
  KEY `idx_permohonan_completedby` (`completed_by`),
  KEY `idx_permohonan_finalby` (`final_by`),
  KEY `idx_permohonan_closeby` (`closed_by`),
  KEY `idx_permohonan_bahagian_id` (`unit_bahagian_id`),
  KEY `idx_permohonan_projectcategory_id` (`project_category_id`),
  KEY `idx_permohonan_isgov` (`is_government`),
  KEY `idx_permohonan_service` (`supplier_service_id`),
  KEY `idx_permohonan_isonline` (`is_online`),
  KEY `idx_permohonan_startdate` (`program_startdate`),
  KEY `idx_permohonan_enddate` (`program_enddate`),
  KEY `idx_permohonan_supplier1` (`supplier1_user_id`),
  KEY `idx_permohonan_company1` (`company1_user_id`),
  KEY `idx_permohonan_supplier2` (`supplier2_user_id`),
  KEY `idx_permohonan_company2` (`company2_user_id`),
  KEY `idx_permohonan_supplier3` (`supplier3_user_id`),
  KEY `idx_permohonan_company3` (`company3_user_id`),
  KEY `idx_permohonan_supplier1status` (`supplier1_status`),
  KEY `idx_permohonan_supplier2status` (`supplier2_status`),
  KEY `idx_permohonan_supplier3status` (`supplier3_status`),
  KEY `idx_permohonan_supplier_active` (`supplier_active`)
) ENGINE=InnoDB AUTO_INCREMENT=13 DEFAULT CHARSET=latin1;

/*Data for the table `permohonan` */

insert  into `permohonan`(`permohonan_id`,`permohonan_no`,`unit_bahagian_id`,`is_government`,`supplier_service_id`,`project_category_id`,`program_id`,`is_online`,`calculation_type`,`program_title`,`program_startdate`,`program_enddate`,`program_location`,`permohonan_gross_amount`,`permohonan_sst_percentage`,`permohonan_additional_amount`,`permohonan_additional_percent`,`permohonan_need_approval`,`permohonan_has_sst`,`permohonan_sst_amount`,`permohonan_final_amount`,`supplier1_user_id`,`company1_user_id`,`supplier1_status`,`supplier2_user_id`,`company2_user_id`,`supplier2_status`,`supplier3_user_id`,`company3_user_id`,`supplier3_status`,`supplier_active`,`pemohon_id`,`submitted_date`,`permohonan_catatan`,`approver_remarks`,`approver_id`,`approved_date`,`completed_remarks`,`completed_by`,`completed_date`,`final_remarks`,`final_by`,`final_date`,`closed_remarks`,`closed_by`,`closed_date`,`status`,`rotation_inactive`,`created_by`,`created_at`,`updated_at`,`deleted_at`) values 
(1,'MSF_JPPK000003',5,0,2,4,125,0,NULL,'KECEMERLANGAN PERHUBUNGAN PELANGGAN','2021-04-27','2021-04-29','Malaysia Productivity Corporation',13400.00,6.00,3100.00,30.10,0,1,804.00,14204.00,398,395,'B',397,0,'N',398,0,'H',2,6,'2021-05-27 03:45:47',NULL,NULL,36,'2021-05-27 05:41:12',NULL,36,'2021-05-27 05:41:12',NULL,398,'2021-05-28 07:30:09',NULL,NULL,NULL,'H',0,6,'2021-05-27 01:40:03','2021-05-28 07:30:37',NULL),
(2,NULL,5,NULL,NULL,NULL,NULL,0,NULL,NULL,NULL,NULL,'Malaysia Productivity Corporation',0.00,0.00,0.00,0.00,0,0,0.00,0.00,397,0,'N',NULL,NULL,'H',398,395,'H',1,6,NULL,NULL,NULL,36,NULL,NULL,NULL,NULL,NULL,NULL,NULL,NULL,NULL,NULL,'D',0,6,'2021-05-27 03:09:05','2021-05-27 10:54:10',NULL),
(3,NULL,5,0,5,6,40,0,NULL,'KEJURUJUALAN PROFESIONAL & “ART OF SALE”','2021-05-12','2021-05-14','Malaysia Productivity Corporation',4300.00,6.00,0.00,0.00,0,1,258.00,4558.00,397,0,'R',398,0,'A',398,395,'H',2,6,NULL,NULL,NULL,36,NULL,NULL,NULL,NULL,NULL,NULL,NULL,NULL,NULL,NULL,'H',0,6,'2021-05-27 07:28:03','2021-05-27 07:28:03',NULL),
(4,NULL,5,1,7,8,279,0,NULL,'KEPIMPINAN DAN PEMBINAAN INSAN','2021-05-24','2021-05-24','Malaysia Productivity Corporation',5421.00,0.00,0.00,0.00,0,0,0.00,5421.00,397,0,'X',398,0,'R',398,395,'A',3,6,NULL,NULL,NULL,36,NULL,NULL,NULL,NULL,NULL,NULL,NULL,NULL,NULL,NULL,'H',0,6,'2021-05-27 07:31:17','2021-05-27 07:32:09',NULL),
(5,NULL,5,NULL,NULL,NULL,2,0,NULL,NULL,NULL,NULL,'Malaysia Productivity Corporation',0.00,0.00,0.00,0.00,0,0,0.00,0.00,NULL,NULL,'N',NULL,NULL,'H',NULL,NULL,'H',1,6,NULL,NULL,NULL,36,NULL,NULL,NULL,NULL,NULL,NULL,NULL,NULL,NULL,NULL,'D',0,6,'2021-05-28 08:42:07','2021-05-28 08:43:07',NULL),
(6,NULL,5,0,2,2,64,0,NULL,'PROGRAM PEMBANGUNAN SISTEM','2021-05-30','2021-05-31','Malaysia Productivity Corporation',13000.00,6.00,3000.00,30.00,1,1,780.00,13780.00,402,0,'R',397,395,'A',398,395,'H',2,6,'2021-05-28 18:24:42',NULL,NULL,36,'2021-05-28 18:25:56',NULL,131,'2021-05-28 18:35:54',NULL,397,'2021-05-28 18:41:26',NULL,NULL,NULL,'F',0,6,'2021-05-28 18:24:42','2021-05-28 18:41:26',NULL),
(7,NULL,5,NULL,NULL,NULL,NULL,0,NULL,NULL,NULL,NULL,'Malaysia Productivity Corporation',0.00,0.00,0.00,0.00,0,0,0.00,0.00,NULL,NULL,'N',NULL,NULL,'H',NULL,NULL,'H',1,31,NULL,NULL,NULL,139,NULL,NULL,NULL,NULL,NULL,NULL,NULL,NULL,NULL,NULL,'D',0,31,'2021-05-28 23:59:12','2021-05-28 23:59:12',NULL),
(9,'MSF_JPPK000004',5,0,5,5,130,0,NULL,'TEST PROGRAM','2021-06-05','2021-06-11','Malaysia Productivity Corporation',23100.00,0.00,0.00,0.00,0,0,0.00,1200.00,410,406,'R',402,0,'R',398,0,'A',3,6,'2021-06-03 22:42:40',NULL,'saje nk tolak tak blh ke',131,'2021-06-03 22:50:49',NULL,131,'2021-06-03 23:00:46',NULL,398,'2021-06-03 23:53:50',NULL,NULL,NULL,'F',0,6,'2021-06-03 22:20:24','2021-06-03 23:53:50',NULL),
(10,NULL,5,1,6,4,121,0,NULL,NULL,'2021-06-16','2021-06-28','Malaysia Productivity Corporation',0.00,0.00,0.00,0.00,0,0,0.00,0.00,NULL,NULL,'N',NULL,NULL,'H',NULL,NULL,'H',1,6,NULL,NULL,NULL,36,NULL,NULL,NULL,NULL,NULL,NULL,NULL,NULL,NULL,NULL,'D',0,6,'2021-06-03 22:26:00','2021-06-03 22:28:59',NULL),
(12,NULL,5,0,5,5,219,0,NULL,NULL,NULL,NULL,'Malaysia Productivity Corporation',0.00,0.00,0.00,0.00,0,0,0.00,0.00,NULL,NULL,'N',NULL,NULL,'H',NULL,NULL,'H',1,6,NULL,NULL,NULL,36,NULL,NULL,NULL,NULL,NULL,NULL,NULL,NULL,NULL,NULL,'D',1,6,'2021-06-05 17:46:17','2021-06-05 17:46:17',NULL);

/*Table structure for table `permohonan_audit_trail` */


CREATE TABLE `permohonan_audit_trail` (
  `permohonan_audit_trail_id` bigint(20) NOT NULL AUTO_INCREMENT,
  `permohonan_id` bigint(20) NOT NULL,
  `status` char(1) NOT NULL,
  `remarks` text,
  `created_by` int(11) NOT NULL,
  `created_at` timestamp NULL DEFAULT NULL ON UPDATE CURRENT_TIMESTAMP,
  `updated_at` timestamp NOT NULL DEFAULT CURRENT_TIMESTAMP,
  `deleted_at` timestamp NULL DEFAULT NULL,
  PRIMARY KEY (`permohonan_audit_trail_id`),
  KEY `idx_permohonantrail_permohonanid` (`permohonan_id`),
  KEY `idx_permohonantrail_createdby` (`created_by`)
) ENGINE=InnoDB AUTO_INCREMENT=38 DEFAULT CHARSET=latin1;

/*Data for the table `permohonan_audit_trail` */

insert  into `permohonan_audit_trail`(`permohonan_audit_trail_id`,`permohonan_id`,`status`,`remarks`,`created_by`,`created_at`,`updated_at`,`deleted_at`) values 
(3,1,'N',NULL,6,'2021-05-27 03:30:54','2021-05-27 03:30:54',NULL),
(4,1,'N',NULL,6,'2021-05-27 03:45:47','2021-05-27 03:45:47',NULL),
(5,1,'R','takde masa ni',36,'2021-05-27 03:55:54','2021-05-27 03:55:54',NULL),
(6,1,'R','test skali lagi tolak',36,'2021-05-27 04:10:53','2021-05-27 04:10:53',NULL),
(7,1,'S',NULL,36,'2021-05-27 04:36:39','2021-05-27 04:36:39',NULL),
(8,1,'Q','byk tak lengkap ni',131,'2021-05-27 04:46:49','2021-05-27 04:46:49',NULL),
(9,1,'Z',NULL,6,'2021-05-27 04:52:37','2021-05-27 04:52:41',NULL),
(10,1,'H',NULL,131,'2021-05-27 05:36:25','2021-05-27 05:36:25',NULL),
(11,1,'H',NULL,36,'2021-05-27 05:41:12','2021-05-27 05:41:12',NULL),
(12,1,'R','Ditolak oleh PEMBEKAL 2 (COMPANY 331 - SSM301-988)',398,'2021-05-28 05:32:43','2021-05-28 05:32:44',NULL),
(13,1,'R','Ditolak oleh ABDULLAH HUKUM (801010092121)',397,'2021-05-28 05:45:28','2021-05-28 05:45:28',NULL),
(14,1,'R','Ditolak oleh PEMBEKAL 2 (790102062311)',398,'2021-05-28 05:47:18','2021-05-28 05:47:18',NULL),
(15,1,'F','Diterima oleh PEMBEKAL 2 (COMPANY 331 - SSM301-988)',398,'2021-05-28 05:50:11','2021-05-28 05:50:11',NULL),
(16,1,'F','Diterima oleh PEMBEKAL 2 (COMPANY 331 - SSM301-988)',398,'2021-05-28 05:59:05','2021-05-28 05:59:05',NULL),
(17,1,'F','Diterima oleh PEMBEKAL 2 (COMPANY 331 - SSM301-988)',398,'2021-05-28 06:02:08','2021-05-28 06:02:08',NULL),
(18,1,'B','Dibatalkan oleh PEMBEKAL 2 (COMPANY 331 - SSM301-988)',398,'2021-05-28 07:22:07','2021-05-28 07:22:07',NULL),
(19,1,'F','Diterima oleh PEMBEKAL 2 (COMPANY 331 - SSM301-988)',398,'2021-05-28 07:30:09','2021-05-28 07:30:09',NULL),
(20,1,'B','Dibatalkan oleh PEMBEKAL 2 (COMPANY 331 - SSM301-988)',398,'2021-05-28 07:30:37','2021-05-28 07:30:37',NULL),
(21,6,'N',NULL,6,'2021-05-28 18:24:42','2021-05-28 18:24:42',NULL),
(22,6,'S',NULL,36,'2021-05-28 18:25:56','2021-05-28 18:25:56',NULL),
(23,6,'H',NULL,131,'2021-05-28 18:35:54','2021-05-28 18:35:54',NULL),
(24,6,'R','Ditolak oleh MUHAMAD TAUFIK BIN MEH (901008095277)',402,'2021-05-28 18:37:30','2021-05-28 18:37:30',NULL),
(25,6,'F','Diterima oleh ABDULLAH HUKUM BIN SAMAD (COMPANY 331 - SSM301-988)',397,'2021-05-28 18:41:26','2021-05-28 18:41:26',NULL),
(26,9,'N',NULL,6,'2021-06-03 22:42:40','2021-06-03 22:42:40',NULL),
(27,9,'R','saje nk tolak tak blh ke',131,'2021-06-03 22:50:49','2021-06-03 22:50:49',NULL),
(28,9,'H',NULL,131,'2021-06-03 23:00:46','2021-06-03 23:00:46',NULL),
(29,9,'R','Ditolak oleh ABDUL MUAZ BIN SAMSOL (NADILMU PLT - SSM-667222)',410,'2021-06-03 23:10:37','2021-06-03 23:10:37',NULL),
(30,9,'R','Ditolak oleh MUHAMAD TAUFIK BIN MEH (901008095277)',402,'2021-06-03 23:28:52','2021-06-03 23:28:52',NULL),
(31,9,'F','Diterima oleh MUHAMAD TAUFIK BIN MEH (901008095277)',402,'2021-06-03 23:41:50','2021-06-03 23:41:50',NULL),
(32,9,'R','Ditolak oleh MUHAMAD TAUFIK BIN MEH (901008095277)',402,'2021-06-03 23:42:49','2021-06-03 23:42:49',NULL),
(33,9,'R','Ditolak oleh RAHMAHTULLAH FAWWAZ BIN SAID (790102062311)',398,'2021-06-03 23:43:43','2021-06-03 23:43:43',NULL),
(34,9,'R','Ditolak oleh RAHMAHTULLAH FAWWAZ BIN SAID (790102062311)',398,'2021-06-03 23:45:36','2021-06-03 23:45:36',NULL),
(35,9,'R','Ditolak oleh MUHAMAD TAUFIK BIN MEH (901008095277)',402,'2021-06-03 23:52:05','2021-06-03 23:52:05',NULL),
(36,9,'R','Ditolak oleh RAHMAHTULLAH FAWWAZ BIN SAID (790102062311)',398,'2021-06-03 23:52:45','2021-06-03 23:52:45',NULL),
(37,9,'F','Diterima oleh RAHMAHTULLAH FAWWAZ BIN SAID (790102062311)',398,'2021-06-03 23:53:50','2021-06-03 23:53:50',NULL);

/*Table structure for table `permohonan_checklist` */


CREATE TABLE `permohonan_checklist` (
  `permohonan_checklist_id` bigint(11) NOT NULL AUTO_INCREMENT,
  `permohonan_id` bigint(11) NOT NULL,
  `tiga_sebut_harga` int(1) NOT NULL DEFAULT '0',
  `keratan_minit_bom` int(1) NOT NULL DEFAULT '0',
  `anggaran_belanja_bom` int(1) NOT NULL DEFAULT '0',
  `sijil_gst` int(1) NOT NULL DEFAULT '0',
  `justifikasi` int(1) NOT NULL DEFAULT '0',
  `justifikasi_remarks` text,
  `penginapan_tiket` int(1) NOT NULL DEFAULT '0',
  `senarai_nama_penginap` int(1) NOT NULL DEFAULT '0' COMMENT 'penginapan_tiket',
  `senarai_nama_tiket` int(1) NOT NULL DEFAULT '0' COMMENT 'penginapan_tiket',
  `lantikan` int(1) NOT NULL DEFAULT '0',
  `kelulusan_mof` int(1) NOT NULL DEFAULT '0' COMMENT 'lantikan',
  `plps` int(1) NOT NULL DEFAULT '0' COMMENT 'lantikan',
  `surat_setuju_terima` int(1) NOT NULL DEFAULT '0' COMMENT 'lantikan',
  `surat_lantikan_perunding` int(1) NOT NULL DEFAULT '0' COMMENT 'lantikan',
  `jadual_pembayaran` int(1) NOT NULL DEFAULT '0' COMMENT 'lantikan',
  `terms_of_reference` int(1) NOT NULL DEFAULT '0' COMMENT 'lantikan',
  `borang_lampiran_b` int(1) NOT NULL DEFAULT '0' COMMENT 'lantikan',
  `invois` int(1) NOT NULL DEFAULT '0' COMMENT 'lantikan',
  `perolehan_sebut_hargab` int(1) NOT NULL DEFAULT '0',
  `sst` int(1) NOT NULL DEFAULT '0' COMMENT 'perolehan_sebut_hargab',
  `keputusan_perolehan` int(1) NOT NULL DEFAULT '0' COMMENT 'perolehan_sebut_hargab',
  `surat_lantikan_sebut_hargab` int(1) NOT NULL DEFAULT '0' COMMENT 'perolehan_sebut_hargab',
  `teknikal_selenggara` int(1) NOT NULL DEFAULT '0',
  `laporan_selenggara_sah` int(1) NOT NULL DEFAULT '0' COMMENT 'teknikal_selenggara',
  `kontrak_salinan` int(1) NOT NULL DEFAULT '0' COMMENT 'teknikal_selenggara',
  `makanan` int(1) NOT NULL DEFAULT '0',
  `senarai_peserta` int(1) NOT NULL DEFAULT '0' COMMENT 'makanan',
  `tentatif_program` int(1) NOT NULL DEFAULT '0' COMMENT 'makanan',
  `created_at` timestamp NULL DEFAULT NULL,
  `updated_at` timestamp NOT NULL DEFAULT CURRENT_TIMESTAMP,
  `deleted_at` timestamp NULL DEFAULT NULL,
  PRIMARY KEY (`permohonan_checklist_id`)
) ENGINE=InnoDB DEFAULT CHARSET=latin1;

/*Data for the table `permohonan_checklist` */

/*Table structure for table `permohonan_detail` */


CREATE TABLE `permohonan_detail` (
  `permohonan_detail_id` bigint(11) NOT NULL AUTO_INCREMENT,
  `permohonan_id` bigint(11) NOT NULL,
  `is_main` int(11) NOT NULL DEFAULT '0',
  `main_id` bigint(11) DEFAULT NULL COMMENT 'permohonan_detail_id',
  `permohonan_item` text,
  `quantity` decimal(10,2) NOT NULL DEFAULT '0.00',
  `price_perunit` decimal(10,2) NOT NULL DEFAULT '0.00',
  `price_total` decimal(10,2) NOT NULL DEFAULT '0.00',
  `detail_date` date DEFAULT NULL,
  `detail_starttime` time DEFAULT NULL,
  `detail_endtime` time DEFAULT NULL,
  `created_at` timestamp NULL DEFAULT NULL ON UPDATE CURRENT_TIMESTAMP,
  `updated_at` timestamp NOT NULL DEFAULT CURRENT_TIMESTAMP,
  `deleted_at` timestamp NULL DEFAULT NULL,
  PRIMARY KEY (`permohonan_detail_id`),
  KEY `idx_permohonandetail_permohonanid` (`permohonan_id`),
  KEY `idx_permohonandetail_ismain` (`is_main`),
  KEY `idx_permohonandetail_mainid` (`main_id`)
) ENGINE=InnoDB AUTO_INCREMENT=41 DEFAULT CHARSET=latin1;

/*Data for the table `permohonan_detail` */

insert  into `permohonan_detail`(`permohonan_detail_id`,`permohonan_id`,`is_main`,`main_id`,`permohonan_item`,`quantity`,`price_perunit`,`price_total`,`detail_date`,`detail_starttime`,`detail_endtime`,`created_at`,`updated_at`,`deleted_at`) values 
(1,1,1,NULL,'test 1',1.00,4100.00,4100.00,NULL,NULL,NULL,'2021-05-27 01:54:13','2021-05-27 01:42:10','2021-05-26 17:54:13'),
(2,1,1,NULL,'test 2',2.00,3100.00,6200.00,NULL,NULL,NULL,'2021-05-27 01:54:13','2021-05-27 01:42:10','2021-05-26 17:54:13'),
(3,1,1,NULL,'test 1',1.00,4100.00,4100.00,NULL,NULL,NULL,'2021-05-27 01:56:42','2021-05-27 01:54:13','2021-05-26 17:56:42'),
(4,1,1,NULL,'test 2',2.00,3100.00,6200.00,NULL,NULL,NULL,'2021-05-27 01:56:42','2021-05-27 01:54:13','2021-05-26 17:56:42'),
(5,1,1,NULL,'test 1',1.00,4100.00,4100.00,NULL,NULL,NULL,'2021-05-27 02:04:39','2021-05-27 01:56:42','2021-05-26 18:04:39'),
(6,1,1,NULL,'test 2',2.00,3100.00,6200.00,NULL,NULL,NULL,'2021-05-27 02:04:39','2021-05-27 01:56:42','2021-05-26 18:04:39'),
(7,1,1,NULL,'test 1',1.00,4100.00,4100.00,NULL,NULL,NULL,'2021-05-27 02:08:51','2021-05-27 02:04:39','2021-05-26 18:08:51'),
(8,1,1,NULL,'test 2',2.00,3100.00,6200.00,NULL,NULL,NULL,'2021-05-27 02:08:51','2021-05-27 02:04:39','2021-05-26 18:08:51'),
(9,1,1,NULL,'test 1',1.00,4100.00,4100.00,NULL,NULL,NULL,'2021-05-27 02:12:32','2021-05-27 02:08:51','2021-05-26 18:12:32'),
(10,1,1,NULL,'test 2',2.00,3100.00,6200.00,NULL,NULL,NULL,'2021-05-27 02:12:32','2021-05-27 02:08:51','2021-05-26 18:12:32'),
(11,1,1,NULL,'test 1',1.00,4100.00,4100.00,NULL,NULL,NULL,'2021-05-27 02:12:44','2021-05-27 02:12:32','2021-05-26 18:12:44'),
(12,1,1,NULL,'test 2',2.00,3100.00,6200.00,NULL,NULL,NULL,'2021-05-27 02:12:44','2021-05-27 02:12:32','2021-05-26 18:12:44'),
(13,1,1,NULL,'test 1',1.00,4100.00,4100.00,NULL,NULL,NULL,'2021-05-27 02:14:22','2021-05-27 02:12:44','2021-05-26 18:14:22'),
(14,1,1,NULL,'test 2',2.00,3100.00,6200.00,NULL,NULL,NULL,'2021-05-27 02:14:22','2021-05-27 02:12:44','2021-05-26 18:14:22'),
(17,1,1,NULL,'test 1',1.00,4100.00,4100.00,NULL,NULL,NULL,'2021-05-27 03:30:54','2021-05-27 02:14:22','2021-05-26 19:30:54'),
(18,1,1,NULL,'test 2',2.00,3100.00,6200.00,NULL,NULL,NULL,'2021-05-27 03:30:54','2021-05-27 02:14:22','2021-05-26 19:30:54'),
(23,1,1,NULL,'test 1',1.00,4100.00,4100.00,NULL,NULL,NULL,'2021-05-27 03:45:47','2021-05-27 03:30:54','2021-05-26 19:45:47'),
(24,1,1,NULL,'test 2',2.00,3100.00,6200.00,NULL,NULL,NULL,'2021-05-27 03:45:47','2021-05-27 03:30:54','2021-05-26 19:45:47'),
(25,1,1,NULL,'test 1',1.00,4100.00,4100.00,NULL,NULL,NULL,'2021-05-27 04:52:37','2021-05-27 03:45:47','2021-05-26 20:52:37'),
(26,1,1,NULL,'test 2',2.00,3100.00,6200.00,NULL,NULL,NULL,'2021-05-27 04:52:37','2021-05-27 03:45:47','2021-05-26 20:52:37'),
(27,1,1,NULL,'test 1',1.00,4100.00,4100.00,NULL,NULL,NULL,'2021-05-27 04:52:37','2021-05-27 04:52:37',NULL),
(28,1,1,NULL,'test 2',2.00,3100.00,6200.00,NULL,NULL,NULL,'2021-05-27 04:52:37','2021-05-27 04:52:37',NULL),
(29,3,1,NULL,'test 5444',1.00,4300.00,4300.00,NULL,NULL,NULL,'2021-05-27 07:28:03','2021-05-27 07:28:03',NULL),
(30,4,1,NULL,'test item',1.00,5421.00,5421.00,NULL,NULL,NULL,'2021-05-27 07:32:09','2021-05-27 07:31:17','2021-05-26 23:32:09'),
(31,4,1,NULL,'test item',1.00,5421.00,5421.00,NULL,NULL,NULL,'2021-05-27 07:32:09','2021-05-27 07:32:09',NULL),
(32,6,1,NULL,'test 1',1.00,4000.00,4000.00,NULL,NULL,NULL,'2021-05-28 18:24:42','2021-05-28 18:24:42',NULL),
(33,6,1,NULL,'test 2',2.00,3000.00,6000.00,NULL,NULL,NULL,'2021-05-28 18:24:42','2021-05-28 18:24:42',NULL),
(35,9,1,NULL,'mudahnya kau lupa',1.00,23100.00,23100.00,NULL,NULL,NULL,'2021-06-03 22:21:52','2021-06-03 22:20:24','2021-06-03 14:21:52'),
(36,9,1,NULL,'mudahnya kau lupa',1.00,23100.00,23100.00,NULL,NULL,NULL,'2021-06-03 22:25:26','2021-06-03 22:21:52','2021-06-03 14:25:26'),
(37,9,1,NULL,'mudahnya kau lupa',1.00,23100.00,23100.00,NULL,NULL,NULL,'2021-06-03 22:42:40','2021-06-03 22:25:26','2021-06-03 14:42:40'),
(40,9,1,NULL,'mudahnya kau lupa',1.00,23100.00,23100.00,NULL,NULL,NULL,'2021-06-03 22:42:40','2021-06-03 22:42:40',NULL);

/*Table structure for table `permohonan_email` */


CREATE TABLE `permohonan_email` (
  `id` bigint(20) NOT NULL AUTO_INCREMENT,
  `permohonan_id` int(11) NOT NULL,
  `email_to` varchar(100) DEFAULT NULL,
  `role_id` int(11) DEFAULT NULL,
  `subject` text CHARACTER SET latin1,
  `message` text,
  `completed` int(11) NOT NULL DEFAULT '0',
  `created_at` timestamp NOT NULL DEFAULT CURRENT_TIMESTAMP,
  `updated_at` timestamp NOT NULL DEFAULT CURRENT_TIMESTAMP,
  `deleted_at` timestamp NULL DEFAULT NULL,
  PRIMARY KEY (`id`),
  KEY `idx_permohonanemail_id` (`permohonan_id`),
  KEY `idx_permohonanemail_roleid` (`role_id`),
  KEY `idx_permohonanemail_completed` (`completed`)
) ENGINE=InnoDB DEFAULT CHARSET=utf8mb4;

/*Data for the table `permohonan_email` */

/*Table structure for table `permohonan_invoice` */


CREATE TABLE `permohonan_invoice` (
  `invoice_id` bigint(20) NOT NULL AUTO_INCREMENT,
  `permohonan_id` bigint(20) NOT NULL,
  `invoice_no` varchar(20) NOT NULL,
  `invoice_remarks` text,
  `status` char(1) NOT NULL,
  `invoice_by` int(11) DEFAULT NULL,
  `created_at` timestamp NULL DEFAULT CURRENT_TIMESTAMP,
  `updated_at` timestamp NOT NULL DEFAULT CURRENT_TIMESTAMP ON UPDATE CURRENT_TIMESTAMP,
  `deleted_at` timestamp NULL DEFAULT NULL,
  PRIMARY KEY (`invoice_id`),
  KEY `idx_pinv_permohonan_id` (`permohonan_id`),
  KEY `idx_pinv_invoiceno` (`invoice_no`),
  KEY `idx_pinv_invoiceby` (`invoice_by`)
) ENGINE=InnoDB DEFAULT CHARSET=utf8mb4;

/*Table structure for table `ref_akademik` */


CREATE TABLE `ref_akademik` (
  `akademik_id` int(11) NOT NULL AUTO_INCREMENT,
  `akademik_desc` varchar(200) NOT NULL,
  `is_active` char(1) NOT NULL DEFAULT '1',
  `created_by` int(11) DEFAULT NULL,
  `updated_by` int(11) DEFAULT NULL,
  `created_at` timestamp NULL DEFAULT NULL,
  `updated_at` timestamp NULL DEFAULT CURRENT_TIMESTAMP,
  `deleted_at` timestamp NULL DEFAULT NULL,
  PRIMARY KEY (`akademik_id`)
) ENGINE=InnoDB AUTO_INCREMENT=7 DEFAULT CHARSET=latin1;

/*Data for the table `ref_akademik` */

insert  into `ref_akademik`(`akademik_id`,`akademik_desc`,`is_active`,`created_by`,`updated_by`,`created_at`,`updated_at`,`deleted_at`) values 
(1,'PHD Sarjana','1',2,2,'2021-03-19 21:35:24','2021-03-19 21:35:24',NULL),
(2,'Master','1',2,2,'2021-03-19 21:35:24','2021-03-19 21:35:24',NULL),
(3,'Sarjana Muda','1',2,2,'2021-03-19 21:35:24','2021-03-19 21:35:24',NULL),
(4,'Diploma','1',2,2,'2021-03-19 21:35:24','2021-03-19 21:35:24',NULL),
(5,'Sijil','1',2,2,'2021-03-19 21:35:24','2021-03-19 21:35:24',NULL),
(6,'SPM','1',2,2,'2021-05-31 12:18:32','2021-05-31 12:18:35',NULL);

/*Table structure for table `ref_alasan` */


CREATE TABLE `ref_alasan` (
  `alasan_id` int(11) NOT NULL AUTO_INCREMENT,
  `alasan_desc` varchar(300) NOT NULL,
  `is_active` char(1) NOT NULL DEFAULT '1',
  `created_at` timestamp NULL DEFAULT NULL,
  `updated_at` timestamp NOT NULL DEFAULT CURRENT_TIMESTAMP,
  `deleted_at` timestamp NULL DEFAULT NULL,
  PRIMARY KEY (`alasan_id`)
) ENGINE=InnoDB AUTO_INCREMENT=18 DEFAULT CHARSET=latin1;

/*Data for the table `ref_alasan` */

insert  into `ref_alasan`(`alasan_id`,`alasan_desc`,`is_active`,`created_at`,`updated_at`,`deleted_at`) values 
(1,'Cuti Rehat','0','2018-12-01 08:04:36','2018-12-01 08:04:36','2019-01-14 02:52:31'),
(2,'Cuti Sakit','0','2018-12-01 08:04:36','2018-12-01 08:04:36','2019-01-14 02:52:46'),
(3,'Menghadiri Mesyuarat','0','2018-12-01 08:04:36','2018-12-01 08:04:36','2019-01-14 02:59:28'),
(4,'Kerja Lebih Masa','0','2018-12-01 08:04:36','2018-12-01 08:04:36','2019-01-14 02:54:14'),
(5,'Cuti Bersalin','0','2018-12-01 08:04:36','2018-12-01 08:04:36','2019-01-14 02:52:59'),
(6,'Menghadiri Kursus','0','2018-12-01 08:04:36','2018-12-01 08:04:36','2019-01-14 02:59:10'),
(7,'Tersalah Punch','0','2018-12-01 08:04:36','2018-12-01 08:04:36','2019-01-14 02:58:31'),
(8,'Cuti Tanpa Rekod','1','2018-12-01 08:04:37','2018-12-01 08:04:37','2019-01-14 02:55:00'),
(9,'Cuti Tanpa Gaji','0','2018-12-01 08:04:37','2018-12-01 08:04:37','2019-01-14 02:53:39'),
(10,'Mesy. Sasaran Kerja Tahunan','1','2018-12-01 08:04:37','2018-12-01 08:04:37','2019-01-14 02:53:12'),
(11,'Alasan Lewat Diterima','1','2018-12-01 08:04:37','2018-12-01 08:04:37',NULL),
(12,'Pelepasan Waktu Bertugas','1','2018-12-01 08:04:37','2018-12-01 08:04:37','2019-01-14 02:59:21'),
(13,'Cuti Kecemasan','1','2018-12-01 08:04:37','2018-12-01 08:04:37','2019-01-14 02:53:51'),
(14,'Cuti Tahunan','1','2018-12-01 08:04:37','2018-12-01 08:04:37','2019-01-14 02:54:26'),
(15,'Cuti Isteri Bersalin','1','2018-12-01 08:04:37','2018-12-01 08:04:37','2019-01-14 02:54:00'),
(16,'Alasan Pulang Awal Diterima','1','2018-12-01 08:04:37','2018-12-01 08:04:37',NULL),
(17,'Alasan Tidak Lengkap','1','2019-01-14 10:58:50','2019-01-14 10:58:50',NULL);

/*Table structure for table `ref_allocation` */


CREATE TABLE `ref_allocation` (
  `allocation_id` int(11) NOT NULL AUTO_INCREMENT,
  `allocation_code` char(10) DEFAULT NULL,
  `allocation_desc` varchar(255) DEFAULT NULL,
  `running_no` int(11) NOT NULL DEFAULT '0',
  `created_by` int(11) DEFAULT NULL,
  `updated_by` int(11) DEFAULT NULL,
  `created_at` timestamp NULL DEFAULT NULL,
  `updated_at` timestamp NOT NULL DEFAULT CURRENT_TIMESTAMP,
  `deleted_at` timestamp NULL DEFAULT NULL,
  PRIMARY KEY (`allocation_id`)
) ENGINE=InnoDB AUTO_INCREMENT=3 DEFAULT CHARSET=latin1;

/*Data for the table `ref_allocation` */

insert  into `ref_allocation`(`allocation_id`,`allocation_code`,`allocation_desc`,`running_no`,`created_by`,`updated_by`,`created_at`,`updated_at`,`deleted_at`) values 
(1,'M','OPERASI',1,2,46,'2019-03-22 03:41:34','2019-04-12 04:19:11',NULL),
(2,'P','PEMBANGUNAN',0,2,46,'2019-03-22 03:41:45','2019-04-12 04:54:00',NULL);

/*Table structure for table `ref_asset` */


CREATE TABLE `ref_asset` (
  `asset_id` int(11) NOT NULL AUTO_INCREMENT,
  `asset_category` int(11) DEFAULT '0' COMMENT '0-bukan alih, 1-alih',
  `asset_code` varchar(50) DEFAULT NULL,
  `asset_desc` varchar(255) DEFAULT NULL,
  `created_by` int(11) DEFAULT NULL,
  `updated_by` int(11) DEFAULT NULL,
  `created_at` timestamp NOT NULL DEFAULT CURRENT_TIMESTAMP,
  `updated_at` timestamp NOT NULL DEFAULT CURRENT_TIMESTAMP,
  `deleted_at` timestamp NULL DEFAULT NULL,
  PRIMARY KEY (`asset_id`),
  KEY `idx_refasset_createdby` (`created_by`),
  KEY `idx_refasset_updatedby` (`updated_by`)
) ENGINE=InnoDB AUTO_INCREMENT=27 DEFAULT CHARSET=latin1;

/*Data for the table `ref_asset` */

insert  into `ref_asset`(`asset_id`,`asset_category`,`asset_code`,`asset_desc`,`created_by`,`updated_by`,`created_at`,`updated_at`,`deleted_at`) values 
(1,0,'P22100','Pengangkutan Barang-barang Untuk Kakitangan Awam Dalam Negeri',2,2,'2021-02-03 23:57:12','2021-02-04 00:23:29',NULL),
(2,0,'P22102','ELAUN PINDAHAN',2,2,'2021-02-03 23:58:11','2021-02-04 00:50:00',NULL),
(3,0,'P22700\r\n','Pengangkutan  Barang- barang Pejabat\r\n',2,2,'2021-02-03 23:58:21','2021-02-04 00:23:29',NULL),
(4,0,'P23100\r\n','Perhubungan \r\n',2,2,'2021-02-03 23:58:31','2021-02-04 00:23:29',NULL),
(5,0,'P23200\r\n','Utiliti\r\n',2,2,'2021-02-03 23:58:41','2021-02-04 00:23:29',NULL),
(6,0,'P24200\r\n','Sewa Bangunan\r\n',2,2,'2021-02-03 23:58:51','2021-02-04 00:23:29',NULL),
(7,0,'P24500\r\n','Sewa Alat Kelengkapan Pejabat, Perabot dan Lengkapan\r\n',2,2,'2021-02-03 23:59:02','2021-02-04 00:23:29',NULL),
(8,0,'P26100\r\n','Alat - alat Ganti\r\n',2,2,'2021-02-03 23:59:12','2021-02-04 00:23:29',NULL),
(9,0,'P26200\r\n','Petroleum, Bahan-bahan Keluaran Petroleum dan Bahan Pembakar\r\n',2,2,'2021-02-03 23:59:25','2021-02-04 00:23:29',NULL),
(10,0,'P27100\r\n','Bekalan Pejabat\r\n',2,2,'2021-02-03 23:59:35','2021-02-04 00:23:29',NULL),
(11,0,'P27300\r\n','Bekalan Riadah\r\n',2,2,'2021-02-03 23:59:46','2021-02-04 00:23:29',NULL),
(12,0,'P27500\r\n','Bekalan dan Bahan Fotografi\r\n',2,2,'2021-02-03 23:59:59','2021-02-04 00:23:29',NULL),
(13,0,'P27600\r\n','Bahan Tenunan Dan Barang - barang Pakaian\r\n',2,2,'2021-02-04 00:00:17','2021-02-04 00:23:29',NULL),
(14,0,'P28100\r\n','Penyelenggaraan Bangunan \r\n',2,2,'2021-02-04 00:00:27','2021-02-04 00:23:29',NULL),
(15,0,'P28200\r\n','Penyelenggaraan Alat Kelengkapan Pejabat, Perabot dan Lengkapan\r\n',2,2,'2021-02-04 00:00:38','2021-02-04 00:23:29',NULL),
(16,0,'P28300\r\n','Penyelenggaraan Alat Kelengkapan Mesin\r\n',2,2,'2021-02-04 00:00:51','2021-02-04 00:23:29',NULL),
(17,0,'P28400\r\n','Penyelenggaraan Alat Kelengkapan Komputer dan Letronik\r\n',2,2,'2021-02-04 00:01:05','2021-02-04 00:23:29',NULL),
(18,0,'P28500\r\n','Penyelenggaraan Alat Kelengkapan Elektrik\r\n',2,2,'2021-02-04 00:01:15','2021-02-04 00:23:29',NULL),
(19,0,'P28600\r\n','Penyelenggaraan Alat Kelengkapan Penyiaran dan Perhubungan\r\n',2,2,'2021-02-04 00:01:25','2021-02-04 00:23:29',NULL),
(20,0,'P28700\r\n','Penyelenggaraan Kenderaan\r\n',2,2,'2021-02-04 00:01:37','2021-02-04 00:23:29',NULL),
(21,0,'P28900\r\n','Penyelenggaraan Aset - aset Lain\r\n',2,2,'2021-02-04 00:01:53','2021-02-04 00:23:29',NULL),
(22,0,'P29100\r\n','Perkhidmatan Yang Dibeli\r\n',2,2,'2021-02-04 00:02:05','2021-02-04 00:23:29',NULL),
(23,0,'P29200\r\n','Perkhidmatan Percetakan dan Menjilid Yang Dibeli\r\n',2,2,'2021-02-04 00:02:20','2021-02-04 00:23:29',NULL),
(24,0,'P29300\r\n','Bayaran Pekerja Sementara dan Sambilan \r\n',2,2,'2021-02-04 00:02:30','2021-02-04 00:23:29',NULL),
(25,0,'P29400\r\n','Keraian, Hospitaliti dan Honorarium\r\n',2,2,'2021-02-04 00:02:40','2021-02-04 00:23:29',NULL),
(26,0,'P42800\r\n','Pemberian Badan Berkanun\r\n',2,2,'2021-02-04 00:02:50','2021-02-04 00:23:29',NULL);

/*Table structure for table `ref_asset_type` */


CREATE TABLE `ref_asset_type` (
  `asset_type_id` int(11) NOT NULL AUTO_INCREMENT,
  `asset_id` int(11) DEFAULT NULL,
  `asset_category` int(11) DEFAULT NULL,
  `asset_desc` varchar(100) DEFAULT NULL,
  `asset_type_code` varchar(50) DEFAULT NULL,
  `asset_type_desc` varchar(255) DEFAULT NULL,
  `created_by` int(11) DEFAULT NULL,
  `updated_by` int(11) DEFAULT NULL,
  `created_at` timestamp NOT NULL DEFAULT CURRENT_TIMESTAMP,
  `updated_at` timestamp NOT NULL DEFAULT CURRENT_TIMESTAMP,
  `deleted_at` timestamp NULL DEFAULT NULL,
  PRIMARY KEY (`asset_type_id`),
  KEY `idx_refassettype_assetid` (`asset_id`),
  KEY `idx_refassettype_createdby` (`created_by`),
  KEY `idx_refassettype_updatedby` (`updated_by`)
) ENGINE=InnoDB AUTO_INCREMENT=96 DEFAULT CHARSET=latin1;

/*Data for the table `ref_asset_type` */

insert  into `ref_asset_type`(`asset_type_id`,`asset_id`,`asset_category`,`asset_desc`,`asset_type_code`,`asset_type_desc`,`created_by`,`updated_by`,`created_at`,`updated_at`,`deleted_at`) values 
(1,1,NULL,NULL,'P22101','Perpindahan Barang Pegawai',2,2,'2021-02-04 00:14:58','2021-02-04 00:14:58',NULL),
(2,2,NULL,NULL,'P22199','Pengangkutan Lain',2,2,'2021-02-04 00:14:58','2021-02-04 00:14:58',NULL),
(3,3,NULL,NULL,'P22701','Pengangkutan Barang Pejabat, excess baggage',2,2,'2021-02-04 00:14:58','2021-02-04 00:14:58',NULL),
(4,3,NULL,NULL,'P22702','Pos & Bungkusan',2,2,'2021-02-04 00:14:58','2021-02-04 00:14:58',NULL),
(5,3,NULL,NULL,'P22799','Bayaran - bayaran lain',2,2,'2021-02-04 00:14:58','2021-02-04 00:14:58',NULL),
(6,4,NULL,NULL,'P23101','Pos',2,2,'2021-02-04 00:14:58','2021-02-04 00:14:58',NULL),
(7,4,NULL,NULL,'P23102','Telefon',2,2,'2021-02-04 00:14:58','2021-02-04 00:14:58',NULL),
(8,4,NULL,NULL,'P23103','Fax dan Telex, pager',2,2,'2021-02-04 00:14:58','2021-02-04 00:14:58',NULL),
(9,4,NULL,NULL,'P23104','Internet - jaring, MIMOS, Talian Suwa',2,2,'2021-02-04 00:14:58','2021-02-04 00:14:58',NULL),
(10,4,NULL,NULL,'P23199','Perkhidmatan Perhubungan Yang Lain',2,2,'2021-02-04 00:14:58','2021-02-04 00:14:58',NULL),
(11,5,NULL,NULL,'P23201','Elektrik',2,2,'2021-02-04 00:14:58','2021-02-04 00:14:58',NULL),
(12,5,NULL,NULL,'P23202','Air',2,2,'2021-02-04 00:14:58','2021-02-04 00:14:58',NULL),
(13,5,NULL,NULL,'P23299','Perkhidmatan Utiliti Yang Lain',2,2,'2021-02-04 00:14:58','2021-02-04 00:14:58',NULL),
(14,6,NULL,NULL,'P24201','Sewa Bangunan Pejabat',2,2,'2021-02-04 00:14:58','2021-02-04 00:14:58',NULL),
(15,6,NULL,NULL,'P24202','Sewa Bangunan kediaman',2,2,'2021-02-04 00:14:58','2021-02-04 00:14:58',NULL),
(16,6,NULL,NULL,'P24299','Sewa Bangunan Lain Lain',2,2,'2021-02-04 00:14:58','2021-02-04 00:14:58',NULL),
(17,7,NULL,NULL,'P24501','Sewa Perabot Alat Kelengkapan Pejabat',2,2,'2021-02-04 00:14:58','2021-02-04 00:14:58',NULL),
(18,7,NULL,NULL,'P24502','Sewa Mesin dan Lengkapan',2,2,'2021-02-04 00:14:58','2021-02-04 00:14:58',NULL),
(19,7,NULL,NULL,'P24503','Sewa Mesin Fotostat',2,2,'2021-02-04 00:14:58','2021-02-04 00:14:58',NULL),
(20,7,NULL,NULL,'P24504','Sewa Kenderaan',2,2,'2021-02-04 00:14:58','2021-02-04 00:14:58',NULL),
(21,7,NULL,NULL,'P24505','Sewa bilik Seminar/Kursus - pameran',2,2,'2021-02-04 00:14:58','2021-02-04 00:14:58',NULL),
(22,8,NULL,NULL,'P26101','Alat Ganti Mesin Cetak - Brg. Off set',2,2,'2021-02-04 00:14:58','2021-02-04 00:14:58',NULL),
(23,8,NULL,NULL,'P26102','Alat Ganti Kenderaan',2,2,'2021-02-04 00:14:58','2021-02-04 00:14:58',NULL),
(24,9,NULL,NULL,'P26201','Minyak Petrol',2,2,'2021-02-04 00:14:58','2021-02-04 00:14:58',NULL),
(25,9,NULL,NULL,'P26202','Minyak Pelincir & Gris',2,2,'2021-02-04 00:14:58','2021-02-04 00:14:58',NULL),
(26,10,NULL,NULL,'P27101','Surat Khabar, dan Majalah',2,2,'2021-02-04 00:14:58','2021-02-04 00:14:58',NULL),
(27,10,NULL,NULL,'P27102','Bekalan Pejabat',2,2,'2021-02-04 00:14:58','2021-02-04 00:14:58',NULL),
(28,10,NULL,NULL,'P27103','Bekalan Komputer',2,2,'2021-02-04 00:14:58','2021-02-04 00:14:58',NULL),
(29,10,NULL,NULL,'P27104','Buku Perpustakaan',2,2,'2021-02-04 00:14:58','2021-02-04 00:14:58',NULL),
(30,10,NULL,NULL,'P27105','Bahan Kursus / Seminar',2,2,'2021-02-04 00:14:58','2021-02-04 00:14:58',NULL),
(31,10,NULL,NULL,'P27106','Perabot dan Lengkapan Pejabat < RM 1,000.00 - carpet, langsir, white board - hand dryer',2,2,'2021-02-04 00:14:58','2021-02-04 00:14:58',NULL),
(32,10,NULL,NULL,'P27107','Bekalan dan Alat Ganti',2,2,'2021-02-04 00:14:58','2021-02-04 00:14:58',NULL),
(33,10,NULL,NULL,'P27108','Bekal bahan promosi - baju , bunting',2,2,'2021-02-04 00:14:58','2021-02-04 00:14:58',NULL),
(34,10,NULL,NULL,'P27199','Bekalan -bekalan Pejabat Yang Lain',2,2,'2021-02-04 00:14:58','2021-02-04 00:14:58',NULL),
(35,11,NULL,NULL,'P27301','Alat - alat Gymnasium',2,2,'2021-02-04 00:14:58','2021-02-04 00:14:58',NULL),
(36,11,NULL,NULL,'P27302','Alat alat Sukan dan Olahraga',2,2,'2021-02-04 00:14:58','2021-02-04 00:14:58',NULL),
(37,11,NULL,NULL,'P27303','Alat - alat Muzik',2,2,'2021-02-04 00:14:58','2021-02-04 00:14:58',NULL),
(38,11,NULL,NULL,'P27399','Alat - Alat Lain',2,2,'2021-02-04 00:14:58','2021-02-04 00:14:58',NULL),
(39,12,NULL,NULL,'P27501','Bekalan dan Bahan Untuk Filem Fotografi, Plates, X - Ray, Filem Mikro ',2,2,'2021-02-04 00:14:58','2021-02-04 00:14:58',NULL),
(40,12,NULL,NULL,'P27599','Bekalan Dan Bahan Fotografi Yang Lain',2,2,'2021-02-04 00:14:58','2021-02-04 00:14:58',NULL),
(41,13,NULL,NULL,'P27601','Pakaian Seragam',2,2,'2021-02-04 00:14:58','2021-02-04 00:14:58',NULL),
(42,13,NULL,NULL,'P27699','Pakaian -pakaian Yang Lain',2,2,'2021-02-04 00:14:58','2021-02-04 00:14:58',NULL),
(43,14,NULL,NULL,'P28101','Bangunan Pejabat dan Rumah Rehat  - Pesit control, Pemadam api, Tangki Air, cat , cucibangunan',2,2,'2021-02-04 00:14:58','2021-02-04 00:14:58',NULL),
(44,14,NULL,NULL,'P28102','Kawasan Pejabat - Alam Flora, Tong Sampah, Cat parking',2,2,'2021-02-04 00:14:58','2021-02-04 00:14:58',NULL),
(45,14,NULL,NULL,'P28199','Bangunan - bangunan Lain',2,2,'2021-02-04 00:14:58','2021-02-04 00:14:58',NULL),
(46,15,NULL,NULL,'P28201','Perabot Alat Kelengkapan  Pejabat',2,2,'2021-02-04 00:14:58','2021-02-04 00:14:58',NULL),
(47,15,NULL,NULL,'P28299','Perabot dan Lengkapan Yang Lain',2,2,'2021-02-04 00:14:58','2021-02-04 00:14:58',NULL),
(48,16,NULL,NULL,'P28301','Mesin dan Alat Kelengkapan Pejabat',2,2,'2021-02-04 00:14:58','2021-02-04 00:14:58',NULL),
(49,16,NULL,NULL,'P28399','Alat -alat Kelengkapan Mesin Yang Lain',2,2,'2021-02-04 00:14:58','2021-02-04 00:14:58',NULL),
(50,17,NULL,NULL,'P28401','Komputer dan Letronik',2,2,'2021-02-04 00:14:58','2021-02-04 00:14:58',NULL),
(51,18,NULL,NULL,'P28501','Hawa Dingin Utama',2,2,'2021-02-04 00:14:58','2021-02-04 00:14:58',NULL),
(52,18,NULL,NULL,'P28502','Hawa Dingin Individu',2,2,'2021-02-04 00:14:58','2021-02-04 00:14:58',NULL),
(53,18,NULL,NULL,'P28599','Alat -alat Kelengkapan Elektrik Yang Lain',2,2,'2021-02-04 00:14:58','2021-02-04 00:14:58',NULL),
(54,19,NULL,NULL,'P28601','Telefon dan Mesin Fax',2,2,'2021-02-04 00:14:58','2021-02-04 00:14:58',NULL),
(55,19,NULL,NULL,'P28699','Alat -alat Kelengkapan Perhubungan Yang Lain',2,2,'2021-02-04 00:14:58','2021-02-04 00:14:58',NULL),
(56,20,NULL,NULL,'P28701','Kenderaan(Cuci)',2,2,'2021-02-04 00:14:58','2021-02-04 00:14:58',NULL),
(57,21,NULL,NULL,'P28901','Alat Kelengkapan Fotografi',2,2,'2021-02-04 00:14:58','2021-02-04 00:14:58',NULL),
(58,21,NULL,NULL,'P28902','Alat Kelengkapan Muzik',2,2,'2021-02-04 00:14:58','2021-02-04 00:14:58',NULL),
(59,21,NULL,NULL,'P28799','Alat - alat Lain',2,2,'2021-02-04 00:14:58','2021-02-04 00:14:58',NULL),
(60,22,NULL,NULL,'P29101','Perkhidmatan Perubatan',2,2,'2021-02-04 00:14:58','2021-02-04 00:14:58',NULL),
(61,22,NULL,NULL,'P29102','Perkhidmatan Perakaunan dan Auditan',2,2,'2021-02-04 00:14:58','2021-02-04 00:14:58',NULL),
(62,22,NULL,NULL,'P29103','Perkhidmatan Perundangan (DUTY STAMP)',2,2,'2021-02-04 00:14:58','2021-02-04 00:14:58',NULL),
(63,22,NULL,NULL,'P29104','Perkhidmatan Latihan Kakitangan',2,2,'2021-02-04 00:14:58','2021-02-04 00:14:58',NULL),
(64,22,NULL,NULL,'P29105','Perkhidmatan Pakar Runding Perniagaan dan Pengurusan',2,2,'2021-02-04 00:14:58','2021-02-04 00:14:58',NULL),
(65,22,NULL,NULL,'P29106','Perkhidmatan Pensyarah Jemputan',2,2,'2021-02-04 00:14:58','2021-02-04 00:14:58',NULL),
(66,22,NULL,NULL,'P29107','Perkhidmatan Komputer dan Prosesan Data',2,2,'2021-02-04 00:14:58','2021-02-04 00:14:58',NULL),
(67,22,NULL,NULL,'P29108','Perkhidmatan Fotografi , Blue-Printing dan Filem Mikro',2,2,'2021-02-04 00:14:58','2021-02-04 00:14:58',NULL),
(68,22,NULL,NULL,'P29109','Perkhidmatan Pengeluaran dan Penyebaran Tayangan Gambar , Pita Video, Radio, TV Prod., lagu, cuci gambar',2,2,'2021-02-04 00:14:58','2021-02-04 00:14:58',NULL),
(69,22,NULL,NULL,'P29110','Perkhidmatan Pengiklanan',2,2,'2021-02-04 00:14:58','2021-02-04 00:14:58',NULL),
(70,22,NULL,NULL,'P29111','Perkhidmatan Perlindungan dan Keselamatan - lesen, jaga, insuran',2,2,'2021-02-04 00:14:58','2021-02-04 00:14:58',NULL),
(71,22,NULL,NULL,'P29112','Perkhidmatan Penterjemahan dan Penafsiran/penulisan',2,2,'2021-02-04 00:14:58','2021-02-04 00:14:58',NULL),
(72,22,NULL,NULL,'P29113','Perkhidmatan Dobi',2,2,'2021-02-04 00:14:58','2021-02-04 00:14:58',NULL),
(73,22,NULL,NULL,'P29114','Insuran & Cukai Jalan / Kenderaan Pejabat',2,2,'2021-02-04 00:14:58','2021-02-04 00:14:58',NULL),
(74,22,NULL,NULL,'P29115','Elaun Mesyuarat / BOD / Panel',2,2,'2021-02-04 00:14:58','2021-02-04 00:14:58',NULL),
(75,22,NULL,NULL,'P29116','Yuran Audit - khas untuk Audit',2,2,'2021-02-04 00:14:58','2021-02-04 00:14:58',NULL),
(76,22,NULL,NULL,'P29117','Yuran lain (Perpustakaan, benchmarking, dll.)',2,2,'2021-02-04 00:14:58','2021-02-04 00:14:58',NULL),
(77,23,NULL,NULL,'P29201','Percetakan Penerbitan    - Artword, APR',2,2,'2021-02-04 00:14:58','2021-02-04 00:14:58',NULL),
(78,23,NULL,NULL,'P29202','Percetakan Borang dan Alat Tulis  -  kad nama, cover sijil, sticker, brochure, planner, poster',2,2,'2021-02-04 00:14:58','2021-02-04 00:14:58',NULL),
(79,23,NULL,NULL,'P29203','Bacaan Meter Mesin Fotostat',2,2,'2021-02-04 00:14:58','2021-02-04 00:14:58',NULL),
(80,23,NULL,NULL,'P29299','Bayaran - bayaran Perkhidmatan Percetakan Yang Lain - jilid, matel plate, binding',2,2,'2021-02-04 00:14:58','2021-02-04 00:14:58',NULL),
(81,24,NULL,NULL,'P29301','Upahan',2,2,'2021-02-04 00:14:58','2021-02-04 00:14:58',NULL),
(82,24,NULL,NULL,'P29302','Elaun , Termasuk Elaun Lebih Masa',2,2,'2021-02-04 00:14:58','2021-02-04 00:14:58',NULL),
(83,24,NULL,NULL,'P29303','Sumbangan Berkanun',2,2,'2021-02-04 00:14:58','2021-02-04 00:14:58',NULL),
(84,24,NULL,NULL,'P29304','Bonus Gaji Hari',2,2,'2021-02-04 00:14:58','2021-02-04 00:14:58',NULL),
(85,24,NULL,NULL,'P29305','Bonus G/Hari T/Dulu',2,2,'2021-02-04 00:14:58','2021-02-04 00:14:58',NULL),
(86,24,NULL,NULL,'P29399','Bayaran - bayaraan Lain',2,2,'2021-02-04 00:14:58','2021-02-04 00:14:58',NULL),
(87,25,NULL,NULL,'P29401','Makan dan Minum - Orang Jemputan',2,2,'2021-02-04 00:14:58','2021-02-04 00:14:58',NULL),
(88,25,NULL,NULL,'P29402','Penginapan - Orang Jemputan/peserta kursus',2,2,'2021-02-04 00:14:58','2021-02-04 00:14:58',NULL),
(89,25,NULL,NULL,'P29403','Pengangkutan - Orang Jemputan',2,2,'2021-02-04 00:14:58','2021-02-04 00:14:58',NULL),
(90,25,NULL,NULL,'P29404','Honorarium, Saguhati dan Hadiah - Orang Jemputan Perdiem APO - E264',2,2,'2021-02-04 00:14:58','2021-02-04 00:14:58',NULL),
(91,25,NULL,NULL,'P29405','Keraian Pejabat',2,2,'2021-02-04 00:14:58','2021-02-04 00:14:58',NULL),
(92,25,NULL,NULL,'P29406','Honorarium, Saguhati dan Hadiah - Kakitangan Pejabat, Dinner, TQ Daun Keladi',2,2,'2021-02-04 00:14:58','2021-02-04 00:14:58',NULL),
(93,25,NULL,NULL,'P29407','Makan dan Minum - Peserta Kursus, seminar, workshop, band',2,2,'2021-02-04 00:14:58','2021-02-04 00:14:58',NULL),
(94,25,NULL,NULL,'P29408','Mesyuarat Dalaman',2,2,'2021-02-04 00:14:58','2021-02-04 00:14:58',NULL),
(95,26,NULL,NULL,'P42801','Yuran Badan Berkanun',2,2,'2021-02-04 00:14:58','2021-02-04 00:14:58',NULL);

/*Table structure for table `ref_bank` */


CREATE TABLE `ref_bank` (
  `bank_id` int(11) NOT NULL AUTO_INCREMENT,
  `bank_desc` varchar(100) NOT NULL,
  `minimum_digit` int(11) NOT NULL DEFAULT '1',
  `maximum_digit` int(11) NOT NULL DEFAULT '1',
  `created_by` int(11) DEFAULT NULL,
  `updated_by` int(11) DEFAULT NULL,
  `created_at` timestamp NULL DEFAULT NULL,
  `updated_at` timestamp NOT NULL DEFAULT CURRENT_TIMESTAMP,
  `deleted_at` timestamp NULL DEFAULT NULL,
  PRIMARY KEY (`bank_id`,`updated_at`)
) ENGINE=InnoDB AUTO_INCREMENT=33 DEFAULT CHARSET=latin1;

/*Data for the table `ref_bank` */

insert  into `ref_bank`(`bank_id`,`bank_desc`,`minimum_digit`,`maximum_digit`,`created_by`,`updated_by`,`created_at`,`updated_at`,`deleted_at`) values 
(1,'AFFIN BANK BERHAD',12,12,2,2,'2021-01-05 14:40:33','2021-01-05 14:40:33',NULL),
(2,'ALLIANCE BANK MALAYSIA BERHAD',15,15,2,2,'2021-01-05 14:40:33','2021-01-05 14:40:33',NULL),
(3,'AMBANK/AMFINANCE',13,13,2,2,'2021-01-05 14:40:33','2021-01-05 14:40:33',NULL),
(4,'AL-RAJHI BANKING & INVESTMENT CORPORATION (MALAYSIA) BERHAD',15,15,2,31,'2021-01-05 14:40:33','2021-05-30 02:43:57',NULL),
(5,'BANGKOK BANK BERHAD',10,10,2,2,'2021-01-05 14:40:33','2021-01-05 14:40:33',NULL),
(6,'BANK ISLAM MALAYSIA BERHAD',14,14,2,2,'2021-01-05 14:40:33','2021-01-05 14:40:33',NULL),
(7,'BANK KERJASAMA RAKYAT MALAYSIA BERHAD',12,12,2,2,'2021-01-05 14:40:33','2021-01-05 14:40:33',NULL),
(8,'BANK MUAMALAT MALAYSIA BERHAD',14,14,2,2,'2021-01-05 14:40:33','2021-01-05 14:40:33',NULL),
(9,'BANK OF AMERICA',5,17,2,2,'2021-01-05 14:40:33','2021-01-05 14:40:33',NULL),
(10,'BANK OF CHINA (MALAYSIA) BERHAD',13,15,2,2,'2021-01-05 14:40:33','2021-01-05 14:40:33',NULL),
(11,'BANK PERTANIAN MALAYSIA BERHAD (AGROBANK)',16,16,2,2,'2021-01-05 14:40:33','2021-01-05 14:40:33',NULL),
(12,'BANK SIMPANAN NASIONAL BERHAD',16,16,2,2,'2021-01-05 14:40:33','2021-01-05 14:40:33',NULL),
(13,'BNP PARIBAS MALAYSIA BERHAD',6,16,2,2,'2021-01-05 14:40:33','2021-01-05 14:40:33',NULL),
(14,'CHINA CONSTRUCTION BANK (MALAYSIA) BERHAD',12,12,2,2,'2021-01-05 14:40:33','2021-01-05 14:40:33',NULL),
(15,'CIMB BANK BERHAD',10,14,2,2,'2021-01-05 14:40:33','2021-01-05 14:40:33',NULL),
(16,'CITIBANK BERHAD',9,16,2,2,'2021-01-05 14:40:33','2021-01-05 14:40:33',NULL),
(17,'DEUTSCHE BANK (MALAYSIA) BERHAD',10,14,2,2,'2021-01-05 14:40:33','2021-01-05 14:40:33',NULL),
(18,'HONG LEONG BANK',11,13,2,2,'2021-01-05 14:40:33','2021-01-05 14:40:33',NULL),
(19,'HSBC BANK MALAYSIA BERHAD',12,12,2,2,'2021-01-05 14:40:33','2021-01-05 14:40:33',NULL),
(20,'INDUSTRIAL AND COMMERCIAL BANK OF CHINA (MALAYSIA) BERHAD',17,17,2,2,'2021-01-05 14:40:33','2021-01-05 14:40:33',NULL),
(21,'J.P. MORGAN CHASE BANK BHD',10,10,2,2,'2021-01-05 14:40:33','2021-01-05 14:40:33',NULL),
(22,'KUWAIT FINANCE HOUSE (MALAYSIA) BERHAD',12,12,2,2,'2021-01-05 14:40:33','2021-01-05 14:40:33',NULL),
(23,'MAYBANK',12,12,2,2,'2021-01-05 14:40:33','2021-01-05 14:40:33',NULL),
(24,'MBSB BANK BERHAD',16,16,2,2,'2021-01-05 14:40:33','2021-01-05 14:40:33',NULL),
(25,'BANK OF TOKYO-MITSUBISHI UFJ (M) BERHAD / MUFG BANK',6,6,2,2,'2021-01-05 14:40:33','2021-01-05 14:40:33',NULL),
(26,'MIZUHO CORPORATE BANK MALAYSIA BERHAD',10,10,2,2,'2021-01-05 14:40:33','2021-01-05 14:40:33',NULL),
(27,'OCBC BANK (MALAYSIA) BERHAD',10,10,2,2,'2021-01-05 14:40:33','2021-01-05 14:40:33',NULL),
(28,'PUBLIC BANK BERHAD/PUBLIC ISLAMIC BANK BERHAD',10,10,2,2,'2021-01-05 14:40:33','2021-01-05 14:40:33',NULL),
(29,'RHB BANK',14,14,2,2,'2021-01-05 14:40:33','2021-01-05 14:40:33',NULL),
(30,'STANDARD CHARTERED BANK MALAYSIA BERHAD',5,17,2,2,'2021-01-05 14:40:33','2021-01-05 14:40:33',NULL),
(31,'SUMITOMO MITSUI BANKING CORPORATION MALAYSIA BERHAD',8,8,2,2,'2021-01-05 14:40:33','2021-01-05 14:40:33',NULL),
(32,'UNITED OVERSEAS BANK BERHAD',10,17,2,2,'2021-01-05 14:40:33','2021-01-05 14:40:33',NULL);

/*Table structure for table `ref_card` */


CREATE TABLE `ref_card` (
  `card_id` int(11) NOT NULL AUTO_INCREMENT,
  `card_desc` varchar(20) DEFAULT NULL,
  `card_color` varchar(20) NOT NULL,
  `created_at` timestamp NULL DEFAULT NULL,
  `updated_at` timestamp NOT NULL DEFAULT CURRENT_TIMESTAMP,
  `deleted_at` timestamp NULL DEFAULT NULL,
  PRIMARY KEY (`card_id`)
) ENGINE=InnoDB AUTO_INCREMENT=4 DEFAULT CHARSET=latin1;

/*Data for the table `ref_card` */

insert  into `ref_card`(`card_id`,`card_desc`,`card_color`,`created_at`,`updated_at`,`deleted_at`) values 
(1,'Kuning','#FFFF00','2018-11-26 01:16:20','2018-11-25 22:50:57',NULL),
(2,'Hijau','#00FF00','2018-11-26 01:16:24','2018-11-25 22:51:07',NULL),
(3,'Merah','#FF0000','2018-11-26 01:16:28','2018-11-25 22:51:15',NULL);

/*Table structure for table `ref_cawangan` */


CREATE TABLE `ref_cawangan` (
  `cawangan_id` int(11) NOT NULL AUTO_INCREMENT,
  `cawangan_desc` varchar(255) NOT NULL,
  `created_by` int(11) DEFAULT NULL,
  `updated_by` int(11) DEFAULT NULL,
  `created_at` timestamp NULL DEFAULT NULL,
  `updated_at` timestamp NOT NULL DEFAULT CURRENT_TIMESTAMP,
  `deleted_at` timestamp NULL DEFAULT NULL,
  PRIMARY KEY (`cawangan_id`)
) ENGINE=InnoDB DEFAULT CHARSET=latin1;

/*Data for the table `ref_cawangan` */

/*Table structure for table `ref_flight_company` */


CREATE TABLE `ref_flight_company` (
  `flight_company_id` int(11) NOT NULL AUTO_INCREMENT,
  `flight_company_desc` varchar(100) NOT NULL,
  `flight_company_url` varchar(200) NOT NULL,
  `flight_company_luggage_quota` decimal(10,2) NOT NULL DEFAULT '0.00',
  `created_by` int(11) DEFAULT NULL,
  `updated_by` int(11) DEFAULT NULL,
  `created_at` timestamp NULL DEFAULT NULL,
  `updated_at` timestamp NOT NULL DEFAULT CURRENT_TIMESTAMP,
  `deleted_at` timestamp NULL DEFAULT NULL,
  PRIMARY KEY (`flight_company_id`)
) ENGINE=InnoDB AUTO_INCREMENT=7 DEFAULT CHARSET=latin1;

/*Data for the table `ref_flight_company` */

insert  into `ref_flight_company`(`flight_company_id`,`flight_company_desc`,`flight_company_url`,`flight_company_luggage_quota`,`created_by`,`updated_by`,`created_at`,`updated_at`,`deleted_at`) values 
(1,'MAS','https://www.malaysiaairlines.com',20.00,2,2,'2019-03-20 21:34:10','2019-03-20 21:31:37',NULL),
(2,'AIR ASIA','https://www.airasia.com',15.00,2,2,'2019-03-20 21:34:28','2019-03-20 21:31:42',NULL),
(3,'MALINDO AIR','https://www.malindoair.com/',20.00,2,2,'2019-03-20 21:35:09','2019-03-20 21:31:54',NULL),
(4,'FIREFLY','https://www.airpaz.com',20.00,2,2,'2019-03-20 21:35:11','2019-03-20 21:32:02',NULL),
(5,'LATAM AIRLINES','https://www.latam.com',20.00,71,46,'2019-08-10 00:02:56','2020-02-28 16:33:10',NULL),
(6,'FIJI AIRWAYS','https://www.fijiairways.com/',20.00,46,46,'2020-02-28 16:32:56','2020-02-28 16:32:56',NULL);

/*Table structure for table `ref_gred` */


CREATE TABLE `ref_gred` (
  `gred_id` int(11) NOT NULL AUTO_INCREMENT,
  `service_group_id` int(11) DEFAULT NULL,
  `gred_desc` varchar(20) NOT NULL,
  `is_active` char(1) NOT NULL DEFAULT '1',
  `created_by` int(11) DEFAULT NULL,
  `updated_by` int(11) DEFAULT NULL,
  `created_at` timestamp NULL DEFAULT NULL,
  `updated_at` timestamp NULL DEFAULT CURRENT_TIMESTAMP,
  `deleted_at` timestamp NULL DEFAULT NULL,
  PRIMARY KEY (`gred_id`)
) ENGINE=InnoDB AUTO_INCREMENT=32 DEFAULT CHARSET=latin1;

/*Data for the table `ref_gred` */

insert  into `ref_gred`(`gred_id`,`service_group_id`,`gred_desc`,`is_active`,`created_by`,`updated_by`,`created_at`,`updated_at`,`deleted_at`) values 
(1,5,'B22','1',2,2,'2019-03-28 15:32:43','2019-03-28 15:32:43',NULL),
(2,5,'E29/E32','1',2,2,'2019-03-28 15:32:43','2019-03-28 15:32:43',NULL),
(3,4,'E41','1',2,2,'2019-03-28 15:32:43','2019-03-28 15:32:43',NULL),
(4,4,'E44','1',2,2,'2019-03-28 15:32:43','2019-03-28 15:32:43',NULL),
(5,3,'E48','1',2,2,'2019-03-28 15:32:43','2019-03-28 15:32:43',NULL),
(6,3,'E52','1',2,2,'2019-03-28 15:32:43','2019-03-28 15:32:43',NULL),
(7,2,'E54','1',2,2,'2019-03-28 15:32:43','2019-03-28 15:32:43',NULL),
(8,5,'FA29','1',2,2,'2019-03-28 15:32:43','2019-03-28 15:32:43',NULL),
(9,5,'H11','1',2,2,'2019-03-28 15:32:43','2019-03-28 15:32:43',NULL),
(10,5,'H19','1',2,2,'2019-03-28 15:32:43','2019-03-28 15:32:43',NULL),
(11,5,'J22','1',2,2,'2019-03-28 15:32:43','2019-03-28 15:32:43',NULL),
(12,5,'JA29/JA36','1',2,2,'2019-03-28 15:32:43','2019-03-28 15:32:43',NULL),
(13,1,'JUSA A/VU5','1',2,2,'2019-03-28 15:32:43','2019-03-28 15:32:43',NULL),
(14,1,'JUSA B/VU6','1',2,2,'2019-03-28 15:32:43','2019-03-28 15:32:43',NULL),
(15,1,'JUSA C/VU7','1',2,2,'2019-03-28 15:32:43','2019-03-28 15:32:43',NULL),
(16,5,'N11','1',2,2,'2019-03-28 15:32:43','2019-03-28 15:32:43',NULL),
(17,5,'N14','1',2,2,'2019-03-28 15:32:43','2019-03-28 15:32:43',NULL),
(18,5,'N19','1',2,2,'2019-03-28 15:32:43','2019-03-28 15:32:43',NULL),
(19,5,'N22','1',2,2,'2019-03-28 15:32:43','2019-03-28 15:32:43',NULL),
(20,5,'N26','1',2,2,'2019-03-28 15:32:43','2019-03-28 15:32:43',NULL),
(21,5,'N28','1',2,2,'2019-03-28 15:32:43','2019-03-28 15:32:43',NULL),
(22,5,'N29','1',2,2,'2019-03-28 15:32:43','2019-03-28 15:32:43',NULL),
(23,5,'N30','1',2,2,'2019-03-28 15:32:43','2019-03-28 15:32:43',NULL),
(24,5,'N32','1',2,2,'2019-03-28 15:32:43','2019-03-28 15:32:43',NULL),
(25,5,'S32','1',2,2,'2019-03-28 15:32:43','2019-03-28 15:32:43',NULL),
(26,5,'S41','1',2,2,'2019-03-28 15:32:43','2019-03-28 15:32:43',NULL),
(27,5,'W29','1',2,2,'2019-03-28 15:32:43','2019-03-28 15:32:43',NULL),
(28,4,'WA41','1',2,2,'2019-03-28 15:32:43','2019-03-28 15:32:43',NULL),
(29,4,'WA44','1',2,2,'2019-03-28 15:32:43','2019-03-28 15:32:43',NULL),
(30,3,'WA48','1',2,2,'2019-03-28 15:32:43','2019-03-28 15:32:43',NULL),
(31,4,'F41','1',2,2,'2019-03-31 20:54:05','2019-03-31 20:54:05',NULL);

/*Table structure for table `ref_jabatan` */


CREATE TABLE `ref_jabatan` (
  `jabatan_id` int(11) NOT NULL AUTO_INCREMENT,
  `jabatan_desc` varchar(200) NOT NULL,
  `is_active` char(1) NOT NULL DEFAULT '1',
  `created_at` timestamp NULL DEFAULT NULL,
  `updated_at` timestamp NULL DEFAULT CURRENT_TIMESTAMP,
  `deleted_at` timestamp NULL DEFAULT NULL,
  PRIMARY KEY (`jabatan_id`)
) ENGINE=InnoDB AUTO_INCREMENT=36 DEFAULT CHARSET=latin1;

/*Data for the table `ref_jabatan` */

insert  into `ref_jabatan`(`jabatan_id`,`jabatan_desc`,`is_active`,`created_at`,`updated_at`,`deleted_at`) values 
(2,'JABATAN KHIDMAT PENGURUSAN','1','2019-01-01 15:48:01','2019-01-01 15:48:01',NULL),
(3,'JABATAN TEKNOLOGI MAKLUMAT','1','2019-01-01 15:48:01','2019-01-01 15:48:01',NULL),
(4,'BAHAGIAN PENGURUSAN HARTA','1','2019-01-01 15:48:01','2019-01-01 15:48:01',NULL),
(5,'JABATAN PENILAIAN & PENGURUSAN HARTA','1','2019-01-01 15:48:01','2019-01-01 15:48:01',NULL),
(6,'JABATAN PERBENDAHARAAN','1','2019-01-01 15:48:01','2019-01-01 15:48:01',NULL),
(7,'JABATAN PERUNDANGAN','1','2019-01-01 15:48:01','2019-01-01 15:48:01',NULL),
(8,'JABATAN KORPORAT','1','2019-01-01 15:48:01','2019-01-01 15:48:01',NULL),
(9,'JABATAN PERANCANG BANDAR','1','2019-01-01 15:48:01','2019-01-01 15:48:01',NULL),
(10,'JABATAN KEJURUTERAAN','1','2019-01-01 15:48:01','2019-01-01 15:48:01',NULL),
(11,'JABATAN BANGUNAN','1','2019-01-01 15:48:01','2019-01-01 15:48:01',NULL),
(13,'PEJABAT YANG DIPERTUA / TIMBALAN YANG DIPERTUA','1','2019-01-01 15:48:01','2019-01-01 15:48:01',NULL),
(14,'BAHAGIAN KEMUDAHAN AWAM','1','2019-01-01 15:48:01','2019-01-01 15:48:01',NULL),
(16,'JABATAN LANDSKAP','1','2019-01-01 15:48:01','2019-01-01 15:48:01',NULL),
(17,'BAHAGIAN URUSETIA','1','2019-01-01 15:48:01','2019-01-01 15:48:01',NULL),
(18,'UNIT NURSERY','1','2019-01-01 15:48:01','2019-01-01 15:48:01',NULL),
(19,'JABATAN AUDIT DALAM','1','2019-01-01 15:48:01','2019-01-01 15:48:01',NULL),
(20,'UNIT BENGKEL RAWANG','1','2019-01-01 15:48:01','2019-01-01 15:48:01',NULL),
(22,'JABATAN PUSAT SETEMPAT (OSC)','1','2019-01-01 15:48:01','2019-01-01 15:48:01',NULL),
(23,'JABATAN PENGUATKUASA & KESELAMATAN','1','2019-01-01 15:48:01','2019-01-01 15:48:01',NULL),
(24,'JABATAN KONTRAK DAN UKUR BAHAN','1','2019-01-01 15:48:01','2019-01-01 15:48:01',NULL),
(25,'JABATAN PELESENAN','1','2019-01-01 15:48:01','2019-01-01 15:48:01',NULL),
(26,'BAHAGIAN HASIL','1','2019-01-01 15:48:01','2019-01-01 15:48:01',NULL),
(29,'BAHAGIAN KESELAMATAN','1','2019-01-01 15:48:01','2019-01-01 15:48:01',NULL),
(32,'UNIT URUS SELENGGARA BANGUNAN','1','2019-01-01 15:48:01','2019-01-01 15:48:01',NULL),
(33,'JABATAN PEMBANGUNAN MASYARAKAT','1','2019-01-01 15:48:01','2019-01-01 15:48:01',NULL),
(34,'JABATAN PENGURUSAN SISA PEPEJAL & KESIHATAN','1','2019-01-01 15:48:01','2019-01-01 15:48:01',NULL),
(35,'JABATAN PESURUHJAYA BANGUNAN (COB)','1','2019-01-01 15:48:01','2019-01-01 15:48:01',NULL);

/*Table structure for table `ref_jawatan` */


CREATE TABLE `ref_jawatan` (
  `jawatan_id` int(11) NOT NULL AUTO_INCREMENT,
  `service_type_id` int(11) DEFAULT NULL COMMENT '1-pengurusan&pro, 2-sokongan',
  `jawatan_desc` varchar(255) NOT NULL,
  `is_active` int(1) NOT NULL DEFAULT '1',
  `created_by` int(11) DEFAULT NULL,
  `updated_by` int(11) DEFAULT NULL,
  `created_at` timestamp NULL DEFAULT NULL,
  `updated_at` timestamp NOT NULL DEFAULT CURRENT_TIMESTAMP,
  `deleted_at` timestamp NULL DEFAULT NULL,
  PRIMARY KEY (`jawatan_id`)
) ENGINE=InnoDB AUTO_INCREMENT=34 DEFAULT CHARSET=latin1;

/*Data for the table `ref_jawatan` */

insert  into `ref_jawatan`(`jawatan_id`,`service_type_id`,`jawatan_desc`,`is_active`,`created_by`,`updated_by`,`created_at`,`updated_at`,`deleted_at`) values 
(1,3,'Ahli Fotografi',1,2,2,'2019-03-28 15:28:12','2019-03-28 15:28:12',NULL),
(2,2,'Akauntan',1,2,2,'2019-03-28 15:28:12','2019-03-28 15:28:12',NULL),
(3,2,'Akauntan Kanan',1,2,2,'2019-03-28 15:28:12','2019-03-28 15:28:12',NULL),
(4,2,'Ketua Akauntan',1,2,2,'2019-03-28 15:28:12','2019-03-28 15:28:12',NULL),
(5,2,'Ketua Pengarah',1,2,2,'2019-03-28 15:28:12','2019-03-28 15:28:12',NULL),
(6,3,'Pegawai Khidmat Pelanggan',1,2,2,'2019-03-28 15:28:12','2019-03-29 21:28:28',NULL),
(7,3,'Pemandu Kenderaan',1,2,2,'2019-03-28 15:28:12','2019-03-28 15:28:12',NULL),
(8,3,'Pembantu Awam',1,2,2,'2019-03-28 15:28:12','2019-03-28 15:28:12',NULL),
(9,3,'Pembantu Kemahiran',1,2,2,'2019-03-28 15:28:12','2019-03-28 15:28:12',NULL),
(10,3,'Pembantu Operasi',1,2,2,'2019-03-28 15:28:12','2019-03-28 15:28:12',NULL),
(11,3,'Pembantu Penerbitan (KUP)',1,2,2,'2019-03-28 15:28:12','2019-03-28 15:28:12',NULL),
(12,3,'Pembantu Setiausaha Pejabat',1,2,2,'2019-03-28 15:28:12','2019-03-28 15:28:12',NULL),
(13,3,'Pembantu Setiausaha Pejabat (KUP)',1,2,2,'2019-03-28 15:28:12','2019-03-28 15:28:12',NULL),
(14,3,'Pembantu Tadbir (P/O)',1,2,2,'2019-03-28 15:28:12','2019-03-28 15:28:12',NULL),
(15,3,'Pembantu Tadbir (P/O) (KUP)',1,2,2,'2019-03-28 15:28:12','2019-03-28 15:28:12',NULL),
(16,3,'Pembantu Tadbir (P/O) KUP',1,2,2,'2019-03-28 15:28:12','2019-03-28 15:28:12',NULL),
(17,1,'Pengarah',1,2,2,'2019-03-28 15:28:12','2019-03-28 15:28:12',NULL),
(18,2,'Pengurus',1,2,2,'2019-03-28 15:28:12','2019-03-28 15:28:12',NULL),
(19,2,'Pengurus Kanan',1,2,2,'2019-03-28 15:28:12','2019-03-28 15:28:12',NULL),
(20,3,'Penjaga Jentera Eletrik',1,2,2,'2019-03-28 15:28:12','2019-03-28 15:28:12',NULL),
(21,3,'Penolong Akauntan',1,2,2,'2019-03-28 15:28:12','2019-03-28 15:28:12',NULL),
(22,3,'Penolong Jurutera',1,2,2,'2019-03-28 15:28:12','2019-03-28 15:28:12',NULL),
(23,3,'Penolong Jurutera (KUP)',1,2,2,'2019-03-28 15:28:12','2019-03-28 15:28:12',NULL),
(24,3,'Penolong Pegawai Perangkaan (KUP)',1,2,2,'2019-03-28 15:28:12','2019-03-28 15:28:12',NULL),
(25,3,'Penolong Pegawai Tadbir',1,2,2,'2019-03-28 15:28:12','2019-03-28 15:28:12',NULL),
(26,3,'Penolong Pegawai Teknologi Maklumat',1,2,2,'2019-03-28 15:28:12','2019-03-28 15:28:12',NULL),
(27,2,'Penolong Pengurus',1,2,2,'2019-03-28 15:28:12','2019-03-28 15:28:12',NULL),
(28,3,'Penolong Pustakawan (KUP)',1,2,2,'2019-03-28 15:28:12','2019-03-28 15:28:12',NULL),
(29,2,'Pustakawan',1,2,2,'2019-03-28 15:28:12','2019-03-28 15:28:12',NULL),
(30,3,'Setiausaha Pejabat',1,2,2,'2019-03-28 15:28:12','2019-03-28 15:28:12',NULL),
(31,3,'Setiausaha Pejabat (KUP)',1,2,2,'2019-03-28 15:28:12','2019-03-28 15:28:12',NULL),
(32,1,'Timbalan Ketua Pengarah',1,2,2,'2019-03-28 15:28:12','2019-03-28 15:28:12',NULL),
(33,1,'Timbalan Pengarah',1,2,2,'2019-03-28 15:28:12','2019-03-28 15:28:12',NULL);

/*Table structure for table `ref_jenis_penerbangan` */


CREATE TABLE `ref_jenis_penerbangan` (
  `jenis_penerbangan_id` int(11) NOT NULL AUTO_INCREMENT,
  `jenis_penerbangan_desc` varchar(255) NOT NULL,
  `created_at` timestamp NULL DEFAULT NULL,
  `updated_at` timestamp NOT NULL DEFAULT CURRENT_TIMESTAMP,
  `deleted_at` timestamp NULL DEFAULT NULL,
  PRIMARY KEY (`jenis_penerbangan_id`)
) ENGINE=InnoDB AUTO_INCREMENT=4 DEFAULT CHARSET=latin1;

/*Data for the table `ref_jenis_penerbangan` */

insert  into `ref_jenis_penerbangan`(`jenis_penerbangan_id`,`jenis_penerbangan_desc`,`created_at`,`updated_at`,`deleted_at`) values 
(1,'PERGI','2019-03-22 03:57:17','2019-03-22 03:57:17',NULL),
(2,'BALIK','2019-03-22 03:57:20','2019-03-22 03:57:20',NULL),
(3,'PERGI & BALIK','2019-03-22 03:57:34','2019-03-22 03:57:34',NULL);

/*Table structure for table `ref_kalendar` */


CREATE TABLE `ref_kalendar` (
  `kalendar_id` int(11) NOT NULL AUTO_INCREMENT,
  `kalendar_date` date NOT NULL COMMENT 'simpan event date dlm bentuk yyyy-mm-dd',
  `kalendar_desc` longtext NOT NULL,
  `is_active` char(1) NOT NULL DEFAULT '1',
  `created_at` timestamp NULL DEFAULT NULL,
  `updated_at` timestamp NULL DEFAULT CURRENT_TIMESTAMP,
  `deleted_at` timestamp NULL DEFAULT NULL,
  PRIMARY KEY (`kalendar_id`)
) ENGINE=InnoDB DEFAULT CHARSET=latin1;

/*Data for the table `ref_kalendar` */

/*Table structure for table `ref_location` */


CREATE TABLE `ref_location` (
  `location_id` int(11) NOT NULL AUTO_INCREMENT,
  `location_code` varchar(10) DEFAULT NULL,
  `location_desc` varchar(255) DEFAULT NULL,
  `created_by` int(11) DEFAULT NULL,
  `updated_by` int(11) DEFAULT NULL,
  `created_at` timestamp NULL DEFAULT NULL,
  `updated_at` timestamp NOT NULL DEFAULT CURRENT_TIMESTAMP,
  `deleted_at` timestamp NULL DEFAULT NULL,
  PRIMARY KEY (`location_id`)
) ENGINE=InnoDB AUTO_INCREMENT=40 DEFAULT CHARSET=latin1;

/*Data for the table `ref_location` */

insert  into `ref_location`(`location_id`,`location_code`,`location_desc`,`created_by`,`updated_by`,`created_at`,`updated_at`,`deleted_at`) values 
(1,'KUL','KUALA LUMPUR',2,2,'2019-03-20 21:40:51','2019-03-20 21:40:51',NULL),
(2,'LGK','LANGKAWI',2,2,'2019-03-20 21:40:51','2019-03-20 21:40:51',NULL),
(3,'KCH','KUCHING',2,2,'2019-03-20 21:40:51','2019-03-20 21:40:51',NULL),
(4,'PEN','PENANG',2,2,'2019-03-20 21:40:51','2019-03-20 21:40:51',NULL),
(5,'BKI','KOTA KINABALU',2,2,'2019-03-20 21:40:51','2019-03-20 21:40:51',NULL),
(6,'JHB','JOHOR BAHRU',2,2,'2019-03-20 21:40:51','2019-03-20 21:40:51',NULL),
(7,'SZB','SUBANG',2,2,'2019-03-20 21:40:51','2019-03-20 21:40:51',NULL),
(8,'AOR','ALOR SETAR',2,2,'2019-03-20 21:40:51','2019-03-20 21:40:51',NULL),
(9,'KBR','KOTA BHARU',2,2,'2019-03-20 21:40:51','2019-03-20 21:40:51',NULL),
(10,'TGG','KUALA TERENGGANU',2,2,'2019-03-20 21:40:51','2019-03-20 21:40:51',NULL),
(11,'IPH','IPOH',2,2,'2019-03-20 21:40:51','2019-03-20 21:40:51',NULL),
(12,'KUA','KUANTAN',2,2,'2019-03-20 21:40:51','2019-03-20 21:40:51',NULL),
(13,'SBW','SIBU',2,2,'2019-03-20 21:40:51','2019-03-20 21:40:51',NULL),
(14,'SDK','SANDAKAN',2,2,'2019-03-20 21:40:51','2019-03-20 21:40:51',NULL),
(15,'TWU','TAWAU',2,2,'2019-03-20 21:40:51','2019-03-20 21:40:51',NULL),
(16,'MYY','MIRI',2,2,'2019-03-20 21:40:51','2019-03-20 21:40:51',NULL),
(17,'LDU','LAHAD DATU',46,46,'2019-05-11 02:39:19','2019-05-11 02:39:19',NULL),
(18,'SIN','CANGI, SINGAPORE',46,46,'2019-05-21 21:12:58','2019-06-20 22:13:08',NULL),
(19,'XSP','SELETAR, SINGAPORE',46,46,'2019-06-20 22:12:45','2019-06-20 22:13:21',NULL),
(20,'MZV','MULU, SARAWAK',46,46,'2019-07-16 00:39:59','2019-07-16 00:39:59',NULL),
(21,'LBU','LABUAN',46,46,'2019-07-16 00:40:17','2019-07-16 00:40:17',NULL),
(22,'PEK','BEIJING, CHINA',46,46,'2019-08-07 20:26:23','2019-08-07 20:26:23',NULL),
(23,'LHR','LONDON, UNITED KINGDOM',46,46,'2019-08-08 20:44:01','2019-08-10 00:09:08',NULL),
(24,'SYD','SYDNEY, AU',46,46,'2019-08-10 00:04:43','2019-08-10 00:09:45',NULL),
(25,'SCL','SANTIAGO, CHILE',46,46,'2019-08-10 00:17:03','2019-08-10 00:17:03',NULL),
(26,'PMC','PUERTO MONTT, CHILE',46,46,'2019-08-10 00:18:58','2019-08-10 00:18:58',NULL),
(27,'BTU','BINTULU, SARAWAK',46,46,'2019-08-28 23:45:34','2019-08-28 23:45:34',NULL),
(28,'TPE','TAIPEI , TAIWAN CHINA',46,46,'2019-10-01 03:13:36','2019-10-01 03:13:36',NULL),
(29,'CTU','CHENGDU, CHINA',46,46,'2019-10-01 20:23:49','2019-10-01 20:23:49',NULL),
(30,'LMN','LIMBANG, SARAWAK',53,53,'2019-10-01 22:58:07','2019-10-01 22:58:07',NULL),
(31,'MKM','MUKAH, SARAWAK',53,53,'2019-10-01 22:59:14','2019-10-01 22:59:14',NULL),
(32,'VTE','VIENTIANE, LAOS',71,71,'2019-10-08 05:09:34','2019-10-08 05:09:34',NULL),
(33,'BKK','SURVARNABHUMI AIRPORT, THAILAND',71,71,'2019-10-08 05:14:16','2019-10-08 05:14:16',NULL),
(34,'DMK','DON MUEANG INTERNATIONAL AIRPORT, THAILAND',71,71,'2019-10-08 05:15:28','2019-10-08 05:15:28',NULL),
(35,'ICN','SEOUL, KOREA',46,46,'2019-11-13 23:16:13','2019-11-13 23:16:13',NULL),
(36,'CDG','PARIS, CHARLES DE GAULLE',46,46,'2019-11-20 23:59:01','2019-11-20 23:59:01',NULL),
(37,'NRT','TOKYO, JEPUN',46,46,'2020-01-11 05:11:36','2020-01-11 05:11:36',NULL),
(38,'MEL','MELBOURNE, AUSTRALIA',46,46,'2020-02-28 16:20:52','2020-02-28 16:20:52',NULL),
(39,'NAN','NADI,FIJI',46,46,'2020-02-28 16:21:22','2020-02-28 16:21:22',NULL);

/*Table structure for table `ref_meeting_type` */


CREATE TABLE `ref_meeting_type` (
  `meeting_type_id` int(11) NOT NULL AUTO_INCREMENT,
  `meeting_type_desc` varchar(255) DEFAULT NULL,
  `running_no` int(11) NOT NULL DEFAULT '0',
  `created_by` int(11) DEFAULT NULL,
  `updated_by` int(11) DEFAULT NULL,
  `created_at` timestamp NOT NULL DEFAULT CURRENT_TIMESTAMP,
  `updated_at` timestamp NOT NULL DEFAULT CURRENT_TIMESTAMP,
  `deleted_at` timestamp NULL DEFAULT NULL,
  PRIMARY KEY (`meeting_type_id`),
  KEY `idx_meetingtype_createdby` (`created_by`),
  KEY `idx_meetingtype_updatedby` (`updated_by`)
) ENGINE=InnoDB AUTO_INCREMENT=3 DEFAULT CHARSET=latin1;

/*Data for the table `ref_meeting_type` */

insert  into `ref_meeting_type`(`meeting_type_id`,`meeting_type_desc`,`running_no`,`created_by`,`updated_by`,`created_at`,`updated_at`,`deleted_at`) values 
(1,'MESYUARAT SEBUT HARGA A',0,31,31,'2020-10-14 11:12:38','2020-10-14 11:12:38',NULL),
(2,'MESYUARAT SEBUT HARGA B',0,31,31,'2020-10-14 11:13:00','2020-10-14 11:13:00',NULL);

/*Table structure for table `ref_meeting_year` */


CREATE TABLE `ref_meeting_year` (
  `meeting_year_id` int(11) NOT NULL AUTO_INCREMENT,
  `meeting_type_id` int(11) NOT NULL,
  `running_no` int(11) NOT NULL DEFAULT '1',
  `meeting_year` char(4) NOT NULL,
  `created_at` timestamp NOT NULL DEFAULT CURRENT_TIMESTAMP ON UPDATE CURRENT_TIMESTAMP,
  `updated_at` timestamp NOT NULL DEFAULT CURRENT_TIMESTAMP,
  `deleted_at` timestamp NULL DEFAULT NULL,
  PRIMARY KEY (`meeting_year_id`),
  KEY `idx_meetingyear_meetingtypeid_year` (`meeting_type_id`,`meeting_year`)
) ENGINE=InnoDB AUTO_INCREMENT=3 DEFAULT CHARSET=utf8mb4;

/*Data for the table `ref_meeting_year` */

insert  into `ref_meeting_year`(`meeting_year_id`,`meeting_type_id`,`running_no`,`meeting_year`,`created_at`,`updated_at`,`deleted_at`) values 
(1,2,10,'2020','2020-11-26 14:22:19','2020-11-26 14:22:19',NULL),
(2,1,10,'2020','2020-10-14 11:59:36','2020-10-14 11:59:36',NULL);

/*Table structure for table `ref_payment_method` */


CREATE TABLE `ref_payment_method` (
  `payment_method_id` int(11) NOT NULL AUTO_INCREMENT,
  `payment_method_desc` varchar(150) NOT NULL,
  `created_at` timestamp NULL DEFAULT NULL,
  `updated_at` timestamp NOT NULL DEFAULT CURRENT_TIMESTAMP,
  `deleted_at` timestamp NULL DEFAULT NULL,
  PRIMARY KEY (`payment_method_id`)
) ENGINE=InnoDB AUTO_INCREMENT=3 DEFAULT CHARSET=latin1;

/*Data for the table `ref_payment_method` */

insert  into `ref_payment_method`(`payment_method_id`,`payment_method_desc`,`created_at`,`updated_at`,`deleted_at`) values 
(1,'Kad Kredit','2019-03-24 03:32:36','2019-03-24 03:32:36',NULL),
(2,'Waran','2019-03-24 03:32:43','2019-03-24 03:32:43',NULL);

/*Table structure for table `ref_pembangunan` */


CREATE TABLE `ref_pembangunan` (
  `pembangunan_id` int(11) NOT NULL AUTO_INCREMENT,
  `pembangunan_desc` varchar(255) DEFAULT NULL,
  `created_by` int(11) DEFAULT NULL,
  `updated_by` int(11) DEFAULT NULL,
  `created_at` timestamp NULL DEFAULT NULL,
  `updated_at` timestamp NOT NULL DEFAULT CURRENT_TIMESTAMP,
  `deleted_at` timestamp NULL DEFAULT NULL,
  PRIMARY KEY (`pembangunan_id`)
) ENGINE=InnoDB AUTO_INCREMENT=33 DEFAULT CHARSET=latin1;

/*Data for the table `ref_pembangunan` */

insert  into `ref_pembangunan`(`pembangunan_id`,`pembangunan_desc`,`created_by`,`updated_by`,`created_at`,`updated_at`,`deleted_at`) values 
(1,'NPDIR',2,2,'2019-03-22 03:39:55','2019-03-22 03:39:55',NULL),
(2,'PPE',2,2,'2019-03-22 03:40:05','2019-03-22 03:40:05','2019-04-15 15:21:08'),
(3,'MBR',2,2,'2019-03-22 03:40:09','2019-03-22 03:40:09',NULL),
(4,'PTPS',2,2,'2019-03-22 03:40:22','2019-03-22 03:40:22',NULL),
(5,'TEST123 DDDD',355,355,'2019-04-13 07:06:59','2019-04-13 07:07:06','2019-04-12 23:07:10'),
(6,'T5-MPB',46,46,'2019-04-15 23:21:35','2019-04-15 23:21:35',NULL),
(7,'NTM',46,46,'2019-04-15 23:21:55','2019-04-15 23:21:55',NULL),
(8,'PKP',46,46,'2019-04-15 23:22:04','2019-04-15 23:22:04',NULL),
(9,'SPN TOURISM',46,46,'2019-04-15 23:22:29','2019-04-15 23:22:29',NULL),
(10,'SPN RETAIL',46,46,'2019-04-15 23:24:16','2019-04-15 23:24:16',NULL),
(11,'SPN CHEMICAL',46,46,'2019-04-15 23:24:40','2019-04-15 23:24:40',NULL),
(12,'SPN E & E',46,46,'2019-04-15 23:24:59','2019-04-15 23:24:59',NULL),
(13,'SPN M & E',46,46,'2019-04-15 23:25:15','2019-04-15 23:25:15',NULL),
(14,'SPN AGROFOOD',46,46,'2019-04-15 23:25:34','2019-04-15 23:25:34',NULL),
(15,'SPN HEALTHCARE',46,46,'2019-04-15 23:25:44','2019-04-15 23:25:44',NULL),
(16,'SPN PROF SERV',46,46,'2019-04-15 23:26:01','2019-04-15 23:26:01',NULL),
(17,'SPN ICT',46,46,'2019-04-15 23:26:21','2019-04-15 23:26:21',NULL),
(18,'SPPE',46,46,'2019-07-27 03:20:19','2019-07-27 03:20:19',NULL),
(19,'CCI',46,46,'2019-07-27 04:53:35','2019-07-27 04:53:35',NULL),
(20,'KLEMS - TFP',46,46,'2019-07-27 04:53:52','2019-07-27 04:53:52',NULL),
(21,'EIIP',46,46,'2019-07-27 04:54:02','2019-07-27 04:54:02',NULL),
(22,'MPB-EEPN',46,46,'2019-07-27 04:54:21','2019-07-27 04:54:21',NULL),
(23,'MPB-CCPPN',46,46,'2019-07-27 04:56:50','2019-07-27 04:56:50',NULL),
(24,'MPB-RFBPN',46,46,'2019-07-27 04:57:08','2019-07-27 04:57:08',NULL),
(25,'MPB-TPN',46,46,'2019-07-27 04:57:27','2019-07-27 04:57:27',NULL),
(26,'MPB AFPN',46,46,'2019-07-27 04:57:41','2019-07-27 04:57:41',NULL),
(27,'MPB MEPN',46,46,'2019-07-27 04:57:54','2019-07-27 04:57:54',NULL),
(28,'MPB PS',46,46,'2019-07-27 04:58:05','2019-07-27 04:58:05',NULL),
(29,'MPB PH',46,46,'2019-07-27 04:58:16','2019-07-27 04:58:16',NULL),
(30,'MPB ICTPN',46,46,'2019-10-30 22:27:13','2019-10-30 22:27:13',NULL),
(31,'HRD',46,46,'2019-11-12 22:09:57','2019-11-12 22:09:57',NULL),
(32,'BI (BEHAVIORAL INSIGHTS)',46,46,'2020-01-21 23:26:54','2020-01-21 23:26:54',NULL);

/*Table structure for table `ref_permohonan_doc` */


CREATE TABLE `ref_permohonan_doc` (
  `permohonan_doc_id` int(11) NOT NULL AUTO_INCREMENT,
  `permohonan_doc_desc` varchar(200) DEFAULT NULL,
  `sort` int(11) DEFAULT NULL,
  `active_status` int(11) NOT NULL DEFAULT '1',
  `created_at` timestamp NOT NULL DEFAULT CURRENT_TIMESTAMP,
  `updated_at` timestamp NOT NULL DEFAULT CURRENT_TIMESTAMP,
  `deleted_at` timestamp NULL DEFAULT NULL,
  PRIMARY KEY (`permohonan_doc_id`)
) ENGINE=InnoDB AUTO_INCREMENT=32 DEFAULT CHARSET=latin1;

/*Data for the table `ref_permohonan_doc` */

insert  into `ref_permohonan_doc`(`permohonan_doc_id`,`permohonan_doc_desc`,`sort`,`active_status`,`created_at`,`updated_at`,`deleted_at`) values 
(1,'BOM',4,1,'2020-07-23 18:13:10','2020-07-23 18:13:10',NULL),
(2,'LPO untuk Pembekal',1,1,'2020-07-23 18:13:19','2020-07-23 18:13:19',NULL),
(3,'Sebut Harga',5,1,'2020-07-23 18:13:29','2020-07-23 18:13:29',NULL),
(4,'Keratan Minit Kelulusan BOM',6,1,'2020-07-23 18:13:39','2020-07-23 18:13:39',NULL),
(5,'Anggaran perbelanjaan BOM yang diluluskan',7,1,'2020-07-23 18:13:48','2020-07-23 18:13:48',NULL),
(6,'Sijil GST (Wajib)',8,1,'2020-07-23 18:14:01','2020-07-23 18:14:01',NULL),
(7,'Lantikan perunding/ penceramah Tempatan/ Luar Negara (attachmentb)',12,0,'2020-07-23 18:14:44','2020-07-23 18:14:44',NULL),
(8,'Kelulusan Kementerian Kewangan (MOF)',13,1,'2020-07-23 18:14:54','2020-07-23 18:14:54',NULL),
(9,'PLPS',14,1,'2020-07-23 18:15:27','2020-07-23 18:15:27',NULL),
(10,'Surat Setuju Terima (SST) (Wajib)',15,1,'2020-07-23 18:15:36','2020-07-23 18:15:36',NULL),
(11,'Surat Lantikan (Wajib)',16,1,'2020-07-23 18:15:47','2020-07-23 18:15:47',NULL),
(12,'Jadual Pembayaran',17,1,'2020-07-23 18:15:54','2020-07-23 18:15:54',NULL),
(13,'Terms of Reference (TOR)',18,1,'2020-07-23 18:16:02','2020-07-23 18:16:02',NULL),
(14,'Borang Lampiran B (sekiranya menggunakan khidmat kakitangan kerajaan)',19,1,'2020-07-23 18:16:09','2020-07-23 18:16:09',NULL),
(15,'Invois (bagi bayaran yang dibuat secara telegraphic transfer (TT) kepada pembekal di luar negara)',20,1,'2020-07-23 18:16:20','2020-07-23 18:16:20',NULL),
(16,'Perolehan melalui Sebut harga B (> RM20K) / Sebut harga A (> RM50K) / Tender (>RM500K) (attachmentc)',21,0,'2020-07-23 18:16:29','2020-07-23 18:16:29',NULL),
(17,'Surat Setuju Terima (SST) (Perolehan melalui Sebut harga B (> RM20K) / Sebut harga A (> RM50K) / Tender (>RM500K))',22,1,'2020-07-23 18:16:41','2020-07-23 18:16:41',NULL),
(18,'Keputusan Mesyuarat sebut harga/ Lembaga Perolehan',23,1,'2020-07-23 18:16:50','2020-07-23 18:16:50',NULL),
(19,'Surat Lantikan (Perolehan melalui Sebut harga B (> RM20K) / Sebut harga A (> RM50K) / Tender (>RM500K))',24,1,'2020-07-23 18:16:57','2020-07-23 18:16:57',NULL),
(20,'Teknikal / Penyelenggaraan (attachmentd)',25,0,'2020-07-23 18:17:03','2020-07-23 18:17:03',NULL),
(21,'Laporan penyelenggaraan yang disahkan',26,1,'2020-07-23 18:17:11','2020-07-23 18:17:11',NULL),
(22,'Kontrak (Salinan)',27,1,'2020-07-23 18:17:17','2020-07-23 18:17:17',NULL),
(23,'Makanan (attachmente)',28,0,'2020-07-23 18:17:24','2020-07-23 18:17:24',NULL),
(24,'Senarai nama peserta bengkel/ ceramah/ taklimat',29,1,'2020-07-23 18:17:32','2020-07-23 18:17:32',NULL),
(25,'Tentatif program',30,1,'2020-07-23 18:17:40','2020-07-23 18:17:40',NULL),
(26,'Penginapan Hotel/Tiket Penerbangan (attachmenta)',9,0,'2020-07-23 18:14:09','2020-07-23 18:14:09',NULL),
(27,'Senarai Nama Penginap',10,1,'2020-07-23 18:14:24','2020-07-23 18:14:24',NULL),
(28,'Senarai Nama Tiket Kapal Terbang',11,1,'2020-07-23 18:14:40','2020-07-23 18:14:40',NULL),
(30,'LPO untuk Bhg Kewangan',2,1,'2020-07-23 18:17:53','2020-07-23 18:17:53',NULL),
(31,'Invoice untuk Bhg Kewangan',3,1,'2020-07-23 18:18:06','2020-07-23 18:18:06',NULL);

/*Table structure for table `ref_program` */


CREATE TABLE `ref_program` (
  `program_id` int(11) NOT NULL AUTO_INCREMENT,
  `project_category_id` int(11) NOT NULL,
  `program_code` char(10) DEFAULT NULL,
  `program_desc` varchar(255) DEFAULT NULL,
  `created_by` int(11) DEFAULT NULL,
  `updated_by` int(11) DEFAULT NULL,
  `created_at` timestamp NULL DEFAULT NULL,
  `updated_at` timestamp NOT NULL DEFAULT CURRENT_TIMESTAMP,
  `deleted_at` timestamp NULL DEFAULT NULL,
  PRIMARY KEY (`program_id`),
  KEY `idx_program_main` (`project_category_id`)
) ENGINE=InnoDB AUTO_INCREMENT=448 DEFAULT CHARSET=latin1;

/*Data for the table `ref_program` */

insert  into `ref_program`(`program_id`,`project_category_id`,`program_code`,`program_desc`,`created_by`,`updated_by`,`created_at`,`updated_at`,`deleted_at`) values 
(1,1,'AG001','AMALAN BAIK PERATURAN (GRP)',2,2,'2021-03-16 23:24:56','2021-03-16 23:24:56',NULL),
(2,1,'AG002','REGULATORY PROPOSAL/ NOTIFICATION2',2,2,'2021-03-16 23:24:56','2021-05-30 01:12:06',NULL),
(3,1,'AG003','REGULATORY IMPACT ANALYSIS/ STATEMENT',2,2,'2021-03-16 23:24:56','2021-03-16 23:24:56',NULL),
(4,1,'AG004','PUBLIC CONSULTATION/ STAKEHOLDER CONSULTATION/ENGAGEMENT',2,2,'2021-03-16 23:24:56','2021-03-16 23:24:56',NULL),
(5,1,'AG005','COST BENEFIT ANALYSIS',2,2,'2021-03-16 23:24:56','2021-03-16 23:24:56',NULL),
(6,1,'AG006','IMPACT ANALYSIS',2,2,'2021-03-16 23:24:56','2021-03-16 23:24:56',NULL),
(7,1,'AG007','STANDARD COST MODEL',2,2,'2021-03-16 23:24:56','2021-03-16 23:24:56',NULL),
(8,1,'AG008','MEASURING REGULATORY/ COMPLIANCE COST',2,2,'2021-03-16 23:24:56','2021-03-16 23:24:56',NULL),
(9,1,'AG009','POST IMPLEMENTATION REVIEW',2,2,'2021-03-16 23:24:56','2021-03-16 23:24:56',NULL),
(10,1,'AG010','PERFORMANCE/ OUTCOME-BASED REGULATION',2,2,'2021-03-16 23:24:56','2021-03-16 23:24:56',NULL),
(11,1,'AG011','MANAGEMENT-BASED REGULATIONS',2,2,'2021-03-16 23:24:56','2021-03-16 23:24:56',NULL),
(12,1,'AG012','REGULATORY EXPERIMENTS',2,2,'2021-03-16 23:24:56','2021-03-16 23:24:56',NULL),
(13,1,'AG013','REGULATORY SANDBOX',2,2,'2021-03-16 23:24:56','2021-03-16 23:24:56',NULL),
(14,1,'AG014','ADAPTIVE REGULATION',2,2,'2021-03-16 23:24:56','2021-03-16 23:24:56',NULL),
(15,1,'AG015','COMPETITION IMPACT ANALYSIS',2,2,'2021-03-16 23:24:56','2021-03-16 23:24:56',NULL),
(16,1,'AG016','SMES IMPACT ANALYSIS',2,2,'2021-03-16 23:24:56','2021-03-16 23:24:56',NULL),
(17,1,'AG017','SOCIAL IMPACT ANALYSIS',2,2,'2021-03-16 23:24:56','2021-03-16 23:24:56',NULL),
(18,1,'AG018','ENVIRONMENT IMPACT ANALYSIS',2,2,'2021-03-16 23:24:56','2021-03-16 23:24:56',NULL),
(19,1,'AG019','POLICY IMPACT ANALYSIS',2,2,'2021-03-16 23:24:56','2021-03-16 23:24:56',NULL),
(20,1,'AG020','SELF-REGULATION',2,2,'2021-03-16 23:24:56','2021-03-16 23:24:56',NULL),
(21,1,'AG021','CO-REGULATION',2,2,'2021-03-16 23:24:56','2021-03-16 23:24:56',NULL),
(22,1,'AG022','RISK-BASED REGULATION',2,2,'2021-03-16 23:24:56','2021-03-16 23:24:56',NULL),
(23,1,'AG023','INTERNATIONAL REGULATORY COOPERATION',2,2,'2021-03-16 23:24:56','2021-03-16 23:24:56',NULL),
(24,1,'AG024','REGULATORY DELIVERY',2,2,'2021-03-16 23:24:56','2021-03-16 23:24:56',NULL),
(25,1,'AG025','AGILE REGULATION',2,2,'2021-03-16 23:24:56','2021-03-16 23:24:56',NULL),
(26,1,'AG026','REGULATORY-BASED TECHNOLOGY',2,2,'2021-03-16 23:24:56','2021-03-16 23:24:56',NULL),
(27,1,'AG027','REGULATORY POLICY/ SYSTEM MANAGEMENT (GOOD REGULATORY PRACTICE POLICY REGULATORY COORDINATOR ETC.)',2,2,'2021-03-16 23:24:56','2021-03-16 23:24:56',NULL),
(28,1,'AG028','MULTI CRITERIA ANALYSIS',2,2,'2021-03-16 23:24:56','2021-03-16 23:24:56',NULL),
(29,1,'AG029','COST EFFECTIVE ANALYSIS',2,2,'2021-03-16 23:24:56','2021-03-16 23:24:56',NULL),
(30,1,'AG030','REGULATORY GOVERNANCE',2,2,'2021-03-16 23:24:56','2021-03-16 23:24:56',NULL),
(31,1,'AG031','RISK-BASED ANALYSIS',2,2,'2021-03-16 23:24:56','2021-03-16 23:24:56',NULL),
(32,1,'AG032','INTERNATIONAL REGULATORY MANAGEMENT (EXAMPLE: ASIA-PACIFIC ECONOMIC COOPERATION (APEC) / ASSOCIATION OF SOUTHEAST ASIAN NATIONS (ASEAN) / ORGANISATION FOR ECONOMIC CO-OPERATION AND DEVELOPMENT (OECD)',2,2,'2021-03-16 23:24:56','2021-03-16 23:24:56',NULL),
(33,1,'AG033','CUTTING RED TAPE',2,2,'2021-03-16 23:24:56','2021-03-16 23:24:56',NULL),
(34,1,'AG034','REGULATORY MAPPING',2,2,'2021-03-16 23:24:56','2021-03-16 23:24:56',NULL),
(35,1,'AG035','REGULATORY FRAMEWORK',2,2,'2021-03-16 23:24:56','2021-03-16 23:24:56',NULL),
(36,1,'AG036','REGULATORY DESIGN',2,2,'2021-03-16 23:24:56','2021-03-16 23:24:56',NULL),
(37,1,'AG037','REVIEW EXISTING REGULATION',2,2,'2021-03-16 23:24:56','2021-03-16 23:24:56',NULL),
(38,1,'AG038','REGULATORY REFORM',2,2,'2021-03-16 23:24:56','2021-03-16 23:24:56',NULL),
(39,1,'AG039','NON -TARIFF MEASURES (NTM) REFORM',2,2,'2021-03-16 23:24:56','2021-03-16 23:24:56',NULL),
(40,1,'AG040','LICENSING REFORM',2,2,'2021-03-16 23:24:57','2021-03-16 23:24:57',NULL),
(41,1,'AG041','BUSINESS REGULATION',2,2,'2021-03-16 23:24:57','2021-03-16 23:24:57',NULL),
(42,1,'AG042','IMPROVE LICENSING TRANSPARENCY',2,2,'2021-03-16 23:24:57','2021-03-16 23:24:57',NULL),
(43,1,'AG043','BUSINESS LICENSING GUIDELINE',2,2,'2021-03-16 23:24:57','2021-03-16 23:24:57',NULL),
(44,1,'AG044','REDUCING REGULATORY BURDEN',2,2,'2021-03-16 23:24:57','2021-03-16 23:24:57',NULL),
(45,1,'AG045','MONITORING & EVALUATION FRAMEWORK',2,2,'2021-03-16 23:24:57','2021-03-16 23:24:57',NULL),
(46,1,'AG046','DEREGULATION',2,2,'2021-03-16 23:24:57','2021-03-16 23:24:57',NULL),
(47,1,'AG047','ANALYSIS VERIFICATION',2,2,'2021-03-16 23:24:57','2021-03-16 23:24:57',NULL),
(48,1,'AG048','ISSUE PAPER',2,2,'2021-03-16 23:24:57','2021-03-16 23:24:57',NULL),
(49,1,'AG049','LAW',2,2,'2021-03-16 23:24:57','2021-03-16 23:24:57',NULL),
(50,1,'AG050','ECONOMY',2,2,'2021-03-16 23:24:57','2021-03-16 23:24:57',NULL),
(51,1,'AG051','HEALTHCARE',2,2,'2021-03-16 23:24:57','2021-03-16 23:24:57',NULL),
(52,1,'AG052','CONSTRUCTION',2,2,'2021-03-16 23:24:57','2021-03-16 23:24:57',NULL),
(53,1,'AG053','LABOUR',2,2,'2021-03-16 23:24:57','2021-03-16 23:24:57',NULL),
(54,1,'AG054','IMMIGRATION',2,2,'2021-03-16 23:24:57','2021-03-16 23:24:57',NULL),
(55,1,'AG055','TOURISM',2,2,'2021-03-16 23:24:57','2021-03-16 23:24:57',NULL),
(56,1,'AG056','DIGITAL',2,2,'2021-03-16 23:24:57','2021-03-16 23:24:57',NULL),
(57,2,'AB057','BEHAVIOURAL INSIGHTS FRAMEWORK CRITERIA: DEFINE',2,2,'2021-03-16 23:24:57','2021-03-16 23:24:57',NULL),
(58,2,'AB058','BEHAVIOURAL INSIGHTS FRAMEWORK CRITERIA: RESEARCH',2,2,'2021-03-16 23:24:57','2021-03-16 23:24:57',NULL),
(59,2,'AB059','BEHAVIOURAL INSIGHTS FRAMEWORK CRITERIA: INTERVENTION',2,2,'2021-03-16 23:24:57','2021-03-16 23:24:57',NULL),
(60,2,'AB060','BEHAVIOURAL INSIGHTS FRAMEWORK CRITERIA: VALIDATE',2,2,'2021-03-16 23:24:57','2021-03-16 23:24:57',NULL),
(61,2,'AB061','BEHAVIOURAL INSIGHTS FRAMEWORK CRITERIA: EXPAND',2,2,'2021-03-16 23:24:57','2021-03-16 23:24:57',NULL),
(62,2,'AB062','BEHAVIOURAL INSIGHTS GUIDELINES',2,2,'2021-03-16 23:24:57','2021-03-16 23:24:57',NULL),
(63,2,'AB063','BEHAVIOURAL INSIGHTS BENCHMARKING PROJECT',2,2,'2021-03-16 23:24:57','2021-03-16 23:24:57',NULL),
(64,2,'AB064','BEHAVIOURAL INSIGHTS BASELINE STUDY',2,2,'2021-03-16 23:24:57','2021-03-16 23:24:57',NULL),
(65,2,'AB065','BEHAVIOURAL INSIGHTS CONFERENCE/ WORKSHOP/SEMINAR/ RTD/ FGD',2,2,'2021-03-16 23:24:57','2021-03-16 23:24:57',NULL),
(66,2,'AB066','BEHAVIOURAL INSIGHTS TRAINING MODULE - BEGINNER',2,2,'2021-03-16 23:24:57','2021-03-16 23:24:57',NULL),
(67,2,'AB067','BEHAVIOURAL INSIGHTS TRAINING MODULE - INTERMEDIATE',2,2,'2021-03-16 23:24:57','2021-03-16 23:24:57',NULL),
(68,2,'AB068','BEHAVIOURAL INSIGHTS TRAINING MODULE - ADVANCED',2,2,'2021-03-16 23:24:57','2021-03-16 23:24:57',NULL),
(69,2,'AB069','COMPETENCY DEVELOPMENT FOR BEHAVIOURAL - INSIGHTS PRACTITIONERS',2,2,'2021-03-16 23:24:57','2021-03-16 23:24:57',NULL),
(70,2,'AB070','COMPETENCY DEVELOPMENT FOR BEHAVIOURAL - INSIGHTS TRAINERS/ CONSULTANTS',2,2,'2021-03-16 23:24:57','2021-03-16 23:24:57',NULL),
(71,2,'AB071','BEHAVIOURAL INSIGHTS TOOLKITS',2,2,'2021-03-16 23:24:57','2021-03-16 23:24:57',NULL),
(72,2,'AB072','DATA PROFILING DOCUMENTATION FOR BEHAVIOURAL - INSIGHTS',2,2,'2021-03-16 23:24:57','2021-03-16 23:24:57',NULL),
(73,2,'AB073','BEHAVIOURAL INSIGHTS DOCUMENTATION FOR GOVERNMENT',2,2,'2021-03-16 23:24:57','2021-03-16 23:24:57',NULL),
(74,2,'AB074','BEHAVIOURAL INSIGHTS PROJECT MANAGEMENT',2,2,'2021-03-16 23:24:57','2021-03-16 23:24:57',NULL),
(75,2,'AB075','APPLICATION OF NUDGE THEORY',2,2,'2021-03-16 23:24:57','2021-03-16 23:24:57',NULL),
(76,3,'AC076','ECONOMIC PERFORMANCE: DOMESTIC ECONOMY',2,2,'2021-03-16 23:24:57','2021-03-16 23:24:57',NULL),
(77,3,'AC077','ECONOMIC PERFORMANCE: INTERNATIONAL TRADE',2,2,'2021-03-16 23:24:57','2021-03-16 23:24:57',NULL),
(78,3,'AC078','ECONOMIC PERFORMANCE: INTERNATIONAL INVESTMENT',2,2,'2021-03-16 23:24:57','2021-03-16 23:24:57',NULL),
(79,3,'AC079','ECONOMIC PERFORMANCE: EMPLOYMENT',2,2,'2021-03-16 23:24:57','2021-03-16 23:24:57',NULL),
(80,3,'AC080','ECONOMIC PERFORMANCE: PRICES',2,2,'2021-03-16 23:24:57','2021-03-16 23:24:57',NULL),
(81,3,'AC081','GOVERNMENT EFFICIENCY: PUBLIC FINANCE',2,2,'2021-03-16 23:24:57','2021-03-16 23:24:57',NULL),
(82,3,'AC082','GOVERNMENT EFFICIENCY: TAX POLICY',2,2,'2021-03-16 23:24:57','2021-03-16 23:24:57',NULL),
(83,3,'AC083','GOVERNMENT EFFICIENCY: INSTITUTIONAL FRAMEWORK',2,2,'2021-03-16 23:24:57','2021-03-16 23:24:57',NULL),
(84,3,'AC084','GOVERNMENT EFFICIENCY: BUSINESS LEGISLATION',2,2,'2021-03-16 23:24:57','2021-03-16 23:24:57',NULL),
(85,3,'AC085','GOVERNMENT EFFICIENCY: SOCIETAL FRAMEWORK',2,2,'2021-03-16 23:24:57','2021-03-16 23:24:57',NULL),
(86,3,'AC086','BUSINESS EFFICIENCY: PRODUCTIVITY & EFFICIENCY',2,2,'2021-03-16 23:24:57','2021-03-16 23:24:57',NULL),
(87,3,'AC087','BUSINESS EFFICIENCY: LABOR MARKET',2,2,'2021-03-16 23:24:57','2021-03-16 23:24:57',NULL),
(88,3,'AC088','BUSINESS EFFICIENCY: FINANCE',2,2,'2021-03-16 23:24:57','2021-03-16 23:24:57',NULL),
(89,3,'AC089','BUSINESS EFFICIENCY: MANAGEMENT PRACTICES',2,2,'2021-03-16 23:24:57','2021-03-16 23:24:57',NULL),
(90,3,'AC090','BUSINESS EFFICIENCY: ATTITUDES & VALUES',2,2,'2021-03-16 23:24:57','2021-03-16 23:24:57',NULL),
(91,3,'AC091','INFRASTRUCTURE: BASIC INFRASTRUCTURE',2,2,'2021-03-16 23:24:57','2021-03-16 23:24:57',NULL),
(92,3,'AC092','INFRASTRUCTURE: TECHNOLOGICAL INFRASTRUCTURE',2,2,'2021-03-16 23:24:57','2021-03-16 23:24:57',NULL),
(93,3,'AC093','INFRASTRUCTURE: SCIENTIFIC INFRASTRUCTURE',2,2,'2021-03-16 23:24:57','2021-03-16 23:24:57',NULL),
(94,3,'AC094','INFRASTRUCTURE: HEALTH & ENVIRONMENT',2,2,'2021-03-16 23:24:57','2021-03-16 23:24:57',NULL),
(95,3,'AC095','INFRASTRUCTURE: EDUCATION',2,2,'2021-03-16 23:24:57','2021-03-16 23:24:57',NULL),
(96,3,'AC096','ENABLING ENVIRONMENT: INSTITUTIONS',2,2,'2021-03-16 23:24:57','2021-03-16 23:24:57',NULL),
(97,3,'AC097','ENABLING ENVIRONMENT: INFRASTRUCTURE',2,2,'2021-03-16 23:24:57','2021-03-16 23:24:57',NULL),
(98,3,'AC098','ENABLING ENVIRONMENT: ICT ADOPTION',2,2,'2021-03-16 23:24:57','2021-03-16 23:24:57',NULL),
(99,3,'AC099','ENABLING ENVIRONMENT: MACROECONOMIC STABILITY',2,2,'2021-03-16 23:24:57','2021-03-16 23:24:57',NULL),
(100,3,'AC100','HUMAN CAPITAL: HEALTH',2,2,'2021-03-16 23:24:57','2021-03-16 23:24:57',NULL),
(101,3,'AC101','HUMAN CAPITAL: SKILLS',2,2,'2021-03-16 23:24:57','2021-03-16 23:24:57',NULL),
(102,3,'AC102','MARKETS: PRODUCT MARKET',2,2,'2021-03-16 23:24:57','2021-03-16 23:24:57',NULL),
(103,3,'AC103','MARKETS: LABOR MARKET',2,2,'2021-03-16 23:24:57','2021-03-16 23:24:57',NULL),
(104,3,'AC104','MARKETS: FINANCIAL MARKET',2,2,'2021-03-16 23:24:57','2021-03-16 23:24:57',NULL),
(105,3,'AC105','MARKETS: MARKET SIZE',2,2,'2021-03-16 23:24:57','2021-03-16 23:24:57',NULL),
(106,3,'AC106','INNOVATION ECOSYSTEM: BUSINESS DYNAMISM',2,2,'2021-03-16 23:24:57','2021-03-16 23:24:57',NULL),
(107,3,'AC107','INNOVATION ECOSYSTEM: INNOVATION CAPABILITY',2,2,'2021-03-16 23:24:57','2021-03-16 23:24:57',NULL),
(108,3,'AC108','STARTING A BUSINESS',2,2,'2021-03-16 23:24:57','2021-03-16 23:24:57',NULL),
(109,3,'AC109','DEALING WITH CONSTRUCTION PERMITS',2,2,'2021-03-16 23:24:57','2021-03-16 23:24:57',NULL),
(110,3,'AC110','GETTING ELECTRICITY',2,2,'2021-03-16 23:24:57','2021-03-16 23:24:57',NULL),
(111,3,'AC111','REGISTERING PROPERTY',2,2,'2021-03-16 23:24:57','2021-03-16 23:24:57',NULL),
(112,3,'AC112','GETTING CREDIT',2,2,'2021-03-16 23:24:57','2021-03-16 23:24:57',NULL),
(113,3,'AC113','PROTECTING MINORITY INVESTORS',2,2,'2021-03-16 23:24:57','2021-03-16 23:24:57',NULL),
(114,3,'AC114','PAYING TAXES',2,2,'2021-03-16 23:24:57','2021-03-16 23:24:57',NULL),
(115,3,'AC115','TRADING ACROSS BORDERS',2,2,'2021-03-16 23:24:57','2021-03-16 23:24:57',NULL),
(116,3,'AC116','ENFORCING CONTRACTS',2,2,'2021-03-16 23:24:57','2021-03-16 23:24:57',NULL),
(117,3,'AC117','RESOLVING INSOLVENCY',2,2,'2021-03-16 23:24:57','2021-03-16 23:24:57',NULL),
(118,3,'AC118','EMPLOYING WORKERS',2,2,'2021-03-16 23:24:57','2021-03-16 23:24:57',NULL),
(119,3,'AC119','CONTRACTING WITH THE GOVERNMENT',2,2,'2021-03-16 23:24:57','2021-03-16 23:24:57',NULL),
(120,3,'AC120','E-PAYMENT',2,2,'2021-03-16 23:24:57','2021-03-16 23:24:57',NULL),
(121,4,'AE121','PRODUCTIVITY-LINKED WAGE SYSTEM ASSESSMENT TOOLS',2,2,'2021-03-16 23:24:57','2021-03-16 23:24:57',NULL),
(122,4,'AE122','PRODUCTIVITY-LINKED WAGE SYSTEM TRAINING MODULE – BEGINNER (IMPROVE PRODUCTIVITY THROUGH PRODUCTIVITY – LINKED WAGE SYSTEM (PLWS)',2,2,'2021-03-16 23:24:57','2021-03-16 23:24:57',NULL),
(123,4,'AE123','PRODUCTIVITY-LINKED WAGE SYSTEM – INTERMEDIATE (MASTER ON PRODUCTIVITY- LINKED WAGE SYSTEM (PLWS)',2,2,'2021-03-16 23:24:57','2021-03-16 23:24:57',NULL),
(124,4,'AE124','PRODUCTIVITY-LINKED WAGE SYSTEM – ADVANCED (CHAMPION ON PRODUCTIVITY-LINKED WAGE SYSTEM (PLWS)',2,2,'2021-03-16 23:24:57','2021-03-16 23:24:57',NULL),
(125,4,'AE125','CIRCULAR ECONOMY APPLICATION IN INDUSTRY',2,2,'2021-03-16 23:24:57','2021-03-16 23:24:57',NULL),
(126,4,'AE126','CIRCULAR ECONOMY & BUSINESS SUSTAINABILITY ASSESSMENT TOOLS',2,2,'2021-03-16 23:24:57','2021-03-16 23:24:57',NULL),
(127,5,'B001','BUSINESS EXCELLENCE CRITERIA: LEADERSHIP',2,2,'2021-03-16 23:26:47','2021-03-16 23:26:47',NULL),
(128,5,'B002','BUSINESS EXCELLENCE CRITERIA: PLANNING',2,2,'2021-03-16 23:26:47','2021-03-16 23:26:47',NULL),
(129,5,'B003','BUSINESS EXCELLENCE CRITERIA: INFORMATION',2,2,'2021-03-16 23:26:47','2021-03-16 23:26:47',NULL),
(130,5,'B004','BUSINESS EXCELLENCE CRITERIA: CUSTOMER',2,2,'2021-03-16 23:26:47','2021-03-16 23:26:47',NULL),
(131,5,'B005','BUSINESS EXCELLENCE CRITERIA: PEOPLE',2,2,'2021-03-16 23:26:47','2021-03-16 23:26:47',NULL),
(132,5,'B006','BUSINESS EXCELLENCE CRITERIA: PROCESS',2,2,'2021-03-16 23:26:47','2021-03-16 23:26:47',NULL),
(133,5,'B007','BENCHMARKING FOR BUSINESS EXCELLENCE',2,2,'2021-03-16 23:26:47','2021-03-16 23:26:47',NULL),
(134,5,'B008','AMALAN KAIZEN BAGI MENINGKATKAN KECEKAPAN PROSES',2,2,'2021-03-16 23:26:47','2021-03-16 23:26:47',NULL),
(135,5,'B009','ADVANCED KAIZEN',2,2,'2021-03-16 23:26:47','2021-03-16 23:26:47',NULL),
(136,5,'B010','CONTINUOUS IMPROVEMENT THROUGH KAIZEN',2,2,'2021-03-16 23:26:47','2021-03-16 23:26:47',NULL),
(137,5,'B011','PENGURUSAN LEAN/ LEAN MANUFACTURING',2,2,'2021-03-16 23:26:47','2021-03-16 23:26:47',NULL),
(138,5,'B012','LEAN SIX SIGMA',2,2,'2021-03-16 23:26:47','2021-03-16 23:26:47',NULL),
(139,5,'B013','VALUE STREAM MAPPING (VSM)',2,2,'2021-03-16 23:26:47','2021-03-16 23:26:47',NULL),
(140,5,'B014','MAPPING PROCESS PROBLEM AND SOLUTION',2,2,'2021-03-16 23:26:47','2021-03-16 23:26:47',NULL),
(141,5,'B015','STATISTICAL PROCESS CONTROL (SPC)',2,2,'2021-03-16 23:26:47','2021-03-16 23:26:47',NULL),
(142,5,'B016','TOTAL QUALITY MANAGEMENT (TQM)',2,2,'2021-03-16 23:26:47','2021-03-16 23:26:47',NULL),
(143,5,'B017','BALANCE SCORECARD',2,2,'2021-03-16 23:26:48','2021-03-16 23:26:48',NULL),
(144,5,'B018','PENGURUSAN KEWANGAN DAN ANALISIS PRODUKTIVITI',2,2,'2021-03-16 23:26:48','2021-03-16 23:26:48',NULL),
(145,5,'B019','AMALAN PERSEKITARAN BERKUALITI (5S/QE) YANG EFEKTIF',2,2,'2021-03-16 23:26:48','2021-03-16 23:26:48',NULL),
(146,5,'B020','AUDIT DALAMAN PERSEKITARAN BERKUALITI (5S/QE)',2,2,'2021-03-16 23:26:48','2021-03-16 23:26:48',NULL),
(147,5,'B021','KRITERIA AUDIT PERSEKITARAN BERKUALITI (5S/QE)',2,2,'2021-03-16 23:26:48','2021-03-16 23:26:48',NULL),
(148,5,'B022','5S SPECIALIST',2,2,'2021-03-16 23:26:48','2021-03-16 23:26:48',NULL),
(149,5,'B023','PENYEDIAAN DOKUMENTASI MANUAL 5S/QE',2,2,'2021-03-16 23:26:48','2021-03-16 23:26:48',NULL),
(150,5,'B024','DOKUMENTASI UNTUK PENGAUDITAN AMALAN 5S',2,2,'2021-03-16 23:26:48','2021-03-16 23:26:48',NULL),
(151,5,'B025','PENGURUSAN FAIL DAN REKOD MELALUI SISTEM 5S',2,2,'2021-03-16 23:26:48','2021-03-16 23:26:48',NULL),
(152,5,'B026','PENGURUSAN STOR & STOK MELALUI SISTEM 5S',2,2,'2021-03-16 23:26:48','2021-03-16 23:26:48',NULL),
(153,5,'B027','PENGURUSAN STOR & STOK YANG EFEKTIF',2,2,'2021-03-16 23:26:48','2021-03-16 23:26:48',NULL),
(154,5,'B028','PENGURUSAN PELUPUSAN FAIL DAN REKOD YANG TIDAK AKTIF',2,2,'2021-03-16 23:26:48','2021-03-16 23:26:48',NULL),
(155,5,'B029','BUSINESS EXCELLENCE FOR PRACTITIONER',2,2,'2021-03-16 23:26:48','2021-03-16 23:26:48',NULL),
(156,5,'B030','BUSINESS EXCELLENCE FOR ASSESSOR',2,2,'2021-03-16 23:26:48','2021-03-16 23:26:48',NULL),
(157,5,'B031','BUSINESS EXCELLENCE FOR CONSULTANT',2,2,'2021-03-16 23:26:48','2021-03-16 23:26:48',NULL),
(158,5,'B032','ORGANISATIONAL PROFILE FOR BUSINESS EXCELLENCE',2,2,'2021-03-16 23:26:48','2021-03-16 23:26:48',NULL),
(159,5,'B033','BUSINESS EXCELLENCE ASSESSMENT REPORT WRITING FOR ASSESSOR',2,2,'2021-03-16 23:26:48','2021-03-16 23:26:48',NULL),
(160,5,'B034','BUSINESS EXCELLENCE DOCUMENTATION FOR ORGANISATION',2,2,'2021-03-16 23:26:48','2021-03-16 23:26:48',NULL),
(161,5,'B035','BUSINESS EXCELLENCE DOCUMENTATION FOR AWARD APPLICANTS',2,2,'2021-03-16 23:26:48','2021-03-16 23:26:48',NULL),
(162,5,'B036','EFFECTIVE 5S AND LEAN MANAGEMENT IMPLEMENTATION FOR I4.0 ADOPTION',2,2,'2021-03-16 23:26:48','2021-03-16 23:26:48',NULL),
(163,5,'B037','KEY PERFORMANCE INDICATOR (KPI/KRA)',2,2,'2021-03-16 23:26:48','2021-03-16 23:26:48',NULL),
(164,5,'B038','PENGUKURAN PRODUKTIVITI (COMPASS)',2,2,'2021-03-16 23:26:48','2021-03-16 23:26:48',NULL),
(165,5,'B039','PRODUCTIVITY LINKED-WAGE SYSTEM (PLWS)',2,2,'2021-03-16 23:26:48','2021-03-16 23:26:48',NULL),
(166,5,'B040','TOTAL PREVENTIVE MAINTENANCE (TPM)',2,2,'2021-03-16 23:26:48','2021-03-16 23:26:48',NULL),
(167,5,'B041','MATERIAL FLOW COST ACCOUNTING (MFCA)',2,2,'2021-03-16 23:26:48','2021-03-16 23:26:48',NULL),
(168,5,'B042','FAILURE MODE & EFFECT ANALYSIS (FMEA)',2,2,'2021-03-16 23:26:48','2021-03-16 23:26:48',NULL),
(169,5,'B043','SUPPLY CHAIN SUSTAINABILITY',2,2,'2021-03-16 23:26:48','2021-03-16 23:26:48',NULL),
(170,5,'B044','SUSTAINABILITY IN BUSINESS PROCESS MANAGEMENT',2,2,'2021-03-16 23:26:48','2021-03-16 23:26:48',NULL),
(171,5,'B045','INDUSTRIAL SUSTAINABILITY',2,2,'2021-03-16 23:26:48','2021-03-16 23:26:48',NULL),
(172,5,'B046','EFFECTIVE COMMUNICATION FOR BUSINESS EXCELLENCE',2,2,'2021-03-16 23:26:48','2021-03-16 23:26:48',NULL),
(173,5,'B047','WORKSHOP ON REDUCING ORGANISATIONAL RISK THROUGH EFFECTIVE, RELIABLE DATA AND INFORMATION',2,2,'2021-03-16 23:26:48','2021-03-16 23:26:48',NULL),
(174,5,'B048','PROCESS IMPROVEMENT THROUGH LEAN TECHNIQUES',2,2,'2021-03-16 23:26:48','2021-03-16 23:26:48',NULL),
(175,5,'B049','ELIMINATING WASTES THROUGH LEAN PRACTICES',2,2,'2021-03-16 23:26:48','2021-03-16 23:26:48',NULL),
(176,5,'B050','IMPROVING QUALITY AND PRODUCTIVITY THROUGH LEAN PRODUCTION',2,2,'2021-03-16 23:26:48','2021-03-16 23:26:48',NULL),
(177,5,'B051','CERTIFIED PRODUCTIVITY SPECIALIST',2,2,'2021-03-16 23:26:48','2021-03-16 23:26:48',NULL),
(178,5,'B052','PRODUCTIVITY GAIN MEASUREMENT',2,2,'2021-03-16 23:26:48','2021-03-16 23:26:48',NULL),
(179,5,'B053','MASTERING “DESIGN THINKING” FOR HIGHER RESULT',2,2,'2021-03-16 23:26:48','2021-03-16 23:26:48',NULL),
(180,5,'B054','EFFECTIVE TOTAL PRODUCTIVE MAINTENANCE (TPM) FOR SMART MANUFACTURING',2,2,'2021-03-16 23:26:48','2021-03-16 23:26:48',NULL),
(181,5,'B055','RISK MANAGEMENT PROFILE AND CHANGE MANAGEMENT FOR BETTER GOVERNANCE',2,2,'2021-03-16 23:26:48','2021-03-16 23:26:48',NULL),
(182,5,'B056','WASTE & ROOT CAUSE ANALYSIS FOR LEAN MANAGEMENT IMPLEMENTATION',2,2,'2021-03-16 23:26:48','2021-03-16 23:26:48',NULL),
(183,5,'B057','ELIMINATING WASTES THROUGH PRODUCTIVITY TOOLS & TECHNIQUES',2,2,'2021-03-16 23:26:48','2021-03-16 23:26:48',NULL),
(184,5,'B058','ANALISA KOS DAN DASAR PENENTUAN HARGA',2,2,'2021-03-16 23:26:48','2021-03-16 23:26:48',NULL),
(185,5,'B059','STRATEGI MEMULAKAN PERNIAGAAN',2,2,'2021-03-16 23:26:48','2021-03-16 23:26:48',NULL),
(186,5,'B060','PEMBANGUNAN KEUSAHAWANAN',2,2,'2021-03-16 23:26:48','2021-03-16 23:26:48',NULL),
(187,5,'B061','STRATEGIC MARKETING',2,2,'2021-03-16 23:26:48','2021-03-16 23:26:48',NULL),
(188,5,'B062','LEARN MARKETING SKILLS',2,2,'2021-03-16 23:26:48','2021-03-16 23:26:48',NULL),
(189,5,'B063','MARKETING COMMUNICATION AND CONSUMER BEHAVIOUR',2,2,'2021-03-16 23:26:48','2021-03-16 23:26:48',NULL),
(190,5,'B064','STRATEGIC BRAND MANAGEMENT',2,2,'2021-03-16 23:26:48','2021-03-16 23:26:48',NULL),
(191,5,'B065','BRAND BUILDING STRATEGIES',2,2,'2021-03-16 23:26:48','2021-03-16 23:26:48',NULL),
(192,5,'B066','HOW TO BUILD YOUR PERSONAL BRAND',2,2,'2021-03-16 23:26:48','2021-03-16 23:26:48',NULL),
(193,5,'B067','AWARENESS ON CREATIVITY AND INNOVATION',2,2,'2021-03-16 23:26:48','2021-03-16 23:26:48',NULL),
(194,5,'B068','INNOVATION AND DESIGN THINKING',2,2,'2021-03-16 23:26:48','2021-03-16 23:26:48',NULL),
(195,5,'B069','STRATEGIC AND INNOVATION',2,2,'2021-03-16 23:26:48','2021-03-16 23:26:48',NULL),
(196,5,'B070','ENTREPRENEURSHIP AND INNOVATION',2,2,'2021-03-16 23:26:48','2021-03-16 23:26:48',NULL),
(197,5,'B071','PROBLEM SOLVING TECHNIQUE THROUGH ICC',2,2,'2021-03-16 23:26:48','2021-03-16 23:26:48',NULL),
(198,5,'B072','CREATIVE SOLUTION THROUGH ICC',2,2,'2021-03-16 23:26:48','2021-03-16 23:26:48',NULL),
(199,5,'B073','KEM ICC',2,2,'2021-03-16 23:26:48','2021-03-16 23:26:48',NULL),
(200,5,'B074','PROCESS IMPROVEMENT THROUGH ICC TOOLS',2,2,'2021-03-16 23:26:48','2021-03-16 23:26:48',NULL),
(201,5,'B075','ICC DOCUMENTATION',2,2,'2021-03-16 23:26:48','2021-03-16 23:26:48',NULL),
(202,5,'B076','JUDGING CRITERIA FOR ICC',2,2,'2021-03-16 23:26:48','2021-03-16 23:26:48',NULL),
(203,5,'B077','BENGKEL PENULISAN LAPORAN ICC',2,2,'2021-03-16 23:26:48','2021-03-16 23:26:48',NULL),
(204,5,'B078','INNOVATION IN SERVICES SECTOR',2,2,'2021-03-16 23:26:48','2021-03-16 23:26:48',NULL),
(205,5,'B079','TRIZ – THE THEORY OF INVENTING PROBLEM SOLVING',2,2,'2021-03-16 23:26:48','2021-03-16 23:26:48',NULL),
(206,5,'B080','OVERVIEW OF TRIZ TOOLS',2,2,'2021-03-16 23:26:48','2021-03-16 23:26:48',NULL),
(207,5,'B081','CREATIVE PROBLEM SOLVING AND INNOVATIVE THINKING THROUGH TRIZ',2,2,'2021-03-16 23:26:48','2021-03-16 23:26:48',NULL),
(208,5,'B082','PRODUCT INNOVATION AND MANAGEMENT',2,2,'2021-03-16 23:26:48','2021-03-16 23:26:48',NULL),
(209,5,'B083','LEADERSHIP SUSTAINABILITY',2,2,'2021-03-16 23:26:48','2021-03-16 23:26:48',NULL),
(210,5,'B084','SUSTAINABILITY CORPORATE RESPONSIBILITY TRAINING PROGRAM',2,2,'2021-03-16 23:26:48','2021-03-16 23:26:48',NULL),
(211,5,'B085','LEADERSHIP DEVELOPMENT TRAINING',2,2,'2021-03-16 23:26:48','2021-03-16 23:26:48',NULL),
(212,5,'B086','CHANGE MANAGEMENT TRAINING',2,2,'2021-03-16 23:26:48','2021-03-16 23:26:48',NULL),
(213,5,'B087','DEVELOPING LEADERSHIP SKILLS FOR WORKPLACE OF TOMORROW',2,2,'2021-03-16 23:26:48','2021-03-16 23:26:48',NULL),
(214,5,'B088','KEMAHIRAN PENGURUSAN BEKERJA DARI RUMAH (WFH)',2,2,'2021-03-16 23:26:48','2021-03-16 23:26:48',NULL),
(215,5,'B089','PENGURUSAN PENGAMBILAN MINIT MESYUARAT, PENULISAN SURAT DAN MEMO RASMI',2,2,'2021-03-16 23:26:48','2021-03-16 23:26:48',NULL),
(216,5,'B090','IMEJ DAN KETERAMPILAN',2,2,'2021-03-16 23:26:48','2021-03-16 23:26:48',NULL),
(217,5,'B091','PENGURUSAN PERKHIDMATAN PELANGGAN BERKUALITI DAN CEMERLANG DI KAUNTER',2,2,'2021-03-16 23:26:48','2021-03-16 23:26:48',NULL),
(218,5,'B092','LEADERSHIP WORKSHOP FOR SENIOR MANAGEMENT',2,2,'2021-03-16 23:26:48','2021-03-16 23:26:48',NULL),
(219,5,'B093','PSYCHOLOGICAL WELLBEING IN HANDLING STRESS AND WORKPLACE DEPRESSION',2,2,'2021-03-16 23:26:48','2021-03-16 23:26:48',NULL),
(220,5,'B094','PSYCHOLOGICAL WELLBEING IN DIGITAL ERA FOR ORGANISATIONAL EXCELLENCE',2,2,'2021-03-16 23:26:48','2021-03-16 23:26:48',NULL),
(221,5,'B095','POWER UP FOR LEADERS USING NLP',2,2,'2021-03-16 23:26:48','2021-03-16 23:26:48',NULL),
(222,5,'B096','BALANCING WORK AND LIFE WITH OPTIMUM PRODUCTIVITY',2,2,'2021-03-16 23:26:48','2021-03-16 23:26:48',NULL),
(223,5,'B097','NLP FOR EFFECTIVE COMMUNICATION IN ORGANISATION',2,2,'2021-03-16 23:26:48','2021-03-16 23:26:48',NULL),
(224,5,'B098','DIGITAL MARKETING/ PEMASARAN SECARA DIGITAL',2,2,'2021-03-16 23:26:48','2021-03-16 23:26:48',NULL),
(225,5,'B099','IMPROVING PROCESS AND QUALITY THROUGH IOT TECHNOLOGY',2,2,'2021-03-16 23:26:48','2021-03-16 23:26:48',NULL),
(226,5,'B100','INDUSTRIAL IOT TECHNOLOGY (IIOT)',2,2,'2021-03-16 23:26:48','2021-03-16 23:26:48',NULL),
(227,5,'B101','DIGITIZE YOUR BUSINESS',2,2,'2021-03-16 23:26:48','2021-03-16 23:26:48',NULL),
(228,5,'B102','DIGITIZE YOUR BUSINESS PROCESS',2,2,'2021-03-16 23:26:48','2021-03-16 23:26:48',NULL),
(229,5,'B103','DIGITIZE YOUR WORKPLACE FOR BETTER EMPLOYEE ENGAGEMENT',2,2,'2021-03-16 23:26:48','2021-03-16 23:26:48',NULL),
(230,5,'B104','DIGITAL WORKPLACE STRATEGY',2,2,'2021-03-16 23:26:48','2021-03-16 23:26:48',NULL),
(231,5,'B105','DIGITIZING YOUR WORK FOR MAXIMUM PRODUCTIVITY',2,2,'2021-03-16 23:26:48','2021-03-16 23:26:48',NULL),
(232,5,'B106','START YOUR E-COMMERCE BUSINESS',2,2,'2021-03-16 23:26:48','2021-03-16 23:26:48',NULL),
(233,5,'B107','DEVELOP EFFECTIVE STRATEGIES FOR A DIGITAL AGE',2,2,'2021-03-16 23:26:48','2021-03-16 23:26:48',NULL),
(234,5,'B108','DIGITAL TRANSFORMATION INITIATIVES IN THE ORGANISATION',2,2,'2021-03-16 23:26:48','2021-03-16 23:26:48',NULL),
(235,5,'B109','INCORPORATE CLOUD BASED TECHNOLOGY',2,2,'2021-03-16 23:26:48','2021-03-16 23:26:48',NULL),
(236,5,'B110','SIMULATION & AUGMENTED REALITY',2,2,'2021-03-16 23:26:48','2021-03-16 23:26:48',NULL),
(237,5,'B111','UNDERSTANDING I4.0 AS NEW BUSINESS MODELS & SYSTEM INTEGRATION',2,2,'2021-03-16 23:26:48','2021-03-16 23:26:48',NULL),
(238,5,'B112','3D PRINTING',2,2,'2021-03-16 23:26:48','2021-03-16 23:26:48',NULL),
(239,5,'B113','CYBER SECURITY MANAGEMENT',2,2,'2021-03-16 23:26:48','2021-03-16 23:26:48',NULL),
(240,5,'B114','AUTONOMOUS ROBOTS',2,2,'2021-03-16 23:26:48','2021-03-16 23:26:48',NULL),
(241,5,'B115','ADDITIVE MANUFACTURING & SUPPLY CHAIN',2,2,'2021-03-16 23:26:48','2021-03-16 23:26:48',NULL),
(242,5,'B116','EFFECTIVE APPLICATION OF INTERNET OF THINGS (IOT) FOR GREATER PERFORMANCE',2,2,'2021-03-16 23:26:48','2021-03-16 23:26:48',NULL),
(243,5,'B117','EFFECTIVE IMPLEMENTATION OF SMART MANUFACTURING FOR SMES',2,2,'2021-03-16 23:26:48','2021-03-16 23:26:48',NULL),
(244,5,'B118','ENHANCING SMES’ DIGITALISATION FOR BETTER BUSINESS PERFORMANCE',2,2,'2021-03-16 23:26:48','2021-03-16 23:26:48',NULL),
(245,5,'B119','STRENGTHENING SME PERFORMANCE THROUGH BETTER DATA COLLECTION AND ANALYSIS',2,2,'2021-03-16 23:26:48','2021-03-16 23:26:48',NULL),
(246,5,'B120','ARTIFICIAL INTELLIGENCE',2,2,'2021-03-16 23:26:48','2021-03-16 23:26:48',NULL),
(247,5,'B121','BIG DATA ANALYTICS FOR BETTER BUSINESS RESULTS',2,2,'2021-03-16 23:26:48','2021-03-16 23:26:48',NULL),
(248,5,'B122','SMART MANUFACTURING THROUGH I4.0',2,2,'2021-03-16 23:26:48','2021-03-16 23:26:48',NULL),
(249,5,'B123','ENHANCING WORKFORCE PRODUCTIVITY FOR I4.0',2,2,'2021-03-16 23:26:48','2021-03-16 23:26:48',NULL),
(250,5,'B124','ORGANISATION TRANSFORMATION TOWARDS I4.0',2,2,'2021-03-16 23:26:48','2021-03-16 23:26:48',NULL),
(251,5,'B125','RISK MANAGEMENT',2,2,'2021-03-16 23:26:48','2021-03-16 23:26:48',NULL),
(252,5,'B126','MANAGE RISKS WITH NEW OPPORTUNITIES',2,2,'2021-03-16 23:26:48','2021-03-16 23:26:48',NULL),
(253,5,'B127','SISTEM PENGURUSAN DOKUMENTASI DAN AUDIT ISO 9001:2008',2,2,'2021-03-16 23:26:48','2021-03-16 23:26:48',NULL),
(254,5,'B128','INTERNAL AUDITOR TRAINING ISO 9001:2008',2,2,'2021-03-16 23:26:48','2021-03-16 23:26:48',NULL),
(255,5,'B129','SISTEM PENGURUSAN KESELAMATAN MAKANAN ISO 22000:2005',2,2,'2021-03-16 23:26:48','2021-03-16 23:26:48',NULL),
(256,5,'B130','SISTEM PENGURUSAN KUALITI INDUSTRI AUTOMOTIF ISO/TS 16949:2002',2,2,'2021-03-16 23:26:48','2021-03-16 23:26:48',NULL),
(257,5,'B131','SISTEM PENGURUSAN KUALITI MAKMAL MS ISO/IEC 17025',2,2,'2021-03-16 23:26:48','2021-03-16 23:26:48',NULL),
(258,5,'B132','SISTEM PENGURUSAN PERSEKITARAN ISO 14001:2004',2,2,'2021-03-16 23:26:48','2021-03-16 23:26:48',NULL),
(259,5,'B133','HAZARD ANALYSIS AND CRITICAL CONTROL POINT (HACCP)',2,2,'2021-03-16 23:26:48','2021-03-16 23:26:48',NULL),
(260,5,'B134','KESIHATAN DAN KESELAMATAN DALAM PEKERJAAN (OSHA)',2,2,'2021-03-16 23:26:48','2021-03-16 23:26:48',NULL),
(261,5,'B135','AMALAN KEBERSIHAN DAN PERKILANGAN YANG BAIK (GMP)',2,2,'2021-03-16 23:26:48','2021-03-16 23:26:48',NULL),
(262,5,'B136','INDUSTRY 4.0 READINESS ASSESSMENT FOR ASSESSOR',2,2,'2021-03-16 23:26:48','2021-03-16 23:26:48',NULL),
(263,5,'B137','SISTEM PENGURUSAN KESIHATAN DAN KESELAMATAN PEKERJAAN ISO 45001:2018 (OHSMS)',2,2,'2021-03-16 23:26:48','2021-03-16 23:26:48',NULL),
(264,5,'B138','SISTEM PENGURUSAN KESELAMATAN MAKANAN ISO 22000:2018',2,2,'2021-03-16 23:26:48','2021-03-16 23:26:48',NULL),
(265,5,'B139','KURSUS PENSIJILAN MINYAK KELAPA SAWIT MAMPAN (MSPO) MS 2530:2013',2,2,'2021-03-16 23:26:48','2021-03-16 23:26:48',NULL),
(266,6,'BB140','SPPE - LEAN',2,2,'2021-03-16 23:26:48','2021-03-16 23:26:48',NULL),
(267,6,'BB141','SPPE - DIGITALISASI',2,2,'2021-03-16 23:26:48','2021-03-16 23:26:48',NULL),
(268,6,'BB142','SPPE – KAIZEN',2,2,'2021-03-16 23:26:48','2021-03-16 23:26:48',NULL),
(269,6,'BB143','SPPE – QE/5S (AMALAN PERSEKITARAN BERKUALITI)',2,2,'2021-03-16 23:26:48','2021-03-16 23:26:48',NULL),
(270,6,'BB144','SPPE – SISTEM PENGURUSAN KUALITI',2,2,'2021-03-16 23:26:48','2021-03-16 23:26:48',NULL),
(271,6,'BB145','SPPE – SISTEM KESELAMATAN MAKANAN',2,2,'2021-03-16 23:26:48','2021-03-16 23:26:48',NULL),
(272,6,'BB146','SPPE – BUSINESS EXCELLENCE FRAMEWORK',2,2,'2021-03-16 23:26:48','2021-03-16 23:26:48',NULL),
(273,6,'BB147','SPPE – TOTAL PRODUCTIVE MANITENANCE (TPM)',2,2,'2021-03-16 23:26:48','2021-03-16 23:26:48',NULL),
(274,6,'BC148','PPKV – MEDAC (LEAN)',2,2,'2021-03-16 23:26:48','2021-03-16 23:26:48',NULL),
(275,6,'BC149','PPKV-MEDAC (INDUSTRY 4.0/DIGITALISASI)',2,2,'2021-03-16 23:26:48','2021-03-16 23:26:48',NULL),
(276,6,'BC150','PPKV-MEDAC (KAIZEN)',2,2,'2021-03-16 23:26:48','2021-03-16 23:26:48',NULL),
(277,6,'BC151','ADVISORY & CONSULTANCY SERVICES (PRODUCTIVITY)',2,2,'2021-03-16 23:26:48','2021-03-16 23:26:48',NULL),
(278,8,'C001','POLISI DAN PERATURAN: AGROFOOD PRODUCTIVITY NEXUS',2,2,'2021-03-16 23:27:45','2021-03-16 23:27:45',NULL),
(279,8,'C002','POLISI DAN PERATURAN: TOURISM PRODUCTIVITY NEXUS',2,2,'2021-03-16 23:27:45','2021-03-16 23:27:45',NULL),
(280,8,'C003','POLISI DAN PERATURAN: RETAIL AND FOOD & BEVERAGE PRODUCTIVITY NEXUS',2,2,'2021-03-16 23:27:45','2021-03-16 23:27:45',NULL),
(281,8,'C004','POLISI DAN PERATURAN: CHEMICALS AND CHEMICAL PRODUCTS PRODUCTIVITY NEXUS',2,2,'2021-03-16 23:27:45','2021-03-16 23:27:45',NULL),
(282,8,'C005','POLISI DAN PERATURAN: DIGITAL PRODUCTIVITY NEXUS',2,2,'2021-03-16 23:27:45','2021-03-16 23:27:45',NULL),
(283,8,'C006','POLISI DAN PERATURAN: PROFESSIONAL SERVICES PRODUCTIVITY NEXUS',2,2,'2021-03-16 23:27:45','2021-03-16 23:27:45',NULL),
(284,8,'C007','POLISI DAN PERATURAN: PRIVATE HEALTHCARE PRODUCTIVITY NEXUS',2,2,'2021-03-16 23:27:45','2021-03-16 23:27:45',NULL),
(285,8,'C008','POLISI DAN PERATURAN: MACHINERY AND EQUIPMENT PRODUCTIVITY NEXUS',2,2,'2021-03-16 23:27:45','2021-03-16 23:27:45',NULL),
(286,8,'C009','POLISI DAN PERATURAN: ELECTRICAL AND ELECTRONICS PRODUCTIVITY NEXUS',2,2,'2021-03-16 23:27:45','2021-03-16 23:27:45',NULL),
(287,8,'C010','PRODUCTIVITY IMPROVEMENT',2,2,'2021-03-16 23:27:45','2021-03-16 23:27:45',NULL),
(288,8,'C011','STRUKTUR INDUSTRI: AGROFOOD PRODUCTIVITY NEXUS',2,2,'2021-03-16 23:27:45','2021-03-16 23:27:45',NULL),
(289,8,'C012','STRUKTUR INDUSTRI: TOURISM PRODUCTIVITY NEXUS',2,2,'2021-03-16 23:27:45','2021-03-16 23:27:45',NULL),
(290,8,'C013','STRUKTUR INDUSTRI: RETAIL AND FOOD & BEVERAGE PRODUCTIVITY NEXUS',2,2,'2021-03-16 23:27:45','2021-03-16 23:27:45',NULL),
(291,8,'C014','STRUKTUR INDUSTRI: CHEMICALS AND CHEMICAL PRODUCTS PRODUCTIVITY NEXUS',2,2,'2021-03-16 23:27:45','2021-03-16 23:27:45',NULL),
(292,8,'C015','STRUKTUR INDUSTRI: DIGITAL PRODUCTIVITY NEXUS',2,2,'2021-03-16 23:27:45','2021-03-16 23:27:45',NULL),
(293,8,'C016','STRUKTUR INDUSTRI: PROFESSIONAL SERVICES PRODUCTIVITY NEXUS',2,2,'2021-03-16 23:27:45','2021-03-16 23:27:45',NULL),
(294,8,'C017','STRUKTUR INDUSTRI: PRIVATE HEALTHCARE PRODUCTIVITY NEXUS',2,2,'2021-03-16 23:27:45','2021-03-16 23:27:45',NULL),
(295,8,'C018','STRUKTUR INDUSTRI: MACHINERY AND EQUIPMENT PRODUCTIVITY NEXUS',2,2,'2021-03-16 23:27:45','2021-03-16 23:27:45',NULL),
(296,8,'C019','STRUKTUR INDUSTRI: ELECTRICAL AND ELECTRONICS PRODUCTIVITY NEXUS',2,2,'2021-03-16 23:27:45','2021-03-16 23:27:45',NULL),
(297,8,'C020','INSENTIF: AGROFOOD PRODUCTIVITY NEXUS',2,2,'2021-03-16 23:27:45','2021-03-16 23:27:45',NULL),
(298,8,'C021','INSENTIF: TOURISM PRODUCTIVITY NEXUS',2,2,'2021-03-16 23:27:45','2021-03-16 23:27:45',NULL),
(299,8,'C022','INSENTIF: RETAIL AND FOOD & BEVERAGE PRODUCTIVITY NEXUS',2,2,'2021-03-16 23:27:45','2021-03-16 23:27:45',NULL),
(300,8,'C023','INSENTIF: CHEMICALS AND CHEMICAL PRODUCTS PRODUCTIVITY NEXUS',2,2,'2021-03-16 23:27:45','2021-03-16 23:27:45',NULL),
(301,8,'C024','INSENTIF: DIGITAL PRODUCTIVITY NEXUS',2,2,'2021-03-16 23:27:45','2021-03-16 23:27:45',NULL),
(302,8,'C025','INSENTIF: PROFESSIONAL SERVICES PRODUCTIVITY NEXUS',2,2,'2021-03-16 23:27:45','2021-03-16 23:27:45',NULL),
(303,8,'C026','INSENTIF: PRIVATE HEALTHCARE PRODUCTIVITY NEXUS',2,2,'2021-03-16 23:27:45','2021-03-16 23:27:45',NULL),
(304,8,'C027','INSENTIF: MACHINERY AND EQUIPMENT PRODUCTIVITY NEXUS',2,2,'2021-03-16 23:27:45','2021-03-16 23:27:45',NULL),
(305,8,'C028','INSENTIF: ELECTRICAL AND ELECTRONICS PRODUCTIVITY NEXUS',2,2,'2021-03-16 23:27:45','2021-03-16 23:27:45',NULL),
(306,8,'C029','AGROFOOD PRODUCTIVITY NEXUS: TENAGA KERJA (WORKFORCE)',2,2,'2021-03-16 23:27:45','2021-03-16 23:27:45',NULL),
(307,8,'C030','AGROFOOD PRODUCTIVITY NEXUS: TEKNOLOGI (TECHNOLOGY)',2,2,'2021-03-16 23:27:45','2021-03-16 23:27:45',NULL),
(308,8,'C031','AGROFOOD PRODUCTIVITY NEXUS: DIGITAL',2,2,'2021-03-16 23:27:45','2021-03-16 23:27:45',NULL),
(309,8,'C032','AGROFOOD PRODUCTIVITY NEXUS: POLISI & PERATURAN (REGULATION)',2,2,'2021-03-16 23:27:45','2021-03-16 23:27:45',NULL),
(310,8,'C033','AGROFOOD PRODUCTIVITY NEXUS: INSENTIF (INCENTIVE)',2,2,'2021-03-16 23:27:45','2021-03-16 23:27:45',NULL),
(311,8,'C034','AGROFOOD PRODUCTIVITY NEXUS: INDUSTRY STRUCTURE',2,2,'2021-03-16 23:27:45','2021-03-16 23:27:45',NULL),
(312,8,'C035','AGROFOOD PRODUCTIVITY NEXUS: MARKETING STRATEGY',2,2,'2021-03-16 23:27:45','2021-03-16 23:27:45',NULL),
(313,8,'C036','AGROFOOD PRODUCTIVITY NEXUS: STANDARD & PENSIJILAN (MYGAP, HALAL, HACCP, GMP, MESTI DAN LAIN-LAIN YANG BERKAITAN)',2,2,'2021-03-16 23:27:45','2021-03-16 23:27:45',NULL),
(314,8,'C037','AGROFOOD PRODUCTIVITY NEXUS: FINANCIAL MANAGEMENT',2,2,'2021-03-16 23:27:45','2021-03-16 23:27:45',NULL),
(315,8,'C038','AGROFOOD PRODUCTIVITY NEXUS: OPERATION MANAGEMENT',2,2,'2021-03-16 23:27:45','2021-03-16 23:27:45',NULL),
(316,8,'C039','AGROFOOD PRODUCTIVITY NEXUS: BUSINESS MANAGEMENT',2,2,'2021-03-16 23:27:45','2021-03-16 23:27:45',NULL),
(317,8,'C040','AGROFOOD PRODUCTIVITY NEXUS: PRODUCT DEVELOPMENT',2,2,'2021-03-16 23:27:45','2021-03-16 23:27:45',NULL),
(318,8,'C041','AGROFOOD PRODUCTIVITY NEXUS: SYSTEM DEVELOPMENT',2,2,'2021-03-16 23:27:45','2021-03-16 23:27:45',NULL),
(319,8,'C042','AGROFOOD PRODUCTIVITY NEXUS: PROFESSIONAL SERVICES',2,2,'2021-03-16 23:27:45','2021-03-16 23:27:45',NULL),
(320,8,'C043','AGROFOOD PRODUCTIVITY NEXUS: IMPORT & EXPORT',2,2,'2021-03-16 23:27:45','2021-03-16 23:27:45',NULL),
(321,8,'C044','TOURISM PRODUCTIVITY NEXUS: WORKFORCE & TALENT DEVELOPMENT',2,2,'2021-03-16 23:27:45','2021-03-16 23:27:45',NULL),
(322,8,'C045','TOURISM PRODUCTIVITY NEXUS: INCENTIVE',2,2,'2021-03-16 23:27:45','2021-03-16 23:27:45',NULL),
(323,8,'C046','TOURISM PRODUCTIVITY NEXUS: INDUSTRY STRUCTURE',2,2,'2021-03-16 23:27:45','2021-03-16 23:27:45',NULL),
(324,8,'C047','TOURISM PRODUCTIVITY NEXUS: PROMOTION & MARKETING STRATEGY',2,2,'2021-03-16 23:27:45','2021-03-16 23:27:45',NULL),
(325,8,'C048','TOURISM PRODUCTIVITY NEXUS: PROGRAM PENSIJILAN PERNIAGAAN MALAYSIA TOURISM EXCELLENCE (MATEX)',2,2,'2021-03-16 23:27:45','2021-03-16 23:27:45',NULL),
(326,8,'C049','GARIS PANDUAN PATUH DAN AMAL COVID-19',2,2,'2021-03-16 23:27:45','2021-03-16 23:27:45',NULL),
(327,8,'C050','TOURISM PRODUCTIVITY NEXUS: STANDARD & PENSIJILAN INDUSTRY LEVEL (SUB-SECTOR SPECIFIC / ACROSS VALUE CHAIN) STANDARD AND CERTIFICATION',2,2,'2021-03-16 23:27:45','2021-03-16 23:27:45',NULL),
(328,8,'C051','TOURISM PRODUCTIVITY NEXUS: STANDARD & PENSIJILAN MALAYSIA TOURISM QUALITY ASSURANCE (MYTQA)',2,2,'2021-03-16 23:27:45','2021-03-16 23:27:45',NULL),
(329,8,'C052','TOURISM PRODUCTIVITY NEXUS: STANDARD & PENSIJILAN MALAYSIAN STANDARD / NATIONAL LEVEL / ISO',2,2,'2021-03-16 23:27:45','2021-03-16 23:27:45',NULL),
(330,8,'C053','TOURISM PRODUCTIVITY NEXUS: STANDARD & PENSIJILAN UN-WTO / INTERNATIONAL LEVEL / REGIONAL LEVEL / ASEAN LEVEL STANDARD AND CERTIFICATION',2,2,'2021-03-16 23:27:45','2021-03-16 23:27:45',NULL),
(331,8,'C054','TOURISM PRODUCTIVITY NEXUS: MANAGEMENT (FINANCIAL, OPERATION, BUSINESS)',2,2,'2021-03-16 23:27:45','2021-03-16 23:27:45',NULL),
(332,8,'C055','TOURISM PRODUCTIVITY NEXUS: PRODUCT DEVELOPMENT',2,2,'2021-03-16 23:27:45','2021-03-16 23:27:45',NULL),
(333,8,'C056','TOURISM PRODUCTIVITY NEXUS: SYSTEM DEVELOPMENT',2,2,'2021-03-16 23:27:45','2021-03-16 23:27:45',NULL),
(334,8,'C057','TOURISM PRODUCTIVITY NEXUS: PROFESSIONAL SERVICES',2,2,'2021-03-16 23:27:45','2021-03-16 23:27:45',NULL),
(335,8,'C058','TOURISM PRODUCTIVITY NEXUS: IMPORT & EXPORT',2,2,'2021-03-16 23:27:45','2021-03-16 23:27:45',NULL),
(336,8,'C059','TOURISM PRODUCTIVITY NEXUS: CONTENT DEVELOPMENT',2,2,'2021-03-16 23:27:45','2021-03-16 23:27:45',NULL),
(337,8,'C060','TOURISM PRODUCTIVITY NEXUS: ECONOMICS',2,2,'2021-03-16 23:27:45','2021-03-16 23:27:45',NULL),
(338,8,'C061','TOURISM PRODUCTIVITY NEXUS: SPECIFIC / CURRENT INDUSTRY ISSUES',2,2,'2021-03-16 23:27:45','2021-03-16 23:27:45',NULL),
(339,8,'C062','TOURISM PRODUCTIVITY NEXUS: INBOUND TOURISM BOOTCAMP (ITB)',2,2,'2021-03-16 23:27:45','2021-03-16 23:27:45',NULL),
(340,8,'C063','TOURISM PRODUCTIVITY NEXUS: INBOUND DESTINATION EXPERTS (IDEX)',2,2,'2021-03-16 23:27:45','2021-03-16 23:27:45',NULL),
(341,8,'C064','TOURISM PRODUCTIVITY NEXUS: MALAYSIA VIRTUAL EXPERIENCE (MYVXP)',2,2,'2021-03-16 23:27:45','2021-03-16 23:27:45',NULL),
(342,8,'C065','TOURISM PRODUCTIVITY NEXUS: INBOUND TOURISM BUSINESS EXCHANGE (IBEX)',2,2,'2021-03-16 23:27:45','2021-03-16 23:27:45',NULL),
(343,8,'C066','TOURISM PRODUCTIVITY NEXUS: SHOWCASING TOURISM PRODUCTS (STP)',2,2,'2021-03-16 23:27:45','2021-03-16 23:27:45',NULL),
(344,8,'C067','TOURISM PRODUCTIVITY NEXUS: TPN VIRTUAL ADVISORY CLINICS (T-VAC)',2,2,'2021-03-16 23:27:45','2021-03-16 23:27:45',NULL),
(345,8,'C068','TOURISM PRODUCTIVITY NEXUS: INBOUND TOURISM EXCHANGE (INTEX)',2,2,'2021-03-16 23:27:45','2021-03-16 23:27:45',NULL),
(346,8,'C069','RETAIL AND FOOD & BEVERAGE PRODUCTIVITY NEXUS: BUSINESS DIGITALISATION',2,2,'2021-03-16 23:27:45','2021-03-16 23:27:45',NULL),
(347,8,'C070','RETAIL AND FOOD & BEVERAGE PRODUCTIVITY NEXUS: BRANDING & MARKETING',2,2,'2021-03-16 23:27:45','2021-03-16 23:27:45',NULL),
(348,8,'C071','RETAIL AND FOOD & BEVERAGE PRODUCTIVITY NEXUS: SUPPLY CHAIN MANAGEMENT',2,2,'2021-03-16 23:27:45','2021-03-16 23:27:45',NULL),
(349,8,'C072','RETAIL AND FOOD & BEVERAGE PRODUCTIVITY NEXUS: BUSINESS OPERATION/ SOP',2,2,'2021-03-16 23:27:45','2021-03-16 23:27:45',NULL),
(350,8,'C073','RETAIL AND FOOD & BEVERAGE PRODUCTIVITY NEXUS: HUMAN RESOURCE MANAGEMENT',2,2,'2021-03-16 23:27:45','2021-03-16 23:27:45',NULL),
(351,8,'C074','RETAIL AND FOOD & BEVERAGE PRODUCTIVITY NEXUS: BUSINESS FINANCE & FUNDING',2,2,'2021-03-16 23:27:45','2021-03-16 23:27:45',NULL),
(352,8,'C075','RETAIL AND FOOD & BEVERAGE PRODUCTIVITY NEXUS: DIGITAL MARKETING AND E-COMMERCE',2,2,'2021-03-16 23:27:45','2021-03-16 23:27:45',NULL),
(353,8,'C076','RETAIL AND FOOD & BEVERAGE PRODUCTIVITY NEXUS: DIGITAL BUSINESS OPERATION SYSTEM (ERP)',2,2,'2021-03-16 23:27:45','2021-03-16 23:27:45',NULL),
(354,8,'C077','RETAIL AND FOOD & BEVERAGE PRODUCTIVITY NEXUS: RESTAURANT MANAGEMENT',2,2,'2021-03-16 23:27:45','2021-03-16 23:27:45',NULL),
(355,8,'C078','RETAIL AND FOOD & BEVERAGE PRODUCTIVITY NEXUS: PERANCANG STRATEGIK ICT (ISP)',2,2,'2021-03-16 23:27:45','2021-03-16 23:27:45',NULL),
(356,8,'C079','RETAIL AND FOOD & BEVERAGE PRODUCTIVITY NEXUS: PENGURUSAN MAKLUMAT ICT',2,2,'2021-03-16 23:27:45','2021-03-16 23:27:45',NULL),
(357,8,'C080','RETAIL AND FOOD & BEVERAGE PRODUCTIVITY NEXUS: PENGURUSAN NILAI BUKAN FIZIKAL',2,2,'2021-03-16 23:27:45','2021-03-16 23:27:45',NULL),
(358,8,'C081','RETAIL AND FOOD & BEVERAGE PRODUCTIVITY NEXUS: PENGURUSAN TELEKOMUNIKASI',2,2,'2021-03-16 23:27:45','2021-03-16 23:27:45',NULL),
(359,8,'C082','RETAIL AND FOOD & BEVERAGE PRODUCTIVITY NEXUS: PENSIJILAN DAN PENGIKTIRAFAN UJIAN',2,2,'2021-03-16 23:27:45','2021-03-16 23:27:45',NULL),
(360,8,'C083','RETAIL AND FOOD & BEVERAGE PRODUCTIVITY NEXUS: BAHAN BACAAN',2,2,'2021-03-16 23:27:45','2021-03-16 23:27:45',NULL),
(361,8,'C084','RETAIL AND FOOD & BEVERAGE PRODUCTIVITY NEXUS: PENERBITAN ELEKTRONIK ATAS TALIAN',2,2,'2021-03-16 23:27:45','2021-03-16 23:27:45',NULL),
(362,8,'C085','RETAIL AND FOOD & BEVERAGE PRODUCTIVITY NEXUS: CERTIFICATION OF RETAIL AND F&B WORKFORCE WITH SIJIL KEMAHIRAN MALAYSIA (SKM)',2,2,'2021-03-16 23:27:45','2021-03-16 23:27:45',NULL),
(363,8,'C086','RETAIL AND FOOD & BEVERAGE PRODUCTIVITY NEXUS: CERTIFICATE IN F&B OPERATIONS (SERVICE EXCELLENCE)',2,2,'2021-03-16 23:27:45','2021-03-16 23:27:45',NULL),
(364,8,'C087','RETAIL AND FOOD & BEVERAGE PRODUCTIVITY NEXUS: RETAIL AND F&B VIRTUAL ADVISORY CLINIC (RFB-VAC)',2,2,'2021-03-16 23:27:45','2021-03-16 23:27:45',NULL),
(365,8,'C088','RETAIL AND FOOD & BEVERAGE PRODUCTIVITY NEXUS: PRODUCT DEVELOPMENT',2,2,'2021-03-16 23:27:45','2021-03-16 23:27:45',NULL),
(366,8,'C089','CHEMICALS AND CHEMICAL PRODUCTS PRODUCTIVITY NEXUS: BASIC CHEMICALS',2,2,'2021-03-16 23:27:45','2021-03-16 23:27:45',NULL),
(367,8,'C090','CHEMICALS AND CHEMICAL PRODUCTS PRODUCTIVITY NEXUS: FERTILIZERS AND NITROGEN COMPOUNDS',2,2,'2021-03-16 23:27:45','2021-03-16 23:27:45',NULL),
(368,8,'C091','CHEMICALS AND CHEMICAL PRODUCTS PRODUCTIVITY NEXUS: PLASTICS AND SYNTHETIC RUBBER IN PRIMARY FORMS',2,2,'2021-03-16 23:27:45','2021-03-16 23:27:45',NULL),
(369,8,'C092','CHEMICALS AND CHEMICAL PRODUCTS PRODUCTIVITY NEXUS: PESTICIDES AND OTHER AGROCHEMICAL PRODUCTS',2,2,'2021-03-16 23:27:45','2021-03-16 23:27:45',NULL),
(370,8,'C093','CHEMICALS AND CHEMICAL PRODUCTS PRODUCTIVITY NEXUS: PAINTS, VARNISHES AND SIMILAR COATINGS, PRINTING INK AND MASTICS',2,2,'2021-03-16 23:27:45','2021-03-16 23:27:45',NULL),
(371,8,'C094','CHEMICALS AND CHEMICAL PRODUCTS PRODUCTIVITY NEXUS: SOAP AND DETERGENTS, CLEANING AND POLISHING PREPARATIONS, PERFUMES AND TOILET PREPARATIONS',2,2,'2021-03-16 23:27:45','2021-03-16 23:27:45',NULL),
(372,8,'C095','CHEMICALS AND CHEMICAL PRODUCTS PRODUCTIVITY NEXUS: CHEMICAL ENGINEERING',2,2,'2021-03-16 23:27:45','2021-03-16 23:27:45',NULL),
(373,8,'C096','CHEMICALS AND CHEMICAL PRODUCTS PRODUCTIVITY NEXUS: PROCESS ENGINEERING',2,2,'2021-03-16 23:27:45','2021-03-16 23:27:45',NULL),
(374,8,'C097','CHEMICALS AND CHEMICAL PRODUCTS PRODUCTIVITY NEXUS: CHEMICAL SAFETY',2,2,'2021-03-16 23:27:45','2021-03-16 23:27:45',NULL),
(375,8,'C098','CHEMICALS AND CHEMICAL PRODUCTS PRODUCTIVITY NEXUS: REGULATORY COMPLIANCE',2,2,'2021-03-16 23:27:45','2021-03-16 23:27:45',NULL),
(376,8,'C099','CHEMICALS AND CHEMICAL PRODUCTS PRODUCTIVITY NEXUS: PHARMACEUTICALS, MEDICINAL CHEMICAL AND',2,2,'2021-03-16 23:27:45','2021-03-16 23:27:45',NULL),
(377,8,'','CHEMICALS AND CHEMICAL PRODUCTS PRODUCTIVITY NEXUS: BOTANICAL PRODUCTS',2,2,'2021-03-16 23:27:45','2021-03-16 23:27:45',NULL),
(378,8,'C100','CHEMICALS AND CHEMICAL PRODUCTS PRODUCTIVITY NEXUS: MAN-MADE FIBRES',2,2,'2021-03-16 23:27:45','2021-03-16 23:27:45',NULL),
(379,8,'C101','CHEMICALS AND CHEMICAL PRODUCTS PRODUCTIVITY NEXUS: HAZARDOUS CHEMICAL',2,2,'2021-03-16 23:27:45','2021-03-16 23:27:45',NULL),
(380,8,'C102','CHEMICALS AND CHEMICAL PRODUCTS PRODUCTIVITY NEXUS: INNOVATION BUSINESS OPERATIONS',2,2,'2021-03-16 23:27:45','2021-03-16 23:27:45',NULL),
(381,8,'C103','CHEMICALS AND CHEMICAL PRODUCTS PRODUCTIVITY NEXUS: INTELLIGENCE MANUFACTURING SOLUTION',2,2,'2021-03-16 23:27:45','2021-03-16 23:27:45',NULL),
(382,8,'C104','CHEMICALS AND CHEMICAL PRODUCTS PRODUCTIVITY NEXUS: FINANCIAL CONSULTATION',2,2,'2021-03-16 23:27:45','2021-03-16 23:27:45',NULL),
(383,8,'C105','CHEMICALS AND CHEMICAL PRODUCTS PRODUCTIVITY NEXUS: SUPPLY CHAIN OPERATIONS',2,2,'2021-03-16 23:27:45','2021-03-16 23:27:45',NULL),
(384,8,'C106','CHEMICALS AND CHEMICAL PRODUCTS PRODUCTIVITY NEXUS: INFORMATION TECHNOLOGY',2,2,'2021-03-16 23:27:45','2021-03-16 23:27:45',NULL),
(385,8,'C107','DIGITAL PRODUCTIVITY NEXUS: TENAGA KERJA (WORKFORCE)',2,2,'2021-03-16 23:27:45','2021-03-16 23:27:45',NULL),
(386,8,'C108','DIGITAL PRODUCTIVITY NEXUS: TEKNOLOGI (TECHNOLOGY) & DIGITAL',2,2,'2021-03-16 23:27:45','2021-03-16 23:27:45',NULL),
(387,8,'C109','DIGITAL PRODUCTIVITY NEXUS: POLISI & PERATURAN (REGULATION)',2,2,'2021-03-16 23:27:45','2021-03-16 23:27:45',NULL),
(388,8,'C110','DIGITAL PRODUCTIVITY NEXUS: INSENTIF (INCENTIVE)',2,2,'2021-03-16 23:27:45','2021-03-16 23:27:45',NULL),
(389,8,'C111','DIGITAL PRODUCTIVITY NEXUS: INDUSTRY STRUCTURE',2,2,'2021-03-16 23:27:45','2021-03-16 23:27:45',NULL),
(390,8,'C112','DIGITAL PRODUCTIVITY NEXUS: MARKETING STRATEGY',2,2,'2021-03-16 23:27:45','2021-03-16 23:27:45',NULL),
(391,8,'C113','DIGITAL PRODUCTIVITY NEXUS: STANDARD & PENSIJILAN',2,2,'2021-03-16 23:27:45','2021-03-16 23:27:45',NULL),
(392,8,'C114','DIGITAL PRODUCTIVITY NEXUS: MANAGEMENT',2,2,'2021-03-16 23:27:45','2021-03-16 23:27:45',NULL),
(393,8,'C115','PROFESSIONAL SERVICES PRODUCTIVITY NEXUS: WORKFORCE & TALENT DEVELOPMENT',2,2,'2021-03-16 23:27:45','2021-03-16 23:27:45',NULL),
(394,8,'C116','PROFESSIONAL SERVICES PRODUCTIVITY NEXUS: TECHNOLOGY & DIGITAL (INTELLIGENT SERVICES SOLUTIONS)',2,2,'2021-03-16 23:27:45','2021-03-16 23:27:45',NULL),
(395,8,'C117','PROFESSIONAL SERVICES PRODUCTIVITY NEXUS: INDUSTRY STRUCTURE (INNOVATIVE BUSINESS OPERATION)',2,2,'2021-03-16 23:27:45','2021-03-16 23:27:45',NULL),
(396,8,'C118','PROFESSIONAL SERVICES PRODUCTIVITY NEXUS: POLICY & REGULATIONS',2,2,'2021-03-16 23:27:45','2021-03-16 23:27:45',NULL),
(397,8,'C119','PROFESSIONAL SERVICES PRODUCTIVITY NEXUS: FINANCIAL CONSULTATION',2,2,'2021-03-16 23:27:45','2021-03-16 23:27:45',NULL),
(398,8,'C120','ELECTRICAL AND ELECTRONICS PRODUCTIVITY NEXUS: HACKATHON',2,2,'2021-03-16 23:27:45','2021-03-16 23:27:45',NULL),
(399,8,'C121','ELECTRICAL AND ELECTRONICS PRODUCTIVITY NEXUS: PLUGFEST 1.0 (IOT)',2,2,'2021-03-16 23:27:45','2021-03-16 23:27:45',NULL),
(400,8,'C122','ELECTRICAL AND ELECTRONICS PRODUCTIVITY NEXUS: PLUGFEST 2.0',2,2,'2021-03-16 23:27:45','2021-03-16 23:27:45',NULL),
(401,8,'C123','ELECTRICAL AND ELECTRONICS PRODUCTIVITY NEXUS:  VIRTUAL ADVISORY CLINIC (EEVAC)',2,2,'2021-03-16 23:27:45','2021-03-16 23:27:45',NULL),
(402,8,'C124','ELECTRICAL AND ELECTRONICS PRODUCTIVITY NEXUS:  MENTORING FOR INDUSTRY 4.0 (EEMI4.0)',2,2,'2021-03-16 23:27:45','2021-03-16 23:27:45',NULL),
(403,8,'C125','ELECTRICAL AND ELECTRONICS PRODUCTIVITY NEXUS: EMBEDDED SYSTEM DESIGN',2,2,'2021-03-16 23:27:45','2021-03-16 23:27:45',NULL),
(404,8,'C126','ELECTRICAL AND ELECTRONICS PRODUCTIVITY NEXUS: E TESTING AND ACCREDITATIONS',2,2,'2021-03-16 23:27:45','2021-03-16 23:27:45',NULL),
(405,8,'C127','ELECTRICAL AND ELECTRONICS PRODUCTIVITY NEXUS: IC DESIGN & DEVELOPMENT',2,2,'2021-03-16 23:27:45','2021-03-16 23:27:45',NULL),
(406,8,'C128','ELECTRICAL AND ELECTRONICS PRODUCTIVITY NEXUS:  AUTOMATION',2,2,'2021-03-16 23:27:45','2021-03-16 23:27:45',NULL),
(407,8,'C129','ELECTRICAL AND ELECTRONICS PRODUCTIVITY NEXUS: MCAD',2,2,'2021-03-16 23:27:45','2021-03-16 23:27:45',NULL),
(408,8,'C130','ELECTRICAL AND ELECTRONICS PRODUCTIVITY NEXUS: OPERATING SYSTEM (OS) DEVELOPMENT',2,2,'2021-03-16 23:27:45','2021-03-16 23:27:45',NULL),
(409,8,'C131','ELECTRICAL AND ELECTRONICS PRODUCTIVITY NEXUS: LED',2,2,'2021-03-16 23:27:45','2021-03-16 23:27:45',NULL),
(410,8,'C132','ELECTRICAL AND ELECTRONICS PRODUCTIVITY NEXUS: SOLAR PHOTOVOLTAIC (PV)',2,2,'2021-03-16 23:27:45','2021-03-16 23:27:45',NULL),
(411,8,'C133','ELECTRICAL AND ELECTRONICS PRODUCTIVITY NEXUS:  TESTING AND ACCREDITATIONS',2,2,'2021-03-16 23:27:45','2021-03-16 23:27:45',NULL),
(412,8,'C134','MACHINERY AND EQUIPMENT PRODUCTIVITY NEXUS: TENAGA KERJA (WORKFORCE)',2,2,'2021-03-16 23:27:45','2021-03-16 23:27:45',NULL),
(413,8,'C135','MACHINERY AND EQUIPMENT PRODUCTIVITY NEXUS: PERKHIDMATAN SOKONGAN KEJURUTERAAN TEKNOLOGI I4.0',2,2,'2021-03-16 23:27:45','2021-03-16 23:27:45',NULL),
(414,8,'C136','MACHINERY AND EQUIPMENT PRODUCTIVITY NEXUS: POLISI & PERATURAN (REGULATION)',2,2,'2021-03-16 23:27:45','2021-03-16 23:27:45',NULL),
(415,8,'C137','MACHINERY AND EQUIPMENT PRODUCTIVITY NEXUS: INSENTIF (INCENTIVE)',2,2,'2021-03-16 23:27:45','2021-03-16 23:27:45',NULL),
(416,8,'C138','MACHINERY AND EQUIPMENT PRODUCTIVITY NEXUS: INDUSTRY STRUCTURE, VALUE CHAIN DAN CLUSTER',2,2,'2021-03-16 23:27:45','2021-03-16 23:27:45',NULL),
(417,8,'C139','MACHINERY AND EQUIPMENT PRODUCTIVITY NEXUS: STANDARD, PENSIJILAN (LOCAL & INTERNATIONAL) DAN PENILAIAN/PEMERIKSAAN',2,2,'2021-03-16 23:27:45','2021-03-16 23:27:45',NULL),
(418,8,'C140','MACHINERY AND EQUIPMENT PRODUCTIVITY NEXUS: MANAGEMENT (FINANCIAL, OPERATION, BUSINESS DEVELOPMENT, SALES, MARKETING, WAREHOUSE, PLANT)',2,2,'2021-03-16 23:27:45','2021-03-16 23:27:45',NULL),
(419,8,'C141','PRODUCT DESIGN AND DEVELOPMENT AND R&D',2,2,'2021-03-16 23:27:45','2021-03-16 23:27:45',NULL),
(420,8,'C142','MACHINERY AND EQUIPMENT PRODUCTIVITY NEXUS: SYSTEM DEVELOPMENT, INTEGRATION AND TOTAL SOLUTION',2,2,'2021-03-16 23:27:45','2021-03-16 23:27:45',NULL),
(421,8,'C143','MACHINERY AND EQUIPMENT PRODUCTIVITY NEXUS: PROFESSIONAL SERVICES IN ENGINEERING RELATED (ELECTRICAL, ELECTRONIC, MECHANICAL & MECHATRONIC)',2,2,'2021-03-16 23:27:45','2021-03-16 23:27:45',NULL),
(422,8,'C144','MACHINERY AND EQUIPMENT PRODUCTIVITY NEXUS: IMPORT & EXPORT',2,2,'2021-03-16 23:27:45','2021-03-16 23:27:45',NULL),
(423,8,'C145','MACHINERY AND EQUIPMENT PRODUCTIVITY NEXUS: PRODUCTIVITY ANALYSIS',2,2,'2021-03-16 23:27:45','2021-03-16 23:27:45',NULL),
(424,8,'C146','MACHINERY AND EQUIPMENT PRODUCTIVITY NEXUS: PRODUCTIVITY TOOLS (LEAN, 5S, KANBAN, KAIZEN, SIX SIGMA, PROBLEM SOLVING, TPM, TQM)',2,2,'2021-03-16 23:27:45','2021-03-16 23:27:45',NULL),
(425,8,'C147','MACHINERY AND EQUIPMENT PRODUCTIVITY NEXUS: INDUSTRY SPECIFIC ISSUES, CHALLANGES AND RECOMENDARTION (SOCIO-ECONOMICS)',2,2,'2021-03-16 23:27:45','2021-03-16 23:27:45',NULL),
(426,8,'C148','MACHINERY AND EQUIPMENT PRODUCTIVITY NEXUS: AUTOMATION AND DIGITALISATION',2,2,'2021-03-16 23:27:45','2021-03-16 23:27:45',NULL),
(427,8,'C149','MACHINERY AND EQUIPMENT PRODUCTIVITY NEXUS: PRODUCTIVITY LINKED TRAINING COURSE FOR TVET INSTITUTIONS IN M&E SECTOR',2,2,'2021-03-16 23:27:45','2021-03-16 23:27:45',NULL),
(428,8,'C150','MACHINERY AND EQUIPMENT PRODUCTIVITY NEXUS: OVERALL EQUIPMENT EFFECTIVENESS (OEE)',2,2,'2021-03-16 23:27:45','2021-03-16 23:27:45',NULL),
(429,8,'C151','MACHINERY AND EQUIPMENT PRODUCTIVITY NEXUS: EMPOWERMENT OF EXISTING CENTRE OF EXCELLENCE (COE)',2,2,'2021-03-16 23:27:45','2021-03-16 23:27:45',NULL),
(430,8,'C152','MACHINERY AND EQUIPMENT PRODUCTIVITY NEXUS: M&E VIRTUAL ADVISORY CLINIC (MEVAC)',2,2,'2021-03-16 23:27:45','2021-03-16 23:27:45',NULL),
(431,8,'C153','MACHINERY AND EQUIPMENT PRODUCTIVITY NEXUS: PRODUCTIVITY1010 (PRODUCTIVITY THROUGH DIGITISATION)',2,2,'2021-03-16 23:27:45','2021-03-16 23:27:45',NULL),
(432,8,'C154','MACHINERY AND EQUIPMENT PRODUCTIVITY NEXUS: PRODUCTIVITY IMPROVEMENT PROGRAM',2,2,'2021-03-16 23:27:45','2021-03-16 23:27:45',NULL),
(433,8,'C155','MACHINERY AND EQUIPMENT PRODUCTIVITY NEXUS: M&E COORDINATION PROGRAM',2,2,'2021-03-16 23:27:45','2021-03-16 23:27:45',NULL),
(434,8,'C156','MACHINERY AND EQUIPMENT PRODUCTIVITY NEXUS: M&E CLUSTERING INITIATIVE',2,2,'2021-03-16 23:27:45','2021-03-16 23:27:45',NULL),
(435,8,'C157','PRIVATE HEALTHCARE PRODUCTIVITY NEXUS: TENAGA KERJA (WORKFORCE)',2,2,'2021-03-16 23:27:45','2021-03-16 23:27:45',NULL),
(436,8,'C158','PRIVATE HEALTHCARE PRODUCTIVITY NEXUS:TEKNOLOGI (TECHNOLOGY) & DIGITAL',2,2,'2021-03-16 23:27:45','2021-03-16 23:27:45',NULL),
(437,8,'C159','PRIVATE HEALTHCARE PRODUCTIVITY NEXUS:POLISI & PERATURAN (REGULATION)',2,2,'2021-03-16 23:27:45','2021-03-16 23:27:45',NULL),
(438,8,'C160','PRIVATE HEALTHCARE PRODUCTIVITY NEXUS:INSENTIF (INCENTIVE)',2,2,'2021-03-16 23:27:45','2021-03-16 23:27:45',NULL),
(439,8,'C161','PRIVATE HEALTHCARE PRODUCTIVITY NEXUS:EKONOMI (ECONOMICS)',2,2,'2021-03-16 23:27:45','2021-03-16 23:27:45',NULL),
(440,8,'C162','PRIVATE HEALTHCARE PRODUCTIVITY NEXUS:INDUSTRY STRUCTURE',2,2,'2021-03-16 23:27:45','2021-03-16 23:27:45',NULL),
(441,8,'C163','PRIVATE HEALTHCARE PRODUCTIVITY NEXUS:MARKETING STRATEGY',2,2,'2021-03-16 23:27:45','2021-03-16 23:27:45',NULL),
(442,8,'C164','PRIVATE HEALTHCARE PRODUCTIVITY NEXUS:STANDARD & PENSIJILAN',2,2,'2021-03-16 23:27:45','2021-03-16 23:27:45',NULL),
(443,8,'C165','PRIVATE HEALTHCARE PRODUCTIVITY NEXUS:MANAGEMENT (FINANCIAL, OPERATION, BUSINESS)',2,2,'2021-03-16 23:27:45','2021-03-16 23:27:45',NULL),
(444,8,'C166','PRIVATE HEALTHCARE PRODUCTIVITY NEXUS:PRODUCT DEVELOPMENT',2,2,'2021-03-16 23:27:45','2021-03-16 23:27:45',NULL),
(445,8,'C167','PRIVATE HEALTHCARE PRODUCTIVITY NEXUS:SYSTEM DEVELOPMENT',2,2,'2021-03-16 23:27:45','2021-03-16 23:27:45',NULL),
(446,8,'C168','PRIVATE HEALTHCARE PRODUCTIVITY NEXUS:PROFESSIONAL SERVICES',2,2,'2021-03-16 23:27:45','2021-03-16 23:27:45',NULL),
(447,8,'C169','PRIVATE HEALTHCARE PRODUCTIVITY NEXUS:PRIVATE HEALTHCARE – VIRTUAL ADVISORY SERVICES',2,2,'2021-03-16 23:27:45','2021-03-16 23:27:45',NULL);

/*Table structure for table `ref_project_category` */


CREATE TABLE `ref_project_category` (
  `project_category_id` int(11) NOT NULL AUTO_INCREMENT,
  `project_category_code` char(10) DEFAULT NULL,
  `project_category_desc` varchar(100) DEFAULT NULL,
  `created_by` int(11) DEFAULT NULL,
  `updated_by` int(11) DEFAULT NULL,
  `created_at` timestamp NULL DEFAULT NULL,
  `updated_at` timestamp NOT NULL DEFAULT CURRENT_TIMESTAMP,
  `deleted_at` timestamp NULL DEFAULT NULL,
  PRIMARY KEY (`project_category_id`)
) ENGINE=InnoDB AUTO_INCREMENT=9 DEFAULT CHARSET=latin1;

/*Data for the table `ref_project_category` */

insert  into `ref_project_category`(`project_category_id`,`project_category_code`,`project_category_desc`,`created_by`,`updated_by`,`created_at`,`updated_at`,`deleted_at`) values 
(1,'AG','GOOD REGULATORY PRACTICE (GRP)',2,2,'2021-03-16 23:08:57','2021-03-16 23:08:57',NULL),
(2,'AB','BEHAVIOURAL INSIGHTS',2,2,'2021-03-16 23:08:57','2021-05-30 01:13:57',NULL),
(3,'AC','COMPETITIVENESS',2,2,'2021-03-16 23:08:57','2021-03-16 23:08:57',NULL),
(4,'AE','PRODUCTIVITY-LINKED WAGE SYSTEM (PLWS)',2,2,'2021-03-16 23:08:57','2021-03-16 23:08:57',NULL),
(5,'B','ORGANISATIONAL EXCELLENCE DEVELOPMENT (OED)',2,2,'2021-03-16 23:08:57','2021-03-16 23:08:57',NULL),
(6,'BB','SKIM PENINGKATAN PRODUKTIVITI ENTERPRIS (SPPE)',2,2,'2021-03-16 23:08:57','2021-03-16 23:08:57',NULL),
(7,'BC','PROGRAM PEMBANGUNAN KAPASITI VENDOR (PPKV)',2,2,'2021-03-16 23:08:57','2021-03-16 23:08:57',NULL),
(8,'C','PRODUCTIVITY GROWTH',2,2,'2021-03-16 23:08:57','2021-03-16 23:08:57',NULL);

/*Table structure for table `ref_race` */


CREATE TABLE `ref_race` (
  `race_id` int(11) NOT NULL AUTO_INCREMENT,
  `race_desc` varchar(50) NOT NULL,
  `created_at` timestamp NULL DEFAULT NULL,
  `updated_at` timestamp NOT NULL DEFAULT CURRENT_TIMESTAMP,
  `deleted_at` timestamp NULL DEFAULT NULL,
  PRIMARY KEY (`race_id`,`updated_at`)
) ENGINE=InnoDB AUTO_INCREMENT=5 DEFAULT CHARSET=latin1;

/*Data for the table `ref_race` */

insert  into `ref_race`(`race_id`,`race_desc`,`created_at`,`updated_at`,`deleted_at`) values 
(1,'Melayu','2018-12-04 21:29:28','2018-12-04 21:29:07',NULL),
(2,'Cina','2018-12-04 21:29:31','2018-12-04 21:29:09',NULL),
(3,'India','2018-12-04 21:29:36','2018-12-04 21:29:13',NULL),
(4,'Lain-lain','2018-12-04 21:29:39','2018-12-04 21:29:18',NULL);

/*Table structure for table `ref_religion` */


CREATE TABLE `ref_religion` (
  `religion_id` int(11) NOT NULL AUTO_INCREMENT,
  `religion_desc` varchar(50) NOT NULL,
  `created_at` timestamp NULL DEFAULT NULL,
  `updated_at` timestamp NOT NULL DEFAULT CURRENT_TIMESTAMP,
  `deleted_at` timestamp NULL DEFAULT NULL,
  PRIMARY KEY (`religion_id`,`updated_at`)
) ENGINE=InnoDB AUTO_INCREMENT=6 DEFAULT CHARSET=latin1;

/*Data for the table `ref_religion` */

insert  into `ref_religion`(`religion_id`,`religion_desc`,`created_at`,`updated_at`,`deleted_at`) values 
(1,'Islam','2018-12-04 21:28:12','2018-12-04 21:28:12',NULL),
(2,'Kristian','2018-12-04 21:28:12','2018-12-04 21:28:19',NULL),
(3,'Buddha','2018-12-04 21:28:12','2018-12-04 21:28:22',NULL),
(4,'Hindu','2018-12-04 21:28:12','2018-12-04 21:28:26',NULL),
(5,'Lain-lain','2018-12-04 21:28:12','2018-12-04 21:28:43',NULL);

/*Table structure for table `ref_service_group` */


CREATE TABLE `ref_service_group` (
  `service_group_id` int(11) NOT NULL AUTO_INCREMENT,
  `service_group_code` varchar(20) DEFAULT NULL,
  `service_group_desc` varchar(50) NOT NULL,
  `created_by` int(11) DEFAULT NULL,
  `updated_by` int(11) DEFAULT NULL,
  `created_at` timestamp NULL DEFAULT NULL,
  `updated_at` timestamp NOT NULL DEFAULT CURRENT_TIMESTAMP,
  `deleted_at` timestamp NULL DEFAULT NULL,
  PRIMARY KEY (`service_group_id`)
) ENGINE=InnoDB AUTO_INCREMENT=6 DEFAULT CHARSET=latin1;

/*Data for the table `ref_service_group` */

insert  into `ref_service_group`(`service_group_id`,`service_group_code`,`service_group_desc`,`created_by`,`updated_by`,`created_at`,`updated_at`,`deleted_at`) values 
(1,NULL,'Pengurusan Tertinggi',2,2,'2021-01-13 21:38:37','2021-01-13 21:38:37',NULL),
(2,NULL,'Pengurusan & Professional Gred 53 & 54',2,2,'2021-01-13 21:38:37','2021-01-13 21:38:37',NULL),
(3,NULL,'Pengurusan & Professional Gred 45 – 52',2,2,'2021-01-13 21:38:37','2021-01-13 21:38:37',NULL),
(4,NULL,'Pengurusan & Professional Gred 41 – 44',2,2,'2021-03-19 21:12:21','2021-03-19 21:12:27',NULL),
(5,NULL,'Sokongan',2,2,'2021-03-19 21:12:24','2021-03-19 21:12:29',NULL);

/*Table structure for table `ref_service_type` */


CREATE TABLE `ref_service_type` (
  `service_type_id` int(11) NOT NULL AUTO_INCREMENT,
  `service_type_code` varchar(20) DEFAULT NULL,
  `service_type_desc` varchar(50) NOT NULL,
  `created_by` int(11) DEFAULT NULL,
  `updated_by` int(11) DEFAULT NULL,
  `created_at` timestamp NULL DEFAULT NULL,
  `updated_at` timestamp NOT NULL DEFAULT CURRENT_TIMESTAMP,
  `deleted_at` timestamp NULL DEFAULT NULL,
  PRIMARY KEY (`service_type_id`)
) ENGINE=InnoDB AUTO_INCREMENT=4 DEFAULT CHARSET=latin1;

/*Data for the table `ref_service_type` */

insert  into `ref_service_type`(`service_type_id`,`service_type_code`,`service_type_desc`,`created_by`,`updated_by`,`created_at`,`updated_at`,`deleted_at`) values 
(1,'P&P','Pengurusan Tertinggi',2,2,'2021-01-13 21:38:37','2021-01-13 21:38:37',NULL),
(2,'P&P','Pengurusan & Profesional',2,2,'2021-01-13 21:38:37','2021-01-13 21:38:37',NULL),
(3,'Sokongan','Khidmat Sokongan',2,2,'2021-01-13 21:38:37','2021-01-13 21:38:37',NULL);

/*Table structure for table `ref_sub_allocation` */


CREATE TABLE `ref_sub_allocation` (
  `sub_allocation_id` int(11) NOT NULL AUTO_INCREMENT,
  `allocation_id` int(11) NOT NULL,
  `allocation_code` varchar(50) DEFAULT NULL,
  `sub_allocation_code` varchar(50) DEFAULT NULL,
  `sub_allocation_desc` varchar(255) DEFAULT NULL,
  `created_by` int(11) DEFAULT NULL,
  `updated_by` int(11) DEFAULT NULL,
  `created_at` timestamp NULL DEFAULT NULL,
  `updated_at` timestamp NOT NULL DEFAULT CURRENT_TIMESTAMP,
  `deleted_at` timestamp NULL DEFAULT NULL,
  PRIMARY KEY (`sub_allocation_id`),
  KEY `idx_refsuballocation_allocationid` (`allocation_id`),
  KEY `idx_refsuballocation_createdby` (`created_by`),
  KEY `idx_refsuballocation_updatedby` (`updated_by`)
) ENGINE=InnoDB AUTO_INCREMENT=74 DEFAULT CHARSET=latin1;

/*Data for the table `ref_sub_allocation` */

insert  into `ref_sub_allocation`(`sub_allocation_id`,`allocation_id`,`allocation_code`,`sub_allocation_code`,`sub_allocation_desc`,`created_by`,`updated_by`,`created_at`,`updated_at`,`deleted_at`) values 
(1,2,'0005XX10-NPCX','KLEMS-TFP','Capital, Labor, Energy, Material And Services - Total Factor Productivity',2,2,'2020-10-14 10:28:42','2020-10-14 10:28:42',NULL),
(2,2,'0007XX11-NPCX','MBR','Modern Business Regulation',2,2,'2020-10-14 10:28:42','2020-10-14 10:28:42',NULL),
(3,2,'0008XX11-NPCX','NPDIR','Pelaksanaan NPDIR bagi Kerajaan Negeri dan Kerajaan Tempatan',2,2,'2020-10-14 10:28:42','2020-10-14 10:28:42',NULL),
(4,2,'0006XX10-NPCX','EIIP','Enterprise Innovation Intervention Programmed',2,2,'2020-10-14 10:28:42','2020-10-14 10:28:42',NULL),
(5,2,'0009XX11-NPCX','SPPE-MPB','Skim Peningkatan Produktiviti Entepris Selaras Dengan Malaysia Prod Blueprint',2,2,'2020-10-14 10:28:42','2020-10-14 10:28:42',NULL),
(6,2,'0010XX11-NPCX','MPB-EEPN','Malaysia Productivity Blueprint - Electrical & Electronic',2,2,'2020-10-14 10:28:42','2020-10-14 10:28:42',NULL),
(7,2,'0011XX11-NPCX','MPB-CCPPN','Malaysia Productivity Blueprint - Chemicals & Chemical Products',2,2,'2020-10-14 10:28:42','2020-10-14 10:28:42',NULL),
(8,2,'0012XX11-NPCX','MPB-RFBPN','Malaysia Productivity Blueprint - Retail and F&B',2,2,'2020-10-14 10:28:42','2020-10-14 10:28:42',NULL),
(9,2,'0013XX11-NPCX','MPB-TPN','Malaysia Productivity Blueprint - Tourism Productivity Nexus',2,2,'2020-10-14 10:28:42','2020-10-14 10:28:42',NULL),
(10,2,'0014XX11-NPCX','MPB-AFPN','Malaysia Productivity Blueprint - Agrofood Productivity Nexus',2,2,'2020-10-14 10:28:42','2020-10-14 10:28:42',NULL),
(11,2,'0015XX11-NPCX','MPB-MEPN','Malaysia Productivity Blueprint - Machinery & Equipment Productivity Nexus',2,2,'2020-10-14 10:28:42','2020-10-14 10:28:42',NULL),
(12,2,'0016XX11-NPCX','MPB-PSPN','MALAYSIA PRODUCTIVITY BLUEPRINT - PROFESSIONAL SERVICES PRODUCTIVITY NEXUS',2,31,'2020-10-14 10:28:42','2020-10-14 10:35:29',NULL),
(13,2,'0017XX11-NPCX','MPB-ICT','Malaysia Productivity Blueprint -ICT Productivity Nexus',2,2,'2020-10-14 10:28:42','2020-10-14 10:28:42',NULL),
(14,2,'0018XX11-NPCX','MPB-PHPN','MALAYSIA PRODUCTIVITY BLUEPRINT - PRIVATE HEALTHCARE PRODUCTIVITY NEXUS',2,31,'2020-10-14 10:28:42','2020-10-14 10:36:14',NULL),
(15,2,'0019XX11-NPCX','T5 - MPB','Membentuk Mekanisme Pelaksanaan Yang Padu Selaras Dengan MPB-DMO',2,2,'2020-10-14 10:28:42','2020-10-14 10:28:42',NULL),
(16,2,'0020XX11-NPCX','PTPS','PROGRAM TRANSFORMASI PERATURAN SEDIA ADA',2,2,'2020-10-14 10:28:42','2020-10-14 10:28:42',NULL),
(17,2,'0021XX11-NPCX','NTM','Memudahkan Peraturan Perniagaan Perdagangan Antarabangsa',2,2,'2020-10-14 10:28:42','2020-10-14 10:28:42',NULL),
(18,2,'0023XX11-NPCX','PKP','Peningkatan Kualiti Peraturan',2,2,'2020-10-14 10:28:42','2020-10-14 10:28:42',NULL),
(19,1,'M-NPC-SS20','Usahasama- MTCP/TCTP/JICA','MTCP/TCTP/JICA',2,2,'2020-10-14 10:28:42','2020-10-14 10:28:42',NULL),
(20,1,'U60S0000-PP60','Usahasama- INDUSTRY 4.0','Program-Industry 4WRD',2,2,'2020-10-14 10:28:42','2020-10-14 10:28:42',NULL),
(21,1,'U70S0000-PP70','Usahasama- PPRN','Kajian Impak Pelaksanaan Inisiatif Public -Private Research Network (PPRN)',2,2,'2020-10-14 10:28:42','2020-10-14 10:28:42',NULL),
(22,1,'U80S0000-PP80','Usahasama- HICoE','Kajian Impak Pelaksanaan Higher - Institutions Centre Of Excellence (HICOE)',2,2,'2020-10-14 10:28:42','2020-10-14 10:28:42',NULL),
(23,1,'U90S0000-PP90','Usahasama- AKI','Anugerah Kecemerlangan Industri (AKI)',2,2,'2020-10-14 10:28:42','2020-10-14 10:28:42',NULL),
(24,1,'M-NPC-SS20','Usahasama- PPV-MED','PPV-MED',2,2,'2020-10-14 10:28:42','2020-10-14 10:28:42',NULL),
(25,1,'U11S0000-RP10','Usahasama- JPA','Kajian Pengukuran Produktiviti Perkhidmatan Awam (JPA)',2,2,'2020-10-14 10:28:42','2020-10-14 10:28:42',NULL),
(26,1,'U12S0000-PP10','Usahasama- MEDAC 2020-LEAN','Kemudahan Latihan Prog Pembangunan Kapasiti Vendor 2019-2020',2,2,'2020-10-14 10:28:42','2020-10-14 10:28:42',NULL),
(27,1,'U13S0000-RM10','Usahasama- HICoE (KEUSAHAWANAN)','Kajian Impak Perlaksanaan Prog Keusahawanan Institusi Pendidikan Tinggi',2,2,'2020-10-14 10:28:42','2020-10-14 10:28:42',NULL),
(28,1,'M-NPC-SS20','Usahasama- DBKL','Kajian Pengukuran Prestasi (DBKL)',2,2,'2020-10-14 10:28:42','2020-10-14 10:28:42',NULL),
(29,1,'U14S0000-LP10','Usahasama- MEDAC 2020-KAIZEN','Kemudahan Latihan Prog Pembangunan Kapasiti Vendor 2019-2020',2,2,'2020-10-14 10:28:42','2020-10-14 10:28:42',NULL),
(30,1,'U15S0000-LP20','Usahasama- MEDAC 2020-I4.0','Kemudahan Latihan Prog Pembangunan Kapasiti Vendor 2019-2020',2,2,'2020-10-14 10:28:42','2020-10-14 10:28:42',NULL),
(31,1,'K001N016-NPCX','Program Khas- NTEx','Konvensyen Team Excellence Kebangsaan',2,2,'2020-10-14 10:28:42','2020-10-14 10:28:42',NULL),
(32,1,'K002N016-NPCX','Program Khas- RTEx (CRO)','Konvensyen Wilayah Tengah',2,2,'2020-10-14 10:28:42','2020-10-14 10:28:42',NULL),
(33,1,'K003N016-NPCX','Program Khas- MTEx (CRO)','Mini Konvensyen Wilayah Tengah',2,2,'2020-10-14 10:28:42','2020-10-14 10:28:42',NULL),
(34,1,'K004N016-WU0X','Program Khas- RTEx (NRO)','Konvensyen Team Excellence Wilayah Utara ',2,2,'2020-10-14 10:28:42','2020-10-14 10:28:42',NULL),
(35,1,'K005N016-JB0X','Program Khas- RTEx (SRO)','Konvensyen Team Excellence Wilayah Selatan',2,2,'2020-10-14 10:28:42','2020-10-14 10:28:42',NULL),
(36,1,'K015N016-KK0X','Program Khas- MTEx (SBO)','Mini Konvensyen Wilayah Sabah',2,2,'2020-10-14 10:28:42','2020-10-14 10:28:42',NULL),
(37,1,'K006N016-PT0X','Program Khas- RTEx (ECR)','Konvensyen Team Excellence Wilayah P. Timur',2,2,'2020-10-14 10:28:42','2020-10-14 10:28:42',NULL),
(38,1,'K007N016-KK0X','Program Khas- RTEx (SBO)','Konvensyen Team Excellence Sabah ',2,2,'2020-10-14 10:28:42','2020-10-14 10:28:42',NULL),
(39,1,'K008N016-SW0X','Program Khas- RTEx (SKO)','Konvensyen Team Excellence Sarawak',2,2,'2020-10-14 10:28:42','2020-10-14 10:28:42',NULL),
(40,1,'K011N016-JB0X','Program Khas- MTEx (SRO)','Mini Konvensyen Wilayah Selatan',2,2,'2020-10-14 10:28:42','2020-10-14 10:28:42',NULL),
(41,1,'K012N016-PT0X','Program Khas- MTEx (ECR)','Mini Konvensyen Wilayah Pantai Timur',2,2,'2020-10-14 10:28:42','2020-10-14 10:28:42',NULL),
(42,1,'K013N016-WU0X','Program Khas- MTEx (NRO)','Mini Konvensyen Wilayah Utara',2,2,'2020-10-14 10:28:42','2020-10-14 10:28:42',NULL),
(43,1,'K014N016-SW0X','Program Khas- MTEx (SKO)','Mini Konvensyen Wilayah Sarawak',2,2,'2020-10-14 10:28:42','2020-10-14 10:28:42',NULL),
(44,1,'K016N016-NPCX','Program Khas- PC','Productivity Conference',2,2,'2020-10-14 10:28:42','2020-10-14 10:28:42',NULL),
(45,1,'K017N016-NPCX','Program Khas- APIC','Annual Productivity & Innovation Conference',2,2,'2020-10-14 10:28:42','2020-10-14 10:28:42',NULL),
(46,1,'K018N016-NPCX','Program Khas- APQC','Asia Pacific Quality Conference',2,2,'2020-10-14 10:28:42','2020-10-14 10:28:42',NULL),
(47,1,'S001N016-NPCX','ICQCC','International Convention on Quality Control Circles',2,2,'2020-10-14 10:28:42','2020-10-14 10:28:42',NULL),
(48,1,'S003N009-NPCX','Seminar/Study Mission Luar Negara','Seminar/Study Mission Luar Negara',2,2,'2020-10-14 10:28:42','2020-10-14 10:28:42',NULL),
(49,1,'S005N016-NPCX','IQPC','International Quality and Productivity Convention',2,2,'2020-10-14 10:28:42','2020-10-14 10:28:42',NULL),
(50,1,'M-NPC-JB0','Mengurus-MPC SRO','Mengurus-MPC Wilayah Selatan',2,2,'2020-10-14 10:28:42','2020-10-14 10:28:42',NULL),
(51,1,'M-NPC-WU0','Mengurus-MPC NRO','Mengurus-MPC Wilayah Utara',2,2,'2020-10-14 10:28:42','2020-10-14 10:28:42',NULL),
(52,1,'M-NPC-SW0','Mengurus-MPC SKO','Mengurus-MPC Sarawak',2,2,'2020-10-14 10:28:42','2020-10-14 10:28:42',NULL),
(53,1,'M-NPC-PT0','Mengurus-MPC ECR','Mengurus-MPC Wilayah Pantai Timur',2,2,'2020-10-14 10:28:42','2020-10-14 10:28:42',NULL),
(54,1,'M-NPC-KK0','Mengurus-MPC SBO','Mengurus-MPC Sabah',2,2,'2020-10-14 10:28:42','2020-10-14 10:28:42',NULL),
(55,1,'M-NPC-LP10','Mengurus-MPC CRO','Mengurus-MPC Wilayah Tengah',2,2,'2020-10-14 10:28:42','2020-10-14 10:28:42',NULL),
(56,1,'M-NPC-KP01','Mengurus-KP','Mengurus - Pejabat Ketua Pengarah',2,2,'2020-10-14 10:28:42','2020-10-14 10:28:42',NULL),
(57,1,'M-NPC-LB10','Mengurus-BE','Mengurus - Jabatan Kecemerlangan Perniagaan',2,2,'2020-10-14 10:28:42','2020-10-14 10:28:42',NULL),
(58,1,'M-NPC-PP10','Mengurus-CPD','Mengurus - Khidmat Pelanggan & Media',2,2,'2020-10-14 10:28:42','2020-10-14 10:28:42',NULL),
(59,1,'M-NPC-RK10','Mengurus-SR','Mengurus - MPC Sarawak',2,2,'2020-10-14 10:28:42','2020-10-14 10:28:42',NULL),
(60,1,'M-NPC-RM10','Mengurus-PCK','Mengurus-Pembangunan Prod & Daya Saing',2,2,'2020-10-14 10:28:42','2020-10-14 10:28:42',NULL),
(61,1,'M-NPC-RP10','Mengurus-DMO','Mengurus-Delivery Management Office',2,2,'2020-10-14 10:28:42','2020-10-14 10:28:42',NULL),
(62,1,'M-NPC-SS10','Mengurus-MSF','Mengurus-Khidmat Pengurusan & Kewangan',2,2,'2020-10-14 10:28:42','2020-10-14 10:28:42',NULL),
(63,1,'M-NPC-SS20','Mengurus-FIN','Mengurus-Unit Kewangan',2,2,'2020-10-14 10:28:42','2020-10-14 10:28:42',NULL),
(64,1,'M-NPC-SS30','Mengurus-PCT','Mengurus-Unit Perolehan',2,2,'2020-10-14 10:28:42','2020-10-14 10:28:42',NULL),
(65,1,'M-NPC-SS50','Mengurus-HRMD','Mengurus-Unit Pengurusan Sumber Manusia',2,2,'2020-10-14 10:28:42','2020-10-14 10:28:42',NULL),
(66,1,'M-NPC-SS60','Mengurus-MIT','Mengurus-Unit Pengurusan Teknologi Maklumat',2,2,'2020-10-14 10:28:42','2020-10-14 10:28:42',NULL),
(67,1,'M-NPC-TP02','Mengurus-TKP','Mengurus-Pejabat Timb. Ketua Pengarah',2,2,'2020-10-14 10:28:42','2020-10-14 10:28:42',NULL),
(68,1,'M-NPC-UP10','Mengurus-Urusetia Perbadanan','Mengurus-Urusetia Perbadanan',2,2,'2020-10-14 10:28:42','2020-10-14 10:28:42',NULL),
(69,1,'M-NPC-UP20','Mengurus-Unit Inovasi','Mengurus-Unit Inovasi',2,2,'2020-10-14 10:28:42','2020-10-14 10:28:42',NULL),
(70,1,'M-NPC-UP30','Mengurus-Unit Perhubungan Antarabangsa','Mengurus-Unit Perhubungan Antarabangsa',2,2,'2020-10-14 10:28:42','2020-10-14 10:28:42',NULL),
(71,2,'0022XX11-NPCX','SPN','SPN',298,31,'2020-10-15 11:18:06','2020-10-15 12:20:20',NULL),
(72,2,'0032XX11-NPCX','BI','BEHAVIORAL INSIGHTS',31,31,'2020-10-15 16:25:26','2020-11-17 13:22:57',NULL),
(73,2,'0002XXX7-NPCX','HRD','PEMBANGUNAN SUMBER MANUSIA',31,31,'2020-11-03 12:29:36','2020-11-03 12:29:36',NULL);

/*Table structure for table `ref_supplier` */


CREATE TABLE `ref_supplier` (
  `supplier_id` int(11) NOT NULL AUTO_INCREMENT,
  `supplier_code` varchar(50) NOT NULL,
  `supplier_name` varchar(100) NOT NULL,
  `supplier_regno` varchar(20) NOT NULL,
  `supplier_address_1` varchar(100) DEFAULT NULL,
  `supplier_address_2` varchar(100) DEFAULT NULL,
  `supplier_address_3` varchar(100) DEFAULT NULL,
  `supplier_postcode` char(5) DEFAULT NULL,
  `district_id` int(11) DEFAULT NULL,
  `state_id` int(11) DEFAULT NULL,
  `supplier_contact_person` varchar(100) DEFAULT NULL,
  `supplier_office_no` varchar(20) DEFAULT NULL,
  `supplier_mobile_no` varchar(20) DEFAULT NULL,
  `supplier_fax_no` varchar(20) DEFAULT NULL,
  `supplier_email` varchar(100) DEFAULT NULL,
  `supplier_account_no` varchar(50) DEFAULT NULL,
  `bank_id` int(11) DEFAULT NULL,
  `created_by` int(11) DEFAULT NULL,
  `created_at` timestamp NULL DEFAULT NULL ON UPDATE CURRENT_TIMESTAMP,
  `updated_by` int(11) DEFAULT NULL,
  `updated_at` timestamp NOT NULL DEFAULT CURRENT_TIMESTAMP,
  `deleted_by` int(11) DEFAULT NULL,
  `deleted_at` timestamp NULL DEFAULT NULL,
  PRIMARY KEY (`supplier_id`)
) ENGINE=InnoDB DEFAULT CHARSET=latin1;

/*Data for the table `ref_supplier` */

/*Table structure for table `ref_supplier_service` */


CREATE TABLE `ref_supplier_service` (
  `supplier_service_id` int(11) NOT NULL AUTO_INCREMENT,
  `is_government` int(11) NOT NULL DEFAULT '0',
  `supplier_service_main_id` int(11) DEFAULT NULL,
  `supplier_service_desc` varchar(50) NOT NULL,
  `asset_type_code` varchar(50) DEFAULT NULL,
  `rotation_status` int(11) NOT NULL DEFAULT '0',
  `created_by` int(11) DEFAULT NULL,
  `updated_by` int(11) DEFAULT NULL,
  `created_at` timestamp NULL DEFAULT NULL,
  `updated_at` timestamp NOT NULL DEFAULT CURRENT_TIMESTAMP,
  `deleted_at` timestamp NULL DEFAULT NULL,
  PRIMARY KEY (`supplier_service_id`),
  KEY `idx_supplierservice_main` (`supplier_service_main_id`)
) ENGINE=InnoDB AUTO_INCREMENT=22 DEFAULT CHARSET=latin1;

/*Data for the table `ref_supplier_service` */

insert  into `ref_supplier_service`(`supplier_service_id`,`is_government`,`supplier_service_main_id`,`supplier_service_desc`,`asset_type_code`,`rotation_status`,`created_by`,`updated_by`,`created_at`,`updated_at`,`deleted_at`) values 
(1,0,1,'TENAGA PENGAJAR','P29106',1,2,2,'2021-05-24 00:01:15','2021-05-30 01:02:12',NULL),
(2,0,1,'FASILITATOR','P29106',1,2,2,'2021-05-24 00:01:15','2021-05-30 00:58:12',NULL),
(3,0,1,'MODERATOR','P29106',1,2,2,'2021-05-24 00:01:15','2021-05-24 00:01:15',NULL),
(4,0,1,'PENCERAMAH','P29106',1,2,2,'2021-05-24 00:01:15','2021-05-24 00:01:15',NULL),
(5,0,2,'PENULISAN LAPORAN/ARTIKEL/SOALAN/MODUL','P29112',1,2,2,'2021-05-24 00:01:15','2021-05-24 00:01:15',NULL),
(6,0,2,'PENYEMAK LAPORAN/ARTIKEL/MODUL','P29112',1,2,2,'2021-05-24 00:01:15','2021-05-24 00:01:15',NULL),
(7,0,2,'MENULIS KENYATAAN MEDIA','P29112',1,2,2,'2021-05-24 00:01:15','2021-05-24 00:01:15',NULL),
(8,0,2,'JURULAPOR','P29112',1,2,2,'2021-05-24 00:01:15','2021-05-24 00:01:15',NULL),
(9,0,2,'PENULISAN AMALAN TERBAIK','P29112',1,2,2,'2021-05-24 00:01:15','2021-05-24 00:01:15',NULL),
(10,0,3,'SEKRETARIAT/KOORDINATOR MESYUARAT/AKTIVITI','P29112',1,2,2,'2021-05-24 00:01:15','2021-05-24 00:01:15',NULL),
(11,0,3,'PENYELARAS KOORDINATOR KELULUSAN EPU KEPADA DMO','P29112',1,2,2,'2021-05-24 00:01:15','2021-05-24 00:01:15',NULL),
(12,0,4,'PENILAI/ JURU AUDIT/ JURI','P29105',1,2,2,'2021-05-24 00:01:15','2021-05-24 00:01:15',NULL),
(13,0,4,'PENILAI KHAS [5S]','P29105',1,2,2,'2021-05-24 00:01:15','2021-05-24 00:01:15',NULL),
(14,0,4,'LAWATAN TAPAK (KILANG/ ORGANISASI/ DLL)','P29105',1,2,2,'2021-05-24 00:01:15','2021-05-24 00:01:15',NULL),
(15,0,4,'PENGAWAS PEPERIKSAAN','P29105',1,2,2,'2021-05-24 00:01:15','2021-05-24 00:01:15',NULL),
(16,0,4,'PEMERIKSA KERTAS','P29105',1,2,2,'2021-05-24 00:01:15','2021-05-24 00:01:15',NULL),
(17,0,5,'PAKAR RUJUK/ INDUSTRI','P29105',0,2,2,'2021-05-24 00:01:15','2021-05-24 00:01:15',NULL),
(18,0,5,'KHIDMAT PENASIHAT/ MENTOR','P29105',0,2,2,'2021-05-24 00:01:15','2021-05-24 00:01:15',NULL),
(19,0,1,'PENSYARAH','P29106',1,2,2,'2021-06-06 00:45:51','2021-06-06 00:45:53',NULL),
(20,0,2,'EDITOR','P29112',1,2,2,'2021-06-06 00:49:21','2021-06-06 00:49:23',NULL);

/*Table structure for table `ref_supplier_service_main` */


CREATE TABLE `ref_supplier_service_main` (
  `supplier_service_main_id` int(11) NOT NULL AUTO_INCREMENT,
  `supplier_service_main_desc` varchar(50) NOT NULL,
  `created_by` int(11) DEFAULT NULL,
  `updated_by` int(11) DEFAULT NULL,
  `created_at` timestamp NULL DEFAULT NULL,
  `updated_at` timestamp NOT NULL DEFAULT CURRENT_TIMESTAMP,
  `deleted_at` timestamp NULL DEFAULT NULL,
  PRIMARY KEY (`supplier_service_main_id`)
) ENGINE=InnoDB AUTO_INCREMENT=6 DEFAULT CHARSET=latin1;

/*Data for the table `ref_supplier_service_main` */

insert  into `ref_supplier_service_main`(`supplier_service_main_id`,`supplier_service_main_desc`,`created_by`,`updated_by`,`created_at`,`updated_at`,`deleted_at`) values 
(1,'Pengajar',2,2,'2021-05-23 23:57:42','2021-05-23 23:57:42',NULL),
(2,'Penulisan',2,2,'2021-05-23 23:57:42','2021-05-23 23:57:42',NULL),
(3,'Seketariat',2,2,'2021-05-23 23:57:42','2021-05-23 23:57:42',NULL),
(4,'Lawatan',2,2,'2021-05-23 23:57:42','2021-05-23 23:57:42',NULL),
(5,'Bidang Kepakaran Khusus (SME)',2,2,'2021-05-23 23:57:42','2021-05-23 23:57:42',NULL);

/*Table structure for table `ref_unit` */


CREATE TABLE `ref_unit` (
  `unit_id` int(11) NOT NULL AUTO_INCREMENT,
  `unit_desc` varchar(200) NOT NULL,
  `is_active` char(1) NOT NULL DEFAULT '1',
  `created_at` timestamp NULL DEFAULT NULL,
  `updated_at` timestamp NULL DEFAULT CURRENT_TIMESTAMP,
  `deleted_at` timestamp NULL DEFAULT NULL,
  PRIMARY KEY (`unit_id`)
) ENGINE=InnoDB DEFAULT CHARSET=latin1;

/*Data for the table `ref_unit` */

/*Table structure for table `ref_unit_bahagian` */


CREATE TABLE `ref_unit_bahagian` (
  `unit_bahagian_id` int(11) NOT NULL AUTO_INCREMENT,
  `parent_id` int(11) DEFAULT NULL,
  `unit_bahagian_desc` varchar(100) NOT NULL,
  `is_cawangan` int(11) NOT NULL DEFAULT '0',
  `prefix_running_no` varchar(20) DEFAULT NULL,
  `running_no` int(11) NOT NULL DEFAULT '0',
  `address_1` varchar(100) DEFAULT NULL,
  `address_2` varchar(100) DEFAULT NULL,
  `address_3` varchar(100) DEFAULT NULL,
  `postcode` char(5) DEFAULT NULL,
  `district_id` int(11) DEFAULT NULL,
  `state_id` int(11) DEFAULT NULL,
  `contact_no` varchar(20) DEFAULT NULL,
  `fax_no` varchar(20) DEFAULT NULL,
  `email` varchar(50) DEFAULT NULL,
  `account_no` varchar(20) DEFAULT NULL,
  `bank_id` int(11) DEFAULT NULL,
  `created_by` int(11) DEFAULT NULL,
  `updated_by` int(11) DEFAULT NULL,
  `created_at` timestamp NULL DEFAULT NULL,
  `updated_at` timestamp NOT NULL DEFAULT CURRENT_TIMESTAMP,
  `deleted_at` timestamp NULL DEFAULT NULL,
  PRIMARY KEY (`unit_bahagian_id`)
) ENGINE=InnoDB AUTO_INCREMENT=13 DEFAULT CHARSET=latin1;

/*Data for the table `ref_unit_bahagian` */

insert  into `ref_unit_bahagian`(`unit_bahagian_id`,`parent_id`,`unit_bahagian_desc`,`is_cawangan`,`prefix_running_no`,`running_no`,`address_1`,`address_2`,`address_3`,`postcode`,`district_id`,`state_id`,`contact_no`,`fax_no`,`email`,`account_no`,`bank_id`,`created_by`,`updated_by`,`created_at`,`updated_at`,`deleted_at`) values 
(0,NULL,'HQ',0,NULL,0,NULL,NULL,NULL,NULL,NULL,NULL,NULL,NULL,NULL,NULL,NULL,2,2,'2019-03-29 20:32:26','2019-03-29 20:32:28',NULL),
(1,0,'CPD',0,NULL,1,NULL,NULL,NULL,NULL,NULL,NULL,NULL,NULL,NULL,NULL,NULL,2,2,'2019-03-29 01:14:07','2019-03-29 01:14:07',NULL),
(2,0,'PACS',1,NULL,1,NULL,NULL,NULL,NULL,NULL,NULL,NULL,NULL,NULL,NULL,NULL,2,2,'2019-03-29 01:14:07','2020-10-15 16:55:30',NULL),
(3,0,'DGO',0,NULL,1,NULL,NULL,NULL,NULL,NULL,NULL,NULL,NULL,NULL,NULL,NULL,2,2,'2019-03-29 01:14:07','2019-03-29 01:14:07',NULL),
(4,0,'DMO',1,'',1,NULL,NULL,NULL,NULL,NULL,NULL,NULL,NULL,NULL,NULL,NULL,2,2,'2019-03-29 01:14:07','2021-01-05 15:11:26',NULL),
(5,0,'MSF',0,NULL,4,NULL,NULL,NULL,NULL,NULL,NULL,NULL,NULL,NULL,NULL,NULL,2,2,'2019-03-29 01:14:07','2019-03-29 01:14:07',NULL),
(6,0,'PCD',0,NULL,1,NULL,NULL,NULL,NULL,NULL,NULL,NULL,NULL,NULL,NULL,NULL,2,2,'2019-03-29 01:14:07','2019-03-29 01:14:07',NULL),
(7,0,'OED',1,NULL,1,NULL,NULL,NULL,NULL,NULL,NULL,NULL,NULL,NULL,NULL,NULL,2,2,'2019-03-29 01:14:07','2020-10-14 09:48:11',NULL),
(8,7,'ECR',1,'K-PT0',1,NULL,NULL,NULL,NULL,NULL,NULL,NULL,NULL,NULL,NULL,NULL,2,2,'2019-03-29 01:14:07','2021-01-05 15:12:35',NULL),
(9,7,'NRO',1,'K-WU0',1,NULL,NULL,NULL,NULL,NULL,NULL,NULL,NULL,NULL,NULL,NULL,2,2,'2019-03-29 01:14:07','2019-03-29 01:14:07',NULL),
(10,7,'SBO',1,'K-KK0',1,NULL,NULL,NULL,NULL,NULL,NULL,NULL,NULL,NULL,NULL,NULL,2,2,'2019-03-29 01:14:07','2019-03-29 01:14:07',NULL),
(11,7,'SKO',1,'K-SW0',1,NULL,NULL,NULL,NULL,NULL,NULL,NULL,NULL,NULL,NULL,NULL,2,2,'2019-03-29 01:14:07','2019-03-29 01:14:07',NULL),
(12,7,'SRO',1,'K-JB0',1,NULL,NULL,NULL,NULL,NULL,NULL,NULL,NULL,NULL,NULL,NULL,2,2,'2019-03-29 01:14:07','2019-03-29 01:14:07',NULL);

/*Table structure for table `role_has_permissions` */


CREATE TABLE `role_has_permissions` (
  `permission_id` int(10) unsigned NOT NULL,
  `role_id` int(10) unsigned NOT NULL,
  PRIMARY KEY (`permission_id`,`role_id`),
  KEY `role_has_permissions_role_id_foreign` (`role_id`),
  CONSTRAINT `role_has_permissions_permission_id_foreign` FOREIGN KEY (`permission_id`) REFERENCES `permissions` (`id`) ON DELETE CASCADE,
  CONSTRAINT `role_has_permissions_role_id_foreign` FOREIGN KEY (`role_id`) REFERENCES `roles` (`id`) ON DELETE CASCADE
) ENGINE=InnoDB DEFAULT CHARSET=utf8 COLLATE=utf8_unicode_ci ROW_FORMAT=DYNAMIC COMMENT='ACL related';

/*Data for the table `role_has_permissions` */

insert  into `role_has_permissions`(`permission_id`,`role_id`) values 
(13,1),
(13,2),
(13,4),
(13,5),
(13,6),
(13,7),
(13,8),
(13,14),
(13,15),
(14,1),
(14,2),
(15,1),
(15,2),
(16,1),
(16,2),
(16,4),
(16,5),
(16,6),
(16,7),
(16,8),
(16,14),
(16,15),
(17,1),
(18,1),
(19,1),
(20,1),
(21,1),
(22,1),
(22,2),
(29,1),
(29,2),
(30,1),
(30,2),
(101,1),
(101,2),
(104,1),
(104,2),
(108,1),
(108,2),
(108,4),
(108,5),
(108,6),
(108,7),
(108,8),
(110,1),
(110,2),
(121,1),
(121,2),
(123,1),
(123,2),
(124,1),
(124,2),
(128,1),
(128,2),
(129,4),
(129,5),
(129,6),
(129,7),
(129,8),
(129,14),
(129,15),
(130,1),
(130,2),
(130,4),
(130,5),
(130,6),
(130,7),
(130,8),
(131,1),
(131,4),
(132,1),
(132,2),
(132,4),
(132,5),
(132,6),
(132,7),
(134,1),
(134,2),
(137,1),
(137,2),
(138,1),
(138,2),
(140,5),
(141,6),
(150,2),
(150,4),
(150,5),
(150,6),
(156,1),
(156,2),
(157,1),
(157,2),
(158,1),
(158,2),
(159,1),
(159,2),
(161,1),
(161,2),
(162,1),
(162,2),
(163,1),
(163,2),
(164,14),
(164,15);

/*Table structure for table `role_has_permissions_copy` */


CREATE TABLE `role_has_permissions_copy` (
  `permission_id` int(10) unsigned NOT NULL,
  `role_id` int(10) unsigned NOT NULL,
  PRIMARY KEY (`permission_id`,`role_id`),
  KEY `role_has_permissions_role_id_foreign` (`role_id`)
) ENGINE=InnoDB DEFAULT CHARSET=utf8 COLLATE=utf8_unicode_ci ROW_FORMAT=DYNAMIC COMMENT='ACL related';

/*Data for the table `role_has_permissions_copy` */

insert  into `role_has_permissions_copy`(`permission_id`,`role_id`) values 
(13,1),
(13,2),
(13,4),
(13,5),
(13,6),
(13,7),
(13,8),
(13,9),
(13,10),
(13,11),
(13,13),
(14,1),
(14,2),
(14,9),
(14,11),
(15,1),
(15,2),
(16,1),
(16,2),
(16,4),
(16,5),
(16,6),
(16,7),
(16,8),
(16,9),
(16,10),
(16,11),
(16,13),
(17,1),
(18,1),
(19,1),
(20,1),
(21,1),
(22,1),
(22,2),
(29,1),
(29,2),
(29,9),
(29,11),
(30,1),
(30,2),
(30,9),
(30,11),
(101,1),
(101,2),
(101,9),
(101,10),
(104,1),
(104,2),
(104,9),
(108,1),
(108,2),
(108,4),
(108,5),
(108,6),
(108,7),
(108,8),
(108,9),
(108,10),
(108,11),
(108,13),
(110,1),
(110,2),
(121,1),
(121,2),
(121,9),
(121,11),
(123,1),
(123,2),
(123,9),
(123,10),
(123,11),
(123,13),
(124,1),
(124,2),
(124,9),
(128,1),
(128,2),
(128,9),
(129,4),
(129,5),
(129,6),
(129,7),
(129,8),
(129,10),
(129,13),
(130,1),
(130,2),
(130,4),
(130,5),
(130,6),
(130,7),
(130,8),
(130,9),
(130,10),
(130,11),
(130,13),
(131,1),
(131,4),
(132,1),
(132,2),
(132,4),
(132,5),
(132,6),
(132,7),
(132,9),
(132,10),
(132,11),
(132,13),
(134,1),
(134,2),
(137,1),
(137,2),
(137,9),
(137,10),
(137,11),
(137,13),
(138,1),
(138,2),
(138,9),
(138,10),
(138,11),
(138,13),
(140,5),
(141,6),
(150,2),
(150,4),
(150,5),
(150,6),
(150,9),
(150,10),
(150,11),
(150,13),
(156,1),
(156,2),
(156,9),
(157,1),
(157,2),
(158,1),
(158,2);

/*Table structure for table `roles` */


CREATE TABLE `roles` (
  `id` int(10) unsigned NOT NULL AUTO_INCREMENT,
  `name` varchar(255) COLLATE utf8_unicode_ci NOT NULL,
  `description` longtext COLLATE utf8_unicode_ci,
  `is_bigamount_approver` int(1) NOT NULL DEFAULT '0',
  `sort` int(1) NOT NULL DEFAULT '11',
  `created_at` timestamp NULL DEFAULT NULL,
  `updated_at` timestamp NULL DEFAULT NULL,
  `deleted_at` timestamp NULL DEFAULT NULL,
  PRIMARY KEY (`id`),
  UNIQUE KEY `roles_name_unique` (`name`)
) ENGINE=InnoDB AUTO_INCREMENT=16 DEFAULT CHARSET=utf8 COLLATE=utf8_unicode_ci ROW_FORMAT=DYNAMIC COMMENT='ACL related';

/*Data for the table `roles` */

insert  into `roles`(`id`,`name`,`description`,`is_bigamount_approver`,`sort`,`created_at`,`updated_at`,`deleted_at`) values 
(1,'superadmin','Super System Administrator',0,1,'2018-04-03 21:56:05','2018-04-03 21:56:05',NULL),
(2,'admin','Pentadbir Sistem',0,2,'2018-04-03 21:56:55','2018-04-03 21:56:55',NULL),
(4,'deptdirector','Pengarah MSF/Wilayah',0,9,'2020-09-11 18:34:35','2020-09-11 18:34:37',NULL),
(5,'vicedirector','Timbalan Ketua Pengarah',0,10,'2020-07-29 21:27:49','2020-07-29 21:27:53',NULL),
(6,'director','Ketua Pengarah',1,11,'2019-03-21 14:20:11','2019-03-21 14:20:14',NULL),
(7,'approver','Penyelia',0,4,'2019-03-21 14:20:14','2019-03-21 14:20:14',NULL),
(8,'officer','Pegawai',0,3,'2019-03-21 14:20:14','2019-03-21 14:20:14',NULL),
(14,'company','Syarikat',0,11,'2021-05-24 02:57:06','2021-05-24 02:57:08',NULL),
(15,'supplier','Pembekal',0,11,'2021-05-24 02:58:12','2021-05-24 02:58:14',NULL);

/*Table structure for table `roles_old` */


CREATE TABLE `roles_old` (
  `id` int(10) unsigned NOT NULL AUTO_INCREMENT,
  `name` varchar(255) COLLATE utf8_unicode_ci NOT NULL,
  `description` longtext COLLATE utf8_unicode_ci,
  `is_bigamount_approver` int(1) NOT NULL DEFAULT '0',
  `sort` int(1) NOT NULL DEFAULT '11',
  `created_at` timestamp NULL DEFAULT NULL,
  `updated_at` timestamp NULL DEFAULT NULL,
  `deleted_at` timestamp NULL DEFAULT NULL,
  PRIMARY KEY (`id`),
  UNIQUE KEY `roles_name_unique` (`name`)
) ENGINE=InnoDB AUTO_INCREMENT=14 DEFAULT CHARSET=utf8 COLLATE=utf8_unicode_ci ROW_FORMAT=DYNAMIC COMMENT='ACL related';

/*Data for the table `roles_old` */

insert  into `roles_old`(`id`,`name`,`description`,`is_bigamount_approver`,`sort`,`created_at`,`updated_at`,`deleted_at`) values 
(1,'superadmin','Super System Administrator',0,1,'2018-04-03 21:56:05','2018-04-03 21:56:05',NULL),
(2,'admin','Pentadbir Sistem',0,2,'2018-04-03 21:56:55','2018-04-03 21:56:55',NULL),
(4,'deptdirector','Pengarah MSF/Wilayah',0,9,'2020-09-11 18:34:35','2020-09-11 18:34:37',NULL),
(5,'vicedirector','Timbalan Ketua Pengarah',0,10,'2020-07-29 21:27:49','2020-07-29 21:27:53',NULL),
(6,'director','Ketua Pengarah',1,11,'2019-03-21 14:20:11','2019-03-21 14:20:14',NULL),
(7,'approver','Penyelia',0,4,'2019-03-21 14:20:14','2019-03-21 14:20:14',NULL),
(8,'officer','Pegawai',0,3,'2019-03-21 14:20:14','2019-03-21 14:20:14',NULL),
(9,'reviewer','Checker FIN',0,5,'2020-05-28 01:57:49','2020-05-28 01:57:54',NULL),
(10,'finance','Preparer FIN',0,7,'2020-07-23 00:53:22','2020-07-23 00:53:25',NULL),
(11,'preparer','Checker Wilayah',0,6,'2020-09-11 18:35:56','2020-09-11 18:35:59',NULL),
(13,'financept','Preparer Wilayah',0,7,'2020-10-14 16:59:16','2020-10-14 16:59:16',NULL);

/*Table structure for table `scripts` */


CREATE TABLE `scripts` (
  `content` text
) ENGINE=InnoDB DEFAULT CHARSET=latin1;

/*Data for the table `scripts` */

insert  into `scripts`(`content`) values 
('w');

/*Table structure for table `upload` */


CREATE TABLE `upload` (
  `upload_id` int(11) NOT NULL AUTO_INCREMENT,
  `upload_model` varchar(50) DEFAULT NULL COMMENT '1-fromcomplaint,2-fromemergency',
  `upload_model_id` int(11) DEFAULT NULL,
  `upload_desc` varchar(255) DEFAULT NULL,
  `upload_path` varchar(50) NOT NULL,
  `upload_filename` varchar(200) NOT NULL,
  `upload_type` char(2) DEFAULT NULL,
  `upload_imagetype` varchar(20) DEFAULT NULL COMMENT 'thumbnail, feature, original',
  `upload_model_runningno` int(11) DEFAULT NULL,
  `upload_imageid` longtext COMMENT 'this will be used during delete action. this id generate based on encrypt filename',
  `upload_file_date` date DEFAULT NULL,
  `created_by` int(11) NOT NULL,
  `updated_by` int(11) DEFAULT NULL,
  `created_at` timestamp NULL DEFAULT NULL,
  `updated_at` timestamp NOT NULL DEFAULT CURRENT_TIMESTAMP,
  `deleted_at` timestamp NULL DEFAULT NULL,
  PRIMARY KEY (`upload_id`),
  KEY `idx_upload_upload_model` (`upload_model`),
  KEY `idx_upload_upload_model_id` (`upload_model_id`),
  KEY `idx_upload_upload_type` (`upload_type`),
  KEY `idx_upload_createdby` (`created_by`),
  KEY `idx_upload_updatedby` (`updated_by`)
) ENGINE=InnoDB AUTO_INCREMENT=36 DEFAULT CHARSET=latin1;

/*Data for the table `upload` */

insert  into `upload`(`upload_id`,`upload_model`,`upload_model_id`,`upload_desc`,`upload_path`,`upload_filename`,`upload_type`,`upload_imagetype`,`upload_model_runningno`,`upload_imageid`,`upload_file_date`,`created_by`,`updated_by`,`created_at`,`updated_at`,`deleted_at`) values 
(1,'UserModel',394,NULL,'/uploads/users/394/','394_20210523235234_users.jpg','1',NULL,NULL,NULL,NULL,31,NULL,'2021-05-24 07:52:35','2021-05-24 07:52:35','2021-05-24 00:09:46'),
(2,'UserModel',394,NULL,'/uploads/users/394/','394_20210523235235_digitalsign.jpg','4',NULL,NULL,NULL,NULL,31,NULL,'2021-05-24 07:52:35','2021-05-24 07:52:35',NULL),
(3,'UserModel',394,NULL,'/uploads/users/394/','394_20210523235235_mof.pdf','2',NULL,NULL,NULL,NULL,31,NULL,'2021-05-24 07:52:35','2021-05-24 07:52:35',NULL),
(4,'UserModel',394,NULL,'/uploads/users/394/','394_20210523235235_bankstatement.pdf','3',NULL,NULL,NULL,NULL,31,NULL,'2021-05-24 07:52:35','2021-05-24 07:52:35',NULL),
(5,'UserModel',394,NULL,'/uploads/users/394/','394_20210524000946_users.jpg','1',NULL,NULL,NULL,NULL,31,NULL,'2021-05-24 08:09:46','2021-05-24 08:09:46',NULL),
(6,'UserModel',395,NULL,'/uploads/users/395/','395_20210525074635_users.jpg','1',NULL,NULL,NULL,NULL,31,NULL,'2021-05-25 15:46:36','2021-05-25 15:46:36',NULL),
(7,'UserModel',395,NULL,'/uploads/users/395/','395_20210525074636_digitalsign.jpg','4',NULL,NULL,NULL,NULL,31,NULL,'2021-05-25 15:46:36','2021-05-25 15:46:36',NULL),
(8,'UserModel',395,NULL,'/uploads/users/395/','395_20210525074636_mof.pdf','2',NULL,NULL,NULL,NULL,31,NULL,'2021-05-25 15:46:36','2021-05-25 15:46:36',NULL),
(9,'UserModel',395,NULL,'/uploads/users/395/','395_20210525074636_bankstatement.pdf','3',NULL,NULL,NULL,NULL,31,NULL,'2021-05-25 15:46:36','2021-05-25 15:46:36',NULL),
(10,'UserModel',396,NULL,'/uploads/users/396/','396_20210525191220_mof.pdf','2',NULL,NULL,NULL,NULL,31,NULL,'2021-05-26 03:12:20','2021-05-26 03:12:20',NULL),
(11,'UserModel',397,NULL,'/uploads/users/397/','397_20210525191808_supplier.jpg','1',NULL,NULL,NULL,NULL,31,NULL,'2021-05-26 03:18:09','2021-05-26 03:18:09',NULL),
(12,'UserModel',397,NULL,'/uploads/users/397/','397_20210525191809_digitalsign.jpg','4',NULL,NULL,NULL,NULL,31,NULL,'2021-05-26 03:18:09','2021-05-26 03:18:09',NULL),
(13,'UserModel',397,NULL,'/uploads/users/397/','397_20210525191809_mof.pdf','2',NULL,NULL,NULL,NULL,31,NULL,'2021-05-26 03:18:09','2021-05-26 03:18:09',NULL),
(14,'UserModel',397,NULL,'/uploads/users/397/','397_20210525191809_bankstatement.pdf','3',NULL,NULL,NULL,NULL,31,NULL,'2021-05-26 03:18:09','2021-05-26 03:18:09',NULL),
(15,'UserModel',398,NULL,'/uploads/users/398/','398_20210525195213_mof.pdf','2',NULL,NULL,NULL,NULL,31,NULL,'2021-05-26 03:52:13','2021-05-26 03:52:13',NULL),
(16,'UserModel',398,NULL,'/uploads/users/398/','398_20210525195213_bankstatement.pdf','3',NULL,NULL,NULL,NULL,31,NULL,'2021-05-26 03:52:13','2021-05-26 03:52:13',NULL),
(17,'PermohonanModel',1,'Terma Rujukan (TOR)','/uploads/1/torfile/','torfile_20210526181422_1.pdf','1',NULL,NULL,NULL,NULL,6,NULL,'2021-05-27 02:14:22','2021-05-27 02:14:22',NULL),
(18,'PermohonanModel',1,'test1','/uploads/1/sokongan/','sokongan_20210526181422_1_1.pdf','3',NULL,NULL,NULL,NULL,6,NULL,'2021-05-27 02:14:22','2021-05-27 02:14:22','2021-05-26 18:14:39'),
(19,'PermohonanModel',1,'test2','/uploads/1/sokongan/','sokongan_20210526181422_1_2.pdf','3',NULL,NULL,NULL,NULL,6,NULL,'2021-05-27 02:14:22','2021-05-27 02:14:22',NULL),
(20,'PermohonanModel',5,'SURAT KEBENARAN BEKERJA LENOVO','/uploads/5/sokongan/','sokongan_20210528004207_5_1.pdf','3',NULL,NULL,NULL,NULL,6,NULL,'2021-05-28 08:42:07','2021-05-28 08:42:07',NULL),
(21,'PermohonanModel',5,'KOMEN 1','/uploads/5/sokongan/','sokongan_20210528004207_5_2.pdf','3',NULL,NULL,NULL,NULL,6,NULL,'2021-05-28 08:42:07','2021-05-28 08:42:07',NULL),
(22,'PermohonanModel',5,'Terma Rujukan (TOR)','/uploads/5/torfile/','torfile_20210528004307_5.pdf','1',NULL,NULL,NULL,NULL,6,NULL,'2021-05-28 08:43:07','2021-05-28 08:43:07',NULL),
(23,'UserModel',410,NULL,'/uploads/users/410/','410_20210528092946_digitalsign.jpg','4',NULL,NULL,NULL,NULL,410,NULL,'2021-05-28 17:29:46','2021-05-28 17:29:46',NULL),
(24,'UserModel',410,NULL,'/uploads/users/410/','410_20210528092946_bankstatement.pdf','3',NULL,NULL,NULL,NULL,410,NULL,'2021-05-28 17:29:46','2021-05-28 17:29:46',NULL),
(26,'PermohonanModel',9,'Terma Rujukan (TOR)','/uploads/9/torfile/','torfile_20210603142024_9.pdf','1',NULL,NULL,NULL,NULL,6,NULL,'2021-06-03 22:20:24','2021-06-03 22:20:24',NULL),
(28,'UserModel',398,NULL,'/uploads/users/398/','398_20210604091712_digitalsign.jpg','4',NULL,NULL,NULL,NULL,31,NULL,'2021-06-04 17:17:13','2021-06-04 17:17:13',NULL),
(29,'UserModel',91,NULL,'/uploads/users/91/','91_20210604170013_digitalsign.jpg','4',NULL,NULL,NULL,NULL,31,NULL,'2021-06-05 01:00:13','2021-06-05 01:00:13',NULL),
(30,'UserModel',411,NULL,'/uploads/users/411/','411_20210605101339_digitalsign.jpg','4',NULL,NULL,NULL,NULL,411,NULL,'2021-06-05 18:13:40','2021-06-05 18:13:40','2021-06-05 10:17:29'),
(31,'UserModel',411,NULL,'/uploads/users/411/','411_20210605101340_mof.pdf','2',NULL,NULL,NULL,NULL,411,NULL,'2021-06-05 18:13:40','2021-06-05 18:13:40',NULL),
(32,'UserModel',411,NULL,'/uploads/users/411/','411_20210605101340_bankstatement.pdf','3',NULL,NULL,NULL,NULL,411,NULL,'2021-06-05 18:13:40','2021-06-05 18:13:40',NULL),
(33,'UserModel',411,NULL,'/uploads/users/411/','411_20210605101729_digitalsign.jpg','4',NULL,NULL,NULL,NULL,411,NULL,'2021-06-05 18:17:30','2021-06-05 18:17:30',NULL),
(34,'UserModel',404,NULL,'/uploads/users/404/','404_20210605112328_digitalsign.jpg','4',NULL,NULL,NULL,NULL,404,NULL,'2021-06-05 19:23:28','2021-06-05 19:23:28',NULL),
(35,'UserModel',404,NULL,'/uploads/users/404/','404_20210605112328_govdutyform.pdf','5',NULL,NULL,NULL,NULL,404,NULL,'2021-06-05 19:23:28','2021-06-05 19:23:28',NULL);

/*Table structure for table `user_has_permissions` */


CREATE TABLE `user_has_permissions` (
  `user_id` int(10) unsigned NOT NULL,
  `permission_id` int(10) unsigned NOT NULL,
  PRIMARY KEY (`user_id`,`permission_id`),
  KEY `user_has_permissions_permission_id_foreign` (`permission_id`),
  CONSTRAINT `user_has_permissions_permission_id_foreign` FOREIGN KEY (`permission_id`) REFERENCES `permissions` (`id`) ON DELETE CASCADE,
  CONSTRAINT `user_has_permissions_user_id_foreign` FOREIGN KEY (`user_id`) REFERENCES `users` (`id`) ON DELETE CASCADE
) ENGINE=InnoDB DEFAULT CHARSET=utf8 COLLATE=utf8_unicode_ci ROW_FORMAT=DYNAMIC COMMENT='ACL related';

/*Data for the table `user_has_permissions` */

/*Table structure for table `user_has_roles` */


CREATE TABLE `user_has_roles` (
  `role_id` int(10) unsigned NOT NULL,
  `user_id` int(10) unsigned NOT NULL,
  PRIMARY KEY (`role_id`,`user_id`),
  KEY `user_has_roles_user_id_foreign` (`user_id`),
  CONSTRAINT `user_has_roles_role_id_foreign` FOREIGN KEY (`role_id`) REFERENCES `roles` (`id`) ON DELETE CASCADE,
  CONSTRAINT `user_has_roles_user_id_foreign` FOREIGN KEY (`user_id`) REFERENCES `users` (`id`) ON DELETE CASCADE
) ENGINE=InnoDB DEFAULT CHARSET=utf8 COLLATE=utf8_unicode_ci ROW_FORMAT=DYNAMIC COMMENT='ACL related';

/*Data for the table `user_has_roles` */

insert  into `user_has_roles`(`role_id`,`user_id`) values 
(1,1),
(2,1),
(2,2),
(2,31),
(2,355),
(2,356),
(4,99),
(4,120),
(4,131),
(4,143),
(4,255),
(4,264),
(5,304),
(6,9),
(7,11),
(7,14),
(7,16),
(7,24),
(7,25),
(7,27),
(7,30),
(7,34),
(7,36),
(7,40),
(7,41),
(7,49),
(7,54),
(7,56),
(7,58),
(7,64),
(7,66),
(7,67),
(7,72),
(7,77),
(7,79),
(7,86),
(7,87),
(7,89),
(7,92),
(7,97),
(7,98),
(7,100),
(7,101),
(7,103),
(7,104),
(7,108),
(7,109),
(7,110),
(7,112),
(7,113),
(7,115),
(7,116),
(7,117),
(7,123),
(7,124),
(7,125),
(7,126),
(7,139),
(7,141),
(7,152),
(7,156),
(7,158),
(7,163),
(7,166),
(7,178),
(7,183),
(7,184),
(7,185),
(7,192),
(7,197),
(7,203),
(7,216),
(7,222),
(7,224),
(7,225),
(7,247),
(7,252),
(7,257),
(7,261),
(7,262),
(7,263),
(7,265),
(7,266),
(7,269),
(7,270),
(7,274),
(7,283),
(7,284),
(7,285),
(7,287),
(7,288),
(7,295),
(7,296),
(7,297),
(7,301),
(7,303),
(7,307),
(7,308),
(7,309),
(7,310),
(7,314),
(7,316),
(8,3),
(8,4),
(8,5),
(8,6),
(8,7),
(8,8),
(8,10),
(8,12),
(8,13),
(8,15),
(8,17),
(8,18),
(8,19),
(8,20),
(8,21),
(8,22),
(8,23),
(8,26),
(8,28),
(8,29),
(8,32),
(8,37),
(8,38),
(8,42),
(8,43),
(8,44),
(8,45),
(8,46),
(8,47),
(8,48),
(8,50),
(8,51),
(8,52),
(8,53),
(8,55),
(8,57),
(8,59),
(8,60),
(8,61),
(8,62),
(8,63),
(8,65),
(8,68),
(8,69),
(8,70),
(8,71),
(8,73),
(8,74),
(8,75),
(8,76),
(8,80),
(8,81),
(8,82),
(8,83),
(8,84),
(8,85),
(8,88),
(8,90),
(8,91),
(8,93),
(8,95),
(8,96),
(8,105),
(8,106),
(8,107),
(8,111),
(8,114),
(8,118),
(8,119),
(8,121),
(8,122),
(8,127),
(8,128),
(8,130),
(8,132),
(8,133),
(8,134),
(8,135),
(8,136),
(8,137),
(8,138),
(8,140),
(8,142),
(8,144),
(8,145),
(8,146),
(8,147),
(8,148),
(8,149),
(8,150),
(8,151),
(8,153),
(8,154),
(8,155),
(8,157),
(8,159),
(8,160),
(8,161),
(8,162),
(8,164),
(8,167),
(8,168),
(8,169),
(8,170),
(8,171),
(8,172),
(8,173),
(8,174),
(8,175),
(8,176),
(8,177),
(8,179),
(8,180),
(8,181),
(8,182),
(8,186),
(8,187),
(8,188),
(8,190),
(8,191),
(8,193),
(8,194),
(8,195),
(8,196),
(8,198),
(8,199),
(8,200),
(8,201),
(8,202),
(8,204),
(8,206),
(8,207),
(8,208),
(8,209),
(8,210),
(8,211),
(8,212),
(8,213),
(8,214),
(8,215),
(8,217),
(8,218),
(8,219),
(8,220),
(8,221),
(8,223),
(8,226),
(8,227),
(8,228),
(8,229),
(8,230),
(8,231),
(8,232),
(8,233),
(8,234),
(8,235),
(8,236),
(8,237),
(8,238),
(8,239),
(8,240),
(8,241),
(8,243),
(8,244),
(8,245),
(8,246),
(8,249),
(8,250),
(8,251),
(8,253),
(8,254),
(8,256),
(8,258),
(8,259),
(8,260),
(8,267),
(8,268),
(8,271),
(8,272),
(8,273),
(8,275),
(8,276),
(8,277),
(8,278),
(8,279),
(8,280),
(8,281),
(8,282),
(8,286),
(8,289),
(8,290),
(8,291),
(8,292),
(8,293),
(8,294),
(8,298),
(8,299),
(8,300),
(8,302),
(8,305),
(8,306),
(8,311),
(8,312),
(8,313),
(8,315),
(8,317),
(8,318),
(8,319),
(8,320),
(8,321),
(8,322),
(8,323),
(8,324),
(8,325),
(8,326),
(8,327),
(8,328),
(8,329),
(8,330),
(8,331),
(8,332),
(8,333),
(8,334),
(8,335),
(8,336),
(8,337),
(8,338),
(8,339),
(8,340),
(8,341),
(8,342),
(8,343),
(8,344),
(8,345),
(8,346),
(8,348),
(8,349),
(8,350),
(8,351),
(8,354),
(8,359),
(8,367),
(8,370),
(8,371),
(8,372),
(8,373),
(8,374),
(8,375),
(8,376),
(8,377),
(8,378),
(8,379),
(8,380),
(8,381),
(8,382),
(8,383),
(8,384),
(8,385),
(8,386),
(8,387),
(8,388),
(8,389),
(8,390),
(8,391),
(8,392),
(14,394),
(14,395),
(14,405),
(14,406),
(14,407),
(14,408),
(14,409),
(14,411),
(15,397),
(15,398),
(15,399),
(15,400),
(15,401),
(15,402),
(15,403),
(15,404),
(15,410);

/*Table structure for table `user_has_roles_copy` */


CREATE TABLE `user_has_roles_copy` (
  `role_id` int(10) unsigned NOT NULL,
  `user_id` int(10) unsigned NOT NULL,
  PRIMARY KEY (`role_id`,`user_id`),
  KEY `user_has_roles_user_id_foreign` (`user_id`)
) ENGINE=InnoDB DEFAULT CHARSET=utf8 COLLATE=utf8_unicode_ci ROW_FORMAT=DYNAMIC COMMENT='ACL related';

/*Data for the table `user_has_roles_copy` */

insert  into `user_has_roles_copy`(`role_id`,`user_id`) values 
(1,1),
(2,1),
(2,2),
(2,31),
(2,355),
(2,356),
(4,99),
(4,120),
(4,131),
(4,143),
(4,255),
(4,264),
(5,304),
(6,9),
(7,11),
(7,14),
(7,16),
(7,24),
(7,25),
(7,27),
(7,30),
(7,34),
(7,36),
(7,40),
(7,41),
(7,49),
(7,54),
(7,56),
(7,58),
(7,64),
(7,66),
(7,67),
(7,72),
(7,77),
(7,79),
(7,86),
(7,87),
(7,89),
(7,92),
(7,97),
(7,98),
(7,100),
(7,101),
(7,103),
(7,104),
(7,108),
(7,109),
(7,110),
(7,112),
(7,113),
(7,115),
(7,116),
(7,117),
(7,123),
(7,124),
(7,125),
(7,126),
(7,139),
(7,141),
(7,152),
(7,156),
(7,158),
(7,163),
(7,166),
(7,178),
(7,183),
(7,184),
(7,185),
(7,192),
(7,197),
(7,203),
(7,216),
(7,222),
(7,224),
(7,225),
(7,247),
(7,252),
(7,257),
(7,261),
(7,262),
(7,263),
(7,265),
(7,266),
(7,269),
(7,270),
(7,274),
(7,283),
(7,284),
(7,285),
(7,287),
(7,288),
(7,295),
(7,296),
(7,297),
(7,301),
(7,303),
(7,307),
(7,308),
(7,309),
(7,310),
(7,314),
(7,316),
(8,3),
(8,4),
(8,5),
(8,6),
(8,7),
(8,8),
(8,10),
(8,12),
(8,13),
(8,15),
(8,17),
(8,18),
(8,19),
(8,21),
(8,22),
(8,23),
(8,26),
(8,28),
(8,29),
(8,32),
(8,37),
(8,38),
(8,42),
(8,43),
(8,44),
(8,45),
(8,46),
(8,47),
(8,48),
(8,51),
(8,53),
(8,55),
(8,57),
(8,59),
(8,60),
(8,61),
(8,62),
(8,63),
(8,65),
(8,68),
(8,69),
(8,70),
(8,71),
(8,73),
(8,74),
(8,75),
(8,76),
(8,80),
(8,81),
(8,82),
(8,83),
(8,84),
(8,85),
(8,88),
(8,90),
(8,93),
(8,95),
(8,96),
(8,105),
(8,106),
(8,107),
(8,111),
(8,114),
(8,118),
(8,119),
(8,121),
(8,122),
(8,127),
(8,128),
(8,130),
(8,132),
(8,133),
(8,134),
(8,136),
(8,137),
(8,138),
(8,140),
(8,142),
(8,144),
(8,145),
(8,146),
(8,147),
(8,148),
(8,149),
(8,150),
(8,151),
(8,153),
(8,154),
(8,155),
(8,157),
(8,159),
(8,160),
(8,161),
(8,162),
(8,164),
(8,167),
(8,168),
(8,169),
(8,170),
(8,171),
(8,172),
(8,173),
(8,175),
(8,176),
(8,177),
(8,179),
(8,180),
(8,181),
(8,182),
(8,186),
(8,187),
(8,190),
(8,191),
(8,193),
(8,194),
(8,195),
(8,196),
(8,198),
(8,199),
(8,200),
(8,202),
(8,204),
(8,207),
(8,208),
(8,209),
(8,210),
(8,211),
(8,212),
(8,213),
(8,214),
(8,215),
(8,217),
(8,218),
(8,219),
(8,220),
(8,221),
(8,223),
(8,226),
(8,227),
(8,228),
(8,229),
(8,230),
(8,231),
(8,232),
(8,234),
(8,235),
(8,236),
(8,237),
(8,238),
(8,239),
(8,240),
(8,243),
(8,244),
(8,245),
(8,246),
(8,249),
(8,250),
(8,251),
(8,253),
(8,254),
(8,256),
(8,258),
(8,259),
(8,260),
(8,267),
(8,268),
(8,271),
(8,272),
(8,273),
(8,278),
(8,280),
(8,281),
(8,282),
(8,289),
(8,290),
(8,291),
(8,293),
(8,294),
(8,300),
(8,302),
(8,305),
(8,306),
(8,312),
(8,313),
(8,315),
(8,317),
(8,319),
(8,320),
(8,321),
(8,323),
(8,325),
(8,326),
(8,327),
(8,328),
(8,329),
(8,330),
(8,331),
(8,332),
(8,333),
(8,334),
(8,336),
(8,337),
(8,338),
(8,339),
(8,341),
(8,342),
(8,343),
(8,344),
(8,345),
(8,346),
(8,348),
(8,349),
(8,350),
(8,351),
(8,354),
(8,359),
(8,367),
(8,370),
(8,371),
(8,372),
(8,373),
(8,374),
(8,375),
(8,376),
(8,377),
(8,378),
(8,379),
(8,380),
(8,381),
(8,382),
(8,383),
(8,384),
(8,385),
(8,386),
(8,387),
(8,388),
(8,391),
(8,392),
(9,20),
(9,52),
(9,91),
(9,188),
(9,206),
(9,233),
(9,241),
(9,298),
(9,324),
(9,335),
(10,299),
(11,135),
(11,174),
(11,275),
(11,286),
(11,292),
(11,311),
(11,322),
(11,390),
(13,50),
(13,201),
(13,276),
(13,277),
(13,279),
(13,318),
(13,340),
(13,389);

/*Table structure for table `users_company` */


CREATE TABLE `users_company` (
  `users_company_id` bigint(20) NOT NULL AUTO_INCREMENT,
  `user_company_id` int(11) NOT NULL COMMENT 'user_id - user_type-3',
  `user_id` int(11) NOT NULL,
  `active_status` int(11) NOT NULL DEFAULT '1',
  `created_at` timestamp NULL DEFAULT NULL ON UPDATE CURRENT_TIMESTAMP,
  `updated_at` timestamp NOT NULL DEFAULT CURRENT_TIMESTAMP,
  `deleted_at` timestamp NULL DEFAULT NULL,
  PRIMARY KEY (`users_company_id`),
  KEY `idx_usercompany_companyid` (`user_company_id`),
  KEY `idx_usercompany_userid` (`user_id`)
) ENGINE=InnoDB AUTO_INCREMENT=16 DEFAULT CHARSET=latin1;

/*Data for the table `users_company` */

insert  into `users_company`(`users_company_id`,`user_company_id`,`user_id`,`active_status`,`created_at`,`updated_at`,`deleted_at`) values 
(7,395,398,1,'2021-05-28 04:26:04','2021-05-28 04:26:04',NULL),
(8,395,397,1,'2021-05-28 04:46:31','2021-05-28 04:46:33',NULL),
(9,408,402,1,'2021-05-28 15:54:29','2021-05-28 15:54:29',NULL),
(10,408,400,1,'2021-05-28 15:54:29','2021-05-28 15:54:29',NULL),
(11,406,410,1,'2021-05-28 17:41:47','2021-05-28 17:41:47',NULL),
(15,411,400,1,'2021-06-05 19:04:33','2021-06-05 19:04:33',NULL);

/*Table structure for table `users_detail` */


CREATE TABLE `users_detail` (
  `users_detail_id` int(11) NOT NULL AUTO_INCREMENT,
  `user_id` int(11) NOT NULL,
  `user_type` int(11) NOT NULL DEFAULT '1' COMMENT '1-mpcuser,2-pembekal individu,3-pembekal syarikat',
  `salutation_id` int(11) DEFAULT '1',
  `gender_id` int(11) DEFAULT '1',
  `users_detail_name` varchar(100) DEFAULT NULL COMMENT 'individual,companyname',
  `users_detail_staffno` varchar(20) DEFAULT NULL,
  `users_detail_fileno` varchar(20) DEFAULT NULL COMMENT 'enrich no',
  `users_detail_idno` varchar(50) DEFAULT NULL COMMENT 'icno,companyno',
  `users_detail_passport` varchar(20) DEFAULT NULL,
  `users_detail_address1` varchar(100) DEFAULT NULL,
  `users_detail_address2` varchar(100) DEFAULT NULL,
  `users_detail_address3` varchar(100) DEFAULT NULL,
  `users_detail_postcode` char(5) DEFAULT NULL,
  `district_id` int(11) DEFAULT NULL,
  `state_id` int(11) DEFAULT NULL,
  `users_detail_mobileno` varchar(12) DEFAULT NULL,
  `users_detail_homeno` varchar(12) DEFAULT NULL,
  `users_detail_workno` varchar(12) DEFAULT NULL,
  `users_detail_email` varchar(100) DEFAULT NULL,
  `users_detail_isinternal` char(1) NOT NULL DEFAULT '0',
  `cawangan_id` int(11) DEFAULT NULL,
  `unit_bahagian_id` int(11) DEFAULT NULL,
  `jawatan_id` int(11) DEFAULT NULL,
  `gred_id` int(11) DEFAULT NULL,
  `manager_id` int(11) DEFAULT NULL COMMENT 'user_id',
  `race_id` int(11) DEFAULT '1',
  `religion_id` int(11) DEFAULT '1',
  `is_government` int(11) DEFAULT '0' COMMENT 'for supplier purpose',
  `company_owner` varchar(200) DEFAULT NULL,
  `registration_no_mpc` varchar(100) DEFAULT NULL,
  `mpc_register_startdate` date DEFAULT NULL,
  `mpc_register_enddate` date DEFAULT NULL,
  `registration_no_mof` varchar(100) DEFAULT NULL,
  `akademik_id` int(11) DEFAULT NULL,
  `bank_owner_name` varchar(200) DEFAULT NULL,
  `bank_id` int(11) DEFAULT NULL,
  `bank_accountno` varchar(50) DEFAULT NULL,
  `salary_amount` decimal(10,2) DEFAULT NULL,
  `allow_rotation` int(11) NOT NULL DEFAULT '0',
  `pct_main` int(11) NOT NULL DEFAULT '0' COMMENT 'penguruskanan pct',
  `not_response` int(11) NOT NULL DEFAULT '0',
  `created_at` timestamp NULL DEFAULT NULL,
  `updated_at` timestamp NOT NULL DEFAULT CURRENT_TIMESTAMP,
  `deleted_at` timestamp NULL DEFAULT NULL,
  PRIMARY KEY (`users_detail_id`),
  KEY `idx_userdetail_user_id` (`user_id`),
  KEY `idx_userdetail_unit_bahagian_id` (`unit_bahagian_id`),
  KEY `idx_userdetail_jawatan_id` (`jawatan_id`),
  KEY `idx_userdetail_gred_id` (`gred_id`),
  KEY `idx_userdetail_manager_id` (`manager_id`),
  KEY `idx_userdetail_stateid` (`state_id`),
  KEY `idx_userdetail_districtid` (`district_id`),
  KEY `idx_userdetail_staffno` (`users_detail_staffno`),
  KEY `idx_userdetail_religionid` (`religion_id`),
  KEY `idx_userdetail_bankid` (`bank_id`),
  KEY `idx_userdetail_raceid` (`race_id`),
  KEY `idx_userdetail_usertype` (`user_type`),
  KEY `idx_userdetail_akademikid` (`akademik_id`)
) ENGINE=InnoDB AUTO_INCREMENT=573 DEFAULT CHARSET=latin1;

/*Data for the table `users_detail` */

insert  into `users_detail`(`users_detail_id`,`user_id`,`user_type`,`salutation_id`,`gender_id`,`users_detail_name`,`users_detail_staffno`,`users_detail_fileno`,`users_detail_idno`,`users_detail_passport`,`users_detail_address1`,`users_detail_address2`,`users_detail_address3`,`users_detail_postcode`,`district_id`,`state_id`,`users_detail_mobileno`,`users_detail_homeno`,`users_detail_workno`,`users_detail_email`,`users_detail_isinternal`,`cawangan_id`,`unit_bahagian_id`,`jawatan_id`,`gred_id`,`manager_id`,`race_id`,`religion_id`,`is_government`,`company_owner`,`registration_no_mpc`,`mpc_register_startdate`,`mpc_register_enddate`,`registration_no_mof`,`akademik_id`,`bank_owner_name`,`bank_id`,`bank_accountno`,`salary_amount`,`allow_rotation`,`pct_main`,`not_response`,`created_at`,`updated_at`,`deleted_at`) values 
(3,3,1,1,1,'Ab. Razak Salleh ','2112',NULL,'620310035231',NULL,NULL,NULL,NULL,NULL,NULL,NULL,NULL,NULL,NULL,'razaksalleh@mpc.gov.my','0',NULL,5,23,12,36,1,1,0,NULL,NULL,NULL,NULL,NULL,NULL,NULL,NULL,NULL,NULL,0,0,0,'2019-03-29 18:11:45','2019-03-29 18:11:45',NULL),
(4,4,1,1,1,'ABANG NURFADLI ABANG YUSUF','1602','','881113136047','','','','',NULL,NULL,NULL,NULL,NULL,NULL,'nurfadli@mpc.gov.my','0',NULL,11,27,3,264,1,1,0,NULL,NULL,NULL,NULL,NULL,NULL,NULL,NULL,NULL,NULL,0,0,0,'2019-08-19 20:57:24','2019-08-19 20:57:24',NULL),
(5,5,1,1,1,'ABDOLLAH TALIB','2113','','641129055193','','','','',NULL,NULL,NULL,NULL,NULL,NULL,'dollah@mpc.gov.my','0',NULL,3,14,21,39,1,1,0,NULL,NULL,NULL,NULL,NULL,NULL,NULL,NULL,NULL,NULL,0,0,0,'2020-07-23 00:55:54','2020-07-23 00:55:54',NULL),
(6,6,1,1,1,'ABDUL HADI ISHAK','2971','','810825045057','','','','',NULL,NULL,NULL,NULL,NULL,NULL,'hadi@mpc.gov.my','0',NULL,5,15,19,36,1,1,0,NULL,NULL,NULL,NULL,NULL,NULL,NULL,NULL,NULL,NULL,0,0,0,'2021-06-05 17:26:14','2021-06-05 17:26:14',NULL),
(7,7,1,1,1,'ABDUL HAKIM BIN MOHAMAD SHARIF','3043','','840515145893','','','','',NULL,NULL,NULL,NULL,NULL,NULL,'hakim@mpc.gov.my','0',NULL,5,8,9,36,1,1,0,NULL,NULL,NULL,NULL,NULL,NULL,NULL,NULL,NULL,NULL,0,0,0,'2021-05-25 15:55:49','2021-05-25 15:55:49',NULL),
(8,8,1,1,1,'Abdul Karim Abdul Halim','2970',NULL,'810328145225',NULL,NULL,NULL,NULL,NULL,NULL,NULL,NULL,NULL,NULL,'karim@mpc.gov.my','0',NULL,5,10,16,36,1,1,0,NULL,NULL,NULL,NULL,NULL,NULL,NULL,NULL,NULL,NULL,0,0,0,'2019-03-29 18:11:45','2019-03-29 18:11:45',NULL),
(9,9,1,1,1,'DATO\' ABDUL LATIF BIN HAJI ABU SEMAN','1179','069136863','610529065073','A38040968','','','',NULL,NULL,NULL,'0192817473',NULL,NULL,'abdullatif@mpc.gov.my','0',NULL,6,32,14,131,1,1,0,NULL,NULL,NULL,NULL,NULL,NULL,NULL,NULL,NULL,NULL,0,0,0,'2020-02-03 22:31:27','2020-02-03 22:31:27',NULL),
(10,10,1,1,1,'ABDUL LATIF HUSSEIN','2061','','600723135435','','','','',NULL,NULL,NULL,NULL,NULL,NULL,'abdullatifh@mpc.gov.my','0',NULL,11,23,12,36,1,1,0,NULL,NULL,NULL,NULL,NULL,NULL,NULL,NULL,NULL,NULL,0,0,0,'2019-09-10 21:19:34','2019-09-10 21:19:34',NULL),
(11,11,1,1,1,'Abdul Malek Mohamad Aripin','1407',NULL,'690206045185',NULL,NULL,NULL,NULL,NULL,NULL,NULL,NULL,NULL,NULL,'malek@mpc.gov.my','0',NULL,2,18,4,242,1,1,0,NULL,NULL,NULL,NULL,NULL,NULL,NULL,NULL,NULL,NULL,0,0,0,'2019-03-29 18:11:45','2019-03-29 18:11:45',NULL),
(12,12,1,1,1,'Abdul Quyun Mansor','3114',NULL,'850207065305',NULL,NULL,NULL,NULL,NULL,NULL,NULL,NULL,NULL,NULL,'quyun@mpc.gov.my','0',NULL,5,10,16,36,1,1,0,NULL,NULL,NULL,NULL,NULL,NULL,NULL,NULL,NULL,NULL,0,0,0,'2019-03-29 18:11:45','2019-03-29 18:11:45',NULL),
(13,13,1,1,1,'ABIGAIL SUBATRA A/P ANBALAKAN','1589','325625075','850106055140','A37752301','Mpc','','',NULL,NULL,NULL,'0125396594',NULL,NULL,'abigail@mpc.gov.my','0',NULL,1,27,3,87,1,1,0,NULL,NULL,NULL,NULL,NULL,NULL,NULL,NULL,NULL,NULL,0,0,0,'2020-11-06 15:42:21','2020-11-06 15:42:21',NULL),
(14,14,1,1,1,'Adlina Snawi','1434',NULL,'781031075342',NULL,NULL,NULL,NULL,NULL,NULL,NULL,NULL,NULL,NULL,'adlina@mpc.gov.my','0',NULL,9,27,3,99,1,1,0,NULL,NULL,NULL,NULL,NULL,NULL,NULL,NULL,NULL,NULL,0,0,0,'2019-03-29 18:11:45','2019-03-29 18:11:45',NULL),
(15,15,1,1,1,'Ahmad Fathan Abdul Rahim','1652',NULL,'860818355343',NULL,NULL,NULL,NULL,NULL,NULL,NULL,NULL,NULL,NULL,'fathan@mpc.gov.my','0',NULL,9,27,3,99,1,1,0,NULL,NULL,NULL,NULL,NULL,NULL,NULL,NULL,NULL,NULL,0,0,0,'2019-03-29 18:11:45','2019-03-29 18:11:45',NULL),
(16,16,1,1,1,'AHMAD HARRIS ABDULLAH','1495','307206491','790805115235','','','','',NULL,NULL,NULL,'0123155978',NULL,NULL,'harris@mpc.gov.my','0',NULL,6,18,4,108,1,1,0,NULL,NULL,NULL,NULL,NULL,NULL,NULL,NULL,NULL,NULL,0,0,0,'2020-10-15 19:45:56','2020-10-15 19:45:56',NULL),
(17,17,1,1,1,'Aiman Zakwan Zahari','1594',NULL,'891020015691',NULL,NULL,NULL,NULL,NULL,NULL,NULL,NULL,NULL,NULL,'aiman@mpc.gov.my','0',NULL,6,27,3,307,1,1,0,NULL,NULL,NULL,NULL,NULL,NULL,NULL,NULL,NULL,NULL,0,0,0,'2019-03-29 18:11:45','2019-03-29 18:11:45',NULL),
(18,18,1,1,1,'Aizulhisham Mat Menan','3013',NULL,'801211105313',NULL,NULL,NULL,NULL,NULL,NULL,NULL,NULL,NULL,NULL,'aizul@mpc.gov.my','0',NULL,5,25,22,36,1,1,0,NULL,NULL,NULL,NULL,NULL,NULL,NULL,NULL,NULL,NULL,0,0,0,'2019-03-29 18:11:45','2019-03-29 18:11:45',NULL),
(19,19,1,1,1,'AKMAR ASHAARI','2990','','790723075671','','','','',NULL,NULL,NULL,NULL,NULL,NULL,'akmar@mpc.gov.my','0',NULL,5,14,20,36,1,1,0,NULL,NULL,NULL,NULL,NULL,NULL,NULL,NULL,NULL,NULL,0,0,0,'2019-04-24 02:06:27','2019-04-24 02:06:27',NULL),
(20,20,1,1,1,'AL HISYAM ABDUL HALIM','1565','','780407145421','','','','',NULL,NULL,NULL,NULL,NULL,NULL,'alhisyam@mpc.gov.my','0',NULL,1,27,3,91,1,1,0,NULL,NULL,NULL,NULL,NULL,NULL,NULL,NULL,NULL,NULL,0,0,0,'2020-11-05 12:05:09','2020-11-05 12:05:09',NULL),
(21,21,1,1,1,'ALUYAH SUHAILI','2123','','630805135268','','','','',NULL,NULL,NULL,NULL,NULL,NULL,'alluyah@mpc.gov.my','0',NULL,11,16,20,264,1,1,0,NULL,NULL,NULL,NULL,NULL,NULL,NULL,NULL,NULL,NULL,0,0,0,'2019-08-19 21:29:39','2019-08-19 21:29:39',NULL),
(22,22,1,1,1,'Amirul Qamar Zakaria','3113',NULL,'870118086399',NULL,NULL,NULL,NULL,NULL,NULL,NULL,NULL,NULL,NULL,'amirulqamar@mpc.gov.my','0',NULL,5,22,12,36,1,1,0,NULL,NULL,NULL,NULL,NULL,NULL,NULL,NULL,NULL,NULL,0,0,0,'2019-03-29 18:11:45','2019-03-29 18:11:45',NULL),
(23,23,1,1,1,'Anis Marina Abd. Wahab','1591',NULL,'850708145936',NULL,NULL,NULL,NULL,NULL,NULL,NULL,NULL,NULL,NULL,'anis@mpc.gov.my','0',NULL,6,27,3,307,1,1,0,NULL,NULL,NULL,NULL,NULL,NULL,NULL,NULL,NULL,NULL,0,0,0,'2019-03-29 18:11:45','2019-03-29 18:11:45',NULL),
(24,24,1,1,1,'ASMAHAN OTHMAN','1429','','730601715226','','','','',NULL,NULL,NULL,'0133633353',NULL,NULL,'asmahan@mpc.gov.my','0',NULL,7,18,4,141,1,1,0,NULL,NULL,NULL,NULL,NULL,NULL,NULL,NULL,NULL,NULL,0,0,0,'2019-07-03 03:53:47','2019-07-03 03:53:47',NULL),
(25,25,1,1,1,'ASMAWADI MOHAMED','1501','329308125','800318035293','','','','',NULL,NULL,NULL,'0192726733',NULL,NULL,'asmawadi@mpc.gov.my','0',NULL,2,19,5,242,1,1,0,NULL,NULL,NULL,NULL,NULL,NULL,NULL,NULL,NULL,NULL,0,0,0,'2019-10-10 20:46:56','2019-10-10 20:46:56',NULL),
(26,26,1,1,1,'ATHIRAH ISHAK','1657','MH32599788','890925035094','','No 22, Jalan Pjs 1/2b,','Taman Perangsang','','46000',1235,14,'0193331371',NULL,NULL,'athirah@mpc.gov.my','0',NULL,1,27,3,24,1,1,0,NULL,NULL,NULL,NULL,NULL,NULL,NULL,NULL,NULL,NULL,0,0,0,'2020-10-15 16:04:01','2020-10-15 16:04:01',NULL),
(27,27,1,1,1,'Ati Djam Seri Montoi','1433',NULL,'721110125470',NULL,NULL,NULL,NULL,NULL,NULL,NULL,NULL,NULL,NULL,'atidjam@mpc.gov.my','0',NULL,7,18,4,141,1,1,0,NULL,NULL,NULL,NULL,NULL,NULL,NULL,NULL,NULL,NULL,0,0,0,'2019-03-29 18:11:45','2019-03-29 18:11:45',NULL),
(28,28,1,1,1,'Awang Udin Kanda ','2124',NULL,'620807125523',NULL,NULL,NULL,NULL,NULL,NULL,NULL,NULL,NULL,NULL,'awangudin@mpc.gov.my','0',NULL,10,10,16,72,1,1,0,NULL,NULL,NULL,NULL,NULL,NULL,NULL,NULL,NULL,NULL,0,0,0,'2019-03-29 18:11:45','2019-03-29 18:11:45',NULL),
(29,29,1,1,1,'AZHANI ISMAIL','1424','MH01467911','740621715142','A40088429','No. 32a, Jalan Flora 3f/5','Periwinkle','Bandar Rimbayu','42500',1187,14,'0163549115',NULL,NULL,'azhani@mpc.gov.my','0',NULL,4,18,4,185,1,1,0,NULL,NULL,NULL,NULL,NULL,NULL,NULL,NULL,NULL,NULL,0,0,0,'2020-10-15 15:42:20','2020-10-15 15:42:20',NULL),
(30,30,1,1,1,'Azimah Adnan','1531',NULL,'820910105084',NULL,NULL,NULL,NULL,NULL,NULL,NULL,NULL,NULL,NULL,'azimah@mpc.gov.my','0',NULL,4,18,4,304,1,1,0,NULL,NULL,NULL,NULL,NULL,NULL,NULL,NULL,NULL,NULL,0,0,0,'2019-03-29 18:11:45','2019-03-29 18:11:45',NULL),
(31,31,1,1,1,'AZIRA MOHAMED HODZAI','1580','','871121295452','','','','',NULL,NULL,NULL,'0179841606',NULL,NULL,'azira@mpc.gov.my','0',NULL,5,27,3,139,1,1,0,NULL,NULL,NULL,NULL,NULL,NULL,NULL,NULL,NULL,NULL,0,0,0,'2020-10-15 15:57:21','2020-10-15 15:57:21',NULL),
(32,32,1,1,1,'Azizan Omar ','2069',NULL,'590613055315',NULL,NULL,NULL,NULL,NULL,NULL,NULL,NULL,NULL,NULL,'azizan@mpc.gov.my','0',NULL,5,10,17,36,1,1,0,NULL,NULL,NULL,NULL,NULL,NULL,NULL,NULL,NULL,NULL,0,0,0,'2019-03-29 18:11:45','2019-03-29 18:11:45',NULL),
(33,33,1,1,1,'AZLAN KASSIM','1197','','600518106299','','','','',NULL,NULL,NULL,NULL,NULL,NULL,'azk@mpc.gov.my','0',NULL,8,33,6,304,1,1,0,NULL,NULL,NULL,NULL,NULL,NULL,NULL,NULL,NULL,NULL,0,0,0,'2020-01-06 23:58:08','2020-01-06 23:58:08',NULL),
(34,34,1,1,1,'AZLIN MOHD ALIAS','1462','','771102145856','','','','',NULL,NULL,NULL,NULL,NULL,NULL,'azlin@mpc.gov.my','0',NULL,6,18,4,314,1,1,0,NULL,NULL,NULL,NULL,NULL,NULL,NULL,NULL,NULL,NULL,0,0,0,'2020-10-27 16:22:11','2020-10-27 16:22:11',NULL),
(35,35,1,1,1,'Bahar Musa ','2051',NULL,'591116055239',NULL,NULL,NULL,NULL,NULL,NULL,NULL,NULL,NULL,NULL,'bahar@mpc.gov.my','0',NULL,2,10,16,242,1,1,0,NULL,NULL,NULL,NULL,NULL,NULL,NULL,NULL,NULL,NULL,0,0,0,'2019-03-29 18:11:45','2019-03-29 18:11:45',NULL),
(36,36,1,1,1,'BURHANUDDIN SAIDIN','1199','016599273','601103085419','A51979098','No. 8, Jln Pjs 1/2b','Tmn Perangsang','','46000',1235,14,'0192381199','0192381199',NULL,'bob@mpc.gov.my','0',NULL,6,17,7,304,1,1,0,NULL,NULL,NULL,NULL,NULL,NULL,NULL,NULL,NULL,NULL,0,0,0,'2020-02-21 16:18:20','2020-02-21 16:18:20',NULL),
(37,37,1,1,1,'CHAM YIN HWA','1572','305455813','850809045416','A51536464','','','','47800',1328,14,'0176813528',NULL,NULL,'cham@mpc.gov.my','0',NULL,6,27,3,116,1,1,0,NULL,NULL,NULL,NULL,NULL,NULL,NULL,NULL,NULL,NULL,0,0,0,'2020-10-14 20:29:35','2020-10-14 20:29:35',NULL),
(38,38,1,1,1,'DARUL ADIZUL ISHAK','1556','','821110105937','','','','',NULL,NULL,NULL,NULL,NULL,NULL,'daruladizul@mpc.gov.my','0',NULL,10,27,3,41,1,1,0,NULL,NULL,NULL,NULL,NULL,NULL,NULL,NULL,NULL,NULL,0,0,0,'2020-01-24 03:29:47','2020-01-24 03:29:47',NULL),
(39,39,1,1,1,'DR. DAUD TALIB','1277','251150664','650523015733','','Lot 36203, Jalan Angsana, Kampung Sg. Ramal Dalam 43000 Kajang Selangor Darul Ehsan','','','43000',1197,14,'0196583266','0196583266',NULL,'daud@mpc.gov.my','0',NULL,6,17,7,9,1,1,0,NULL,NULL,NULL,NULL,NULL,NULL,NULL,NULL,NULL,NULL,0,0,0,'2019-04-18 21:19:15','2019-04-18 21:19:15',NULL),
(40,40,1,1,1,'EAMIZAN HASIM','1340','','671215106089','','','','',NULL,NULL,NULL,NULL,NULL,NULL,'eamizan@mpc.gov.my','0',NULL,3,19,5,9,1,1,0,NULL,NULL,NULL,NULL,NULL,NULL,NULL,NULL,NULL,NULL,0,0,0,'2019-09-29 01:25:09','2019-09-29 01:25:09',NULL),
(41,41,1,1,1,'EDWARD BINTY','1435','MH06400394','750707125521','','','','',NULL,NULL,NULL,'0138793417',NULL,NULL,'edward@mpc.gov.my','0',NULL,6,19,5,116,1,1,0,NULL,NULL,NULL,NULL,NULL,NULL,NULL,NULL,NULL,NULL,0,0,0,'2020-10-15 11:41:49','2020-10-15 11:41:49',NULL),
(42,42,1,1,1,'Ellma Eddiahwati Musa','3067',NULL,'760622145362',NULL,NULL,NULL,NULL,NULL,NULL,NULL,NULL,NULL,NULL,'ellma@mpc.gov.my','0',NULL,6,30,22,9,1,1,0,NULL,NULL,NULL,NULL,NULL,NULL,NULL,NULL,NULL,NULL,0,0,0,'2019-03-29 18:11:45','2019-03-29 18:11:45',NULL),
(43,43,1,1,1,'Faizul Mohamed','2995',NULL,'730506015053',NULL,NULL,NULL,NULL,NULL,NULL,NULL,NULL,NULL,NULL,'faizul@mpc.gov.my','0',NULL,12,7,9,255,1,1,0,NULL,NULL,NULL,NULL,NULL,NULL,NULL,NULL,NULL,NULL,0,0,0,'2019-03-29 18:11:45','2019-03-29 18:11:45',NULL),
(44,44,1,1,1,'FARA SALINDA AYU HALIM','3072','','790904085772','','','','',NULL,NULL,NULL,NULL,NULL,NULL,'farasalinda@mpc.gov.my','0',NULL,3,15,18,129,1,1,0,NULL,NULL,NULL,NULL,NULL,NULL,NULL,NULL,NULL,NULL,0,0,0,'2020-12-08 12:22:49','2020-12-08 12:22:49',NULL),
(45,45,1,1,1,'FARA SURAYA HANI BINTI HALIM','3014','','780714085668','','Perbadanan Produktiviti Malaysia (mpc)','Lorong Produktiviti, Off Jalan Sultan','','46200',1239,14,'+60196790070',NULL,NULL,'fara@mpc.gov.my','0',NULL,4,13,19,304,1,1,0,NULL,NULL,NULL,NULL,NULL,NULL,NULL,NULL,NULL,NULL,0,0,0,'2019-04-25 00:33:23','2019-04-25 00:33:23',NULL),
(46,46,1,1,1,'FARAH DIYANA DERMA DEWA','3115','','820812105056','','','','',NULL,NULL,NULL,'0173969800',NULL,NULL,'diyana@mpc.gov.my','0',NULL,5,14,18,36,1,1,0,NULL,NULL,NULL,NULL,NULL,NULL,NULL,NULL,NULL,NULL,0,0,0,'2019-04-08 21:40:56','2019-04-08 21:40:56',NULL),
(47,47,1,1,1,'FARAH SAZARINA OTHMAN','2964','','811203015456','','','','',NULL,NULL,NULL,NULL,NULL,NULL,'farah@mpc.gov.my','0',NULL,6,15,19,158,1,1,0,NULL,NULL,NULL,NULL,NULL,NULL,NULL,NULL,NULL,NULL,0,0,0,'2020-12-09 15:46:05','2020-12-09 15:46:05',NULL),
(48,48,1,1,1,'Farhan Abdullah','3044',NULL,'730617105449',NULL,NULL,NULL,NULL,NULL,NULL,NULL,NULL,NULL,NULL,'farhan@mpc.gov.my','0',NULL,3,7,9,129,1,1,0,NULL,NULL,NULL,NULL,NULL,NULL,NULL,NULL,NULL,NULL,0,0,0,'2019-03-29 18:11:45','2019-03-29 18:11:45',NULL),
(49,49,1,1,1,'FARIDAH TAJU RAHIM','1451','','760308065380','','','','',NULL,NULL,NULL,NULL,NULL,NULL,'faridah_tr@mpc.gov.my','0',NULL,8,18,4,66,1,1,0,NULL,NULL,NULL,NULL,NULL,NULL,NULL,NULL,NULL,NULL,0,0,0,'2020-01-14 00:04:14','2020-01-14 00:04:14',NULL),
(50,50,1,1,1,'FAUZIAH AHMAD NAWAWI','2973','','790625105398','','','','',NULL,NULL,NULL,NULL,NULL,NULL,'fauziahnawawi@mpc.gov.my','0',NULL,5,14,18,299,1,1,0,NULL,NULL,NULL,NULL,NULL,NULL,NULL,NULL,NULL,NULL,0,0,0,'2020-12-01 10:48:28','2020-12-01 10:48:28',NULL),
(51,51,1,1,1,'FAUZIAH MANAF','2563','','660107065028','','','','',NULL,NULL,NULL,'0132258779','0132258779',NULL,'fauziah@mpc.gov.my','0',NULL,6,12,19,39,1,1,0,NULL,NULL,NULL,NULL,NULL,NULL,NULL,NULL,NULL,NULL,0,0,0,'2019-09-20 00:03:40','2019-09-20 00:03:40',NULL),
(52,52,1,1,1,'FAUZIAH SAKIMAN','2659','','720323015326','','','','',NULL,NULL,NULL,NULL,NULL,NULL,'fauziahsakiman@mpc.gov.my','0',NULL,12,14,19,255,1,1,0,NULL,NULL,NULL,NULL,NULL,NULL,NULL,NULL,NULL,NULL,0,0,0,'2020-11-18 12:22:41','2020-11-18 12:22:41',NULL),
(53,53,1,1,1,'FIZALAWATI AMIN','3078','310841860','810813135258','K53743648','Lot 894, Lorong Demak Laut 3a,','Jalan Bako, Taman Perindustrian Demak Laut','','93050',2538,15,'012-8722756',NULL,NULL,'fizalawati@mpc.gov.my','0',NULL,11,12,18,264,1,1,0,NULL,NULL,NULL,NULL,NULL,NULL,NULL,NULL,NULL,NULL,0,0,0,'2019-10-01 23:03:59','2019-10-01 23:03:59',NULL),
(54,54,1,1,1,'HAFIZA ATHA AHMAD','1496','','811010105092','','','','',NULL,NULL,NULL,'0189544092',NULL,NULL,'hafiza@mpc.gov.my','0',NULL,11,18,4,266,1,1,0,NULL,NULL,NULL,NULL,NULL,NULL,NULL,NULL,NULL,NULL,0,0,0,'2020-10-15 11:01:00','2020-10-15 11:01:00',NULL),
(55,55,1,1,1,'HAFIZAH SITH','1418','','790329016120','','','','',NULL,NULL,NULL,NULL,NULL,NULL,'hafizahsith@mpc.gov.my','0',NULL,4,18,4,307,1,1,0,NULL,NULL,NULL,NULL,NULL,NULL,NULL,NULL,NULL,NULL,0,0,0,'2019-04-18 21:40:40','2019-04-18 21:40:40',NULL),
(56,56,1,1,1,'HAFIZOH MD. ARIS','1497','','780402025746','','','','',NULL,NULL,NULL,NULL,NULL,NULL,'hafizoh@mpc.gov.my','0',NULL,6,27,3,116,1,1,0,NULL,NULL,NULL,NULL,NULL,NULL,NULL,NULL,NULL,NULL,0,0,0,'2020-10-14 20:40:32','2020-10-14 20:40:32',NULL),
(57,57,1,1,1,'Hairul Mizan Hamdan ','2997',NULL,'770222015947',NULL,NULL,NULL,NULL,NULL,NULL,NULL,NULL,NULL,NULL,'hairul@mpc.gov.my','0',NULL,12,20,11,255,1,1,0,NULL,NULL,NULL,NULL,NULL,NULL,NULL,NULL,NULL,NULL,0,0,0,'2019-03-29 18:11:45','2019-03-29 18:11:45',NULL),
(58,58,1,1,1,'DR. HALIMAHTON SA\'DIAH LET','1409','','730930085368','','No. 5, Jalan 6/19','Bandar Tasik Puteri','','48020',1334,14,'0135302171',NULL,NULL,'halimahton@mpc.gov.my','0',NULL,4,19,5,285,1,1,0,NULL,NULL,NULL,NULL,NULL,NULL,NULL,NULL,NULL,NULL,0,0,0,'2020-10-15 17:49:45','2020-10-15 17:49:45',NULL),
(59,59,1,1,1,'Hamzaly Zakaria','2998',NULL,'680617105825',NULL,NULL,NULL,NULL,NULL,NULL,NULL,NULL,NULL,NULL,'hamzaly@mpc.gov.my','0',NULL,5,8,9,36,1,1,0,NULL,NULL,NULL,NULL,NULL,NULL,NULL,NULL,NULL,NULL,0,0,0,'2019-03-29 18:11:45','2019-03-29 18:11:45',NULL),
(60,60,1,1,1,'HANISAH RAMLI','1529','316250896','840523105736','A34970132','No 5, Jalan Tanjung Agas 30/189','Taman Sri Murni, Jalan Kebun','','40460',1084,14,'0126554909',NULL,NULL,'hanisah@mpc.gov.my','0',NULL,4,27,3,285,1,1,0,NULL,NULL,NULL,NULL,NULL,NULL,NULL,NULL,NULL,NULL,0,0,0,'2019-11-19 01:07:05','2019-11-19 01:07:05',NULL),
(61,61,1,1,1,'Hasbullah Abdul Hamid ','3083',NULL,'800114025253',NULL,NULL,NULL,NULL,NULL,NULL,NULL,NULL,NULL,NULL,'hasbullah@mpc.gov.my','0',NULL,5,23,12,36,1,1,0,NULL,NULL,NULL,NULL,NULL,NULL,NULL,NULL,NULL,NULL,0,0,0,'2019-03-29 18:11:45','2019-03-29 18:11:45',NULL),
(62,62,1,1,1,'Haslizayanti Othman','1526',NULL,'810117065348',NULL,NULL,NULL,NULL,NULL,NULL,NULL,NULL,NULL,NULL,'haslizayanti@mpc.gov.my','0',NULL,6,27,3,307,1,1,0,NULL,NULL,NULL,NULL,NULL,NULL,NULL,NULL,NULL,NULL,0,0,0,'2019-03-29 18:11:45','2019-03-29 18:11:45',NULL),
(63,63,1,1,1,'Hazwani Nadiah Ismail','1525',NULL,'820913035624',NULL,NULL,NULL,NULL,NULL,NULL,NULL,NULL,NULL,NULL,'hazwani@mpc.gov.my','0',NULL,8,27,3,33,1,1,0,NULL,NULL,NULL,NULL,NULL,NULL,NULL,NULL,NULL,NULL,0,0,0,'2019-03-29 18:11:45','2019-03-29 18:11:45',NULL),
(64,64,1,1,1,'HILLINA ABDUL KARIM','1457','','760325105284','','','','',NULL,NULL,NULL,NULL,NULL,NULL,'hillina@mpc.gov.my','0',NULL,5,3,29,299,1,1,0,NULL,NULL,NULL,NULL,NULL,NULL,NULL,NULL,NULL,NULL,0,0,0,'2020-11-07 12:14:45','2020-11-07 12:14:45',NULL),
(65,65,1,1,1,'Hishamuddin Hassan','3037',NULL,'811203025531',NULL,NULL,NULL,NULL,NULL,NULL,NULL,NULL,NULL,NULL,'hishammudin@mpc.gov.my','0',NULL,9,10,16,99,1,1,0,NULL,NULL,NULL,NULL,NULL,NULL,NULL,NULL,NULL,NULL,0,0,0,'2019-03-29 18:11:45','2019-03-29 18:11:45',NULL),
(66,66,1,1,1,'AB. RAHIM YUSOFF','1192','','601217035145','','','','',NULL,NULL,NULL,'0192342212',NULL,NULL,'abrahim@mpc.gov.my','0',NULL,7,32,15,9,1,1,0,NULL,NULL,NULL,NULL,NULL,NULL,NULL,NULL,NULL,NULL,0,0,0,'2020-11-04 18:28:05','2020-11-04 18:28:05',NULL),
(67,67,1,1,1,'Ab. Rashid Omar','1331',NULL,'660801045393',NULL,NULL,NULL,NULL,NULL,NULL,NULL,NULL,NULL,NULL,'abrash@mpc.gov.my','0',NULL,6,19,5,9,1,1,0,NULL,NULL,NULL,NULL,NULL,NULL,NULL,NULL,NULL,NULL,0,0,0,'2019-03-29 18:11:45','2019-03-29 18:11:45',NULL),
(68,68,1,1,1,'HUDA ATIQAH SAMSIR','1644','MH31346842','881028015128','','','','',NULL,NULL,NULL,'0137261950',NULL,NULL,'atiqah@mpc.gov.my','0',NULL,1,27,3,79,1,1,0,NULL,NULL,NULL,NULL,NULL,NULL,NULL,NULL,NULL,NULL,0,0,0,'2020-10-15 16:55:39','2020-10-15 16:55:39',NULL),
(69,69,1,1,1,'ILYANA NORSAIDAH AB RAHMAN','1638','','910911035478','','','','',NULL,NULL,NULL,NULL,NULL,NULL,'ilyana@mpc.gov.my','0',NULL,6,27,3,41,1,1,0,NULL,NULL,NULL,NULL,NULL,NULL,NULL,NULL,NULL,NULL,0,0,0,'2020-11-06 21:14:45','2020-11-06 21:14:45',NULL),
(70,70,1,1,1,'Ingrid Ng Edy','1609',NULL,'871121495040',NULL,NULL,NULL,NULL,NULL,NULL,NULL,NULL,NULL,NULL,'ingrid@mpc.gov.my','0',NULL,10,27,3,72,1,1,0,NULL,NULL,NULL,NULL,NULL,NULL,NULL,NULL,NULL,NULL,0,0,0,'2019-03-29 18:11:45','2019-03-29 18:11:45',NULL),
(71,71,1,1,1,'ISRAM AZHAR','3047','','820324105479','','Lot 325a Jalan Simpang Balak, Kg. Simpang Balak,','','','43000',1197,14,'0163900444',NULL,NULL,'isram@mpc.gov.my','0',NULL,5,25,24,36,1,1,0,NULL,NULL,NULL,NULL,NULL,NULL,NULL,NULL,NULL,NULL,0,0,0,'2019-08-09 00:26:13','2019-08-09 00:26:13',NULL),
(72,72,1,1,1,'IZANI ISHAK','1275','','630610035689','','No. 10, Jalan 7/5a','Seksyen 7','Bandar Baru Bangi','43650',1208,14,'0192309196',NULL,NULL,'izani@mpc.gov.my','0',NULL,7,33,6,216,1,1,0,NULL,NULL,NULL,NULL,NULL,NULL,NULL,NULL,NULL,NULL,0,0,0,'2020-11-16 15:36:52','2020-11-16 15:36:52',NULL),
(73,73,1,1,1,'IZZUL IKHWAN ISHAK','1659','','910610105989','','Unit 13-06, Blok F','Ppa Pudina, No.2 Jalan Kasturi P17','Presint 17','62150',1621,9,'01114387240',NULL,NULL,'izzulikhwan18@yahoo.com','0',NULL,6,27,3,265,1,1,0,NULL,NULL,NULL,NULL,NULL,NULL,NULL,NULL,NULL,NULL,0,0,0,'2020-10-15 16:19:09','2020-10-15 16:19:09',NULL),
(74,74,1,1,1,'Jauza Juhairah Jimmy Abdullah','3141',NULL,'920127126324',NULL,NULL,NULL,NULL,NULL,NULL,NULL,NULL,NULL,NULL,'jacqueline@mpc.gov.my','0',NULL,6,14,18,307,1,1,0,NULL,NULL,NULL,NULL,NULL,NULL,NULL,NULL,NULL,NULL,0,0,0,'2019-03-29 18:11:45','2019-03-29 18:11:45',NULL),
(75,75,1,1,1,'JAYALETCHUMI KRISHNAN','1488','','780507025152','','','','',NULL,NULL,NULL,NULL,NULL,NULL,'jaya@mpc.gov.my','0',NULL,7,27,3,141,1,1,0,NULL,NULL,NULL,NULL,NULL,NULL,NULL,NULL,NULL,NULL,0,0,0,'2020-01-03 04:32:30','2020-01-03 04:32:30',NULL),
(76,76,1,1,1,'JERRY SHAHNIZAL AB AZIZ','1503','276928083','830808146065','','','','',NULL,NULL,NULL,NULL,NULL,NULL,'jerry@mpc.gov.my','0',NULL,6,18,4,78,1,1,0,NULL,NULL,NULL,NULL,NULL,NULL,NULL,NULL,NULL,NULL,0,0,0,'2019-09-14 02:36:38','2019-09-14 02:36:38',NULL),
(77,77,1,1,1,'Josffa Ismail','1408',NULL,'780215075975',NULL,NULL,NULL,NULL,NULL,NULL,NULL,NULL,NULL,NULL,'josffa@mpc.gov.my','0',NULL,4,18,4,304,1,1,0,NULL,NULL,NULL,NULL,NULL,NULL,NULL,NULL,NULL,NULL,0,0,0,'2019-03-29 18:11:45','2019-03-29 18:11:45',NULL),
(78,78,1,1,1,'KABIR AHMAD MOHD JAMIL','1170','','600101025303','','','','',NULL,NULL,NULL,NULL,NULL,NULL,'kabir@mpc.gov.my','0',NULL,6,17,7,356,1,1,0,NULL,NULL,NULL,NULL,NULL,NULL,NULL,NULL,NULL,NULL,0,0,0,'2020-01-06 22:48:26','2020-01-06 22:48:26',NULL),
(79,79,1,1,1,'KAMARUDDIN MOHAMAD','1183','','610718115105','','','','',NULL,NULL,NULL,NULL,NULL,NULL,'dinmohd@mpc.gov.my','0',NULL,1,17,7,129,1,1,0,NULL,NULL,NULL,NULL,NULL,NULL,NULL,NULL,NULL,NULL,0,0,0,'2019-04-18 21:29:00','2019-04-18 21:29:00',NULL),
(80,80,1,1,1,'KAMARUZAMAN RAMLI','3103','','830308115035','','','','',NULL,NULL,NULL,NULL,NULL,NULL,'kamaruzamanr@mpc.gov.my','0',NULL,8,23,12,49,1,1,0,NULL,NULL,NULL,NULL,NULL,NULL,NULL,NULL,NULL,NULL,0,0,0,'2020-11-12 15:12:25','2020-11-12 15:12:25',NULL),
(81,81,1,1,1,'KARTIN HASLINDA CHE MAT','1450','MH31599211','760304035264','','','','','15538',392,3,'0126621555','097416261',NULL,'haslinda@mpc.gov.my','0',NULL,7,18,4,308,1,1,0,NULL,NULL,NULL,NULL,NULL,NULL,NULL,NULL,NULL,NULL,0,0,0,'2020-11-05 17:26:01','2020-11-05 17:26:01',NULL),
(82,82,1,1,1,'Kasturi Devi a/p Appanna','1546',NULL,'810525085890',NULL,NULL,NULL,NULL,NULL,NULL,NULL,NULL,NULL,NULL,'kasturi@mpc.gov.my','0',NULL,9,27,3,99,1,1,0,NULL,NULL,NULL,NULL,NULL,NULL,NULL,NULL,NULL,NULL,0,0,0,'2019-03-29 18:11:45','2019-03-29 18:11:45',NULL),
(83,83,1,1,1,'Khairil Afi Adnan','3156',NULL,'871003065189',NULL,NULL,NULL,NULL,NULL,NULL,NULL,NULL,NULL,NULL,'KhairilAfi@mpc.gov.my','0',NULL,3,14,18,129,1,1,0,NULL,NULL,NULL,NULL,NULL,NULL,NULL,NULL,NULL,NULL,0,0,0,'2019-03-29 18:11:45','2019-03-29 18:11:45',NULL),
(84,84,1,1,1,'KHALIDATUL ASRIN ABDUL AZIZ','1483','','800112025794','A523688804','A501 Sd Apartment 2','Persiaran Meranti','Bandar Sri Damansara','52200',1562,4,'0125525439',NULL,NULL,'asrin@mpc.gov.my','0',NULL,6,18,4,110,1,1,0,NULL,NULL,NULL,NULL,NULL,NULL,NULL,NULL,NULL,NULL,0,0,0,'2020-10-15 16:08:55','2020-10-15 16:08:55',NULL),
(85,85,1,1,1,'KHATIJAH RAHMAT','1606','311739713','840710135404','','','','',NULL,NULL,NULL,NULL,NULL,NULL,'khatijah@mpc.gov.my','0',NULL,11,27,3,264,1,1,0,NULL,NULL,NULL,NULL,NULL,NULL,NULL,NULL,NULL,NULL,0,0,0,'2019-10-01 23:02:45','2019-10-01 23:02:45',NULL),
(86,86,1,1,1,'KHIDZIR BIN AHMAD','1534','308311662','780830105611','A51848727','No. 30 Jalan Ss5d/3','Kelana Jaya','','47301',1315,14,'0126641144',NULL,NULL,'khidzir@mpc.gov.my','0',NULL,6,18,4,297,1,1,0,NULL,NULL,NULL,NULL,NULL,NULL,NULL,NULL,NULL,NULL,0,0,0,'2020-11-13 13:42:10','2020-11-13 13:42:10',NULL),
(87,87,1,1,1,'Datin Latchumy Prabha','1316',NULL,'620517015246',NULL,NULL,NULL,NULL,NULL,NULL,NULL,NULL,NULL,NULL,'prabha@mpc.gov.my','0',NULL,1,19,5,79,1,1,0,NULL,NULL,NULL,NULL,NULL,NULL,NULL,NULL,NULL,NULL,0,0,0,'2019-03-29 18:11:45','2019-03-29 18:11:45',NULL),
(88,88,1,1,1,'LEE WAN SWANEE','1573','310671955','850915035756','','','','',NULL,NULL,NULL,'0129630567',NULL,NULL,'swanee@mpc.gov.my','0',NULL,6,27,3,41,1,1,0,NULL,NULL,NULL,NULL,NULL,NULL,NULL,NULL,NULL,NULL,0,0,0,'2020-10-15 16:54:25','2020-10-15 16:54:25',NULL),
(89,89,1,1,1,'LEE WAN WEI','1585','MH30971191','860814595008','A52758340','','','',NULL,NULL,NULL,NULL,NULL,NULL,'wanwei@mpc.gov.my','0',NULL,4,27,3,285,1,1,0,NULL,NULL,NULL,NULL,NULL,NULL,NULL,NULL,NULL,NULL,0,0,0,'2020-10-15 15:39:22','2020-10-15 15:39:22',NULL),
(90,90,1,1,1,'LIYANA OTHMAN','1656','300167162','900703137438','','','','',NULL,NULL,NULL,'0109668895',NULL,NULL,'liyana@mpc.gov.my','0',NULL,11,27,3,264,1,1,0,NULL,NULL,NULL,NULL,NULL,NULL,NULL,NULL,NULL,NULL,0,0,0,'2020-10-15 11:36:36','2020-10-15 11:36:36',NULL),
(91,91,1,1,1,'MAHADI HASBULLAH','1486','','760815035303','','','','',NULL,NULL,NULL,NULL,NULL,NULL,'mahadi@mpc.gov.my','0',NULL,5,19,5,131,1,1,0,NULL,NULL,NULL,NULL,NULL,NULL,NULL,NULL,NULL,NULL,0,1,0,'2021-06-05 01:18:34','2021-06-05 01:18:34',NULL),
(92,92,1,1,1,'MARIATUL AF-IDA BT MOHD TAJUL ARIFFIN','1390','0153985','750712085034','','B10-01, Apartment Kinrara Mas,','Jalan Mas 1','Bukit Jalil','58200',1607,4,'0169975254',NULL,NULL,'mariatul@mpc.gov.my','0',NULL,4,18,4,285,1,1,0,NULL,NULL,NULL,NULL,NULL,NULL,NULL,NULL,NULL,NULL,0,0,0,'2020-10-15 17:09:16','2020-10-15 17:09:16',NULL),
(93,93,1,1,1,'Marina Maulad Ismail','3074',NULL,'860329145038',NULL,NULL,NULL,NULL,NULL,NULL,NULL,NULL,NULL,NULL,'marina@mpc.gov.my','0',NULL,2,15,18,242,1,1,0,NULL,NULL,NULL,NULL,NULL,NULL,NULL,NULL,NULL,NULL,0,0,0,'2019-03-29 18:11:45','2019-03-29 18:11:45',NULL),
(94,94,1,1,1,'Marziah Ahmad','1349',NULL,'650411065218',NULL,NULL,NULL,NULL,NULL,NULL,NULL,NULL,NULL,NULL,'marziahahmad@mpc.gov.my','0',NULL,7,27,3,141,1,1,0,NULL,NULL,NULL,NULL,NULL,NULL,NULL,NULL,NULL,NULL,0,0,0,'2019-03-29 18:11:45','2019-03-29 18:11:45',NULL),
(95,95,1,1,1,'Mashitanor Zainudin','3087',NULL,'761019055308',NULL,NULL,NULL,NULL,NULL,NULL,NULL,NULL,NULL,NULL,'mashitanor@mpc.gov.my','0',NULL,5,6,18,36,1,1,0,NULL,NULL,NULL,NULL,NULL,NULL,NULL,NULL,NULL,NULL,0,0,0,'2019-03-29 18:11:45','2019-03-29 18:11:45',NULL),
(96,96,1,1,1,'MASWANI ISMAIL','3095','','810316035600','','','','',NULL,NULL,NULL,NULL,NULL,NULL,'maswani@mpc.gov.my','0',NULL,8,15,18,49,1,1,0,NULL,NULL,NULL,NULL,NULL,NULL,NULL,NULL,NULL,NULL,0,0,0,'2020-01-14 00:04:42','2020-01-14 00:04:42',NULL),
(97,97,1,1,1,'Dr. Mazlina Shafii','1373',NULL,'720731086000',NULL,NULL,NULL,NULL,NULL,NULL,NULL,NULL,NULL,NULL,'eyna@mpc.gov.my','0',NULL,4,19,5,304,1,1,0,NULL,NULL,NULL,NULL,NULL,NULL,NULL,NULL,NULL,NULL,0,0,0,'2019-03-29 18:11:45','2019-03-29 18:11:45',NULL),
(98,98,1,1,1,'Maznee Abd. Halim','1318',NULL,'661204115036',NULL,NULL,NULL,NULL,NULL,NULL,NULL,NULL,NULL,NULL,'maznee@mpc.gov.my','0',NULL,7,19,5,216,1,1,0,NULL,NULL,NULL,NULL,NULL,NULL,NULL,NULL,NULL,NULL,0,0,0,'2019-03-29 18:11:45','2019-03-29 18:11:45',NULL),
(99,99,1,1,1,'DR. MAZRINA MOHD. IBRAMSAH','1393','','741207075594','','','','',NULL,NULL,NULL,NULL,NULL,NULL,'mazrina@mpc.gov.my','0',NULL,9,17,7,307,1,1,0,NULL,NULL,NULL,NULL,NULL,NULL,NULL,NULL,NULL,NULL,0,0,0,'2020-10-28 17:53:45','2020-10-28 17:53:45',NULL),
(100,100,1,1,1,'MAZUAN SALIH','1512','','810105125067','','','','',NULL,NULL,NULL,NULL,NULL,NULL,'mazuan@mpc.gov.my','0',NULL,6,27,3,163,1,1,0,NULL,NULL,NULL,NULL,NULL,NULL,NULL,NULL,NULL,NULL,0,0,0,'2020-11-05 08:54:29','2020-11-05 08:54:29',NULL),
(101,101,1,1,1,'MAZUIN DAHLAN','1445','','790417145328','','E-4-12 Pangsapuri Mayang, Jln Puj 8,','','','43300',1203,14,'0123006444',NULL,NULL,'mazuin@mpc.gov.my','0',NULL,6,18,4,314,1,1,0,NULL,NULL,NULL,NULL,NULL,NULL,NULL,NULL,NULL,NULL,0,0,0,'2020-10-15 11:32:31','2020-10-15 11:32:31',NULL),
(102,102,1,1,1,'MD SHUBRI ISMAIL','1175','','591223075331','','','','',NULL,NULL,NULL,NULL,NULL,NULL,'shubri@mpc.gov.my','0',NULL,2,33,6,242,1,1,0,NULL,NULL,NULL,NULL,NULL,NULL,NULL,NULL,NULL,NULL,0,0,0,'2019-04-23 04:03:36','2019-04-23 04:03:36',NULL),
(103,103,1,1,1,'Md Zainuri Juri','1404',NULL,'741122017053',NULL,NULL,NULL,NULL,NULL,NULL,NULL,NULL,NULL,NULL,'zainuri@mpc.gov.my','0',NULL,7,18,4,141,1,1,0,NULL,NULL,NULL,NULL,NULL,NULL,NULL,NULL,NULL,NULL,0,0,0,'2019-03-29 18:11:45','2019-03-29 18:11:45',NULL),
(104,104,1,1,1,'Megat Amirul Saifulnizam Megat Kamarul Bahrin ','1504',NULL,'820702115739',NULL,NULL,NULL,NULL,NULL,NULL,NULL,NULL,NULL,NULL,'megatamirul@mpc.gov.my','0',NULL,12,18,4,255,1,1,0,NULL,NULL,NULL,NULL,NULL,NULL,NULL,NULL,NULL,NULL,0,0,0,'2019-03-29 18:11:45','2019-03-29 18:11:45',NULL),
(105,105,1,1,1,'MELISSA AHMAD ARSHAD','1411','','761210105270','','','','',NULL,NULL,NULL,'0123347131',NULL,NULL,'melissa@mpc.gov.my','0',NULL,3,18,4,40,1,1,0,NULL,NULL,NULL,NULL,NULL,NULL,NULL,NULL,NULL,NULL,0,0,0,'2020-11-30 12:00:19','2020-11-30 12:00:19',NULL),
(106,106,1,1,1,'Mimi Hasnita Ahmad','2994',NULL,'761108065348',NULL,NULL,NULL,NULL,NULL,NULL,NULL,NULL,NULL,NULL,'mimi@mpc.gov.my','0',NULL,8,30,22,33,1,1,0,NULL,NULL,NULL,NULL,NULL,NULL,NULL,NULL,NULL,NULL,0,0,0,'2019-03-29 18:11:45','2019-03-29 18:11:45',NULL),
(107,107,1,1,1,'Minhana Yahaya','3016',NULL,'790514145178',NULL,NULL,NULL,NULL,NULL,NULL,NULL,NULL,NULL,NULL,'minhana@mpc.gov.my','0',NULL,5,30,22,36,1,1,0,NULL,NULL,NULL,NULL,NULL,NULL,NULL,NULL,NULL,NULL,0,0,0,'2019-03-29 18:11:45','2019-03-29 18:11:45',NULL),
(108,108,1,1,1,'MOHAMAD AZROL MOHAMAD DALI','1423','251086850','750930015683','','No.41, Jalan Bidara 7,','Saujana Utama 3,','','47000',1302,14,'+60197712132',NULL,NULL,'mdazrol@mpc.gov.my','0',NULL,6,19,5,9,1,1,0,NULL,NULL,NULL,NULL,NULL,NULL,NULL,NULL,NULL,NULL,0,0,0,'2019-06-26 04:15:13','2019-06-26 04:15:13',NULL),
(109,109,1,1,1,'Mohamad Hafizi Abd Rashid','3093',NULL,'880905025009',NULL,NULL,NULL,NULL,NULL,NULL,NULL,NULL,NULL,NULL,'hafizi@mpc.gov.my','0',NULL,5,26,8,36,1,1,0,NULL,NULL,NULL,NULL,NULL,NULL,NULL,NULL,NULL,NULL,0,0,0,'2019-03-29 18:11:45','2019-03-29 18:11:45',NULL),
(110,110,1,1,1,'MOHAMAD MUZAFFAR ABDUL HAMID','1391','','740919017603','','','','',NULL,NULL,NULL,'0165410641',NULL,NULL,'muzaffar@mpc.gov.my','0',NULL,6,19,5,39,1,1,0,NULL,NULL,NULL,NULL,NULL,NULL,NULL,NULL,NULL,NULL,0,0,0,'2019-04-22 22:31:44','2019-04-22 22:31:44',NULL),
(111,111,1,1,1,'Mohamad Nor Bolhi','1507',NULL,'790607135681',NULL,NULL,NULL,NULL,NULL,NULL,NULL,NULL,NULL,NULL,'mohamadnor@mpc.gov.my','0',NULL,7,27,3,216,1,1,0,NULL,NULL,NULL,NULL,NULL,NULL,NULL,NULL,NULL,NULL,0,0,0,'2019-03-29 18:11:45','2019-03-29 18:11:45',NULL),
(112,112,1,1,1,'DR. MOHAMAD NORJAYADI TAMAM','1421','067073112','741205135725','','No.6, Lorong Semariang 7a, Taman Seri Sena','','','93050',2538,15,'0168602156',NULL,NULL,'norjayadi@mpc.gov.my','0',NULL,4,19,5,304,1,1,0,NULL,NULL,NULL,NULL,NULL,NULL,NULL,NULL,NULL,NULL,0,0,0,'2021-01-04 09:18:56','2021-01-04 09:18:56',NULL),
(113,113,1,1,1,'MOHAMAD SAHRIL AHMAD PUZI','1505','','821115085445','','','','',NULL,NULL,NULL,'0193007289',NULL,NULL,'sahril@mpc.gov.my','0',NULL,9,18,4,99,1,1,0,NULL,NULL,NULL,NULL,NULL,NULL,NULL,NULL,NULL,NULL,0,0,0,'2019-05-18 00:23:49','2019-05-18 00:23:49',NULL),
(114,114,1,1,1,'Mohammad Afdhan Fauzi  ','3118',NULL,'860427565669',NULL,NULL,NULL,NULL,NULL,NULL,NULL,NULL,NULL,NULL,'afdhan@mpc.gov.my','0',NULL,5,22,12,36,1,1,0,NULL,NULL,NULL,NULL,NULL,NULL,NULL,NULL,NULL,NULL,0,0,0,'2019-03-29 18:11:45','2019-03-29 18:11:45',NULL),
(115,115,1,1,1,'MOHAMMAD KHAIRUL HAKIMIN ZAINOOR','1516','','830111015487','','No 22 Jalan Kebun Nenas, Bandar Putera 2','','','41200',1159,14,'0192183483',NULL,NULL,'mkhairul@mpc.gov.my','0',NULL,6,18,4,110,1,1,0,NULL,NULL,NULL,NULL,NULL,NULL,NULL,NULL,NULL,NULL,0,0,0,'2020-10-15 15:44:45','2020-10-15 15:44:45',NULL),
(116,116,1,1,1,'Mohammed Alamin Rehan','1454',NULL,'790113065169',NULL,NULL,NULL,NULL,NULL,NULL,NULL,NULL,NULL,NULL,'alamin@mpc.gov.my','0',NULL,6,19,5,39,1,1,0,NULL,NULL,NULL,NULL,NULL,NULL,NULL,NULL,NULL,NULL,0,0,0,'2019-03-29 18:11:45','2019-03-29 18:11:45',NULL),
(117,117,1,1,1,'Mohd Amirol Md. Khair','1648',NULL,'900309026107',NULL,NULL,NULL,NULL,NULL,NULL,NULL,NULL,NULL,NULL,'amirol@mpc.gov.my','0',NULL,3,27,3,129,1,1,0,NULL,NULL,NULL,NULL,NULL,NULL,NULL,NULL,NULL,NULL,0,0,0,'2019-03-29 18:11:45','2019-03-29 18:11:45',NULL),
(118,118,1,1,1,'Mohd Azhar Zainuddin','1542',NULL,'810110105773',NULL,NULL,NULL,NULL,NULL,NULL,NULL,NULL,NULL,NULL,'mohdazhar@mpc.gov.my','0',NULL,8,27,3,33,1,1,0,NULL,NULL,NULL,NULL,NULL,NULL,NULL,NULL,NULL,NULL,0,0,0,'2019-03-29 18:11:45','2019-03-29 18:11:45',NULL),
(119,119,1,1,1,'Mohd. Azrul Kamis ','2782',NULL,'770526025423',NULL,NULL,NULL,NULL,NULL,NULL,NULL,NULL,NULL,NULL,'mohdazrul@mpc.gov.my','0',NULL,5,10,16,36,1,1,0,NULL,NULL,NULL,NULL,NULL,NULL,NULL,NULL,NULL,NULL,0,0,0,'2019-03-29 18:11:45','2019-03-29 18:11:45',NULL),
(120,120,1,1,1,'MOHD. AZWAN MOHD. SALLEH','1453','','730926075271','','','','',NULL,NULL,NULL,NULL,NULL,NULL,'azwan@mpc.gov.my','0',NULL,8,33,6,307,1,1,0,NULL,NULL,NULL,NULL,NULL,NULL,NULL,NULL,NULL,NULL,0,0,0,'2020-10-28 17:28:19','2020-10-28 17:28:19',NULL),
(121,121,1,1,1,'MOHD FAIZOL ABD. RAHMAN','1593','312942954','841110115033','','Unit D-5-4, Blk D, Apt Ruby,','Jln Matahari U5/102, Bdr Pinggiran Subang,','','40150',1077,14,'0137118134',NULL,NULL,'mohdfaizol@mpc.gov.my','0',NULL,2,27,3,252,1,1,0,NULL,NULL,NULL,NULL,NULL,NULL,NULL,NULL,NULL,NULL,0,0,0,'2020-10-15 10:28:55','2020-10-15 10:28:55',NULL),
(122,122,1,1,1,'MOHD FAIZZUL SHAHIR','3110','','860917436181','','','','',NULL,NULL,NULL,NULL,NULL,NULL,'faizzul@mpc.gov.my','0',NULL,5,23,12,130,1,1,0,NULL,NULL,NULL,NULL,NULL,NULL,NULL,NULL,NULL,NULL,0,0,0,'2020-12-30 12:31:09','2020-12-30 12:31:09',NULL),
(123,123,1,1,1,'MOHD HILMI BIN MOHD IDRIS','1489','','790308105095','','C-6-12, Pangsapuri Anggun','Jalan 4/1','Seksyen 4','43650',1208,14,'0192882539',NULL,NULL,'hilmi@mpc.gov.my','0',NULL,6,18,4,108,1,1,0,NULL,NULL,NULL,NULL,NULL,NULL,NULL,NULL,NULL,NULL,0,0,0,'2020-10-14 22:04:33','2020-10-14 22:04:33',NULL),
(124,124,1,1,1,'MOHD HISYAM HATIMTAI','1406','MH32392020','780321105277','A38670517','Perbadanan Produktiviti Malaysia','Pejabat Wilayah Selatan','','46200',1239,14,'+60164454097',NULL,NULL,'mohdhisyam.hatimtai@gmail.com','0',NULL,6,18,4,255,1,1,0,NULL,NULL,NULL,NULL,NULL,NULL,NULL,NULL,NULL,NULL,0,0,0,'2020-03-02 14:07:24','2020-03-02 14:07:24',NULL),
(125,125,1,1,1,'Mohd. Khairil Anuar Amir Hamzah ','1513',NULL,'840225025017',NULL,NULL,NULL,NULL,NULL,NULL,NULL,NULL,NULL,NULL,'khairil@mpc.gov.my','0',NULL,9,18,4,99,1,1,0,NULL,NULL,NULL,NULL,NULL,NULL,NULL,NULL,NULL,NULL,0,0,0,'2019-03-29 18:11:45','2019-03-29 18:11:45',NULL),
(126,126,1,1,1,'MOHD. KHAIRIZAL KHAHIDIR','1508','','830405055353','','','','',NULL,NULL,NULL,NULL,NULL,NULL,'khairizal@mpc.gov.my','0',NULL,2,18,4,242,1,1,0,NULL,NULL,NULL,NULL,NULL,NULL,NULL,NULL,NULL,NULL,0,0,0,'2019-07-11 00:10:34','2019-07-11 00:10:34',NULL),
(127,127,1,1,1,'Mohd. Khairul Nazir Nawi','1456',NULL,'770220025957',NULL,NULL,NULL,NULL,NULL,NULL,NULL,NULL,NULL,NULL,'khairul@mpc.gov.my','0',NULL,2,18,4,242,1,1,0,NULL,NULL,NULL,NULL,NULL,NULL,NULL,NULL,NULL,NULL,0,0,0,'2019-03-29 18:11:45','2019-03-29 18:11:45',NULL),
(128,128,1,1,1,'Mohd Nizam Ali','3056',NULL,'791128145297',NULL,NULL,NULL,NULL,NULL,NULL,NULL,NULL,NULL,NULL,'nizam@mpc.gov.my','0',NULL,5,14,18,36,1,1,0,NULL,NULL,NULL,NULL,NULL,NULL,NULL,NULL,NULL,NULL,0,0,0,'2019-03-29 18:11:45','2019-03-29 18:11:45',NULL),
(129,129,1,1,1,'Dato\' Mohd Razali Hussain','1176',NULL,'590826115385',NULL,NULL,NULL,NULL,NULL,NULL,NULL,NULL,NULL,NULL,'mrazali@mpc.gov.my','0',NULL,3,5,13,36,1,1,0,NULL,NULL,NULL,NULL,NULL,NULL,NULL,NULL,NULL,NULL,0,0,0,'2019-04-01 02:45:27','2019-03-29 18:11:45',NULL),
(130,130,1,1,1,'MOHD. WAFI ARIP','1473','','770212105551','','','','',NULL,NULL,NULL,NULL,NULL,NULL,'wafi@mpc.gov.my','0',NULL,5,27,3,131,1,1,0,NULL,NULL,NULL,NULL,NULL,NULL,NULL,NULL,NULL,NULL,0,0,0,'2020-11-20 11:59:55','2020-11-20 11:59:55',NULL),
(131,131,1,1,1,'MOHD YAZID ABDUL MAJID','1455','307097276','790310105537','','28, Jalan Alam Suria 16/23','','','42300',1185,14,'0123041478',NULL,NULL,'yazidmajid@mpc.gov.my','0',NULL,5,17,7,9,1,1,0,NULL,NULL,NULL,NULL,NULL,NULL,NULL,NULL,NULL,NULL,0,0,0,'2020-10-13 10:57:08','2020-10-13 10:57:08',NULL),
(132,132,1,1,1,'MOHD ZULKIFLY CHE MOHD RAWAWI','1613','313666931','830910035265','A40874881','No 114 Jalan Dm 3/3,','Taman Desa Mas,','Bandar Country Homes','48000',1332,14,'+60199876723','+60199876723',NULL,'mohdzulkifly@mpc.gov.my','0',NULL,6,27,3,78,1,1,0,NULL,NULL,NULL,NULL,NULL,NULL,NULL,NULL,NULL,NULL,0,0,0,'2019-05-24 00:19:49','2019-05-24 00:19:49',NULL),
(133,133,1,1,1,'Mohd. Azuar Md. Sidek','2989',NULL,'750514105065',NULL,NULL,NULL,NULL,NULL,NULL,NULL,NULL,NULL,NULL,'azuar@mpc.gov.my','0',NULL,5,7,9,36,1,1,0,NULL,NULL,NULL,NULL,NULL,NULL,NULL,NULL,NULL,NULL,0,0,0,'2019-03-29 18:11:45','2019-03-29 18:11:45',NULL),
(134,134,1,1,1,'Mohd. Hosni Mamat @ Ariffin','1577',NULL,'840528115511',NULL,NULL,NULL,NULL,NULL,NULL,NULL,NULL,NULL,NULL,'hosni@mpc.gov.my','0',NULL,8,27,3,33,1,1,0,NULL,NULL,NULL,NULL,NULL,NULL,NULL,NULL,NULL,NULL,0,0,0,'2019-03-29 18:11:45','2019-03-29 18:11:45',NULL),
(135,135,1,1,1,'MOHD. HYKAL MOHD. HALIM','3071','','840415015223','','','','',NULL,NULL,NULL,NULL,NULL,NULL,'hykal@mpc.gov.my','0',NULL,5,25,22,255,1,1,0,NULL,NULL,NULL,NULL,NULL,NULL,NULL,NULL,NULL,NULL,0,0,0,'2020-11-18 12:23:50','2020-11-18 12:23:50',NULL),
(136,136,1,1,1,'Mohd. Riduan Daud','3007',NULL,'830906045057',NULL,NULL,NULL,NULL,NULL,NULL,NULL,NULL,NULL,NULL,'riduan@mpc.gov.my','0',NULL,5,10,16,36,1,1,0,NULL,NULL,NULL,NULL,NULL,NULL,NULL,NULL,NULL,NULL,0,0,0,'2019-03-29 18:11:45','2019-03-29 18:11:45',NULL),
(137,137,1,1,1,'Mohd. Rosdi Mohd Kauzi','3046',NULL,'750423035989',NULL,NULL,NULL,NULL,NULL,NULL,NULL,NULL,NULL,NULL,'rosdi@mpc.gov.my','0',NULL,5,7,9,36,1,1,0,NULL,NULL,NULL,NULL,NULL,NULL,NULL,NULL,NULL,NULL,0,0,0,'2019-03-29 18:11:45','2019-03-29 18:11:45',NULL),
(138,138,1,1,1,'Mohd. Shapri Ismail ','2054',NULL,'600813085945',NULL,NULL,NULL,NULL,NULL,NULL,NULL,NULL,NULL,NULL,'shapri@mpc.gov.my','0',NULL,5,11,19,36,1,1,0,NULL,NULL,NULL,NULL,NULL,NULL,NULL,NULL,NULL,NULL,0,0,0,'2019-03-29 18:11:45','2019-03-29 18:11:45',NULL),
(139,139,1,1,1,'MOHD SUZLEZAN SUPU','1443','MH60214548','781219125145','','C8-03, Blok C, Appartment Bayu Suria, Off Jalan Meranti,','Taman Impian Ehsan,','','43300',1203,14,'+60193168136',NULL,NULL,'suzlezan@mpc.gov.my','0',NULL,5,19,5,131,1,1,0,NULL,NULL,NULL,NULL,NULL,NULL,NULL,NULL,NULL,NULL,0,0,0,'2020-10-15 09:56:30','2020-10-15 09:56:30',NULL),
(140,140,1,1,1,'Mohd. Syarif Samsudin','2967',NULL,'800305075173',NULL,NULL,NULL,NULL,NULL,NULL,NULL,NULL,NULL,NULL,'syarif@mpc.gov.my','0',NULL,9,7,9,99,1,1,0,NULL,NULL,NULL,NULL,NULL,NULL,NULL,NULL,NULL,NULL,0,0,0,'2019-03-29 18:11:45','2019-03-29 18:11:45',NULL),
(141,141,1,1,1,'MOHD. ZAKI BIN IBRAHIM','1319','','610119035197','','','','',NULL,NULL,NULL,'0192200822',NULL,NULL,'zaki@mpc.gov.my','0',NULL,7,17,7,66,1,1,0,NULL,NULL,NULL,NULL,NULL,NULL,NULL,NULL,NULL,NULL,0,0,0,'2020-01-08 07:13:26','2020-01-08 07:13:26',NULL),
(142,142,1,1,1,'MOHD. ZAMROS YUSOF','2132','','670705055347','','','','',NULL,NULL,NULL,NULL,NULL,NULL,'zamros@mpc.gov.my','0',NULL,11,10,16,264,1,1,0,NULL,NULL,NULL,NULL,NULL,NULL,NULL,NULL,NULL,NULL,0,0,0,'2019-08-19 21:31:01','2019-08-19 21:31:01',NULL),
(143,143,1,1,1,'MOKHZANI ARIS MOHD. YUSOFF','1397','','730308105015','','Malaysia Productivity Corporation','Level 2, Maa Tower','No. 6, Lorong Api-api 1','88000',2139,13,'0132722406',NULL,NULL,'mokhzani@mpc.gov.my','0',NULL,10,33,6,66,1,1,0,NULL,NULL,NULL,NULL,NULL,NULL,NULL,NULL,NULL,NULL,0,0,0,'2020-10-15 22:53:51','2020-10-15 22:53:51',NULL),
(144,144,1,1,1,'MUHAMAD AFIQ PIRAMLI','1653','','901211036379','','','','',NULL,NULL,NULL,NULL,NULL,NULL,'afiq@mpc.gov.my','0',NULL,7,27,3,72,1,1,0,NULL,NULL,NULL,NULL,NULL,NULL,NULL,NULL,NULL,NULL,0,0,0,'2020-10-16 09:49:37','2020-10-16 09:49:37',NULL),
(145,145,1,1,1,'MUHAMAD RIZUWAN ABU BAKAR','3132','','860512465355','','','','',NULL,NULL,NULL,'0199296015',NULL,NULL,'muhamadrizuwan@mpc.gov.my','0',NULL,1,14,18,79,1,1,0,NULL,NULL,NULL,NULL,NULL,NULL,NULL,NULL,NULL,NULL,0,0,0,'2019-10-09 21:18:43','2019-10-09 21:18:43',NULL),
(146,146,1,1,1,'Mohammad Shahaizal Abu Talib','3004',NULL,'780218025869',NULL,NULL,NULL,NULL,NULL,NULL,NULL,NULL,NULL,NULL,'shahaizal@mpc.gov.my','0',NULL,5,10,16,36,1,1,0,NULL,NULL,NULL,NULL,NULL,NULL,NULL,NULL,NULL,NULL,0,0,0,'2019-03-29 18:11:45','2019-03-29 18:11:45',NULL),
(147,147,1,1,1,'Muhamad Zain Musa ','2068',NULL,'611224055477',NULL,NULL,NULL,NULL,NULL,NULL,NULL,NULL,NULL,NULL,'zain@mpc.gov.my','0',NULL,1,1,1,79,1,1,0,NULL,NULL,NULL,NULL,NULL,NULL,NULL,NULL,NULL,NULL,0,0,0,'2019-03-29 18:11:45','2019-03-29 18:11:45',NULL),
(148,148,1,1,1,'Muhamad Zamri Zainol ','2991',NULL,'690427075433',NULL,NULL,NULL,NULL,NULL,NULL,NULL,NULL,NULL,NULL,'zamri@mpc.gov.my','0',NULL,9,9,10,99,1,1,0,NULL,NULL,NULL,NULL,NULL,NULL,NULL,NULL,NULL,NULL,0,0,0,'2019-03-29 18:11:45','2019-03-29 18:11:45',NULL),
(149,149,1,1,1,'MUHAMMAD AFZANI AHMAD','3003','','811125145705','','','','',NULL,NULL,NULL,'0133494943',NULL,NULL,'afzani@mpc.gov.my','0',NULL,5,23,12,197,1,1,0,NULL,NULL,NULL,NULL,NULL,NULL,NULL,NULL,NULL,NULL,0,0,0,'2020-10-27 08:53:12','2020-10-27 08:53:12',NULL),
(150,150,1,1,1,'Muhammaad Aidil Razak','3159',NULL,'910418035597',NULL,NULL,NULL,NULL,NULL,NULL,NULL,NULL,NULL,NULL,'aidil@mpc.gov.my','0',NULL,5,10,16,36,1,1,0,NULL,NULL,NULL,NULL,NULL,NULL,NULL,NULL,NULL,NULL,0,0,0,'2019-03-29 18:11:45','2019-03-29 18:11:45',NULL),
(151,151,1,1,1,'MUHAMMAD FAZRE ZULHELMI FIZWAN','1595','','881014566439','','No 2, Jalan Cemara','3/9 Bandar Sri Damansara','','52200',1562,4,'0176249121',NULL,NULL,'fazre@mpc.gov.my','0',NULL,4,27,3,163,1,1,0,NULL,NULL,NULL,NULL,NULL,NULL,NULL,NULL,NULL,NULL,0,0,0,'2020-10-15 10:56:17','2020-10-15 10:56:17',NULL),
(152,152,1,1,1,'MUHAMMAD HAFIZ SABARUDIN','1517','','830408065477','','','','',NULL,NULL,NULL,NULL,NULL,NULL,'hafiz@mpc.gov.my','0',NULL,2,27,4,308,1,1,0,NULL,NULL,NULL,NULL,NULL,NULL,NULL,NULL,NULL,NULL,0,0,0,'2020-12-02 15:34:02','2020-12-02 15:34:02',NULL),
(153,153,1,1,1,'MUHAMMAD HISHAM NORDIN','1598','317000202','881113565247','','Malaysia Productivity Corporation','Lorong Produktiviti','Jalan Sultan','46200',NULL,NULL,'0133943802',NULL,NULL,'mhisham@mpc.gov.my','0',NULL,4,27,3,304,1,1,0,NULL,NULL,NULL,NULL,NULL,NULL,NULL,NULL,NULL,NULL,0,0,0,'2019-11-22 22:16:44','2019-11-22 22:16:44',NULL),
(154,154,1,1,1,'Muhammad Idham Mohd Zain','1405',NULL,'731006035511',NULL,NULL,NULL,NULL,NULL,NULL,NULL,NULL,NULL,NULL,'idham@mpc.gov.my','0',NULL,2,27,3,242,1,1,0,NULL,NULL,NULL,NULL,NULL,NULL,NULL,NULL,NULL,NULL,0,0,0,'2019-03-29 18:11:45','2019-03-29 18:11:45',NULL),
(155,155,1,1,1,'Muhammad Muizzuddin Muhamad','3157',NULL,'910330036237',NULL,NULL,NULL,NULL,NULL,NULL,NULL,NULL,NULL,NULL,'muiz@mpc.gov.my','0',NULL,5,9,10,36,1,1,0,NULL,NULL,NULL,NULL,NULL,NULL,NULL,NULL,NULL,NULL,0,0,0,'2019-03-29 18:11:45','2019-03-29 18:11:45',NULL),
(156,156,1,1,1,'MUHAMMAD SUFFIAN AHMAD','1447','311148596','790617145859','','','','',NULL,NULL,NULL,'0173617611',NULL,NULL,'suffian@mpc.gov.my','0',NULL,7,18,4,216,1,1,0,NULL,NULL,NULL,NULL,NULL,NULL,NULL,NULL,NULL,NULL,0,0,0,'2019-07-23 21:48:52','2019-07-23 21:48:52',NULL),
(157,157,1,1,1,'MUHASLIZAWATI MOHD BAKRI','1547','','820619035746','','','','',NULL,NULL,NULL,NULL,NULL,NULL,'muhaslizawati@mpc.gov.my','0',NULL,8,27,3,33,1,1,0,NULL,NULL,NULL,NULL,NULL,NULL,NULL,NULL,NULL,NULL,0,0,0,'2019-09-18 01:41:25','2019-09-18 01:41:25',NULL),
(158,158,1,1,1,'MUHD. ADHA ABD. HAMID','1523','','830918105555','','','','',NULL,NULL,NULL,NULL,NULL,NULL,'adha@mpc.gov.my','0',NULL,6,18,4,297,1,1,0,NULL,NULL,NULL,NULL,NULL,NULL,NULL,NULL,NULL,NULL,0,0,0,'2020-12-09 15:41:34','2020-12-09 15:41:34',NULL),
(159,159,1,1,1,'Nahdatul Faeizin Norman','1631',NULL,'901028015094',NULL,NULL,NULL,NULL,NULL,NULL,NULL,NULL,NULL,NULL,'nahdatul@mpc.gov.my','0',NULL,12,27,3,255,1,1,0,NULL,NULL,NULL,NULL,NULL,NULL,NULL,NULL,NULL,NULL,0,0,0,'2019-03-29 18:11:45','2019-03-29 18:11:45',NULL),
(160,160,1,1,1,'NAZAHIAH MOHAMAD','1475','','790525075056','','33, Taman Jati Indah,','Jalan Nagasari 3','Seksyen 32','40460',1084,14,'0183757451',NULL,NULL,'nazahiah@mpc.gov.my','0',NULL,6,18,4,112,1,1,0,NULL,NULL,NULL,NULL,NULL,NULL,NULL,NULL,NULL,NULL,0,0,0,'2020-10-15 16:06:01','2020-10-15 16:06:01',NULL),
(161,161,1,1,1,'Nazeri Ariffin Madon','1633',NULL,'860804235965',NULL,NULL,NULL,NULL,NULL,NULL,NULL,NULL,NULL,NULL,'nazeri@mpc.gov.my','0',NULL,8,27,3,33,1,1,0,NULL,NULL,NULL,NULL,NULL,NULL,NULL,NULL,NULL,NULL,0,0,0,'2019-03-29 18:11:45','2019-03-29 18:11:45',NULL),
(162,162,1,1,1,'Nazilah Ahmad','1530',NULL,'830710016190',NULL,NULL,NULL,NULL,NULL,NULL,NULL,NULL,NULL,NULL,'nazilah@mpc.gov.my','0',NULL,12,27,3,255,1,1,0,NULL,NULL,NULL,NULL,NULL,NULL,NULL,NULL,NULL,NULL,0,0,0,'2019-03-29 18:11:45','2019-03-29 18:11:45',NULL),
(163,163,1,1,1,'NIK FAIZAL NIK AHMAD','1414','','690320035423','','','','',NULL,NULL,NULL,NULL,NULL,NULL,'nikfaizal@mpc.gov.my','0',NULL,3,19,5,9,1,1,0,NULL,NULL,NULL,NULL,NULL,NULL,NULL,NULL,NULL,NULL,0,0,0,'2019-09-29 01:26:12','2019-09-29 01:26:12',NULL),
(164,164,1,1,1,'NIK NAZARINA BINTI NEK MOHAMED','1651','','891121146332','','46, Jalan Bs 2/2, Bukit Saujana','Bandar Saujana Utama','','47000',1302,14,'0173477669',NULL,NULL,'nazarina@mpc.gov.my','0',NULL,4,27,3,184,1,1,0,NULL,NULL,NULL,NULL,NULL,NULL,NULL,NULL,NULL,NULL,0,0,0,'2020-10-15 11:04:26','2020-10-15 11:04:26',NULL),
(165,165,1,1,1,'NIK ROSDI NIK YUSOFF','1165','062960914','591022035333','','B-4-1 Apartment Fairville','Usj 21 Subang Jaya','','47200',1313,14,'0139278088','097441001',NULL,'nikrosdi@mpc.gov.my','0',NULL,7,33,6,216,1,1,0,NULL,NULL,NULL,NULL,NULL,NULL,NULL,NULL,NULL,NULL,0,0,0,'2019-05-02 09:28:10','2019-05-02 09:28:10',NULL),
(166,166,1,1,1,'Noor Aishah Hassan','1461',NULL,'781121145260',NULL,NULL,NULL,NULL,NULL,NULL,NULL,NULL,NULL,NULL,'noor_aishah@mpc.gov.my','0',NULL,6,18,4,39,1,1,0,NULL,NULL,NULL,NULL,NULL,NULL,NULL,NULL,NULL,NULL,0,0,0,'2019-03-29 18:11:45','2019-03-29 18:11:45',NULL),
(167,167,1,1,1,'Noor Anariza Hassan ','2968',NULL,'760121075060',NULL,NULL,NULL,NULL,NULL,NULL,NULL,NULL,NULL,NULL,'anariza@mpc.gov.my','0',NULL,5,28,25,36,1,1,0,NULL,NULL,NULL,NULL,NULL,NULL,NULL,NULL,NULL,NULL,0,0,0,'2019-03-29 18:11:45','2019-03-29 18:11:45',NULL),
(168,168,1,1,1,'Noor Asmawati Hussin ','3041',NULL,'820725085480',NULL,NULL,NULL,NULL,NULL,NULL,NULL,NULL,NULL,NULL,'asmawati@mpc.gov.my','0',NULL,6,12,18,9,1,1,0,NULL,NULL,NULL,NULL,NULL,NULL,NULL,NULL,NULL,NULL,0,0,0,'2019-03-29 18:11:45','2019-03-29 18:11:45',NULL),
(169,169,1,1,1,'Noor Aziah Othman','2945',NULL,'790928075448',NULL,NULL,NULL,NULL,NULL,NULL,NULL,NULL,NULL,NULL,'noraziah@mpc.gov.my','0',NULL,2,15,19,242,1,1,0,NULL,NULL,NULL,NULL,NULL,NULL,NULL,NULL,NULL,NULL,0,0,0,'2019-03-29 18:11:45','2019-03-29 18:11:45',NULL),
(170,170,1,1,1,'NOOR AZMAN HASSAN','2957','','770211036515','','','','',NULL,NULL,NULL,'0132689899',NULL,NULL,'azman@mpc.gov.my','0',NULL,5,26,8,36,1,1,0,NULL,NULL,NULL,NULL,NULL,NULL,NULL,NULL,NULL,NULL,0,0,0,'2019-06-24 21:45:31','2019-06-24 21:45:31',NULL),
(171,171,1,1,1,'Noor Hazilah Abdullah','3069',NULL,'820318035814',NULL,NULL,NULL,NULL,NULL,NULL,NULL,NULL,NULL,NULL,'hazilah@mpc.gov.my','0',NULL,8,14,19,33,1,1,0,NULL,NULL,NULL,NULL,NULL,NULL,NULL,NULL,NULL,NULL,0,0,0,'2019-03-29 18:11:45','2019-03-29 18:11:45',NULL),
(172,172,1,1,1,'NOOR IZZATI KAMIS','1620','','900629145658','','','','',NULL,NULL,NULL,'0122867346',NULL,NULL,'noorizzati@mpc.gov.my','0',NULL,1,27,3,79,1,1,0,NULL,NULL,NULL,NULL,NULL,NULL,NULL,NULL,NULL,NULL,0,0,0,'2020-09-13 00:10:01','2020-09-13 00:10:01',NULL),
(173,173,1,1,1,'NOOR MOHAMMAD FARHAN NOR AZMAN','3124','','881216566111','','','','',NULL,NULL,NULL,NULL,NULL,NULL,'mfarhan@mpc.gov.my','0',NULL,5,27,3,139,1,1,0,NULL,NULL,NULL,NULL,NULL,NULL,NULL,NULL,NULL,NULL,0,0,0,'2020-11-04 10:25:02','2020-11-04 10:25:02',NULL),
(174,174,1,1,1,'NOOR RAHIDAH ABDUL RAZAK','3057','','830505045048','','','','',NULL,NULL,NULL,NULL,NULL,NULL,'rahidah@mpc.gov.my','0',NULL,3,15,18,91,1,1,0,NULL,NULL,NULL,NULL,NULL,NULL,NULL,NULL,NULL,NULL,0,0,0,'2020-11-05 14:51:59','2020-11-05 14:51:59',NULL),
(175,175,1,1,1,'Noor Salfarina Jamaludin','1532',NULL,'830202045278',NULL,NULL,NULL,NULL,NULL,NULL,NULL,NULL,NULL,NULL,'salfarina@mpc.gov.my','0',NULL,6,27,3,307,1,1,0,NULL,NULL,NULL,NULL,NULL,NULL,NULL,NULL,NULL,NULL,0,0,0,'2019-03-29 18:11:45','2019-03-29 18:11:45',NULL),
(176,176,1,1,1,'Noorsamsinar Sum Abdullah','2075',NULL,'610608105088',NULL,NULL,NULL,NULL,NULL,NULL,NULL,NULL,NULL,NULL,'noorsamsi@mpc.gov.my','0',NULL,2,25,24,242,1,1,0,NULL,NULL,NULL,NULL,NULL,NULL,NULL,NULL,NULL,NULL,0,0,0,'2019-03-29 18:11:45','2019-03-29 18:11:45',NULL),
(177,177,1,1,1,'NOR ADIRA ADNAN','1627','MH31570559','870504295260','','','','',NULL,NULL,NULL,'0179860758',NULL,NULL,'noradira@mpc.gov.my','0',NULL,4,27,3,288,1,1,0,NULL,NULL,NULL,NULL,NULL,NULL,NULL,NULL,NULL,NULL,0,0,0,'2020-10-15 09:08:35','2020-10-15 09:08:35',NULL),
(178,178,1,1,1,'Nor Aishah Hassan','1399',NULL,'740928085894',NULL,NULL,NULL,NULL,NULL,NULL,NULL,NULL,NULL,NULL,'shah@mpc.gov.my','0',NULL,6,19,5,9,1,1,0,NULL,NULL,NULL,NULL,NULL,NULL,NULL,NULL,NULL,NULL,0,0,0,'2019-03-29 18:11:45','2019-03-29 18:11:45',NULL),
(179,179,1,1,1,'NOR AKMA CHE WAN NAMAN','1645','','890101035104','','','','',NULL,NULL,NULL,NULL,NULL,NULL,'norakma@mpc.gov.my','0',NULL,6,27,3,112,1,1,0,NULL,NULL,NULL,NULL,NULL,NULL,NULL,NULL,NULL,NULL,0,0,0,'2020-12-01 15:54:04','2020-12-01 15:54:04',NULL),
(180,180,1,1,1,'Nor Azmi Yahaya','2139',NULL,'600102065139',NULL,NULL,NULL,NULL,NULL,NULL,NULL,NULL,NULL,NULL,'norazmi@mpc.gov.my','0',NULL,5,14,20,36,1,1,0,NULL,NULL,NULL,NULL,NULL,NULL,NULL,NULL,NULL,NULL,0,0,0,'2019-03-29 18:11:45','2019-03-29 18:11:45',NULL),
(181,181,1,1,1,'Nor Eshah Abd. Raman ','2134',NULL,'620113065052',NULL,NULL,NULL,NULL,NULL,NULL,NULL,NULL,NULL,NULL,'noreshah@mpc.gov.my','0',NULL,3,15,18,129,1,1,0,NULL,NULL,NULL,NULL,NULL,NULL,NULL,NULL,NULL,NULL,0,0,0,'2019-03-29 18:11:45','2019-03-29 18:11:45',NULL),
(182,182,1,1,1,'Nor Fadilah Zulkifli Muhamad','3158',NULL,'941219036070',NULL,NULL,NULL,NULL,NULL,NULL,NULL,NULL,NULL,NULL,'NorFadilah@mpc.gov.my','0',NULL,5,14,18,36,1,1,0,NULL,NULL,NULL,NULL,NULL,NULL,NULL,NULL,NULL,NULL,0,0,0,'2019-03-29 18:11:45','2019-03-29 18:11:45',NULL),
(183,183,1,1,1,'NOR FAZILA HASHIM','1351','','660129086196','','','','',NULL,NULL,NULL,NULL,NULL,NULL,'ila@mpc.gov.my','0',NULL,4,33,6,304,1,1,0,NULL,NULL,NULL,NULL,NULL,NULL,NULL,NULL,NULL,NULL,0,0,0,'2020-02-12 18:21:10','2020-02-12 18:21:10',NULL),
(184,184,1,1,1,'NOR HAFIZAH MOHD AROP','1329','','681203105352','','','','',NULL,NULL,NULL,NULL,NULL,NULL,'hafizah@mpc.gov.my','0',NULL,4,33,6,285,1,1,0,NULL,NULL,NULL,NULL,NULL,NULL,NULL,NULL,NULL,NULL,0,0,0,'2020-10-15 12:33:09','2020-10-15 12:33:09',NULL),
(185,185,1,1,1,'NOR HALISA MOHAMAD HALIL','1386','','730228125374','','','','',NULL,NULL,NULL,'0133517073',NULL,NULL,'halisa@mpc.gov.my','0',NULL,4,18,4,285,1,1,0,NULL,NULL,NULL,NULL,NULL,NULL,NULL,NULL,NULL,NULL,0,0,0,'2020-10-15 15:16:53','2020-10-15 15:16:53',NULL),
(186,186,1,1,1,'Nor Hasimah Ab. Rahman','2074',NULL,'610823105654',NULL,NULL,NULL,NULL,NULL,NULL,NULL,NULL,NULL,NULL,'hasimah@mpc.gov.my','0',NULL,2,14,19,242,1,1,0,NULL,NULL,NULL,NULL,NULL,NULL,NULL,NULL,NULL,NULL,0,0,0,'2019-03-29 18:11:45','2019-03-29 18:11:45',NULL),
(187,187,1,1,1,'NOR IDAYUNIZA RAHMAT','1419','','781012145720','','','','',NULL,NULL,NULL,'0129254820',NULL,NULL,'ayu@mpc.gov.my','0',NULL,7,18,4,263,1,1,0,NULL,NULL,NULL,NULL,NULL,NULL,NULL,NULL,NULL,NULL,0,0,0,'2020-11-29 16:14:35','2020-11-29 16:14:35',NULL),
(188,188,1,1,1,'NOR IZZATI NORHISAM','1538','MH30846478','850514105100','','Taman Wira Permai','','','40460',1084,14,'0126688724','0351665496',NULL,'izzati@mpc.gov.my','0',NULL,4,18,4,91,1,1,0,NULL,NULL,NULL,NULL,NULL,NULL,NULL,NULL,NULL,NULL,0,0,0,'2020-11-05 12:04:12','2020-11-05 12:04:12',NULL),
(189,189,1,1,1,'NOR ROBAAYAH MOHD. NOOR','1290','','660915085430','','','','',NULL,NULL,NULL,NULL,NULL,NULL,'nrmn@mpc.gov.my','0',NULL,4,33,6,304,1,1,0,NULL,NULL,NULL,NULL,NULL,NULL,NULL,NULL,NULL,NULL,0,0,0,'2019-04-17 04:44:02','2019-04-17 04:44:02',NULL),
(190,190,1,1,1,'Nor Surayya Abd. Samad','1385',NULL,'751119145758',NULL,NULL,NULL,NULL,NULL,NULL,NULL,NULL,NULL,NULL,'surayya@mpc.gov.my','0',NULL,6,18,4,39,1,1,0,NULL,NULL,NULL,NULL,NULL,NULL,NULL,NULL,NULL,NULL,0,0,0,'2019-03-29 18:11:45','2019-03-29 18:11:45',NULL),
(191,191,1,1,1,'NOR ZAIRISHAM ZAKARIA','2668','','681118015811','','','','',NULL,NULL,NULL,NULL,NULL,NULL,'norzairisham@mpc.gov.my','0',NULL,5,10,17,36,1,1,0,NULL,NULL,NULL,NULL,NULL,NULL,NULL,NULL,NULL,NULL,0,0,0,'2019-10-10 21:28:49','2019-10-10 21:28:49',NULL),
(192,192,1,1,1,'NORA\'IN AHMAD KAMIL','1367','','690916016290','','','','',NULL,NULL,NULL,'0196328140','0333242248',NULL,'norain@mpc.gov.my','0',NULL,12,18,4,255,1,1,0,NULL,NULL,NULL,NULL,NULL,NULL,NULL,NULL,NULL,NULL,0,0,0,'2020-10-19 11:53:46','2020-10-19 11:53:46',NULL),
(193,193,1,1,1,'Norafidah Ramli                                                                              ','2951',NULL,'770815016494',NULL,NULL,NULL,NULL,NULL,NULL,NULL,NULL,NULL,NULL,'norafidah@mpc.gov.my','0',NULL,2,14,18,242,1,1,0,NULL,NULL,NULL,NULL,NULL,NULL,NULL,NULL,NULL,NULL,0,0,0,'2019-03-29 18:11:45','2019-03-29 18:11:45',NULL),
(194,194,1,1,1,'NORANIZA DAUD','2987','','821008065262','','','','',NULL,NULL,NULL,NULL,NULL,NULL,'noraniza@mpc.gov.my','0',NULL,3,15,19,224,1,1,0,NULL,NULL,NULL,NULL,NULL,NULL,NULL,NULL,NULL,NULL,0,0,0,'2020-11-05 10:23:50','2020-11-05 10:23:50',NULL),
(195,195,1,1,1,'NORASHIKIN ABDUL SHUKOR','3051','','820722086154','','Perbadanan Produktiviti Malaysia (mpc)','Tingkat 2, Menara Maa','No. 6, Lorong Api-api 1','88000',2139,13,'+60125843044',NULL,NULL,'shikin@mpc.gov.my','0',NULL,6,12,18,307,1,1,0,NULL,NULL,NULL,NULL,NULL,NULL,NULL,NULL,NULL,NULL,0,0,0,'2020-01-24 03:28:27','2020-01-24 03:28:27',NULL),
(196,196,1,1,1,'NORASHIMA HAMZAH','1533','','771210115582','','','','',NULL,NULL,NULL,'0192679988',NULL,NULL,'norashima@mpc.gov.my','0',NULL,5,27,3,36,1,1,0,NULL,NULL,NULL,NULL,NULL,NULL,NULL,NULL,NULL,NULL,0,0,0,'2019-10-22 02:40:13','2019-10-22 02:40:13',NULL),
(197,197,1,1,1,'NORAZLINA TUN IBRAHIM','1518','','800222145850','','','','',NULL,NULL,NULL,NULL,NULL,NULL,'norazlina@mpc.gov.my','0',NULL,5,18,4,139,1,1,0,NULL,NULL,NULL,NULL,NULL,NULL,NULL,NULL,NULL,NULL,0,0,0,'2020-11-20 12:00:42','2020-11-20 12:00:42',NULL),
(198,198,1,1,1,'Nordieana Nordin','2955',NULL,'790206105078',NULL,NULL,NULL,NULL,NULL,NULL,NULL,NULL,NULL,NULL,'deana@mpc.gov.my','0',NULL,7,12,18,36,1,1,0,NULL,NULL,NULL,NULL,NULL,NULL,NULL,NULL,NULL,NULL,0,0,0,'2019-03-29 18:11:45','2019-03-29 18:11:45',NULL),
(199,199,1,1,1,'Norfaizah Abdul Rahman','1358',NULL,'720531065416',NULL,NULL,NULL,NULL,NULL,NULL,NULL,NULL,NULL,NULL,'faizah@mpc.gov.my','0',NULL,7,27,3,141,1,1,0,NULL,NULL,NULL,NULL,NULL,NULL,NULL,NULL,NULL,NULL,0,0,0,'2019-03-29 18:11:45','2019-03-29 18:11:45',NULL),
(200,200,1,1,1,'Norhaida Roslan ','3094',NULL,'830513035616',NULL,NULL,NULL,NULL,NULL,NULL,NULL,NULL,NULL,NULL,'norhaida@mpc.gov.my','0',NULL,8,15,18,33,1,1,0,NULL,NULL,NULL,NULL,NULL,NULL,NULL,NULL,NULL,NULL,0,0,0,'2019-03-29 18:11:45','2019-03-29 18:11:45',NULL),
(201,201,1,1,1,'NORHANIDA AHMAD PUAD','2954','','800929085038','','','','',NULL,NULL,NULL,NULL,NULL,NULL,'norhanida@mpc.gov.my','0',NULL,5,15,18,299,1,1,0,NULL,NULL,NULL,NULL,NULL,NULL,NULL,NULL,NULL,NULL,0,0,0,'2020-12-01 10:47:31','2020-12-01 10:47:31',NULL),
(202,202,1,1,1,'NORHANIZA HAMIR','1436','','790131086326','','','','',NULL,NULL,NULL,NULL,NULL,NULL,'norhaniza@mpc.gov.my','0',NULL,6,18,4,108,1,1,0,NULL,NULL,NULL,NULL,NULL,NULL,NULL,NULL,NULL,NULL,0,0,0,'2020-10-15 16:07:13','2020-10-15 16:07:13',NULL),
(203,203,1,1,1,'NORHASIMAH IBRAHIM','1422','MH01484100','750420105494','A 38583195','Lot 11 Jalan 7','Kampung Melayu','','68100',1688,14,'0173910849','0361884793',NULL,'norhasimah@mpc.gov.my','0',NULL,1,19,5,79,1,1,0,NULL,NULL,NULL,NULL,NULL,NULL,NULL,NULL,NULL,NULL,0,0,0,'2019-07-23 23:51:58','2019-07-23 23:51:58',NULL),
(204,204,1,1,1,'Norhayati Harun ','2823',NULL,'741211025426',NULL,NULL,NULL,NULL,NULL,NULL,NULL,NULL,NULL,NULL,'norhayatiharun@mpc.gov.my','0',NULL,9,23,12,99,1,1,0,NULL,NULL,NULL,NULL,NULL,NULL,NULL,NULL,NULL,NULL,0,0,0,'2019-03-29 18:11:45','2019-03-29 18:11:45',NULL),
(205,205,1,1,1,'Norhisam Ahmad ','2066',NULL,'590121085147',NULL,NULL,NULL,NULL,NULL,NULL,NULL,NULL,NULL,NULL,'norhisam@mpc.gov.my','0',NULL,5,23,12,36,1,1,0,NULL,NULL,NULL,NULL,NULL,NULL,NULL,NULL,NULL,NULL,0,0,0,'2019-03-29 18:11:45','2019-03-29 18:11:45',NULL),
(206,206,1,1,1,'NORHUDA ABDULLAH','3000','','810924075016','','','','',NULL,NULL,NULL,NULL,NULL,NULL,'norhuda@mpc.gov.my','0',NULL,9,14,19,99,1,1,0,NULL,NULL,NULL,NULL,NULL,NULL,NULL,NULL,NULL,NULL,0,0,0,'2020-11-18 12:24:38','2020-11-18 12:24:38',NULL),
(207,207,1,1,1,'NORIJAH JUEN','3009','MH20372678','760715135972','','Blok 3, C3-3-6','Hartana Apartment,','Jalan Demak Laut','93050',2538,15,'0138140335',NULL,NULL,'norijah@mpc.gov.my','0',NULL,11,6,19,264,1,1,0,NULL,NULL,NULL,NULL,NULL,NULL,NULL,NULL,NULL,NULL,0,0,0,'2019-08-19 21:31:47','2019-08-19 21:31:47',NULL),
(208,208,1,1,1,'Norkamila Shahrudin ','3018',NULL,'810301106066',NULL,NULL,NULL,NULL,NULL,NULL,NULL,NULL,NULL,NULL,'norkamila@mpc.gov.my','0',NULL,12,6,18,255,1,1,0,NULL,NULL,NULL,NULL,NULL,NULL,NULL,NULL,NULL,NULL,0,0,0,'2019-03-29 18:11:45','2019-03-29 18:11:45',NULL),
(209,209,1,1,1,'Norliana Mahmud        ','1466',NULL,'770521075034',NULL,NULL,NULL,NULL,NULL,NULL,NULL,NULL,NULL,NULL,'norliana@mpc.gov.my','0',NULL,2,27,3,242,1,1,0,NULL,NULL,NULL,NULL,NULL,NULL,NULL,NULL,NULL,NULL,0,0,0,'2019-03-29 18:11:45','2019-03-29 18:11:45',NULL),
(210,210,1,1,1,'Norliza Ahmad  ','1460',NULL,'761213035482',NULL,NULL,NULL,NULL,NULL,NULL,NULL,NULL,NULL,NULL,'norlizaahmad@mpc.gov.my','0',NULL,6,18,4,39,1,1,0,NULL,NULL,NULL,NULL,NULL,NULL,NULL,NULL,NULL,NULL,0,0,0,'2019-03-29 18:11:45','2019-03-29 18:11:45',NULL),
(211,211,1,1,1,'Norliza Rosli ','3075',NULL,'850306055196',NULL,NULL,NULL,NULL,NULL,NULL,NULL,NULL,NULL,NULL,'norlizarosli@mpc.gov.my','0',NULL,5,15,18,36,1,1,0,NULL,NULL,NULL,NULL,NULL,NULL,NULL,NULL,NULL,NULL,0,0,0,'2019-03-29 18:11:45','2019-03-29 18:11:45',NULL),
(212,212,1,1,1,'Norul Hasila Abdullah','1548',NULL,'830714065344',NULL,NULL,NULL,NULL,NULL,NULL,NULL,NULL,NULL,NULL,'norulhasila@mpc.gov.my','0',NULL,1,27,3,79,1,1,0,NULL,NULL,NULL,NULL,NULL,NULL,NULL,NULL,NULL,NULL,0,0,0,'2019-03-29 18:11:45','2019-03-29 18:11:45',NULL),
(213,213,1,1,1,'Norwahidah Abdullah ','3006',NULL,'800603035364',NULL,NULL,NULL,NULL,NULL,NULL,NULL,NULL,NULL,NULL,'norwahidah@mpc.gov.my','0',NULL,12,12,18,255,1,1,0,NULL,NULL,NULL,NULL,NULL,NULL,NULL,NULL,NULL,NULL,0,0,0,'2019-03-29 18:11:45','2019-03-29 18:11:45',NULL),
(214,214,1,1,1,'Norwahizan bt Mohamed','3008',NULL,'781117035608',NULL,NULL,NULL,NULL,NULL,NULL,NULL,NULL,NULL,NULL,'norwahizan@mpc.gov.my','0',NULL,5,8,9,36,1,1,0,NULL,NULL,NULL,NULL,NULL,NULL,NULL,NULL,NULL,NULL,0,0,0,'2019-03-29 18:11:45','2019-03-29 18:11:45',NULL),
(215,215,1,1,1,'NORZIAH KABIL','3022','203715223','741111135206','K50871162','Lot 894, Lorong Demak Laut 3a','Taman Perindustrian Demak Laut','Jalan Bako, Petra Jaya','93050',2538,15,'0198442393',NULL,NULL,'norziah@mpc.gov.my','0',NULL,11,14,18,264,1,1,0,NULL,NULL,NULL,NULL,NULL,NULL,NULL,NULL,NULL,NULL,0,0,0,'2019-08-19 21:32:44','2019-08-19 21:32:44',NULL),
(216,216,1,1,1,'NORZIRIN ARIFFIN','1291','','640927075362','','','','',NULL,NULL,NULL,NULL,NULL,NULL,'zirin@mpc.gov.my','0',NULL,7,17,7,129,1,1,0,NULL,NULL,NULL,NULL,NULL,NULL,NULL,NULL,NULL,NULL,0,0,0,'2019-04-17 05:05:53','2019-04-17 05:05:53',NULL),
(217,217,1,1,1,'Nur Jihan Ramli ','3024',NULL,'820215065332',NULL,NULL,NULL,NULL,NULL,NULL,NULL,NULL,NULL,NULL,'nurjihan@mpc.gov.my','0',NULL,8,6,18,33,1,1,0,NULL,NULL,NULL,NULL,NULL,NULL,NULL,NULL,NULL,NULL,0,0,0,'2019-03-29 18:11:45','2019-03-29 18:11:45',NULL),
(218,218,1,1,1,'Nur \'Amirah Shaaban','3146',NULL,'911229075316',NULL,NULL,NULL,NULL,NULL,NULL,NULL,NULL,NULL,NULL,'nuramirah@mpc.gov.my','0',NULL,3,14,18,129,1,1,0,NULL,NULL,NULL,NULL,NULL,NULL,NULL,NULL,NULL,NULL,0,0,0,'2019-03-29 18:11:45','2019-03-29 18:11:45',NULL),
(219,219,1,1,1,'NUR FAIZAH TASMAN','1554','','820719015320','','','','',NULL,NULL,NULL,'0133759729',NULL,NULL,'nurfaizah@mpc.gov.my','0',NULL,3,27,3,40,1,1,0,NULL,NULL,NULL,NULL,NULL,NULL,NULL,NULL,NULL,NULL,0,0,0,'2020-10-28 16:17:42','2020-10-28 16:17:42',NULL),
(220,220,1,1,1,'NUR FATIMAH MOHD ZAKI','1588','','890703085766','','B-28-11','Ppam Metropolitan','Jalan Lingkaran Tengah Mrr2','52100',1561,4,'01110190313',NULL,NULL,'nurfatimah@mpc.gov.my','0',NULL,4,27,3,262,1,1,0,NULL,NULL,NULL,NULL,NULL,NULL,NULL,NULL,NULL,NULL,0,0,0,'2020-10-15 08:22:19','2020-10-15 08:22:19',NULL),
(221,221,1,1,1,'NUR HAFIZAH HALIMUDDIN','3038','','830829145870','','','','',NULL,NULL,NULL,NULL,NULL,NULL,'nurhafizah@mpc.gov.my','0',NULL,12,12,18,255,1,1,0,NULL,NULL,NULL,NULL,NULL,NULL,NULL,NULL,NULL,NULL,0,0,0,'2019-04-16 20:29:32','2019-04-16 20:29:32',NULL),
(222,222,1,1,1,'NUR HANIM ABD GHANI','1463','','760301145732','','','','',NULL,NULL,NULL,NULL,NULL,NULL,'hanim@mpc.gov.my','0',NULL,7,19,5,263,1,1,0,NULL,NULL,NULL,NULL,NULL,NULL,NULL,NULL,NULL,NULL,0,0,0,'2020-10-15 16:58:13','2020-10-15 16:58:13',NULL),
(223,223,1,1,1,'NUR RAFIDAH ZULKIFLI','1615','','880707086492','','','','',NULL,NULL,NULL,NULL,NULL,NULL,'nurrafidah@mpc.gov.my','0',NULL,9,27,3,99,1,1,0,NULL,NULL,NULL,NULL,NULL,NULL,NULL,NULL,NULL,NULL,0,0,0,'2020-11-05 12:08:09','2020-11-05 12:08:09',NULL),
(224,224,1,1,1,'Nur Sulia Saari ','1502',NULL,'830512145776',NULL,NULL,NULL,NULL,NULL,NULL,NULL,NULL,NULL,NULL,'sulia@mpc.gov.my','0',NULL,3,18,4,129,1,1,0,NULL,NULL,NULL,NULL,NULL,NULL,NULL,NULL,NULL,NULL,0,0,0,'2019-03-29 18:11:45','2019-03-29 18:11:45',NULL),
(225,225,1,1,1,'NUR SYAFINA ANUAR','1522','','830628105688','','','','',NULL,NULL,NULL,NULL,NULL,NULL,'syafina@mpc.gov.my','0',NULL,4,27,3,285,1,1,0,NULL,NULL,NULL,NULL,NULL,NULL,NULL,NULL,NULL,NULL,0,0,0,'2020-10-16 08:57:43','2020-10-16 08:57:43',NULL),
(226,226,1,1,1,'Nur Syahrina Muhamad Nor','1557',NULL,'830726146360',NULL,NULL,NULL,NULL,NULL,NULL,NULL,NULL,NULL,NULL,'syahrina@mpc.gov.my','0',NULL,7,27,3,216,1,1,0,NULL,NULL,NULL,NULL,NULL,NULL,NULL,NULL,NULL,NULL,0,0,0,'2019-03-29 18:11:45','2019-03-29 18:11:45',NULL),
(227,227,1,1,1,'NURAIZAH HARUN @ HARRON','1578','MH32119482','831217015586','','','','',NULL,NULL,NULL,'0173872284',NULL,NULL,'nuraizah@mpc.gov.my','0',NULL,6,27,3,307,1,1,0,NULL,NULL,NULL,NULL,NULL,NULL,NULL,NULL,NULL,NULL,0,0,0,'2019-11-22 22:53:53','2019-11-22 22:53:53',NULL),
(228,228,1,1,1,'NURFAYUNIE PAKHRURURZI','1647','','880219145668','','','','',NULL,NULL,NULL,'0132956444',NULL,NULL,'nurfayunie@mpc.gov.my','0',NULL,3,27,3,77,1,1,0,NULL,NULL,NULL,NULL,NULL,NULL,NULL,NULL,NULL,NULL,0,0,0,'2020-10-14 19:43:47','2020-10-14 19:43:47',NULL),
(229,229,1,1,1,'NURFAZILA HAJI ZULAIHI','1605','','900802136836','','','','',NULL,NULL,NULL,NULL,NULL,NULL,'nurfazila@mpc.gov.my','0',NULL,11,27,3,264,1,1,0,NULL,NULL,NULL,NULL,NULL,NULL,NULL,NULL,NULL,NULL,0,0,0,'2019-08-19 20:55:23','2019-08-19 20:55:23',NULL),
(230,230,1,1,1,'Nursyahida Muhamad Aszahari','3121',NULL,'890921146168',NULL,NULL,NULL,NULL,NULL,NULL,NULL,NULL,NULL,NULL,'nursyahida@mpc.gov.my','0',NULL,9,27,3,99,1,1,0,NULL,NULL,NULL,NULL,NULL,NULL,NULL,NULL,NULL,NULL,0,0,0,'2019-03-29 18:11:45','2019-03-29 18:11:45',NULL),
(231,231,1,1,1,'Nurul Ain Alia  Abdullah Zawawi','1583',NULL,'860805435694',NULL,NULL,NULL,NULL,NULL,NULL,NULL,NULL,NULL,NULL,'alia@mpc.gov.my','0',NULL,6,27,3,307,1,1,0,NULL,NULL,NULL,NULL,NULL,NULL,NULL,NULL,NULL,NULL,0,0,0,'2019-03-29 18:11:45','2019-03-29 18:11:45',NULL),
(232,232,1,1,1,'Nurul Farahaton Najihan Jusoh','1634',NULL,'900430115822',NULL,NULL,NULL,NULL,NULL,NULL,NULL,NULL,NULL,NULL,'farahaton@mpc.gov.my','0',NULL,6,27,3,39,1,1,0,NULL,NULL,NULL,NULL,NULL,NULL,NULL,NULL,NULL,NULL,0,0,0,'2019-03-29 18:11:45','2019-03-29 18:11:45',NULL),
(233,233,1,1,1,'NURUL FATIHAH BINTI MOHD AZLAN','1576','','860509295922','','224, Jalan Laman Azalea 3/3,','Laman Azalea, Nilai Impian,','','71800',1794,7,'+60129371650',NULL,NULL,'fatihahazlan14@gmail.com','0',NULL,6,27,3,58,1,1,0,NULL,NULL,NULL,NULL,NULL,NULL,NULL,NULL,NULL,NULL,0,0,0,'2020-12-09 12:45:32','2020-12-09 12:45:32',NULL),
(234,234,1,1,1,'Nurul Nadia Zainal Adnan','3133',NULL,'870825565508',NULL,NULL,NULL,NULL,NULL,NULL,NULL,NULL,NULL,NULL,'nurulnadia@mpc.gov.my','0',NULL,1,12,18,79,1,1,0,NULL,NULL,NULL,NULL,NULL,NULL,NULL,NULL,NULL,NULL,0,0,0,'2019-03-29 18:11:45','2019-03-29 18:11:45',NULL),
(235,235,1,1,1,'NURUL SAZRINA MOHD SHUKOR','1520','','830322105028','','','','',NULL,NULL,NULL,NULL,NULL,NULL,'sazrina@mpc.gov.my','0',NULL,5,29,26,299,1,1,0,NULL,NULL,NULL,NULL,NULL,NULL,NULL,NULL,NULL,NULL,0,0,0,'2020-11-07 12:16:10','2020-11-07 12:16:10',NULL),
(236,236,1,1,1,'NURUL SYAMIMI ISMAIL','1574','','850926035516','','','','','47610',1323,14,'0196635516',NULL,NULL,'syamimi@mpc.gov.my','0',NULL,6,27,3,287,1,1,0,NULL,NULL,NULL,NULL,NULL,NULL,NULL,NULL,NULL,NULL,0,0,0,'2020-10-15 11:14:34','2020-10-15 11:14:34',NULL),
(237,237,1,1,1,'NURZARINA JAAFAR','2992','','800509075538','','','','',NULL,NULL,NULL,NULL,NULL,NULL,'nurzarina@mpc.gov.my','0',NULL,9,30,22,99,1,1,0,NULL,NULL,NULL,NULL,NULL,NULL,NULL,NULL,NULL,NULL,0,0,0,'2019-04-16 20:20:43','2019-04-16 20:20:43',NULL),
(238,238,1,1,1,'Omi Kalsom Osman','2060',NULL,'590905085292',NULL,NULL,NULL,NULL,NULL,NULL,NULL,NULL,NULL,NULL,'omi@mpc.gov.my','0',NULL,5,14,20,36,1,1,0,NULL,NULL,NULL,NULL,NULL,NULL,NULL,NULL,NULL,NULL,0,0,0,'2019-03-29 18:11:45','2019-03-29 18:11:45',NULL),
(239,239,1,1,1,'OSMAN ZAIDAN','2996','','680925135225','','','','',NULL,NULL,NULL,NULL,NULL,NULL,'osmanzaidan@mpc.gov.my','0',NULL,11,7,9,264,1,1,0,NULL,NULL,NULL,NULL,NULL,NULL,NULL,NULL,NULL,NULL,0,0,0,'2019-08-19 21:35:16','2019-08-19 21:35:16',NULL),
(240,240,1,1,1,'RABIATUL HANA ISHAK','1610','310360562','901211146770','','','','',NULL,NULL,NULL,'0147169285',NULL,NULL,'rabiatulhana@mpc.gov.my','0',NULL,4,27,3,304,1,1,0,NULL,NULL,NULL,NULL,NULL,NULL,NULL,NULL,NULL,NULL,0,0,0,'2019-09-26 22:23:28','2019-09-26 22:23:28',NULL),
(241,241,1,1,1,'RAHAYU ABD. RAHMAN','3085','','821114115518','','','','',NULL,NULL,NULL,NULL,NULL,NULL,'rahayur@mpc.gov.my','0',NULL,8,14,18,120,1,1,0,NULL,NULL,NULL,NULL,NULL,NULL,NULL,NULL,NULL,NULL,0,0,0,'2020-11-18 12:21:17','2020-11-18 12:21:17',NULL),
(242,242,1,1,1,'DR. RAHMAT MD. SMAIL','1186','','600302045271','','','','',NULL,NULL,NULL,NULL,NULL,NULL,'rahmat@mpc.gov.my','0',NULL,2,17,7,129,1,1,0,NULL,NULL,NULL,NULL,NULL,NULL,NULL,NULL,NULL,NULL,0,0,0,'2019-04-17 05:07:48','2019-04-17 05:07:48',NULL),
(243,243,1,1,1,'RAINAH OSMAN','3020','','731111125252','','','','',NULL,NULL,NULL,NULL,NULL,NULL,'rainah@mpc.gov.my','0',NULL,10,6,18,41,1,1,0,NULL,NULL,NULL,NULL,NULL,NULL,NULL,NULL,NULL,NULL,0,0,0,'2020-01-24 03:29:15','2020-01-24 03:29:15',NULL),
(244,244,1,1,1,'Raja Ainul Bismi Raja Abd. Hadi','1509',NULL,'831026086234',NULL,NULL,NULL,NULL,NULL,NULL,NULL,NULL,NULL,NULL,'rajaainul@mpc.gov.my','0',NULL,1,18,4,79,1,1,0,NULL,NULL,NULL,NULL,NULL,NULL,NULL,NULL,NULL,NULL,0,0,0,'2019-03-29 18:11:45','2019-03-29 18:11:45',NULL),
(245,245,1,1,1,'Ramale Yusoff','2146',NULL,'640510035445',NULL,NULL,NULL,NULL,NULL,NULL,NULL,NULL,NULL,NULL,'ramale@mpc.gov.my','0',NULL,5,10,16,36,1,1,0,NULL,NULL,NULL,NULL,NULL,NULL,NULL,NULL,NULL,NULL,0,0,0,'2019-03-29 18:11:45','2019-03-29 18:11:45',NULL),
(246,246,1,1,1,'Ramlan Sainan','2067',NULL,'610228105027',NULL,NULL,NULL,NULL,NULL,NULL,NULL,NULL,NULL,NULL,'ramlan@mpc.gov.my','0',NULL,2,10,17,242,1,1,0,NULL,NULL,NULL,NULL,NULL,NULL,NULL,NULL,NULL,NULL,0,0,0,'2019-03-29 18:11:45','2019-03-29 18:11:45',NULL),
(247,247,1,1,1,'ROSELEENA HASHIM','1306','069415032','650318035284','A40195054','No 38 Jalan Pjs 10/3','Taman Subang Indah','Petaling Jaya','46100',1237,14,'0192648143',NULL,NULL,'leena@mpc.gov.my','0',NULL,3,33,6,9,1,1,0,NULL,NULL,NULL,NULL,NULL,NULL,NULL,NULL,NULL,NULL,0,0,0,'2020-11-30 08:30:13','2020-11-30 08:30:13',NULL),
(248,248,1,1,1,'Roslah Md Yusof','2105',NULL,'610210105328',NULL,NULL,NULL,NULL,NULL,NULL,NULL,NULL,NULL,NULL,'roslah@mpc.gov.my','0',NULL,6,31,23,78,1,1,0,NULL,NULL,NULL,NULL,NULL,NULL,NULL,NULL,NULL,NULL,0,0,0,'2019-03-29 18:11:45','2019-03-29 18:11:45',NULL),
(249,249,1,1,1,'ROSLI MAT DOM','2098','','610314055177','','','','',NULL,NULL,NULL,NULL,NULL,NULL,'rosli@mpc.gov.my','0',NULL,1,14,20,297,1,1,0,NULL,NULL,NULL,NULL,NULL,NULL,NULL,NULL,NULL,NULL,0,0,0,'2020-02-14 09:58:34','2020-02-14 09:58:34',NULL),
(250,250,1,1,1,'Roslinda Abdul Hamid','1493',NULL,'770706065860',NULL,NULL,NULL,NULL,NULL,NULL,NULL,NULL,NULL,NULL,'lynda@mpc.gov.my','0',NULL,7,27,3,141,1,1,0,NULL,NULL,NULL,NULL,NULL,NULL,NULL,NULL,NULL,NULL,0,0,0,'2019-03-29 18:11:45','2019-03-29 18:11:45',NULL),
(251,251,1,1,1,'Roslinda Ahmad','2977',NULL,'780922105002',NULL,NULL,NULL,NULL,NULL,NULL,NULL,NULL,NULL,NULL,'roslinda@mpc.gov.my','0',NULL,7,30,22,264,1,1,0,NULL,NULL,NULL,NULL,NULL,NULL,NULL,NULL,NULL,NULL,0,0,0,'2019-03-29 18:11:45','2019-03-29 18:11:45',NULL),
(252,252,1,1,1,'ROSMI  ABDULLAH','1274','301713860','630525035473','A51286075','','','',NULL,NULL,NULL,NULL,NULL,NULL,'rosmi@mpc.gov.my','0',NULL,7,17,7,307,1,1,0,NULL,NULL,NULL,NULL,NULL,NULL,NULL,NULL,NULL,NULL,0,0,0,'2020-11-02 18:57:54','2020-11-02 18:57:54',NULL),
(253,253,1,1,1,'ROSMIZA ROSLY','1374','','721031065086','','','','',NULL,NULL,NULL,'0192251114',NULL,NULL,'iza@mpc.gov.my','0',NULL,6,19,5,303,1,1,0,NULL,NULL,NULL,NULL,NULL,NULL,NULL,NULL,NULL,NULL,0,0,0,'2020-10-15 13:07:35','2020-10-15 13:07:35',NULL),
(254,254,1,1,1,'Rosniwati Abdullah','2783',NULL,'760405075492',NULL,NULL,NULL,NULL,NULL,NULL,NULL,NULL,NULL,NULL,'rosniwati@mpc.gov.my','0',NULL,1,6,18,79,1,1,0,NULL,NULL,NULL,NULL,NULL,NULL,NULL,NULL,NULL,NULL,0,0,0,'2019-03-29 18:11:45','2019-03-29 18:11:45',NULL),
(255,255,1,1,1,'ROZIANA OTHMAN','1289','','660928015060','','','','',NULL,NULL,NULL,NULL,NULL,NULL,'ogie@mpc.gov.my','0',NULL,12,33,6,66,1,1,0,NULL,NULL,NULL,NULL,NULL,NULL,NULL,NULL,NULL,NULL,0,0,0,'2019-04-18 21:28:01','2019-04-18 21:28:01',NULL),
(256,256,1,1,1,'ROZITAH MA\'AL','1400','','730323145672','','','','',NULL,NULL,NULL,'0192152550',NULL,NULL,'rozitah@mpc.gov.my','0',NULL,6,19,5,67,1,1,0,NULL,NULL,NULL,NULL,NULL,NULL,NULL,NULL,NULL,NULL,0,0,0,'2020-11-04 10:13:16','2020-11-04 10:13:16',NULL),
(257,257,1,1,1,'RUSDI MUDA','1312','','650803035157','','','','',NULL,NULL,NULL,NULL,NULL,NULL,'rusdi@mpc.gov.my','0',NULL,8,19,5,33,1,1,0,NULL,NULL,NULL,NULL,NULL,NULL,NULL,NULL,NULL,NULL,0,0,0,'2019-07-03 21:04:02','2019-07-03 21:04:02',NULL),
(258,258,1,1,1,'SABRI HASAN','1458','','750708035595','','','','',NULL,NULL,NULL,NULL,NULL,NULL,'sabri@mpc.gov.my','0',NULL,2,18,4,252,1,1,0,NULL,NULL,NULL,NULL,NULL,NULL,NULL,NULL,NULL,NULL,0,0,0,'2019-04-17 04:45:20','2019-04-17 04:45:20',NULL),
(259,259,1,1,1,'SAFARWAN BIN MOHD SUHAIMI','1596','310673215','890306146107','','','','',NULL,NULL,NULL,'0194434801',NULL,NULL,'safarwan@mpc.gov.my','0',NULL,4,27,3,225,1,1,0,NULL,NULL,NULL,NULL,NULL,NULL,NULL,NULL,NULL,NULL,0,0,0,'2020-12-02 11:24:07','2020-12-02 11:24:07',NULL),
(260,260,1,1,1,'Safiah Mitri ','3080',NULL,'830413125884',NULL,NULL,NULL,NULL,NULL,NULL,NULL,NULL,NULL,NULL,'safiah@mpc.gov.my','0',NULL,3,15,18,129,1,1,0,NULL,NULL,NULL,NULL,NULL,NULL,NULL,NULL,NULL,NULL,0,0,0,'2019-03-29 18:11:45','2019-03-29 18:11:45',NULL),
(261,261,1,1,1,'SAFNIWATI JASRI','1392','','760217715026','','','','',NULL,NULL,NULL,NULL,NULL,NULL,'safniwati@mpc.gov.my','0',NULL,7,19,5,263,1,1,0,NULL,NULL,NULL,NULL,NULL,NULL,NULL,NULL,NULL,NULL,0,0,0,'2020-10-16 15:47:34','2020-10-16 15:47:34',NULL),
(262,262,1,1,1,'SAFURA ABDUL MALEK','1579','MH08064589','860904525900','','','','',NULL,NULL,NULL,'0128920999',NULL,NULL,'safura@mpc.gov.my','0',NULL,4,18,4,285,1,1,0,NULL,NULL,NULL,NULL,NULL,NULL,NULL,NULL,NULL,NULL,0,0,0,'2020-10-15 08:21:22','2020-10-15 08:21:22',NULL),
(263,263,1,1,1,'SALIZA SAARI','1415','','770801066220','','','','',NULL,NULL,NULL,NULL,NULL,NULL,'saliza@mpc.gov.my','0',NULL,2,33,6,307,1,1,0,NULL,NULL,NULL,NULL,NULL,NULL,NULL,NULL,NULL,NULL,0,0,0,'2020-11-02 18:59:17','2020-11-02 18:59:17',NULL),
(264,264,1,1,1,'SARIMAH MISMAN','1311','','640414107066','','61,jalan Kp 2/15 Seksyen 2','Taman Kota Perdana','Bandar Putra Permai',NULL,NULL,NULL,'0196291662',NULL,NULL,'sarimah@mpc.gov.my','0',NULL,11,17,7,307,1,1,0,NULL,NULL,NULL,NULL,NULL,NULL,NULL,NULL,NULL,NULL,0,0,0,'2020-10-28 17:52:51','2020-10-28 17:52:51',NULL),
(265,265,1,1,1,'SAWIAH ABDUL SAMAD','1339','303487660','680101045120','','','','',NULL,NULL,NULL,'0183814621',NULL,NULL,'sawiah@mpc.gov.my','0',NULL,6,33,6,307,1,1,0,NULL,NULL,NULL,NULL,NULL,NULL,NULL,NULL,NULL,NULL,0,0,0,'2019-11-26 03:31:56','2019-11-26 03:31:56',NULL),
(266,266,1,1,1,'Semawi Zakaria','1370',NULL,'630328085527',NULL,NULL,NULL,NULL,NULL,NULL,NULL,NULL,NULL,NULL,'semawi@mpc.gov.my','0',NULL,2,18,4,242,1,1,0,NULL,NULL,NULL,NULL,NULL,NULL,NULL,NULL,NULL,NULL,0,0,0,'2019-03-29 18:11:45','2019-03-29 18:11:45',NULL),
(267,267,1,1,1,'Shafirul Izwar Saad','2999',NULL,'810418025235',NULL,NULL,NULL,NULL,NULL,NULL,NULL,NULL,NULL,NULL,'shafirul@mpc.gov.my','0',NULL,9,14,18,99,1,1,0,NULL,NULL,NULL,NULL,NULL,NULL,NULL,NULL,NULL,NULL,0,0,0,'2019-03-29 18:11:45','2019-03-29 18:11:45',NULL),
(268,268,1,1,1,'Shahidah Samsudin ','1558',NULL,'820526145858',NULL,NULL,NULL,NULL,NULL,NULL,NULL,NULL,NULL,NULL,'shahidah@mpc.gov.my','0',NULL,4,27,3,304,1,1,0,NULL,NULL,NULL,NULL,NULL,NULL,NULL,NULL,NULL,NULL,0,0,0,'2019-03-29 18:11:45','2019-03-29 18:11:45',NULL),
(269,269,1,1,1,'Shahriza Bahari  ','1428',NULL,'751226145016',NULL,NULL,NULL,NULL,NULL,NULL,NULL,NULL,NULL,NULL,'shahriza@mpc.gov.my','0',NULL,6,18,4,39,1,1,0,NULL,NULL,NULL,NULL,NULL,NULL,NULL,NULL,NULL,NULL,0,0,0,'2019-03-29 18:11:45','2019-03-29 18:11:45',NULL),
(270,270,1,1,1,'DR. SHAIK ROSLINAH BUX','1320','','630619106404','','','','',NULL,NULL,NULL,NULL,NULL,NULL,'roslinahbux@mpc.gov.my','0',NULL,4,33,6,304,1,1,0,NULL,NULL,NULL,NULL,NULL,NULL,NULL,NULL,NULL,NULL,0,0,0,'2019-04-17 04:46:27','2019-04-17 04:46:27',NULL),
(271,271,1,1,1,'SHANTHINI TAMADORAM','1592','','800528145896','','No 7, Jalan Anggerik Aranda 31/171','','','40460',1084,14,'0122880144',NULL,NULL,'shanthini@mpc.gov.my','0',NULL,6,27,3,108,1,1,0,NULL,NULL,NULL,NULL,NULL,NULL,NULL,NULL,NULL,NULL,0,0,0,'2020-10-15 17:26:48','2020-10-15 17:26:48',NULL),
(272,272,1,1,1,'Sharipah Mazina Syed Mohammed','1322',NULL,'660228035028',NULL,NULL,NULL,NULL,NULL,NULL,NULL,NULL,NULL,NULL,'sharipah@mpc.gov.my','0',NULL,1,19,5,79,1,1,0,NULL,NULL,NULL,NULL,NULL,NULL,NULL,NULL,NULL,NULL,0,0,0,'2019-03-29 18:11:45','2019-03-29 18:11:45',NULL),
(273,273,1,1,1,'Sharizal Samsudin','2978',NULL,'800809085025',NULL,NULL,NULL,NULL,NULL,NULL,NULL,NULL,NULL,NULL,'sharizal@mpc.gov.my','0',NULL,5,10,16,36,1,1,0,NULL,NULL,NULL,NULL,NULL,NULL,NULL,NULL,NULL,NULL,0,0,0,'2019-03-29 18:11:45','2019-03-29 18:11:45',NULL),
(274,274,1,1,1,'SHEZLINA ZAKARIA','1377','','720408025822','','','','',NULL,NULL,NULL,NULL,NULL,NULL,'shez@mpc.gov.my','0',NULL,1,33,6,79,1,1,0,NULL,NULL,NULL,NULL,NULL,NULL,NULL,NULL,NULL,NULL,0,0,0,'2019-04-17 04:46:57','2019-04-17 04:46:57',NULL),
(275,275,1,1,1,'SITI ASLINDAH AHMAD','3054','MH30296361','830813125234','','','','',NULL,NULL,NULL,NULL,NULL,NULL,'sitiaslindah@mpc.gov.my','0',NULL,5,15,18,298,1,1,0,NULL,NULL,NULL,NULL,NULL,NULL,NULL,NULL,NULL,NULL,0,0,0,'2020-11-05 12:05:28','2020-11-05 12:05:28',NULL),
(276,276,1,1,1,'SITI RAHAYU MD. DESA','3052','','750514075062','','','','',NULL,NULL,NULL,NULL,NULL,NULL,'rahayu@mpc.gov.my','0',NULL,5,14,19,299,1,1,0,NULL,NULL,NULL,NULL,NULL,NULL,NULL,NULL,NULL,NULL,0,0,0,'2020-12-22 10:28:37','2020-12-22 10:28:37',NULL),
(277,277,1,1,1,'SITI RAWAIDA SHARIFF','3076','','840604075284','','','','',NULL,NULL,NULL,NULL,NULL,NULL,'rawaida@mpc.gov.my','0',NULL,5,21,27,299,1,1,0,NULL,NULL,NULL,NULL,NULL,NULL,NULL,NULL,NULL,NULL,0,0,0,'2020-11-19 09:15:25','2020-11-19 09:15:25',NULL),
(278,278,1,1,1,'SITI SAKINAH MOHD ZAKI','1654','','890129035608','','','','',NULL,NULL,NULL,NULL,NULL,NULL,'sakinah@mpc.gov.my','0',NULL,6,27,3,314,1,1,0,NULL,NULL,NULL,NULL,NULL,NULL,NULL,NULL,NULL,NULL,0,0,0,'2020-11-13 11:32:27','2020-11-13 11:32:27',NULL),
(279,279,1,1,1,'SITI SALIA AZIZAN','1562','','770502025592','','','','',NULL,NULL,NULL,NULL,NULL,NULL,'salia@mpc.gov.my','0',NULL,5,2,28,299,1,1,0,NULL,NULL,NULL,NULL,NULL,NULL,NULL,NULL,NULL,NULL,0,0,0,'2020-12-07 12:32:36','2020-12-07 12:32:36',NULL),
(280,280,1,1,1,'Siti Salmiah Yahaya','2135',NULL,'641101065170',NULL,NULL,NULL,NULL,NULL,NULL,NULL,NULL,NULL,NULL,'siti@mpc.gov.my','0',NULL,5,14,19,36,1,1,0,NULL,NULL,NULL,NULL,NULL,NULL,NULL,NULL,NULL,NULL,0,0,0,'2019-03-29 18:11:45','2019-03-29 18:11:45',NULL),
(281,281,1,1,1,'SITI SYAFIQAH AHMAD','1586','MH31045616','891122146000','A50377080','','','',NULL,NULL,NULL,'0184066193',NULL,NULL,'syafiqah@mpc.gov.my','0',NULL,3,27,3,247,1,1,0,NULL,NULL,NULL,NULL,NULL,NULL,NULL,NULL,NULL,NULL,0,0,0,'2020-10-15 12:44:44','2020-10-15 12:44:44',NULL),
(282,282,1,1,1,'Siti Zaharah Mohamed','3039',NULL,'860913235390',NULL,NULL,NULL,NULL,NULL,NULL,NULL,NULL,NULL,NULL,'zaharah@mpc.gov.my','0',NULL,5,6,18,36,1,1,0,NULL,NULL,NULL,NULL,NULL,NULL,NULL,NULL,NULL,NULL,0,0,0,'2019-03-29 18:11:45','2019-03-29 18:11:45',NULL),
(283,283,1,1,1,'SITI ZURIANAH OTHMAN','1528','','780808045202','','','','',NULL,NULL,NULL,'0132086101',NULL,NULL,'zurianah@mpc.gov.my','0',NULL,5,27,3,131,1,1,0,NULL,NULL,NULL,NULL,NULL,NULL,NULL,NULL,NULL,NULL,0,0,0,'2020-11-27 14:15:40','2020-11-27 14:15:40',NULL),
(284,284,1,1,1,'SUGUMAR A/L SAMINATHAN','1353','','650711025373','','','','',NULL,NULL,NULL,NULL,NULL,NULL,'sugumar@mpc.gov.my','0',NULL,6,33,7,9,1,1,0,NULL,NULL,NULL,NULL,NULL,NULL,NULL,NULL,NULL,NULL,0,0,0,'2020-02-03 22:46:27','2020-02-03 22:46:27',NULL),
(285,285,1,1,1,'SUHAIMI HAMAD','1209','','610920035475','','','','',NULL,NULL,NULL,NULL,NULL,NULL,'suhaimi@mpc.gov.my','0',NULL,4,17,7,304,1,1,0,NULL,NULL,NULL,NULL,NULL,NULL,NULL,NULL,NULL,NULL,0,0,0,'2020-01-08 07:15:19','2020-01-08 07:15:19',NULL),
(286,286,1,1,1,'SUHAIMI ROBINI','2988','','821006015819','','','','',NULL,NULL,NULL,NULL,NULL,NULL,'suhaimi_robini@mpc.gov.my','0',NULL,5,14,18,91,1,1,0,NULL,NULL,NULL,NULL,NULL,NULL,NULL,NULL,NULL,NULL,0,0,0,'2020-11-18 13:55:10','2020-11-18 13:55:10',NULL),
(287,287,1,1,1,'DR. SURIATI ZAINAL ABIDIN','1378','','720615045084','','','','',NULL,NULL,NULL,NULL,NULL,NULL,'ati@mpc.gov.my','0',NULL,6,19,5,284,1,1,0,NULL,NULL,NULL,NULL,NULL,NULL,NULL,NULL,NULL,NULL,0,0,0,'2020-10-15 11:10:08','2020-10-15 11:10:08',NULL),
(288,288,1,1,1,'Suzana Ismail','2941',NULL,'730505035706',NULL,NULL,NULL,NULL,NULL,NULL,NULL,NULL,NULL,NULL,'suzana@mpc.gov.my','0',NULL,2,18,4,242,1,1,0,NULL,NULL,NULL,NULL,NULL,NULL,NULL,NULL,NULL,NULL,0,0,0,'2019-03-29 18:11:45','2019-03-29 18:11:45',NULL),
(289,289,1,1,1,'SYAIRAH ZAIMAH SHAFIEE','3143','','860504387326','','','','',NULL,NULL,NULL,NULL,NULL,NULL,'syairah@mpc.gov.my','0',NULL,9,14,18,99,1,1,0,NULL,NULL,NULL,NULL,NULL,NULL,NULL,NULL,NULL,NULL,0,0,0,'2019-11-26 03:45:40','2019-11-26 03:45:40',NULL),
(290,290,1,1,1,'Syed Mohammad Fitri Syed Abdul Rahim ','2979',NULL,'780905065205',NULL,NULL,NULL,NULL,NULL,NULL,NULL,NULL,NULL,NULL,'smfitri@mpc.gov.my','0',NULL,5,24,2,36,1,1,0,NULL,NULL,NULL,NULL,NULL,NULL,NULL,NULL,NULL,NULL,0,0,0,'2019-03-29 18:11:45','2019-03-29 18:11:45',NULL),
(291,291,1,1,1,'SYED MOHD. AL-KHAFIEZ SHAH SYED MOHD. AZAM SHAH','2966','','800531145133','','','','',NULL,NULL,NULL,NULL,NULL,NULL,'syed@mpc.gov.my','0',NULL,5,27,3,36,1,1,0,NULL,NULL,NULL,NULL,NULL,NULL,NULL,NULL,NULL,NULL,0,0,0,'2019-09-12 02:26:36','2019-09-12 02:26:36',NULL),
(292,292,1,1,1,'THEA JUMINITA CHEONG KIAM','2119','','611123125392','','','','',NULL,NULL,NULL,NULL,NULL,NULL,'thea@mpc.gov.my','0',NULL,10,14,19,143,1,1,0,NULL,NULL,NULL,NULL,NULL,NULL,NULL,NULL,NULL,NULL,0,0,0,'2020-11-16 15:39:37','2020-11-16 15:39:37',NULL),
(293,293,1,1,1,'Umi Kalsom Osman','2082',NULL,'610102045102',NULL,NULL,NULL,NULL,NULL,NULL,NULL,NULL,NULL,NULL,'umi@mpc.gov.my','0',NULL,7,31,23,66,1,1,0,NULL,NULL,NULL,NULL,NULL,NULL,NULL,NULL,NULL,NULL,0,0,0,'2019-03-29 18:11:45','2019-03-29 18:11:45',NULL),
(294,294,1,1,1,'VIMALA A/P R.MUNIANDY','1567','','830708146260','','','','',NULL,NULL,NULL,'0122435208','0122435208',NULL,'vimala@mpc.gov.my','0',NULL,6,27,3,86,1,1,0,NULL,NULL,NULL,NULL,NULL,NULL,NULL,NULL,NULL,NULL,0,0,0,'2020-10-15 11:17:58','2020-10-15 11:17:58',NULL),
(295,295,1,1,1,'WAILA MOHD. NASIR','1381','','730621106022','','','','',NULL,NULL,NULL,NULL,NULL,NULL,'waila@mpc.gov.my','0',NULL,11,19,5,264,1,1,0,NULL,NULL,NULL,NULL,NULL,NULL,NULL,NULL,NULL,NULL,0,0,0,'2019-08-19 22:01:04','2019-08-19 22:01:04',NULL),
(296,296,1,1,1,'WAN FARID WAN HAMAD @ WAN AHMAD','1587','','791024105661','','C-6-20, Level 6, Block C, Masreca19','','','63200',1684,14,'+60163841467',NULL,NULL,'wanfarid@mpc.gov.my','0',NULL,3,27,3,9,1,1,0,NULL,NULL,NULL,NULL,NULL,NULL,NULL,NULL,NULL,NULL,0,0,0,'2019-09-29 01:25:44','2019-09-29 01:25:44',NULL),
(297,297,1,1,1,'WAN FAZLIN NADIA WAN OSMAN','1417','309836715','791126015974','','','','',NULL,NULL,NULL,'0123884464',NULL,NULL,'nadia@mpc.gov.my','0',NULL,6,17,7,9,1,1,0,NULL,NULL,NULL,NULL,NULL,NULL,NULL,NULL,NULL,NULL,0,0,0,'2020-02-03 22:46:02','2020-02-03 22:46:02',NULL),
(298,298,1,1,1,'WAN KHAIRUNNISA AZMI','1569','','860225295576','','','','',NULL,NULL,NULL,NULL,NULL,NULL,'khairunnisa@mpc.gov.my','0',NULL,5,27,3,131,1,1,0,NULL,NULL,NULL,NULL,NULL,NULL,NULL,NULL,NULL,NULL,0,0,0,'2020-10-15 11:25:37','2020-10-15 11:25:37',NULL),
(299,299,1,1,1,'WAN NORHANI WAN KHALID','1536','','640706115164','','','','',NULL,NULL,NULL,'0196664016',NULL,NULL,'wannorhani@mpc.gov.my','0',NULL,5,4,30,131,1,1,0,NULL,NULL,NULL,NULL,NULL,NULL,NULL,NULL,NULL,NULL,0,0,0,'2020-10-16 15:19:22','2020-10-16 15:19:22',NULL),
(300,300,1,1,1,'WAN ROZITA HUSSAIN','2959','','770518065820','','','','',NULL,NULL,NULL,NULL,NULL,NULL,'wanrozita@mpc.gov.my','0',NULL,3,30,23,129,1,1,0,NULL,NULL,NULL,NULL,NULL,NULL,NULL,NULL,NULL,NULL,0,0,0,'2019-07-02 00:07:04','2019-07-02 00:07:04',NULL),
(301,301,1,1,1,'Wan Yusnaini Wan Yaacob   ','1403',NULL,'710502035534',NULL,NULL,NULL,NULL,NULL,NULL,NULL,NULL,NULL,NULL,'yusnaini@mpc.gov.my','0',NULL,7,18,4,216,1,1,0,NULL,NULL,NULL,NULL,NULL,NULL,NULL,NULL,NULL,NULL,0,0,0,'2019-03-29 18:11:45','2019-03-29 18:11:45',NULL),
(302,302,1,1,1,'Wan Zainulhaq Thaniah Che Haron','3091',NULL,'710129035076',NULL,NULL,NULL,NULL,NULL,NULL,NULL,NULL,NULL,NULL,'WanZainulhaq@mpc.gov.my','0',NULL,5,6,18,36,1,1,0,NULL,NULL,NULL,NULL,NULL,NULL,NULL,NULL,NULL,NULL,0,0,0,'2019-03-29 18:11:45','2019-03-29 18:11:45',NULL),
(303,303,1,1,1,'ZAFFRULLA BIN HUSSEIN','1379','MH31484961','691003035395','A51979816','No 17','Jalan Spektrum U16/13b','','40160',1078,14,'+60133413195','0133413195',NULL,'zaff@mpc.gov.my','0',NULL,6,19,6,285,1,1,0,NULL,NULL,NULL,NULL,NULL,NULL,NULL,NULL,NULL,NULL,0,0,0,'2020-10-30 00:10:08','2020-10-30 00:10:08',NULL),
(304,304,1,1,1,'ZAHID ISMAIL','1315','081875426','660320075225','','No. 35, Jalan Suadamai 11/5','Bandar Tun Hussein Onn','','43200',1201,14,'0192796198',NULL,NULL,'zahid@mpc.gov.my','0',NULL,4,17,7,9,1,1,0,NULL,NULL,NULL,NULL,NULL,NULL,NULL,NULL,NULL,NULL,0,0,0,'2020-09-12 23:51:53','2020-09-12 23:51:53',NULL),
(305,305,1,1,1,'Zaidah Hassan','3017',NULL,'810614065568',NULL,NULL,NULL,NULL,NULL,NULL,NULL,NULL,NULL,NULL,'zaidah@mpc.gov.my','0',NULL,6,30,22,9,1,1,0,NULL,NULL,NULL,NULL,NULL,NULL,NULL,NULL,NULL,NULL,0,0,0,'2019-03-29 18:11:45','2019-03-29 18:11:45',NULL),
(306,306,1,1,1,'Zaini Haron','2993',NULL,'830119105073',NULL,NULL,NULL,NULL,NULL,NULL,NULL,NULL,NULL,NULL,'zainiharon@mpc.gov.my','0',NULL,8,10,16,33,1,1,0,NULL,NULL,NULL,NULL,NULL,NULL,NULL,NULL,NULL,NULL,0,0,0,'2019-03-29 18:11:45','2019-03-29 18:11:45',NULL),
(307,307,1,1,1,'DATIN ZAINON BAKAR','1280','601462396','630524106620','A36811501','No 30 Jalan Tun Teja 35/2a','Alam Impian Seksyen 35','','40470',1085,14,NULL,'0351670707',NULL,'zaiba63@gmail.com','0',NULL,6,17,7,9,1,1,0,NULL,NULL,NULL,NULL,NULL,NULL,NULL,NULL,NULL,NULL,0,0,0,'2020-01-08 07:13:51','2020-01-08 07:13:51',NULL),
(308,308,1,1,1,'ZAINUDIN ELIAS','1296','','650322015235','','','','',NULL,NULL,NULL,NULL,NULL,NULL,'zainudine@mpc.gov.my','0',NULL,2,33,6,66,1,1,0,NULL,NULL,NULL,NULL,NULL,NULL,NULL,NULL,NULL,NULL,0,0,0,'2019-04-17 04:55:12','2019-04-17 04:55:12',NULL),
(309,309,1,1,1,'Zaiton Nordin','2136',NULL,'621101065316',NULL,NULL,NULL,NULL,NULL,NULL,NULL,NULL,NULL,NULL,'zainordin@mpc.gov.my','0',NULL,3,14,19,129,1,1,0,NULL,NULL,NULL,NULL,NULL,NULL,NULL,NULL,NULL,NULL,0,0,0,'2019-03-29 18:11:45','2019-03-29 18:11:45',NULL),
(310,310,1,1,1,'ZAKI JAAFAR','1341','314867210','670719035611','A39749933','45, Jln Bj14','Taman Balakong Jaya','','43300',1203,14,'0122694835','0389594835',NULL,'zeck@mpc.gov.my','0',NULL,6,19,5,304,1,1,0,NULL,NULL,NULL,NULL,NULL,NULL,NULL,NULL,NULL,NULL,0,0,0,'2020-01-29 01:33:40','2020-01-29 01:33:40',NULL),
(311,311,1,1,1,'ZAWIYAH ABD MANAF','3111','','871012235530','','','','',NULL,NULL,NULL,NULL,NULL,NULL,'zawiyahmanaf@mpc.gov.my','0',NULL,5,14,18,188,1,1,0,NULL,NULL,NULL,NULL,NULL,NULL,NULL,NULL,NULL,NULL,0,0,0,'2020-12-16 15:55:28','2020-12-16 15:55:28',NULL),
(312,312,1,1,1,'Zubir Zainuddin','2283',NULL,'720327055077',NULL,NULL,NULL,NULL,NULL,NULL,NULL,NULL,NULL,NULL,'zack@mpc.gov.my','0',NULL,5,10,16,36,1,1,0,NULL,NULL,NULL,NULL,NULL,NULL,NULL,NULL,NULL,NULL,0,0,0,'2019-03-29 18:11:45','2019-03-29 18:11:45',NULL),
(313,313,1,1,1,'Zul Ezwan Muhamad','1511',NULL,'810122015257',NULL,NULL,NULL,NULL,NULL,NULL,NULL,NULL,NULL,NULL,'zulezwan@mpc.gov.my','0',NULL,12,27,3,255,1,1,0,NULL,NULL,NULL,NULL,NULL,NULL,NULL,NULL,NULL,NULL,0,0,0,'2019-03-29 18:11:45','2019-03-29 18:11:45',NULL),
(314,314,1,1,1,'ZULAIFAH OMAR','1307','','631016015006','','','','',NULL,NULL,NULL,NULL,NULL,NULL,'xue@mpc.gov.my','0',NULL,4,33,6,304,1,1,0,NULL,NULL,NULL,NULL,NULL,NULL,NULL,NULL,NULL,NULL,0,0,0,'2019-04-17 04:48:34','2019-04-17 04:48:34',NULL),
(315,315,1,1,1,'Zunaidah Awang Nawi','2972',NULL,'820911035882',NULL,NULL,NULL,NULL,NULL,NULL,NULL,NULL,NULL,NULL,'zunaidah@mpc.gov.my','0',NULL,5,14,19,36,1,1,0,NULL,NULL,NULL,NULL,NULL,NULL,NULL,NULL,NULL,NULL,0,0,0,'2019-03-29 18:11:45','2019-03-29 18:11:45',NULL),
(316,316,1,1,1,'ZURAIDI ZAINOL','1500','','830428095219','','','','',NULL,NULL,NULL,'0196441983',NULL,NULL,'zuraidi@mpc.gov.my','0',NULL,1,18,4,203,1,1,0,NULL,NULL,NULL,NULL,NULL,NULL,NULL,NULL,NULL,NULL,0,0,0,'2021-01-04 15:05:56','2021-01-04 15:05:56',NULL),
(317,317,1,1,1,'ZURAINI SUBKI','1658','','820829035744','','','','',NULL,NULL,NULL,NULL,NULL,NULL,'zuraini@mpc.gov.my','0',NULL,11,27,3,264,1,1,0,NULL,NULL,NULL,NULL,NULL,NULL,NULL,NULL,NULL,NULL,0,0,0,'2019-08-19 20:58:49','2019-08-19 20:58:49',NULL),
(318,318,1,1,1,'ZURIANTI NOR AZIAN MOHD. NAFI','3148','','880229065872','','','','',NULL,NULL,NULL,NULL,NULL,NULL,'zurianti@mpc.gov.my','0',NULL,5,14,18,299,1,1,0,NULL,NULL,NULL,NULL,NULL,NULL,NULL,NULL,NULL,NULL,0,0,0,'2020-12-01 10:46:58','2020-12-01 10:46:58',NULL),
(319,319,1,1,1,'ABDUL RAHMAN KAMIS','1699','','911019085241','','','','',NULL,NULL,NULL,'0133693243',NULL,NULL,'arahman@mpc.gov.my','0',NULL,4,27,3,304,1,1,0,NULL,NULL,NULL,NULL,NULL,NULL,NULL,NULL,NULL,NULL,0,0,0,'2019-04-18 03:41:51','2019-04-18 03:41:51',NULL),
(320,320,1,1,1,'Aimi Zahira Azami','3154',NULL,'891008026064',NULL,NULL,NULL,NULL,NULL,NULL,NULL,NULL,NULL,NULL,'aimizahira@mpc.gov.my','0',NULL,8,14,18,33,1,1,0,NULL,NULL,NULL,NULL,NULL,NULL,NULL,NULL,NULL,NULL,0,0,0,'2019-03-29 18:11:45','2019-03-29 18:11:45',NULL),
(321,321,1,1,1,'Anis Syafiqah Ayob','3161',NULL,'910208095030',NULL,NULL,NULL,NULL,NULL,NULL,NULL,NULL,NULL,NULL,'anissyafiqah@mpc.gov.my','0',NULL,7,27,3,66,1,1,0,NULL,NULL,NULL,NULL,NULL,NULL,NULL,NULL,NULL,NULL,0,0,0,'2019-03-29 18:11:45','2019-03-29 18:11:45',NULL),
(322,322,1,1,1,'JERRECY ELSIE P. TOJIPUN','3099','','841208125352','','','','',NULL,NULL,NULL,NULL,NULL,NULL,'jerrecy@mpc.gov.my','0',NULL,10,14,18,143,1,1,0,NULL,NULL,NULL,NULL,NULL,NULL,NULL,NULL,NULL,NULL,0,0,0,'2020-11-16 15:36:29','2020-11-16 15:36:29',NULL),
(323,323,1,1,1,'Mohamad Amirul Arif Sahimi','3128',NULL,'910408036123',NULL,NULL,NULL,NULL,NULL,NULL,NULL,NULL,NULL,NULL,'mohamad@mpc.gov.my','0',NULL,8,14,18,33,1,1,0,NULL,NULL,NULL,NULL,NULL,NULL,NULL,NULL,NULL,NULL,0,0,0,'2019-03-29 18:11:45','2019-03-29 18:11:45',NULL),
(324,324,1,1,1,'MOHAMMAD FADZRUL FARIDZ HAZNI','1678','','930527045223','','','','',NULL,NULL,NULL,NULL,NULL,NULL,'mfadzrul@mpc.gov.my','0',NULL,5,27,3,36,1,1,0,NULL,NULL,NULL,NULL,NULL,NULL,NULL,NULL,NULL,NULL,0,0,0,'2020-12-30 12:29:12','2020-12-30 12:29:12',NULL),
(325,325,1,1,1,'Mohd Aizuddin Noor Azman','1674',NULL,'890129085541',NULL,NULL,NULL,NULL,NULL,NULL,NULL,NULL,NULL,NULL,'aizuddin@mpc.gov.my','0',NULL,6,27,3,9,1,1,0,NULL,NULL,NULL,NULL,NULL,NULL,NULL,NULL,NULL,NULL,0,0,0,'2019-03-29 18:11:45','2019-03-29 18:11:45',NULL),
(326,326,1,1,1,'MOHD MUJAHID MOHD YUSOFF','1662','','900521036193','','','','',NULL,NULL,NULL,'0194490379',NULL,NULL,'mujahid@mpc.gov.my','0',NULL,7,27,3,216,1,1,0,NULL,NULL,NULL,NULL,NULL,NULL,NULL,NULL,NULL,NULL,0,0,0,'2020-02-06 14:16:04','2020-02-06 14:16:04',NULL),
(327,327,1,1,1,'Muhammad Adib Fitrie Mukhtar','1676',NULL,'910416036107',NULL,NULL,NULL,NULL,NULL,NULL,NULL,NULL,NULL,NULL,'adibfitrie@mpc.gov.my','0',NULL,4,27,3,285,1,1,0,NULL,NULL,NULL,NULL,NULL,NULL,NULL,NULL,NULL,NULL,0,0,0,'2019-03-29 18:11:45','2019-03-29 18:11:45',NULL),
(328,328,1,1,1,'Muhammad Azrull Nazreen','1683',NULL,'940822015325',NULL,NULL,NULL,NULL,NULL,NULL,NULL,NULL,NULL,NULL,'azrullnazreen@mpc.gov.my','0',NULL,4,27,3,304,1,1,0,NULL,NULL,NULL,NULL,NULL,NULL,NULL,NULL,NULL,NULL,0,0,0,'2019-03-29 18:11:45','2019-03-29 18:11:45',NULL),
(329,329,1,1,1,'Muhammad Firdaus Yahya','1693',NULL,'940723015733',NULL,NULL,NULL,NULL,NULL,NULL,NULL,NULL,NULL,NULL,'firdaus@mpc.gov.my','0',NULL,4,27,3,304,1,1,0,NULL,NULL,NULL,NULL,NULL,NULL,NULL,NULL,NULL,NULL,0,0,0,'2019-03-29 18:11:45','2019-03-29 18:11:45',NULL),
(330,330,1,1,1,'MUHAMMAD HANIF CHE WAN NAMAN','1685','323906332','950913035929','','','','',NULL,NULL,NULL,'0194707856',NULL,NULL,'hanif@mpc.gov.my','0',NULL,6,27,3,39,1,1,0,NULL,NULL,NULL,NULL,NULL,NULL,NULL,NULL,NULL,NULL,0,0,0,'2019-04-18 04:29:31','2019-04-18 04:29:31',NULL),
(331,331,1,1,1,'Muhammad Imazakwan Abdul Razak','1696',NULL,'930213145205',NULL,NULL,NULL,NULL,NULL,NULL,NULL,NULL,NULL,NULL,'imazakwan@mpc.gov.my','0',NULL,2,27,3,242,1,1,0,NULL,NULL,NULL,NULL,NULL,NULL,NULL,NULL,NULL,NULL,0,0,0,'2019-03-29 18:11:45','2019-03-29 18:11:45',NULL),
(332,332,1,1,1,'Muhammad Zarul Naim Zul Haddi','1677',NULL,'941218085225',NULL,NULL,NULL,NULL,NULL,NULL,NULL,NULL,NULL,NULL,'zarulnaim@mpc.gov.my','0',NULL,6,27,3,9,1,1,0,NULL,NULL,NULL,NULL,NULL,NULL,NULL,NULL,NULL,NULL,0,0,0,'2019-03-29 18:11:45','2019-03-29 18:11:45',NULL),
(333,333,1,1,1,'Munira Abd Razak','3150',NULL,'821219105244',NULL,NULL,NULL,NULL,NULL,NULL,NULL,NULL,NULL,NULL,'muniraabd@mpc.gov.my','0',NULL,12,14,18,255,1,1,0,NULL,NULL,NULL,NULL,NULL,NULL,NULL,NULL,NULL,NULL,0,0,0,'2019-03-29 18:11:45','2019-03-29 18:11:45',NULL),
(334,334,1,1,1,'Nadiah Jamal','1668',NULL,'930416105414',NULL,NULL,NULL,NULL,NULL,NULL,NULL,NULL,NULL,NULL,'nadiah@mpc.gov.my','0',NULL,6,27,3,9,1,1,0,NULL,NULL,NULL,NULL,NULL,NULL,NULL,NULL,NULL,NULL,0,0,0,'2019-03-29 18:11:45','2019-03-29 18:11:45',NULL),
(335,335,1,1,1,'Naratul Nurhaniza Rusli','3169',NULL,'940209146298',NULL,NULL,NULL,NULL,NULL,NULL,NULL,NULL,NULL,NULL,'naratul@mpc.gov.my','0',NULL,5,14,18,36,1,1,0,NULL,NULL,NULL,NULL,NULL,NULL,NULL,NULL,NULL,NULL,0,0,0,'2019-03-29 18:11:45','2019-03-29 18:11:45',NULL),
(336,336,1,1,1,'NASUHA BINTI MISRI','1671','','930827016256','','','','',NULL,NULL,NULL,NULL,NULL,NULL,'nasuha@mpc.gov.my','0',NULL,3,27,3,77,1,1,0,NULL,NULL,NULL,NULL,NULL,NULL,NULL,NULL,NULL,NULL,0,0,0,'2020-11-27 14:19:57','2020-11-27 14:19:57',NULL),
(337,337,1,1,1,'NIK HANEEZ AMIZAN NIK ROSDI','1661','328214633','920718895010','A51451598','B-4-1, Fairville Apartment,','Jalan Usj 22/1, Usj 21,','','47630',1325,14,'+60197181804',NULL,NULL,'nikhaneez@mpc.gov.my','0',NULL,1,27,3,274,1,1,0,NULL,NULL,NULL,NULL,NULL,NULL,NULL,NULL,NULL,NULL,0,0,0,'2020-10-14 18:33:35','2020-10-14 18:33:35',NULL),
(338,338,1,1,1,'Noorazlin Mohd Nasir','1695',NULL,'930103085678',NULL,NULL,NULL,NULL,NULL,NULL,NULL,NULL,NULL,NULL,'noorazlin@mpc.gov.my','0',NULL,6,27,3,9,1,1,0,NULL,NULL,NULL,NULL,NULL,NULL,NULL,NULL,NULL,NULL,0,0,0,'2019-03-29 18:11:45','2019-03-29 18:11:45',NULL),
(339,339,1,1,1,'Nur Asyikin Setapa','1670',NULL,'920609035740',NULL,NULL,NULL,NULL,NULL,NULL,NULL,NULL,NULL,NULL,'nurasyikin@mpc.gov.my','0',NULL,6,27,3,9,1,1,0,NULL,NULL,NULL,NULL,NULL,NULL,NULL,NULL,NULL,NULL,0,0,0,'2019-03-29 18:11:45','2019-03-29 18:11:45',NULL),
(340,340,1,1,1,'NUR FARHANA ZAIBIDI','3168','','871216015126','','','','',NULL,NULL,NULL,NULL,NULL,NULL,'nurfarhana@mpc.gov.my','0',NULL,5,14,18,299,1,1,0,NULL,NULL,NULL,NULL,NULL,NULL,NULL,NULL,NULL,NULL,0,0,0,'2020-12-01 10:47:58','2020-12-01 10:47:58',NULL),
(341,341,1,1,1,'NURAIN SYAFIQAH NORAZMAN','1692','','930624016096','','','','',NULL,NULL,NULL,'0177053718',NULL,NULL,'ainsyafiqah@mpc.gov.my','0',NULL,7,27,3,NULL,1,1,0,NULL,NULL,NULL,NULL,NULL,NULL,NULL,NULL,NULL,NULL,0,0,0,'2020-12-08 15:05:13','2020-12-08 15:05:13',NULL),
(342,342,1,1,1,'Nurezyan Sofea Zairul Mujahidin','1700',NULL,'940312015130',NULL,NULL,NULL,NULL,NULL,NULL,NULL,NULL,NULL,NULL,'nurezyansofea@mpc.gov.my','0',NULL,4,27,3,304,1,1,0,NULL,NULL,NULL,NULL,NULL,NULL,NULL,NULL,NULL,NULL,0,0,0,'2019-03-29 18:11:45','2019-03-29 18:11:45',NULL),
(343,343,1,1,1,'NURFARIHA AHMAD','1698','','951130136162','','Malaysia Productivity Corporation','Level 2, Maa Tower','No. 6, Lorong Api-api 1','88000',2139,13,'01165518008',NULL,NULL,'nurfariha@mpc.gov.my','0',NULL,10,27,3,143,1,1,0,NULL,NULL,NULL,NULL,NULL,NULL,NULL,NULL,NULL,NULL,0,0,0,'2020-10-15 22:46:53','2020-10-15 22:46:53',NULL),
(344,344,1,1,1,'NURUL HUSNA BINTI ABDUL RASHID','1690','','920422086556','','','','',NULL,NULL,NULL,NULL,NULL,NULL,'nurulhusna@mpc.gov.my','0',NULL,7,27,3,263,1,1,0,NULL,NULL,NULL,NULL,NULL,NULL,NULL,NULL,NULL,NULL,0,0,0,'2020-11-27 14:20:56','2020-11-27 14:20:56',NULL),
(345,345,1,1,1,'Rabiatul Adawiyah Arzahar','3164',NULL,'970504145308',NULL,NULL,NULL,NULL,NULL,NULL,NULL,NULL,NULL,NULL,'rabiatuladawiyah@mpc.gov.my','0',NULL,2,14,18,242,1,1,0,NULL,NULL,NULL,NULL,NULL,NULL,NULL,NULL,NULL,NULL,0,0,0,'2019-03-29 18:11:45','2019-03-29 18:11:45',NULL),
(346,346,1,1,1,'Rozainy Elyza Rosli','1667',NULL,'940817146750',NULL,NULL,NULL,NULL,NULL,NULL,NULL,NULL,NULL,NULL,'rozainy@mpc.gov.my','0',NULL,3,27,3,129,1,1,0,NULL,NULL,NULL,NULL,NULL,NULL,NULL,NULL,NULL,NULL,0,0,0,'2019-03-29 18:11:45','2019-03-29 18:11:45',NULL),
(347,347,1,1,1,'SHAZYMIN MAZLAN','3163','','930205075796','','','','',NULL,NULL,NULL,NULL,NULL,NULL,'shazymin@mpc.gov.my','0',NULL,9,14,18,99,1,1,0,NULL,NULL,NULL,NULL,NULL,NULL,NULL,NULL,NULL,NULL,0,0,0,'2019-04-16 20:19:18','2019-04-16 20:19:18',NULL),
(348,348,1,1,1,'Siti Hajar Ismail','1686',NULL,'930122085702',NULL,NULL,NULL,NULL,NULL,NULL,NULL,NULL,NULL,NULL,'sitihajar@mpc.gov.my','0',NULL,4,27,3,304,1,1,0,NULL,NULL,NULL,NULL,NULL,NULL,NULL,NULL,NULL,NULL,0,0,0,'2019-03-29 18:11:45','2019-03-29 18:11:45',NULL),
(349,349,1,1,1,'SITI NUR SYUHAIDA BINTI MOHD SALLEH','1705','329581873','960416115070','','Jalan Loji Air','Kampung Bukit Bunga','','22010',621,16,'01119773745',NULL,NULL,'syuhaidasalleh96@gmail.com','0',NULL,6,27,3,285,1,1,0,NULL,NULL,NULL,NULL,NULL,NULL,NULL,NULL,NULL,NULL,0,0,0,'2020-11-27 14:21:32','2020-11-27 14:21:32',NULL),
(350,350,1,1,1,'Siti Nuraini Ab Halim','3167',NULL,'921013065046',NULL,NULL,NULL,NULL,NULL,NULL,NULL,NULL,NULL,NULL,'sitinuraini@mpc.gov.my','0',NULL,5,21,27,36,1,1,0,NULL,NULL,NULL,NULL,NULL,NULL,NULL,NULL,NULL,NULL,0,0,0,'2019-03-29 18:11:45','2019-03-29 18:11:45',NULL),
(351,351,1,1,1,'SITI ROHANA RUBAIDI','1666','','910516106408','','','','',NULL,NULL,NULL,'0192313877',NULL,NULL,'rohana@mpc.gov.my','0',NULL,6,27,3,307,1,1,0,NULL,NULL,NULL,NULL,NULL,NULL,NULL,NULL,NULL,NULL,0,0,0,'2019-08-05 22:39:15','2019-08-05 22:39:15',NULL),
(352,352,1,1,1,'SITI ZAHARAH IBRAHIM','1702','','830226045192','','','','',NULL,NULL,NULL,'0129710691','0129710691',NULL,'szaharah@mpc.gov.my','0',NULL,6,27,3,78,1,1,0,NULL,NULL,NULL,NULL,NULL,NULL,NULL,NULL,NULL,NULL,0,0,0,'2019-12-04 00:38:42','2019-12-04 00:38:42',NULL),
(353,353,1,1,1,'Syed Izzat Emir Syed Ahmad Razali','1691',NULL,'940405105629',NULL,NULL,NULL,NULL,NULL,NULL,NULL,NULL,NULL,NULL,'syedizzat@mpc.gov.my','0',NULL,6,27,3,9,1,1,0,NULL,NULL,NULL,NULL,NULL,NULL,NULL,NULL,NULL,NULL,0,0,0,'2019-03-29 18:11:45','2019-03-29 18:11:45',NULL),
(354,354,1,1,1,'UMMU \'AMMARAH BASYIRAH HASHIM','1687','','940826017328','','No 1843, Jalan Mawar 2, Taman Gemas Indah,','','','73400',1832,7,'01139237530',NULL,NULL,'ummu@mpc.gov.my','0',NULL,7,27,3,222,1,1,0,NULL,NULL,NULL,NULL,NULL,NULL,NULL,NULL,NULL,NULL,0,0,0,'2020-10-15 15:59:25','2020-10-15 15:59:25',NULL),
(516,355,1,1,1,'AHMAD SYAFIQ BIN IDRUS','4545','5317','860716335317','','','','','43100',1200,14,'0176223554',NULL,NULL,'emailtester.451@gmail.com','0',NULL,6,34,31,356,1,1,0,NULL,NULL,NULL,NULL,NULL,NULL,NULL,NULL,NULL,NULL,0,0,0,'2019-04-01 00:51:28','2019-04-01 00:51:28',NULL),
(517,356,1,1,1,'NORAIZAM BIN BADRON','5937','5937','740102015937','','Test','','',NULL,NULL,NULL,'01766727272','01887777777',NULL,'mpcflightsystem@gmail.com','0',NULL,6,33,5,39,1,1,0,NULL,NULL,NULL,NULL,NULL,NULL,NULL,NULL,NULL,NULL,0,0,0,'2019-04-01 01:08:26','2019-03-31 21:10:29',NULL),
(518,357,1,1,1,'MUHAMMAD FATHI BIN MD TAIB','01713','','9106070950','','','','',NULL,NULL,NULL,'0194230231',NULL,NULL,'fathi@mpc.gov.my','0',NULL,6,27,3,39,1,1,0,NULL,NULL,NULL,NULL,NULL,NULL,NULL,NULL,NULL,NULL,0,0,0,'2019-04-18 04:39:26','2019-04-18 04:39:26',NULL),
(519,358,1,1,1,'MOHAMED AMIRUL ZAFAREN MOHAMED ZAKIR','01717','','9409041463','','','','',NULL,NULL,NULL,'0132343906',NULL,NULL,'zafaren@mpc.gov.my','0',NULL,6,27,3,39,1,1,0,NULL,NULL,NULL,NULL,NULL,NULL,NULL,NULL,NULL,NULL,0,0,0,'2019-04-18 04:47:51','2019-04-18 04:47:51',NULL),
(520,359,1,1,1,'MOHD NOOR AZRIN BIN ADNAN','1723','327160164','871129035559','','','','',NULL,NULL,NULL,'0172728290',NULL,NULL,'azrin@mpc.gov.my','0',NULL,7,27,3,252,1,1,0,NULL,NULL,NULL,NULL,NULL,NULL,NULL,NULL,NULL,NULL,0,0,0,'2020-11-27 14:22:04','2020-11-27 14:22:04',NULL),
(521,360,1,1,1,'AZIRAH BT MOHD','01719','','940610115324','','','','',NULL,NULL,NULL,'01161036364',NULL,NULL,'azirah@mpc.gov.my','0',NULL,4,27,3,304,1,1,0,NULL,NULL,NULL,NULL,NULL,NULL,NULL,NULL,NULL,NULL,0,0,0,'2019-04-22 20:16:25','2019-04-22 20:16:25',NULL),
(522,361,1,1,1,'NUR ILINA BINTI ROSLI','01729','','940603146456','','','','',NULL,NULL,NULL,'0133101770',NULL,NULL,'nurilina@mpc.gov.my','0',NULL,4,27,3,304,1,1,0,NULL,NULL,NULL,NULL,NULL,NULL,NULL,NULL,NULL,NULL,0,0,0,'2019-04-25 01:56:56','2019-04-25 01:56:56',NULL),
(523,362,1,1,1,'NOOR IDDEANNA BINTI IDRIS','1718','','950806146236','','No.2 Jalan Sp2/15','Taman Subang Perdana','','40150',1077,14,'0132232452',NULL,NULL,'iddeanna@mpc.gov.my','0',NULL,6,27,3,39,1,1,0,NULL,NULL,NULL,NULL,NULL,NULL,NULL,NULL,NULL,NULL,0,0,0,'2019-05-03 03:35:10','2019-05-03 03:35:10',NULL),
(524,363,1,1,1,'AMIRUL HAIZAD BIN REDZWAN','01716','','940109015151','','','','',NULL,NULL,NULL,'0196963517',NULL,NULL,'haizad@mpc.gov.my','0',NULL,4,27,3,304,1,1,0,NULL,NULL,NULL,NULL,NULL,NULL,NULL,NULL,NULL,NULL,0,0,0,'2019-05-21 20:43:57','2019-05-21 20:43:57',NULL),
(525,364,1,1,1,'NOR AZZATUL AKMARISHA BINTI SERJALI','01724','','940801086140','','','','',NULL,NULL,NULL,NULL,NULL,NULL,'azzatul@mpc.gov.my','0',NULL,3,27,3,129,1,1,0,NULL,NULL,NULL,NULL,NULL,NULL,NULL,NULL,NULL,NULL,0,0,0,'2019-05-27 23:13:16','2019-05-27 23:13:16',NULL),
(526,365,1,1,1,'NURUL NADIA BINTI ABDUL PATAH','01730','','950526145298','','','','',NULL,NULL,NULL,NULL,NULL,NULL,'nuruln@mpc.gov.my','0',NULL,4,27,3,304,1,1,0,NULL,NULL,NULL,NULL,NULL,NULL,NULL,NULL,NULL,NULL,0,0,0,'2019-06-12 21:38:57','2019-06-12 21:38:57',NULL),
(527,366,1,1,1,'MAHZAR REZZA BIN ITHNIN','01733','308201633','860306335779','','','','',NULL,NULL,NULL,'0122447148',NULL,NULL,'mahzar@mpc.gov.my','0',NULL,6,27,3,78,1,1,0,NULL,NULL,NULL,NULL,NULL,NULL,NULL,NULL,NULL,NULL,0,0,0,'2019-11-15 21:59:46','2019-11-15 21:59:46',NULL),
(528,367,1,1,1,'NURRUL NUR AISYAH HAMRAN','01734','309714963','950829135206','','','','',NULL,NULL,NULL,'0109609108',NULL,NULL,'nurrul@mpc.gov.my','0',NULL,6,27,3,110,1,1,0,NULL,NULL,NULL,NULL,NULL,NULL,NULL,NULL,NULL,NULL,0,0,0,'2020-11-27 14:22:57','2020-11-27 14:22:57',NULL),
(529,368,1,1,1,'NORLIYANA BINTI MOHD SHAMSUDDIN','01731','','920812105660','','','','',NULL,NULL,NULL,'0132240240',NULL,NULL,'norliyanas@mpc.gov.my','0',NULL,6,27,3,307,1,1,0,NULL,NULL,NULL,NULL,NULL,NULL,NULL,NULL,NULL,NULL,0,0,0,'2019-07-02 21:19:42','2019-07-02 21:19:42',NULL),
(530,369,1,1,1,'NIK NUR ATIQAH BINTI SAIDI','01710','328242110','920916035644','','','','',NULL,NULL,NULL,'0192413700',NULL,NULL,'niknuratiqah@mpc.gov.my','0',NULL,6,27,3,39,1,1,0,NULL,NULL,NULL,NULL,NULL,NULL,NULL,NULL,NULL,NULL,0,0,0,'2019-11-15 00:08:33','2019-11-15 00:08:33',NULL),
(531,370,1,1,1,'SARAH AFIQAH BINTI KAMARUZAMAN','01737','328313215','970218145040','','','','',NULL,NULL,NULL,'0174746234',NULL,NULL,'sarah@mpc.gov.my','0',NULL,3,27,3,77,1,1,0,NULL,NULL,NULL,NULL,NULL,NULL,NULL,NULL,NULL,NULL,0,0,0,'2020-11-27 14:23:44','2020-11-27 14:23:44',NULL),
(532,371,1,1,1,'NURUL AZNEE BT ABDUL AZIZ','01736','','930505106566','','','','',NULL,NULL,NULL,'0182354569',NULL,NULL,'aznee@mpc.gov.my','0',NULL,6,27,3,78,1,1,0,NULL,NULL,NULL,NULL,NULL,NULL,NULL,NULL,NULL,NULL,0,0,0,'2019-07-22 23:40:43','2019-07-22 23:40:43',NULL),
(533,372,1,1,1,'NUR AISYA AIDA BINTI KHAIRUL SALLEH','01742','','960623105318','','','','',NULL,NULL,NULL,'0127889096',NULL,NULL,'nuraisya@mpc.gov.my','0',NULL,6,27,3,78,1,1,0,NULL,NULL,NULL,NULL,NULL,NULL,NULL,NULL,NULL,NULL,0,0,0,'2019-07-26 03:31:17','2019-07-26 03:31:17',NULL),
(534,373,1,1,1,'ANIS UMAIRAH BINTI JASNI','01732','','941212065370','','','','',NULL,NULL,NULL,'0174134703',NULL,NULL,'anisumairah@mpc.gov.my','0',NULL,4,27,3,304,1,1,0,NULL,NULL,NULL,NULL,NULL,NULL,NULL,NULL,NULL,NULL,0,0,0,'2019-07-30 03:06:39','2019-07-30 03:06:39',NULL),
(535,374,1,1,1,'NORNADIA BINTI OMAR','01722','','910330036544','','','','',NULL,NULL,NULL,'0145281834',NULL,NULL,'nornadia@mpc.gov.my','0',NULL,4,27,3,285,1,1,0,NULL,NULL,NULL,NULL,NULL,NULL,NULL,NULL,NULL,NULL,0,0,0,'2019-08-26 20:30:02','2019-08-26 20:30:02',NULL),
(536,375,1,1,1,'MOHD AFIQ BIN MOHD ADNAN','03160','','890219136111','','','','',NULL,NULL,NULL,'0174478129',NULL,NULL,'mohdafiqn@mpc.gov.my','0',NULL,12,10,16,255,1,1,0,NULL,NULL,NULL,NULL,NULL,NULL,NULL,NULL,NULL,NULL,0,0,0,'2019-08-29 03:37:45','2019-08-29 03:37:45',NULL),
(537,376,1,1,1,'NANCY ANAK JOAN','01744','','950124136348','','','','',NULL,NULL,NULL,'0199773615',NULL,NULL,'nancy@mpc.gov.my','0',NULL,3,27,3,77,1,1,0,NULL,NULL,NULL,NULL,NULL,NULL,NULL,NULL,NULL,NULL,0,0,0,'2020-11-27 14:25:22','2020-11-27 14:25:22',NULL),
(538,377,1,1,1,'YOGESVARI A/P SAMBASEVAM','01741','','910210025912','','','','',NULL,NULL,NULL,'0164696181',NULL,NULL,'yogesvari@mpc.gov.my','0',NULL,6,27,3,116,1,1,0,NULL,NULL,NULL,NULL,NULL,NULL,NULL,NULL,NULL,NULL,0,0,0,'2020-11-27 14:24:31','2020-11-27 14:24:31',NULL),
(539,378,1,1,1,'NIK NUR MAISARAH NIK SOH','01712','','951224035354','','','','',NULL,NULL,NULL,NULL,NULL,NULL,'niknur@mpc.gov.my','0',NULL,1,27,3,79,1,1,0,NULL,NULL,NULL,NULL,NULL,NULL,NULL,NULL,NULL,NULL,0,0,0,'2019-10-07 23:06:12','2019-10-07 23:06:12',NULL),
(540,379,1,1,1,'NIK ZARITH ELIDA BINTI NIK RAMLI','01745','','950406035924','','','','',NULL,NULL,NULL,'0142523882',NULL,NULL,'nikzarith@mpc.gov.my','0',NULL,6,27,3,39,1,1,0,NULL,NULL,NULL,NULL,NULL,NULL,NULL,NULL,NULL,NULL,0,0,0,'2019-10-15 20:46:24','2019-10-15 20:46:24',NULL),
(541,380,1,1,1,'MOHD SYAMAEL BIN MOHD NASIR','01738','','931007015295','','','','',NULL,NULL,NULL,'0104345834',NULL,NULL,'syamaelr@mpc.gov.my','0',NULL,6,27,3,78,1,1,0,NULL,NULL,NULL,NULL,NULL,NULL,NULL,NULL,NULL,NULL,0,0,0,'2019-11-19 02:18:05','2019-11-19 02:18:05',NULL),
(542,381,1,1,1,'AISYAH BINTI ISMAIL','01727','','940502115546','','','','',NULL,NULL,NULL,'0194576246',NULL,NULL,'aisyah@mpc.gov.my','0',NULL,6,27,3,39,1,1,0,NULL,NULL,NULL,NULL,NULL,NULL,NULL,NULL,NULL,NULL,0,0,0,'2020-01-28 21:35:43','2020-01-28 21:35:43',NULL),
(543,382,1,1,1,'NUR MUNIRAH BINTI MUSTAFFA KAMAL','1755','','940908106180','','','','',NULL,NULL,NULL,NULL,NULL,NULL,'munirah@mpc.gov.my','0',NULL,6,27,3,287,1,1,0,NULL,NULL,NULL,NULL,NULL,NULL,NULL,NULL,NULL,NULL,0,0,0,'2020-11-27 13:26:31','2020-11-27 13:26:31',NULL),
(544,383,1,1,1,'DANIAL ZARKASYI BIN MAZLAN','1752','','910703105531','','','','',NULL,NULL,NULL,NULL,NULL,NULL,'danial@mpc.gov.my','0',NULL,6,27,3,184,1,1,0,NULL,NULL,NULL,NULL,NULL,NULL,NULL,NULL,NULL,NULL,0,0,0,'2020-11-27 13:51:19','2020-11-27 13:51:19',NULL),
(545,384,1,1,1,'LIM EU YIK KRISHEN','1754','','930319105017','','','','',NULL,NULL,NULL,NULL,NULL,NULL,'krishen@mpc.gov.my','0',NULL,7,27,3,263,1,1,0,NULL,NULL,NULL,NULL,NULL,NULL,NULL,NULL,NULL,NULL,0,0,0,'2020-11-27 14:26:28','2020-11-27 14:26:28',NULL),
(546,385,1,1,1,'MOHD SHAHRILL RIZA BIN MOHD FADZILAH','1756','','910909115321','','','','',NULL,NULL,NULL,NULL,NULL,NULL,'riza@mpc.gov.my','0',NULL,3,27,NULL,77,1,1,0,NULL,NULL,NULL,NULL,NULL,NULL,NULL,NULL,NULL,NULL,0,0,0,'2020-11-27 13:54:20','2020-11-27 13:54:20',NULL),
(547,386,1,1,1,'MUHAMMAD FAHMI ASYRAF BIN ABD. KAHAR','3175','','981222106785','','','','',NULL,NULL,NULL,NULL,NULL,NULL,'fahmiasyraf@mpc.gov.my','0',NULL,1,14,18,203,1,1,0,NULL,NULL,NULL,NULL,NULL,NULL,NULL,NULL,NULL,NULL,0,0,0,'2020-11-27 14:28:23','2020-11-27 14:28:23',NULL),
(548,387,1,1,1,'NORHASMIRA BINTI MD SUHAIMI','3177','','910308146130','','','','',NULL,NULL,NULL,NULL,NULL,NULL,'norhasmira@mpc.gov.my','0',NULL,7,14,18,263,1,1,0,NULL,NULL,NULL,NULL,NULL,NULL,NULL,NULL,NULL,NULL,0,0,0,'2020-11-27 13:59:32','2020-11-27 13:59:32',NULL),
(549,388,1,1,1,'NUR AISYAH BINTI AHMAD JAILANI','3179','','990927106384','','','','',NULL,NULL,NULL,NULL,NULL,NULL,'nuraisyah@mpc.gov.my','0',NULL,3,14,18,77,1,1,0,NULL,NULL,NULL,NULL,NULL,NULL,NULL,NULL,NULL,NULL,0,0,0,'2020-11-27 14:00:42','2020-11-27 14:00:42',NULL),
(550,389,1,1,1,'NUR SYAWAL BIN MOHAMAD SHARIF','3180','','890514145547','','','','',NULL,NULL,NULL,NULL,NULL,NULL,'syawal@mpc.gov.my','0',NULL,5,14,18,299,1,1,0,NULL,NULL,NULL,NULL,NULL,NULL,NULL,NULL,NULL,NULL,0,0,0,'2020-12-01 10:48:55','2020-12-01 10:48:55',NULL),
(551,390,1,1,1,'JENNIFER KAVITHAMBIGAI PANIR SILVAM','3181','','990709089280','','','','',NULL,NULL,NULL,NULL,NULL,NULL,'jennifer@mpc.gov.my','0',NULL,5,14,18,91,1,1,0,NULL,NULL,NULL,NULL,NULL,NULL,NULL,NULL,NULL,NULL,0,0,0,'2020-12-02 09:53:57','2020-12-02 09:53:57',NULL),
(552,391,1,1,1,'PUTERI NABILAH HUSNA BINTI ZULKEFLEE','3176','','980224016260','','','','',NULL,NULL,NULL,NULL,NULL,NULL,'puteri@mpc.gov.my','0',NULL,5,14,18,283,1,1,0,NULL,NULL,NULL,NULL,NULL,NULL,NULL,NULL,NULL,NULL,0,0,0,'2020-11-27 14:28:51','2020-11-27 14:28:51',NULL),
(553,392,1,1,1,'AMALINA SAPIREN','1714','','940902015050','','','','',NULL,NULL,NULL,NULL,NULL,NULL,'amalina@mpc.gov.my','0',NULL,7,27,3,308,1,1,0,NULL,NULL,NULL,NULL,NULL,NULL,NULL,NULL,NULL,NULL,0,0,0,'2020-12-30 13:05:05','2020-12-30 13:05:05',NULL),
(555,394,3,1,1,'ABC ENTERPRISE',NULL,NULL,'AB89238922',NULL,'Add 1','Add 2','Add 3','32100',974,12,'01987867676','01767676767',NULL,'abcent@gmail.com','0',NULL,NULL,NULL,NULL,NULL,1,1,0,'ABDUL MUAZ','MPC001','2021-05-01','2021-05-31','MOF98292',NULL,'ABC ENTERPRISE',5,'70177262626',NULL,0,0,0,'2021-05-24 07:52:34','2021-05-25 15:12:05',NULL),
(556,395,3,1,1,'AUTO WORKS SDN BHD',NULL,NULL,'SSM301-988',NULL,'23/1 Jalan Tikus','','','25200',NULL,NULL,'01923011111','01872725561',NULL,'emailtester.452@gmail.com','0',NULL,NULL,NULL,NULL,NULL,1,1,0,'AHMAD ABU BIN ALI','MPC908','2021-05-05','2021-05-31','MOF892811',NULL,'AHMAD ABU BIN ALI',12,'21090888221',NULL,0,0,0,'2021-05-25 15:46:34','2021-05-28 04:26:04',NULL),
(558,397,2,1,1,'ABDULLAH HUKUM BIN SAMAD',NULL,NULL,'801010092121',NULL,'Add 1','Add 2','Add 4','23100',NULL,NULL,'01862627211',NULL,NULL,'abdullahhukum991@gmail.com','0',NULL,NULL,NULL,5,NULL,1,1,1,NULL,'MPC76277','2021-05-06','2022-05-06','MOF7882111',2,'ABDULLAH HUKUM',14,'783728829',NULL,0,0,0,'2021-05-26 03:18:08','2021-05-28 05:41:40',NULL),
(559,398,2,1,1,'RAHMAHTULLAH FAWWAZ BIN SAID',NULL,NULL,'790102062311',NULL,'Add65','Jalan Kobun','Test 123','43000',1197,14,'0176223555','0176223558',NULL,'pembekal276@gmail.com','0',NULL,NULL,NULL,NULL,NULL,1,1,0,NULL,'MPCREG09','2021-04-28','2022-06-04','MOFREG09',1,'PEMBEKAL 2',15,'7017980111',NULL,0,0,0,'2021-05-26 03:52:13','2021-06-04 17:17:12',NULL),
(560,399,2,1,1,'SHAIRUL BAKI BIN MOHAMAD SALEH',NULL,NULL,'690201085823',NULL,'Address 1','','','21000',593,16,'01872626261',NULL,NULL,'shairulbaki@gmail.com','0',NULL,NULL,NULL,NULL,NULL,1,1,0,NULL,'MPC00199','2021-04-25','2021-06-05','',2,'',NULL,'',NULL,0,0,0,'2021-05-28 15:36:30','2021-05-28 15:36:30',NULL),
(561,400,2,1,1,'AZLIN NIZA BINTI ISMAIL',NULL,NULL,'741124045058',NULL,'Address 2/1','','','56000',1599,4,'0176225521',NULL,NULL,'azlinniza@gmail.com','0',NULL,NULL,NULL,7,NULL,1,1,1,NULL,'MPC07271','2020-12-29','2022-01-01','MOF62511',NULL,'',NULL,'',NULL,0,0,0,'2021-05-28 15:37:55','2021-05-28 15:37:55',NULL),
(562,401,2,1,1,'KAMARUDIN MAMAT',NULL,NULL,'560216035129',NULL,'Address 2/3','','','21000',593,16,'01625252611',NULL,NULL,'kamakama@gmail.com','0',NULL,NULL,NULL,NULL,NULL,1,1,0,NULL,'MPC67838','2021-04-26','2021-05-20','',2,'',NULL,'',NULL,0,0,0,'2021-05-28 15:39:24','2021-05-28 15:39:24',NULL),
(563,402,2,1,1,'MUHAMAD TAUFIK BIN MEH',NULL,NULL,'901008095277',NULL,'Address21890','','','23100',NULL,NULL,'01923100632',NULL,NULL,'taufikfik@gmail.com','0',NULL,NULL,NULL,14,NULL,1,1,1,NULL,'MPC6732','2021-04-25','2022-12-10','',NULL,'',NULL,'',NULL,0,0,0,'2021-05-28 15:40:43','2021-05-28 18:36:54',NULL),
(564,403,2,1,1,'ARUNGKALATHEVAN A/L S. ANNAMALAI',NULL,NULL,'600630015725',NULL,'Address 8/7','','','41000',1155,14,'0109272627',NULL,NULL,'sarangwai@gmail.com','0',NULL,NULL,NULL,NULL,NULL,1,1,0,NULL,'MPC636322','2020-11-29','2024-06-05','MOF219882',1,'',NULL,'',NULL,0,0,0,'2021-05-28 15:42:21','2021-05-28 15:42:21',NULL),
(565,404,2,1,1,'MOHD ZULIKHWAN BIN AYUB',NULL,NULL,'910202025015',NULL,'12 Jalan 2/3','Taman Dagan','','31000',942,12,'01726262621',NULL,NULL,'zulikhwanwan@gmail.com','0',NULL,NULL,NULL,8,NULL,1,1,1,NULL,'MPC028728','2021-03-12','2022-02-13','',NULL,'',NULL,'',NULL,0,0,0,'2021-05-28 15:43:41','2021-06-05 19:24:27',NULL),
(566,405,3,1,1,'PEOPLE PROWESS SDN BHD',NULL,NULL,'SSM716111',NULL,'Jalan Gagau 3','','','43100',1200,14,'0171616111',NULL,NULL,'peopleprowess@gmail.com','0',NULL,NULL,NULL,NULL,NULL,1,1,0,'THEAN MOLY PRANISH','MPC783311','2021-05-01','2021-06-05','MOF6373',NULL,'',NULL,'',NULL,0,0,0,'2021-05-28 15:46:26','2021-05-28 15:46:26',NULL),
(567,406,3,1,1,'NADILMU PLT',NULL,NULL,'SSM-667222',NULL,'Addreess 6/6','','','26000',3110,8,'0182627627',NULL,NULL,'nadilmu.hye@gmail.com','0',NULL,NULL,NULL,NULL,NULL,1,1,0,'MAZAMIL BIN MOHD ZIN','MPC67332','2021-04-25','2024-06-05','',NULL,'',NULL,'',NULL,0,0,0,'2021-05-28 15:50:52','2021-05-28 17:41:47',NULL),
(568,407,3,1,1,'AINUL RAHMAN ARCHITECT',NULL,NULL,'H-2828811232',NULL,'Address 450/2','','','31000',942,12,'01826262711',NULL,NULL,'ainulrahmon@gmail.com','0',NULL,NULL,NULL,NULL,NULL,1,1,0,'AR AINUL RAHMAN BIN ABD RAHIM','MPC6367372','2021-04-25','2023-09-17','',NULL,'',NULL,'',NULL,0,0,0,'2021-05-28 15:52:32','2021-05-28 15:52:32',NULL),
(569,408,3,1,1,'SAIS TRAINING AND CONSULTANT',NULL,NULL,'g-29281812',NULL,'Address 23100','','','42000',1181,14,'0172256262',NULL,NULL,'saistraining@gmail.com','0',NULL,NULL,NULL,NULL,NULL,1,1,0,'MAHADI BIN AHAMAD','MPC636732','2021-04-25','2026-06-05','',NULL,'',NULL,'',NULL,0,0,0,'2021-05-28 15:54:06','2021-05-28 15:54:29',NULL),
(570,409,3,1,1,'DATA8 SDN BHD',NULL,NULL,'SD-8228821',NULL,'Address 5/6','','','23000',632,16,'0187272211',NULL,NULL,'data8.legend@gmail.com','0',NULL,NULL,NULL,NULL,NULL,1,1,0,'RAJIFAH RAMLI','MPC637378','2021-04-25','2026-06-05','MOF63773',NULL,'',NULL,'',NULL,0,0,0,'2021-05-28 16:23:40','2021-05-28 16:23:40',NULL),
(571,410,2,1,1,'ABDUL MUAZ BIN SAMSOL',NULL,NULL,'860716335221',NULL,'Jalan Iman 1','','','43000',1197,14,'0172227211',NULL,NULL,'abdulmuaz2199@gmail.com','0',NULL,NULL,NULL,9,NULL,1,1,0,NULL,'MPC87121','2021-05-01','2022-05-01','',2,'ABDUL MUAZ BIN SAMSOL',10,'7017628782728',NULL,0,0,0,'2021-05-28 17:24:50','2021-05-30 03:14:51',NULL),
(572,411,3,1,1,'SYARIKAT XYZ BHD',NULL,NULL,'SSM98185317',NULL,'Alamat Surat Menyurat 1/7','','','43100',1200,14,'018722722222',NULL,NULL,'syarikatxyz@gmail.com','0',NULL,NULL,NULL,NULL,NULL,1,1,0,'MUHAMMAD SAYUP BIN SAYAP','MPC666271','2021-05-01','2022-04-02','MOF54321',NULL,'XYZ ENTERPRISE',3,'7017262626611',NULL,0,0,0,'2021-05-31 01:24:59','2021-06-05 19:04:33',NULL);

/*Table structure for table `users_experience` */


CREATE TABLE `users_experience` (
  `users_experience_id` bigint(20) NOT NULL AUTO_INCREMENT,
  `user_id` int(11) NOT NULL,
  `experience_type` int(11) NOT NULL COMMENT '1-kelulusan akademik,2-keahlian professional,3-kursus/seminar,4-exp_mengajar,5-exp_kendaliproject,6-exp_lain2',
  `experience_detail` varchar(255) NOT NULL,
  `year` int(11) DEFAULT NULL,
  `created_at` timestamp NULL DEFAULT NULL ON UPDATE CURRENT_TIMESTAMP,
  `updated_at` timestamp NOT NULL DEFAULT CURRENT_TIMESTAMP,
  `deleted_at` timestamp NULL DEFAULT NULL,
  PRIMARY KEY (`users_experience_id`)
) ENGINE=InnoDB AUTO_INCREMENT=87 DEFAULT CHARSET=latin1;

/*Data for the table `users_experience` */

insert  into `users_experience`(`users_experience_id`,`user_id`,`experience_type`,`experience_detail`,`year`,`created_at`,`updated_at`,`deleted_at`) values 
(71,397,1,'aka1',NULL,'2021-05-28 05:41:40','2021-05-28 05:41:40',NULL),
(72,397,1,'aka76',NULL,'2021-05-28 05:41:40','2021-05-28 05:41:40',NULL),
(73,397,2,'pro166',NULL,'2021-05-28 05:41:40','2021-05-28 05:41:40',NULL),
(74,397,2,'pro76',NULL,'2021-05-28 05:41:40','2021-05-28 05:41:40',NULL),
(75,397,3,'sem1',NULL,'2021-05-28 05:41:40','2021-05-28 05:41:40',NULL),
(76,397,3,'sem3',NULL,'2021-05-28 05:41:40','2021-05-28 05:41:40',NULL),
(77,397,3,'sem76',NULL,'2021-05-28 05:41:40','2021-05-28 05:41:40',NULL),
(78,397,4,'ajar5',NULL,'2021-05-28 05:41:40','2021-05-28 05:41:40',NULL),
(79,397,4,'ajar76',NULL,'2021-05-28 05:41:40','2021-05-28 05:41:40',NULL),
(80,397,5,'ken66',NULL,'2021-05-28 05:41:40','2021-05-28 05:41:40',NULL),
(81,397,5,'ken76',NULL,'2021-05-28 05:41:40','2021-05-28 05:41:40',NULL),
(82,397,6,'lain88',NULL,'2021-05-28 05:41:40','2021-05-28 05:41:40',NULL),
(83,397,6,'lain1011',NULL,'2021-05-28 05:41:40','2021-05-28 05:41:40',NULL),
(84,397,6,'lain76',NULL,'2021-05-28 05:41:40','2021-05-28 05:41:40',NULL),
(85,398,3,'oracle 11g',NULL,'2021-06-04 17:17:13','2021-06-04 17:17:13',NULL),
(86,398,6,'lain2',NULL,'2021-06-04 17:17:13','2021-06-04 17:17:13',NULL);

/*Table structure for table `users_service` */


CREATE TABLE `users_service` (
  `users_service_id` bigint(20) NOT NULL AUTO_INCREMENT,
  `user_id` int(11) NOT NULL,
  `supplier_service_id` int(11) NOT NULL,
  `active_status` int(11) NOT NULL DEFAULT '1',
  `created_at` timestamp NULL DEFAULT NULL ON UPDATE CURRENT_TIMESTAMP,
  `updated_at` timestamp NOT NULL DEFAULT CURRENT_TIMESTAMP,
  `deleted_at` timestamp NULL DEFAULT NULL,
  PRIMARY KEY (`users_service_id`),
  KEY `idx_userservice_userid` (`user_id`),
  KEY `idx_userservice_serviceid` (`supplier_service_id`)
) ENGINE=InnoDB AUTO_INCREMENT=61 DEFAULT CHARSET=latin1;

/*Data for the table `users_service` */

insert  into `users_service`(`users_service_id`,`user_id`,`supplier_service_id`,`active_status`,`created_at`,`updated_at`,`deleted_at`) values 
(49,397,4,1,'2021-05-28 05:41:40','2021-05-28 05:41:40',NULL),
(50,397,5,1,'2021-05-28 05:41:40','2021-05-28 05:41:40',NULL),
(51,397,8,1,'2021-05-28 05:41:40','2021-05-28 05:41:40',NULL),
(52,397,9,1,'2021-05-28 05:41:40','2021-05-28 05:41:40',NULL),
(53,398,3,1,'2021-06-04 17:17:13','2021-06-04 17:17:13',NULL),
(54,398,4,1,'2021-06-04 17:17:13','2021-06-04 17:17:13',NULL),
(55,398,5,1,'2021-06-04 17:17:13','2021-06-04 17:17:13',NULL),
(56,398,6,1,'2021-06-04 17:17:13','2021-06-04 17:17:13',NULL),
(57,398,9,1,'2021-06-04 17:17:13','2021-06-04 17:17:13',NULL),
(58,398,11,1,'2021-06-04 17:17:13','2021-06-04 17:17:13',NULL),
(59,398,12,1,'2021-06-04 17:17:13','2021-06-04 17:17:13',NULL),
(60,398,13,1,'2021-06-04 17:17:13','2021-06-04 17:17:13',NULL);

/*!50106 set global event_scheduler = 1*/;

/* Event structure for event `update_runningno` */

/*!50106 DROP EVENT IF EXISTS `update_runningno`*/;

DELIMITER $$

/*!50106 CREATE DEFINER=`root`@`localhost` EVENT `update_runningno` ON SCHEDULE EVERY 1 YEAR STARTS '2020-10-13 18:11:53' ON COMPLETION NOT PRESERVE ENABLE DO UPDATE ref_allocation SET running_no=0 */$$
DELIMITER ;

