-- Table structure for table `master_district_ori`
--

CREATE TABLE `master_district_ori` (
  `district_id` int(10) unsigned NOT NULL AUTO_INCREMENT,
  `state_id` int(11) NOT NULL,
  `district_desc` varchar(255) COLLATE utf8_unicode_ci NOT NULL,
  `created_at` timestamp NOT NULL DEFAULT CURRENT_TIMESTAMP,
  `updated_at` timestamp NOT NULL DEFAULT '0000-00-00 00:00:00',
  `deleted_at` timestamp NULL DEFAULT NULL,
  PRIMARY KEY (`district_id`)
) ENGINE=InnoDB AUTO_INCREMENT=1000 DEFAULT CHARSET=utf8 COLLATE=utf8_unicode_ci;

--
-- Dumping data for table `master_district_ori`
--

INSERT INTO `master_district_ori` VALUES (1,2,'Salor','2017-12-15 12:40:43','2017-12-15 12:40:43',NULL),(2,2,'Rantau Panjang','2017-12-15 12:40:43','2017-12-15 12:40:43',NULL),(3,2,'Pulau Melaka','2017-12-15 12:40:43','2017-12-15 12:40:43',NULL),(4,2,'Pulai Chondong','2017-12-15 12:40:43','2017-12-15 12:40:43',NULL),(5,2,'Perupok','2017-12-15 12:40:43','2017-12-15 12:40:43',NULL),(6,2,'Pengkalan Pasir','2017-12-15 12:40:43','2017-12-15 12:40:43',NULL),(7,2,'Pengkalan Kubur','2017-12-15 12:40:43','2017-12-15 12:40:43',NULL),(8,2,'Pengkalan Chepa','2017-12-15 12:40:43','2017-12-15 12:40:43',NULL),(9,2,'Pasir Tumboh','2017-12-15 12:40:43','2017-12-15 12:40:43',NULL),(10,2,'Pasir Puteh','2017-12-15 12:40:43','2017-12-15 12:40:43',NULL),(11,2,'Pasir Pekan','2017-12-15 12:40:43','2017-12-15 12:40:43',NULL),(12,2,'Pasir Mas','2017-12-15 12:40:43','2017-12-15 12:40:43',NULL),(13,2,'Panchor','2017-12-15 12:40:43','2017-12-15 12:40:43',NULL),(14,2,'Paloh','2017-12-15 12:40:43','2017-12-15 12:40:43',NULL),(15,2,'Palekbang','2017-12-15 12:40:43','2017-12-15 12:40:43',NULL),(16,2,'Nenggiri','2017-12-15 12:40:43','2017-12-15 12:40:43',NULL),(17,2,'Meranti','2017-12-15 12:40:43','2017-12-15 12:40:43',NULL),(18,2,'Mengkebang','2017-12-15 12:40:43','2017-12-15 12:40:43',NULL),(19,2,'Melor','2017-12-15 12:40:43','2017-12-15 12:40:43',NULL),(20,2,'Manek Urai','2017-12-15 12:40:43','2017-12-15 12:40:43',NULL),(21,2,'Machang','2017-12-15 12:40:43','2017-12-15 12:40:43',NULL),(22,2,'Lojing','2017-12-15 12:40:43','2017-12-15 12:40:43',NULL),(23,2,'Limbongan','2017-12-15 12:40:43','2017-12-15 12:40:43',NULL),(24,2,'Kubang Kerian','2017-12-15 12:40:43','2017-12-15 12:40:43',NULL),(25,2,'Kuala Krai','2017-12-15 12:40:43','2017-12-15 12:40:43',NULL),(26,2,'Kuala Balah','2017-12-15 12:40:43','2017-12-15 12:40:43',NULL),(27,2,'Kota Lama','2017-12-15 12:40:43','2017-12-15 12:40:43',NULL),(28,7,'Gombak','2017-12-15 12:40:43','2017-12-15 12:40:43',NULL),(29,7,'Klang','2017-12-15 12:40:43','2017-12-15 12:40:43',NULL),(30,7,'Kuala Langat','2017-12-15 12:40:43','2017-12-15 12:40:43',NULL),(31,7,'Kuala Selangor','2017-12-15 12:40:43','2017-12-15 12:40:43',NULL),(32,7,'Petaling','2017-12-15 12:40:43','2017-12-15 12:40:43',NULL),(33,7,'Sabak Bernam','2017-12-15 12:40:43','2017-12-15 12:40:43',NULL),(34,7,'Sepang','2017-12-15 12:40:43','2017-12-15 12:40:43',NULL),(35,7,'Ulu Langat','2017-12-15 12:40:43','2017-12-15 12:40:43',NULL),(36,7,'Ulu Selangor','2017-12-15 12:40:43','2017-12-15 12:40:43',NULL),(37,2,'Kota Darulnaim','2017-12-15 12:40:43','2017-12-15 12:40:43',NULL),(38,2,'Kota Bharu','2017-12-15 12:40:43','2017-12-15 12:40:43',NULL),(39,2,'Kok Lanas','2017-12-15 12:40:43','2017-12-15 12:40:43',NULL),(40,2,'Kijang','2017-12-15 12:40:43','2017-12-15 12:40:43',NULL),(41,2,'Ketereh','2017-12-15 12:40:43','2017-12-15 12:40:43',NULL),(42,2,'Kemuning','2017-12-15 12:40:43','2017-12-15 12:40:43',NULL),(43,9,'Pusat Bandar Kuala Lumpur','2017-12-15 12:40:43','2017-12-15 12:40:43',NULL),(44,2,'Kemahang','2017-12-15 12:40:43','2017-12-15 12:40:43',NULL),(45,2,'Kelaboran','2017-12-15 12:40:43','2017-12-15 12:40:43',NULL),(46,2,'Kadok','2017-12-15 12:40:43','2017-12-15 12:40:43',NULL),(47,2,'Jeli','2017-12-15 12:40:43','2017-12-15 12:40:43',NULL),(48,2,'Jelawat','2017-12-15 12:40:43','2017-12-15 12:40:43',NULL),(49,2,'Guchil','2017-12-15 12:40:43','2017-12-15 12:40:43',NULL),(50,2,'Gual Periok','2017-12-15 12:40:43','2017-12-15 12:40:43',NULL),(51,2,'Gual Ipoh','2017-12-15 12:40:43','2017-12-15 12:40:43',NULL),(52,2,'Gua Musang ','2017-12-15 12:40:43','2017-12-15 12:40:43',NULL),(53,2,'Galas','2017-12-15 12:40:43','2017-12-15 12:40:43',NULL),(54,2,'Gaal','2017-12-15 12:40:43','2017-12-15 12:40:43',NULL),(55,2,'Demit','2017-12-15 12:40:43','2017-12-15 12:40:43',NULL),(56,2,'Dabong','2017-12-15 12:40:43','2017-12-15 12:40:43',NULL),(57,2,'Chiku','2017-12-15 12:40:43','2017-12-15 12:40:43',NULL),(58,2,'Chetok','2017-12-15 12:40:43','2017-12-15 12:40:43',NULL),(59,2,'Chempaka','2017-12-15 12:40:43','2017-12-15 12:40:43',NULL),(60,2,'Bunut Payong','2017-12-15 12:40:43','2017-12-15 12:40:43',NULL),(61,2,'Bukit Tuku','2017-12-15 12:40:43','2017-12-15 12:40:43',NULL),(62,2,'Bukit Panau','2017-12-15 12:40:43','2017-12-15 12:40:43',NULL),(63,2,'Bukit Bunga','2017-12-15 12:40:43','2017-12-15 12:40:43',NULL),(64,2,'Bachok','2017-12-15 12:40:43','2017-12-15 12:40:43',NULL),(65,2,'Air Lanas','2017-12-15 12:40:43','2017-12-15 12:40:43',NULL),(66,1,'Wang Kelian','2017-12-15 12:40:43','2017-12-15 12:40:43',NULL),(67,1,'Wang Bintong','2017-12-15 12:40:43','2017-12-15 12:40:43',NULL),(68,1,'Utan Aji','2017-12-15 12:40:43','2017-12-15 12:40:43',NULL),(69,1,'Titi Tinggi','2017-12-15 12:40:43','2017-12-15 12:40:43',NULL),(70,1,'Sungai Baru','2017-12-15 12:40:43','2017-12-15 12:40:43',NULL),(71,1,'Sungai Adam','2017-12-15 12:40:43','2017-12-15 12:40:43',NULL),(72,1,'Simpang Empat','2017-12-15 12:40:43','2017-12-15 12:40:43',NULL),(73,1,'Seriab','2017-12-15 12:40:43','2017-12-15 12:40:43',NULL),(74,1,'Sena','2017-12-15 12:40:43','2017-12-15 12:40:43',NULL),(75,1,'Sanglang','2017-12-15 12:40:43','2017-12-15 12:40:43',NULL),(76,1,'Pedang Siding','2017-12-15 12:40:43','2017-12-15 12:40:43',NULL),(77,1,'Paya','2017-12-15 12:40:43','2017-12-15 12:40:43',NULL),(78,1,'Padang Pauh','2017-12-15 12:40:43','2017-12-15 12:40:43',NULL),(79,1,'Padang Besar','2017-12-15 12:40:43','2017-12-15 12:40:43',NULL),(80,1,'Oran','2017-12-15 12:40:43','2017-12-15 12:40:43',NULL),(81,1,'Mata Ayer','2017-12-15 12:40:43','2017-12-15 12:40:43',NULL),(82,1,'Lubok Sireh','2017-12-15 12:40:43','2017-12-15 12:40:43',NULL),(83,1,'Kurong Batang','2017-12-15 12:40:43','2017-12-15 12:40:43',NULL),(84,1,'Kurong Anai','2017-12-15 12:40:43','2017-12-15 12:40:43',NULL),(85,1,'Kuala Perlis','2017-12-15 12:40:43','2017-12-15 12:40:43',NULL),(86,1,'Kechor','2017-12-15 12:40:43','2017-12-15 12:40:43',NULL),(87,1,'Kayang','2017-12-15 12:40:43','2017-12-15 12:40:43',NULL),(88,1,'Kaki Bukit','2017-12-15 12:40:43','2017-12-15 12:40:43',NULL),(89,1,'Jejawi','2017-12-15 12:40:43','2017-12-15 12:40:43',NULL),(90,1,'Chuping','2017-12-15 12:40:43','2017-12-15 12:40:43',NULL),(91,1,'Beseri','2017-12-15 12:40:43','2017-12-15 12:40:43',NULL),(92,1,'Abi','2017-12-15 12:40:43','2017-12-15 12:40:43',NULL),(93,1,'Arau','2017-12-15 12:40:43','2017-12-15 12:40:43',NULL),(94,9,'Ampang','2017-12-15 12:40:43','2017-12-15 12:40:43',NULL),(95,9,'Bangsar','2017-12-15 12:40:43','2017-12-15 12:40:43',NULL),(96,9,'Brickfields','2017-12-15 12:40:43','2017-12-15 12:40:43',NULL),(97,9,'Bukit Aman','2017-12-15 12:40:43','2017-12-15 12:40:43',NULL),(98,9,'Bukit Damansara','2017-12-15 12:40:43','2017-12-15 12:40:43',NULL),(99,9,'Bukit Kiara','2017-12-15 12:40:43','2017-12-15 12:40:43',NULL),(100,9,'Bukit Nanas','2017-12-15 12:40:43','2017-12-15 12:40:43',NULL),(101,9,'Bukit Persekutuan','2017-12-15 12:40:43','2017-12-15 12:40:43',NULL),(102,9,'Bukit Petaling','2017-12-15 12:40:43','2017-12-15 12:40:43',NULL),(103,9,'Bukit Tunku','2017-12-15 12:40:43','2017-12-15 12:40:43',NULL),(104,9,'Chow Kit','2017-12-15 12:40:43','2017-12-15 12:40:43',NULL),(105,9,'Pusat Bandar Damansara','2017-12-15 12:40:43','2017-12-15 12:40:43',NULL),(106,9,'Dang Wangi','2017-12-15 12:40:43','2017-12-15 12:40:43',NULL),(107,9,'Kg. Datuk Keramat','2017-12-15 12:40:43','2017-12-15 12:40:43',NULL),(108,9,'Kg. Haji Abdullah Hukum','2017-12-15 12:40:43','2017-12-15 12:40:43',NULL),(109,9,'Kg. Sungai Penchala','2017-12-15 12:40:43','2017-12-15 12:40:43',NULL),(110,9,'Imbi','2017-12-15 12:40:43','2017-12-15 12:40:43',NULL),(111,9,'Jalan Tuanku Abdul Halim','2017-12-15 12:40:43','2017-12-15 12:40:43',NULL),(112,9,'Jinjang','2017-12-15 12:40:43','2017-12-15 12:40:43',NULL),(113,9,'Kampung Baru','2017-12-15 12:40:43','2017-12-15 12:40:43',NULL),(114,9,'Kuchai Lama','2017-12-15 12:40:43','2017-12-15 12:40:43',NULL),(115,9,'Kerinchi','2017-12-15 12:40:43','2017-12-15 12:40:43',NULL),(116,9,'Kepong','2017-12-15 12:40:43','2017-12-15 12:40:43',NULL),(117,9,'Maluri','2017-12-15 12:40:43','2017-12-15 12:40:43',NULL),(118,9,'Miharja','2017-12-15 12:40:43','2017-12-15 12:40:43',NULL),(119,9,'Mont Kiara','2017-12-15 12:40:43','2017-12-15 12:40:43',NULL),(120,9,'Pudu','2017-12-15 12:40:43','2017-12-15 12:40:43',NULL),(121,9,'Salak Selatan','2017-12-15 12:40:43','2017-12-15 12:40:43',NULL),(122,9,'Setapak','2017-12-15 12:40:43','2017-12-15 12:40:43',NULL),(123,9,'Sentul','2017-12-15 12:40:43','2017-12-15 12:40:43',NULL),(124,9,'Sri Petaling','2017-12-15 12:40:43','2017-12-15 12:40:43',NULL),(125,9,'Sg. Besi','2017-12-15 12:40:43','2017-12-15 12:40:43',NULL),(126,9,'Shamelin Perkasa','2017-12-15 12:40:43','2017-12-15 12:40:43',NULL),(127,9,'U-Thant','2017-12-15 12:40:43','2017-12-15 12:40:43',NULL),(128,9,'Manjalara','2017-12-15 12:40:43','2017-12-15 12:40:43',NULL),(129,9,'Bandar Sri Permaisuri','2017-12-15 12:40:43','2017-12-15 12:40:43',NULL),(130,9,'Bandar Tasik Selatan','2017-12-15 12:40:43','2017-12-15 12:40:43',NULL),(131,9,'Bukit Damansara','2017-12-15 12:40:43','2017-12-15 12:40:43',NULL),(132,9,'Desa Petaling','2017-12-15 12:40:43','2017-12-15 12:40:43',NULL),(133,9,'Taman Connaught','2017-12-15 12:40:43','2017-12-15 12:40:43',NULL),(134,9,'Taman Desa','2017-12-15 12:40:43','2017-12-15 12:40:43',NULL),(135,9,'Taman OUG','2017-12-15 12:40:43','2017-12-15 12:40:43',NULL),(136,9,'Taman Melawati','2017-12-15 12:40:43','2017-12-15 12:40:43',NULL),(137,9,'Taman Tun Dr. Ismail','2017-12-15 12:40:43','2017-12-15 12:40:43',NULL),(138,9,'Wangsa Maju','2017-12-15 12:40:44','2017-12-15 12:40:44',NULL),(139,9,'Bukit Bintang','2017-12-15 12:40:44','2017-12-15 12:40:44',NULL),(140,9,'Cheras','2017-12-15 12:40:44','2017-12-15 12:40:44',NULL),(141,9,'Bandar Tun Razak','2017-12-15 12:40:44','2017-12-15 12:40:44',NULL),(142,9,'Seputeh','2017-12-15 12:40:44','2017-12-15 12:40:44',NULL),(143,9,'Lembah Pantai','2017-12-15 12:40:44','2017-12-15 12:40:44',NULL),(144,9,'Segambut','2017-12-15 12:40:44','2017-12-15 12:40:44',NULL),(145,7,'Assam Jawa','2017-12-15 12:40:44','2017-12-15 12:40:44',NULL),(146,7,'Ampang','2017-12-15 12:40:44','2017-12-15 12:40:44',NULL),(147,7,'Bagan Lalang','2017-12-15 12:40:44','2017-12-15 12:40:44',NULL),(148,7,'Bagan Nakhoda Omar','2017-12-15 12:40:44','2017-12-15 12:40:44',NULL),(149,7,'Balakong','2017-12-15 12:40:44','2017-12-15 12:40:44',NULL),(150,7,'Bangi','2017-12-15 12:40:44','2017-12-15 12:40:44',NULL),(151,7,'Selayang','2017-12-15 12:40:44','2017-12-15 12:40:44',NULL),(152,7,'Bandar Sunway','2017-12-15 12:40:44','2017-12-15 12:40:44',NULL),(153,7,'Banting','2017-12-15 12:40:44','2017-12-15 12:40:44',NULL),(154,7,'Bestari Jaya','2017-12-15 12:40:44','2017-12-15 12:40:44',NULL),(155,7,'Batang Kali','2017-12-15 12:40:44','2017-12-15 12:40:44',NULL),(156,7,'Batu Arang','2017-12-15 12:40:44','2017-12-15 12:40:44',NULL),(157,7,'Batu Caves','2017-12-15 12:40:44','2017-12-15 12:40:44',NULL),(158,7,'Beranang','2017-12-15 12:40:44','2017-12-15 12:40:44',NULL),(159,7,'Broga','2017-12-15 12:40:44','2017-12-15 12:40:44',NULL),(160,7,'Bukit Lanjan','2017-12-15 12:40:44','2017-12-15 12:40:44',NULL),(161,7,'Bukit Raja','2017-12-15 12:40:44','2017-12-15 12:40:44',NULL),(162,7,'Bukit Rotan','2017-12-15 12:40:44','2017-12-15 12:40:44',NULL),(163,7,'Bukit Tagar','2017-12-15 12:40:44','2017-12-15 12:40:44',NULL),(164,7,'Cheras','2017-12-15 12:40:44','2017-12-15 12:40:44',NULL),(165,7,'Cyberjaya','2017-12-15 12:40:44','2017-12-15 12:40:44',NULL),(166,7,'Damansara','2017-12-15 12:40:44','2017-12-15 12:40:44',NULL),(167,7,'Dengkil','2017-12-15 12:40:44','2017-12-15 12:40:44',NULL),(168,7,'Ijok','2017-12-15 12:40:44','2017-12-15 12:40:44',NULL),(169,7,'Jenjarom','2017-12-15 12:40:44','2017-12-15 12:40:44',NULL),(170,7,'Jugra','2017-12-15 12:40:44','2017-12-15 12:40:44',NULL),(171,7,'Kajang','2017-12-15 12:40:44','2017-12-15 12:40:44',NULL),(172,7,'Kapar','2017-12-15 12:40:44','2017-12-15 12:40:44',NULL),(173,7,'Kalumpang','2017-12-15 12:40:44','2017-12-15 12:40:44',NULL),(174,7,'Kelana Jaya','2017-12-15 12:40:44','2017-12-15 12:40:44',NULL),(175,7,'Kerling','2017-12-15 12:40:44','2017-12-15 12:40:44',NULL),(176,7,'Kuala Kubu Bharu','2017-12-15 12:40:44','2017-12-15 12:40:44',NULL),(177,7,'Kuala Selangor','2017-12-15 12:40:44','2017-12-15 12:40:44',NULL),(178,7,'Kuang','2017-12-15 12:40:44','2017-12-15 12:40:44',NULL),(179,7,'Morib','2017-12-15 12:40:44','2017-12-15 12:40:44',NULL),(180,7,'Meru','2017-12-15 12:40:44','2017-12-15 12:40:44',NULL),(181,7,'Padang Jawa','2017-12-15 12:40:44','2017-12-15 12:40:44',NULL),(182,7,'Pandamaran','2017-12-15 12:40:44','2017-12-15 12:40:44',NULL),(183,7,'Paya Jaras','2017-12-15 12:40:44','2017-12-15 12:40:44',NULL),(184,7,'Port Klang','2017-12-15 12:40:44','2017-12-15 12:40:44',NULL),(185,7,'Puchong','2017-12-15 12:40:44','2017-12-15 12:40:44',NULL),(186,7,'Rasa','2017-12-15 12:40:44','2017-12-15 12:40:44',NULL),(187,7,'Rawang','2017-12-15 12:40:44','2017-12-15 12:40:44',NULL),(188,7,'Sabak Bernam','2017-12-15 12:40:44','2017-12-15 12:40:44',NULL),(189,7,'Salak Tinggi','2017-12-15 12:40:44','2017-12-15 12:40:44',NULL),(190,7,'Sekinchan','2017-12-15 12:40:44','2017-12-15 12:40:44',NULL),(191,7,'Selayang','2017-12-15 12:40:44','2017-12-15 12:40:44',NULL),(192,7,'Semenyih','2017-12-15 12:40:44','2017-12-15 12:40:44',NULL),(193,7,'Serendah','2017-12-15 12:40:44','2017-12-15 12:40:44',NULL),(194,7,'Seri Kembangan','2017-12-15 12:40:44','2017-12-15 12:40:44',NULL),(195,7,'Sepang','2017-12-15 12:40:44','2017-12-15 12:40:44',NULL),(196,7,'Sijangkang','2017-12-15 12:40:44','2017-12-15 12:40:44',NULL),(197,7,'Subang','2017-12-15 12:40:44','2017-12-15 12:40:44',NULL),(198,7,'Sungai Ayer Tawar','2017-12-15 12:40:44','2017-12-15 12:40:44',NULL),(199,7,'Sungai Buloh','2017-12-15 12:40:44','2017-12-15 12:40:44',NULL),(200,7,'Sungai Besar','2017-12-15 12:40:44','2017-12-15 12:40:44',NULL),(201,7,'Sungai Buaya','2017-12-15 12:40:44','2017-12-15 12:40:44',NULL),(202,7,'Sungai Choh','2017-12-15 12:40:44','2017-12-15 12:40:44',NULL),(203,7,'Sungai Panjang','2017-12-15 12:40:44','2017-12-15 12:40:44',NULL),(204,7,'Sungai Pelek','2017-12-15 12:40:44','2017-12-15 12:40:44',NULL),(205,7,'Sungai Pelong','2017-12-15 12:40:44','2017-12-15 12:40:44',NULL),(206,7,'Tanjung Harapan','2017-12-15 12:40:44','2017-12-15 12:40:44',NULL),(207,7,'Tanjung Karang','2017-12-15 12:40:44','2017-12-15 12:40:44',NULL),(208,7,'Teluk Panglima Garang','2017-12-15 12:40:44','2017-12-15 12:40:44',NULL),(209,7,'Ulu Klang','2017-12-15 12:40:44','2017-12-15 12:40:44',NULL),(210,7,'Ulu Yam','2017-12-15 12:40:44','2017-12-15 12:40:44',NULL),(211,7,'Dusun Tua','2017-12-15 12:40:44','2017-12-15 12:40:44',NULL),(212,7,'Pulau Meranti','2017-12-15 12:40:44','2017-12-15 12:40:44',NULL),(213,7,'Alam Impian','2017-12-15 12:40:44','2017-12-15 12:40:44',NULL),(214,7,'Ara Damansara','2017-12-15 12:40:44','2017-12-15 12:40:44',NULL),(215,7,'Bandar Baru Klang','2017-12-15 12:40:44','2017-12-15 12:40:44',NULL),(216,7,'Bandar Bukit Raja','2017-12-15 12:40:44','2017-12-15 12:40:44',NULL),(217,7,'Bandar Botanic','2017-12-15 12:40:44','2017-12-15 12:40:44',NULL),(218,7,'Bandar Bukit Tinggi','2017-12-15 12:40:44','2017-12-15 12:40:44',NULL),(219,7,'Bandar Country Homes','2017-12-15 12:40:44','2017-12-15 12:40:44',NULL),(220,7,'Bandar Kinrara','2017-12-15 12:40:44','2017-12-15 12:40:44',NULL),(221,7,'Bandar Puteri Puchong','2017-12-15 12:40:44','2017-12-15 12:40:44',NULL),(222,7,'Bandar Putra Permai','2017-12-15 12:40:44','2017-12-15 12:40:44',NULL),(223,7,'Bandar Sri Damansara','2017-12-15 12:40:44','2017-12-15 12:40:44',NULL),(224,7,'Bandar Seri Putra','2017-12-15 12:40:44','2017-12-15 12:40:44',NULL),(225,7,'Bandar Saujana Putra','2017-12-15 12:40:44','2017-12-15 12:40:44',NULL),(226,7,'Bandar Saujana Utama','2017-12-15 12:40:44','2017-12-15 12:40:44',NULL),(227,7,'Bandar Tun Hussein Onn','2017-12-15 12:40:44','2017-12-15 12:40:44',NULL),(228,7,'Bandar Sungai Buaya','2017-12-15 12:40:44','2017-12-15 12:40:44',NULL),(229,7,'Bandar Sungai Long','2017-12-15 12:40:44','2017-12-15 12:40:44',NULL),(230,7,'Bandar Mahkota Cheras','2017-12-15 12:40:44','2017-12-15 12:40:44',NULL),(231,7,'Bandar Utama','2017-12-15 12:40:44','2017-12-15 12:40:44',NULL),(232,7,'Bernam Jaya','2017-12-15 12:40:44','2017-12-15 12:40:44',NULL),(233,7,'Bukit Antarabangsa','2017-12-15 12:40:44','2017-12-15 12:40:44',NULL),(234,7,'Bukit Subang','2017-12-15 12:40:44','2017-12-15 12:40:44',NULL),(235,7,'Bukit Beruntung','2017-12-15 12:40:44','2017-12-15 12:40:44',NULL),(236,7,'Bukit Jelutong','2017-12-15 12:40:44','2017-12-15 12:40:44',NULL),(237,7,'Bukit Rahman Putra','2017-12-15 12:40:44','2017-12-15 12:40:44',NULL),(238,7,'Bukit Rimau','2017-12-15 12:40:44','2017-12-15 12:40:44',NULL),(239,7,'Batu Tiga','2017-12-15 12:40:44','2017-12-15 12:40:44',NULL),(240,7,'Country Heights','2017-12-15 12:40:44','2017-12-15 12:40:44',NULL),(241,7,'Damansara Jaya','2017-12-15 12:40:44','2017-12-15 12:40:44',NULL),(242,7,'Damansara Perdana','2017-12-15 12:40:44','2017-12-15 12:40:44',NULL),(243,7,'Damansara Utama','2017-12-15 12:40:44','2017-12-15 12:40:44',NULL),(244,7,'Glenmarie','2017-12-15 12:40:44','2017-12-15 12:40:44',NULL),(245,7,'I-City','2017-12-15 12:40:44','2017-12-15 12:40:44',NULL),(246,7,'Jade Hills','2017-12-15 12:40:44','2017-12-15 12:40:44',NULL),(247,7,'Kota Damansara','2017-12-15 12:40:44','2017-12-15 12:40:44',NULL),(248,7,'Kota Kemuning','2017-12-15 12:40:44','2017-12-15 12:40:44',NULL),(249,7,'Kota Puteri','2017-12-15 12:40:44','2017-12-15 12:40:44',NULL),(250,7,'Lembah Beringin','2017-12-15 12:40:44','2017-12-15 12:40:44',NULL),(251,7,'Lembah Jaya','2017-12-15 12:40:44','2017-12-15 12:40:44',NULL),(252,7,'Mutiara Damansara','2017-12-15 12:40:44','2017-12-15 12:40:44',NULL),(253,7,'Pandan Indah','2017-12-15 12:40:44','2017-12-15 12:40:44',NULL),(254,7,'Pandan Jaya','2017-12-15 12:40:44','2017-12-15 12:40:44',NULL),(255,7,'Puchong Jaya','2017-12-15 12:40:44','2017-12-15 12:40:44',NULL),(256,7,'Puncak Alam','2017-12-15 12:40:44','2017-12-15 12:40:44',NULL),(257,7,'Puncak Perdana','2017-12-15 12:40:44','2017-12-15 12:40:44',NULL),(258,7,'Pusat Bandar Puchong','2017-12-15 12:40:44','2017-12-15 12:40:44',NULL),(259,7,'Puchong','2017-12-15 12:40:44','2017-12-15 12:40:44',NULL),(260,7,'Putra Heights','2017-12-15 12:40:44','2017-12-15 12:40:44',NULL),(261,7,'Saujana Impian','2017-12-15 12:40:44','2017-12-15 12:40:44',NULL),(262,7,'Setia Alam','2017-12-15 12:40:44','2017-12-15 12:40:44',NULL),(263,7,'Southville City','2017-12-15 12:40:44','2017-12-15 12:40:44',NULL),(264,7,'Taman Greenwood','2017-12-15 12:40:44','2017-12-15 12:40:44',NULL),(265,7,'Taman Hillview','2017-12-15 12:40:44','2017-12-15 12:40:44',NULL),(266,7,'Taman Putra Perdana','2017-12-15 12:40:44','2017-12-15 12:40:44',NULL),(267,7,'Taman Sri Andalas','2017-12-15 12:40:44','2017-12-15 12:40:44',NULL),(268,7,'Puncak Jalil','2017-12-15 12:40:44','2017-12-15 12:40:44',NULL),(269,7,'USJ','2017-12-15 12:40:44','2017-12-15 12:40:44',NULL),(270,7,'Pandan Mewah','2017-12-15 12:40:44','2017-12-15 12:40:44',NULL),(271,7,'Hulu Langat','2017-12-15 12:40:44','2017-12-15 12:40:44',NULL),(272,7,'Kuala Langat','2017-12-15 12:40:44','2017-12-15 12:40:44',NULL),(273,7,'Petaling Jaya','2017-12-15 12:40:44','2017-12-15 12:40:44',NULL),(274,7,'Klang','2017-12-15 12:40:44','2017-12-15 12:40:44',NULL),(275,7,'Others','2017-12-15 12:40:44','2017-12-15 12:40:44',NULL),(276,2,'Semerak','2017-12-15 12:40:44','2017-12-15 12:40:44',NULL),(277,2,'Tanah Merah','2017-12-15 12:40:44','2017-12-15 12:40:44',NULL),(278,2,'Tanjong Mas','2017-12-15 12:40:44','2017-12-15 12:40:44',NULL),(279,2,'Tawang','2017-12-15 12:40:44','2017-12-15 12:40:44',NULL),(280,2,'Temangan','2017-12-15 12:40:44','2017-12-15 12:40:44',NULL),(281,2,'Tendong','2017-12-15 12:40:44','2017-12-15 12:40:44',NULL),(282,2,'Tumpat','2017-12-15 12:40:44','2017-12-15 12:40:44',NULL),(283,2,'Wakaf Bharu','2017-12-15 12:40:44','2017-12-15 12:40:44',NULL),(284,2,'Wakaf Che Yeh','2017-12-15 12:40:44','2017-12-15 12:40:44',NULL),(285,3,'Air Itam','2017-12-15 12:40:44','2017-12-15 12:40:44',NULL),(286,3,'Air Putih','2017-12-15 12:40:44','2017-12-15 12:40:44',NULL),(287,3,'Bagan','2017-12-15 12:40:44','2017-12-15 12:40:44',NULL),(288,3,'Bagan Dalam','2017-12-15 12:40:44','2017-12-15 12:40:44',NULL),(289,3,'Bagan Jermal','2017-12-15 12:40:44','2017-12-15 12:40:44',NULL),(290,3,'Balik Pulau','2017-12-15 12:40:44','2017-12-15 12:40:44',NULL),(291,3,'Batu Kawan','2017-12-15 12:40:44','2017-12-15 12:40:44',NULL),(292,3,'Batu Lancang','2017-12-15 12:40:44','2017-12-15 12:40:44',NULL),(293,3,'Batu Maung','2017-12-15 12:40:44','2017-12-15 12:40:44',NULL),(294,3,'Batu Uban','2017-12-15 12:40:44','2017-12-15 12:40:44',NULL),(295,3,'Bayan Baru','2017-12-15 12:40:44','2017-12-15 12:40:44',NULL),(296,3,'Bayan Lepas','2017-12-15 12:40:44','2017-12-15 12:40:44',NULL),(297,3,'Berapit','2017-12-15 12:40:44','2017-12-15 12:40:44',NULL),(298,3,'Bertam','2017-12-15 12:40:44','2017-12-15 12:40:44',NULL),(299,3,'Bukit Bendera','2017-12-15 12:40:44','2017-12-15 12:40:44',NULL),(300,3,'Bukit Gelugor','2017-12-15 12:40:44','2017-12-15 12:40:44',NULL),(301,3,'Bukit Mertajam','2017-12-15 12:40:44','2017-12-15 12:40:44',NULL),(302,3,'Bukit Tambun','2017-12-15 12:40:44','2017-12-15 12:40:44',NULL),(303,3,'Bukit Tengah','2017-12-15 12:40:44','2017-12-15 12:40:44',NULL),(304,3,'Datok Keramat','2017-12-15 12:40:44','2017-12-15 12:40:44',NULL),(305,3,'Jawi','2017-12-15 12:40:44','2017-12-15 12:40:44',NULL),(306,3,'Jelutong','2017-12-15 12:40:44','2017-12-15 12:40:44',NULL),(307,3,'Kebun Bunga','2017-12-15 12:40:44','2017-12-15 12:40:44',NULL),(308,3,'Kepala Batas','2017-12-15 12:40:44','2017-12-15 12:40:44',NULL),(309,3,'Komtar','2017-12-15 12:40:44','2017-12-15 12:40:44',NULL),(310,3,'Machang Bubuk','2017-12-15 12:40:44','2017-12-15 12:40:44',NULL),(311,3,'Nibong Tebal','2017-12-15 12:40:44','2017-12-15 12:40:44',NULL),(312,3,'Padang Kota','2017-12-15 12:40:44','2017-12-15 12:40:44',NULL),(313,3,'Padang Lalang','2017-12-15 12:40:44','2017-12-15 12:40:44',NULL),(314,3,'Pantai Jerejak','2017-12-15 12:40:44','2017-12-15 12:40:44',NULL),(315,3,'Paya Lancang','2017-12-15 12:40:44','2017-12-15 12:40:44',NULL),(316,3,'Penaga','2017-12-15 12:40:44','2017-12-15 12:40:44',NULL),(317,3,'Penanti','2017-12-15 12:40:44','2017-12-15 12:40:44',NULL),(318,3,'Pengkalan Kota','2017-12-15 12:40:44','2017-12-15 12:40:44',NULL),(319,3,'Perai','2017-12-15 12:40:44','2017-12-15 12:40:44',NULL),(320,3,'Permatang Berangan ','2017-12-15 12:40:44','2017-12-15 12:40:44',NULL),(321,3,'Permatang Pasir','2017-12-15 12:40:44','2017-12-15 12:40:44',NULL),(322,3,'Permatang Pauh','2017-12-15 12:40:44','2017-12-15 12:40:44',NULL),(323,3,'Pinang Tunggal','2017-12-15 12:40:44','2017-12-15 12:40:44',NULL),(324,3,'Pulau Betong','2017-12-15 12:40:44','2017-12-15 12:40:44',NULL),(325,3,'Pulau Tikus','2017-12-15 12:40:44','2017-12-15 12:40:44',NULL),(326,3,'Seberang Jaya','2017-12-15 12:40:44','2017-12-15 12:40:44',NULL),(327,3,'Seri Delima','2017-12-15 12:40:44','2017-12-15 12:40:44',NULL),(328,3,'Sungai Acheh','2017-12-15 12:40:44','2017-12-15 12:40:44',NULL),(329,3,'Sungai Bakap','2017-12-15 12:40:44','2017-12-15 12:40:44',NULL),(330,3,'Sungai Dua','2017-12-15 12:40:44','2017-12-15 12:40:44',NULL),(331,3,'Sungai Pinang','2017-12-15 12:40:44','2017-12-15 12:40:44',NULL),(332,3,'Sungai Puyu','2017-12-15 12:40:44','2017-12-15 12:40:44',NULL),(333,3,'Tanjong','2017-12-15 12:40:44','2017-12-15 12:40:44',NULL),(334,3,'Tanjung Bunga','2017-12-15 12:40:44','2017-12-15 12:40:44',NULL),(335,3,'Tasek Gelugor','2017-12-15 12:40:44','2017-12-15 12:40:44',NULL),(336,3,'Telok Ayer Tawar','2017-12-15 12:40:44','2017-12-15 12:40:44',NULL),(337,3,'Telok Bahang','2017-12-15 12:40:44','2017-12-15 12:40:44',NULL),(338,4,'Air Putih','2017-12-15 12:40:44','2017-12-15 12:40:44',NULL),(339,4,'Ajil','2017-12-15 12:40:44','2017-12-15 12:40:44',NULL),(340,4,'Alur Limbat','2017-12-15 12:40:44','2017-12-15 12:40:44',NULL),(341,4,'Bandar','2017-12-15 12:40:44','2017-12-15 12:40:44',NULL),(342,4,'Batu Buruk','2017-12-15 12:40:44','2017-12-15 12:40:44',NULL),(343,4,'Batu Rakit','2017-12-15 12:40:44','2017-12-15 12:40:44',NULL),(344,4,'Besut','2017-12-15 12:40:44','2017-12-15 12:40:44',NULL),(345,4,'Bukit Besi','2017-12-15 12:40:44','2017-12-15 12:40:44',NULL),(346,4,'Bukit Payung','2017-12-15 12:40:44','2017-12-15 12:40:44',NULL),(347,4,'Bukit Tunggal','2017-12-15 12:40:44','2017-12-15 12:40:44',NULL),(348,4,'Chukai','2017-12-15 12:40:44','2017-12-15 12:40:44',NULL),(349,4,'Dungun','2017-12-15 12:40:44','2017-12-15 12:40:44',NULL),(350,4,'Gong Badak','2017-12-15 12:40:44','2017-12-15 12:40:44',NULL),(351,4,'Hulu Besut','2017-12-15 12:40:44','2017-12-15 12:40:44',NULL),(352,4,'Hulu Terengganu','2017-12-15 12:40:44','2017-12-15 12:40:44',NULL),(353,4,'Jabi','2017-12-15 12:40:44','2017-12-15 12:40:44',NULL),(354,4,'Jertih','2017-12-15 12:40:44','2017-12-15 12:40:44',NULL),(355,4,'Kemaman','2017-12-15 12:40:44','2017-12-15 12:40:44',NULL),(356,4,'Kemasik','2017-12-15 12:40:44','2017-12-15 12:40:44',NULL),(357,4,'Kijal','2017-12-15 12:40:44','2017-12-15 12:40:44',NULL),(358,4,'Kota Putera','2017-12-15 12:40:44','2017-12-15 12:40:44',NULL),(359,4,'Kuala Berang','2017-12-15 12:40:44','2017-12-15 12:40:44',NULL),(360,4,'Kuala Besut','2017-12-15 12:40:44','2017-12-15 12:40:44',NULL),(361,4,'Kuala Nerus','2017-12-15 12:40:44','2017-12-15 12:40:44',NULL),(362,4,'Kuala Terengganu','2017-12-15 12:40:44','2017-12-15 12:40:44',NULL),(363,4,'Ladang','2017-12-15 12:40:44','2017-12-15 12:40:44',NULL),(364,4,'Langkap','2017-12-15 12:40:44','2017-12-15 12:40:44',NULL),(365,4,'Manir','2017-12-15 12:40:44','2017-12-15 12:40:44',NULL),(366,4,'Marang','2017-12-15 12:40:44','2017-12-15 12:40:44',NULL),(367,4,'Paka','2017-12-15 12:40:44','2017-12-15 12:40:44',NULL),(368,4,'Pengkalan Berangan','2017-12-15 12:40:44','2017-12-15 12:40:44',NULL),(369,4,'Permaisuri','2017-12-15 12:40:44','2017-12-15 12:40:44',NULL),(370,4,'Pulau Bidong','2017-12-15 12:40:44','2017-12-15 12:40:44',NULL),(371,4,'Pulau Kapas','2017-12-15 12:40:44','2017-12-15 12:40:44',NULL),(372,4,'Pulau Lang Tengah','2017-12-15 12:40:44','2017-12-15 12:40:44',NULL),(373,4,'Pulau Perhentian','2017-12-15 12:40:44','2017-12-15 12:40:44',NULL),(374,4,'Pulau Redang','2017-12-15 12:40:44','2017-12-15 12:40:44',NULL),(375,4,'Pulau Tenggol','2017-12-15 12:40:44','2017-12-15 12:40:44',NULL),(376,4,'Pulau Wan Man','2017-12-15 12:40:44','2017-12-15 12:40:44',NULL),(377,4,'Pulau Warisan','2017-12-15 12:40:44','2017-12-15 12:40:44',NULL),(378,4,'Putera Jaya','2017-12-15 12:40:44','2017-12-15 12:40:44',NULL),(379,4,'Rantau Abang','2017-12-15 12:40:44','2017-12-15 12:40:44',NULL),(380,4,'Ru Rendang','2017-12-15 12:40:44','2017-12-15 12:40:44',NULL),(381,4,'Seberang Takir','2017-12-15 12:40:44','2017-12-15 12:40:44',NULL),(382,4,'Seri Langkap','2017-12-15 12:40:44','2017-12-15 12:40:44',NULL),(383,4,'Setiu','2017-12-15 12:40:44','2017-12-15 12:40:44',NULL),(384,4,'Sura','2017-12-15 12:40:44','2017-12-15 12:40:44',NULL),(385,4,'Telemung','2017-12-15 12:40:44','2017-12-15 12:40:44',NULL),(386,4,'Teluk Kalung','2017-12-15 12:40:44','2017-12-15 12:40:44',NULL),(387,4,'Teluk Pasu','2017-12-15 12:40:44','2017-12-15 12:40:44',NULL),(388,4,'Tepuh','2017-12-15 12:40:44','2017-12-15 12:40:44',NULL),(389,4,'Wakaf Mempelam','2017-12-15 12:40:44','2017-12-15 12:40:44',NULL),(390,4,'Wakaf Tapai','2017-12-15 12:40:44','2017-12-15 12:40:44',NULL),(391,5,'Ayer Tawar ','2017-12-15 12:40:44','2017-12-15 12:40:44',NULL),(392,5,'Bagan Datoh ','2017-12-15 12:40:44','2017-12-15 12:40:44',NULL),(393,5,'Bagan Serai ','2017-12-15 12:40:44','2017-12-15 12:40:44',NULL),(394,5,'Bagan Sungai Burong ','2017-12-15 12:40:44','2017-12-15 12:40:44',NULL),(395,5,'Bandar raya Proton ','2017-12-15 12:40:44','2017-12-15 12:40:44',NULL),(396,5,'Banir ','2017-12-15 12:40:44','2017-12-15 12:40:44',NULL),(397,5,'Batak Rabit ','2017-12-15 12:40:44','2017-12-15 12:40:44',NULL),(398,5,'Batang ','2017-12-15 12:40:44','2017-12-15 12:40:44',NULL),(399,5,'Batu Gajah ','2017-12-15 12:40:44','2017-12-15 12:40:44',NULL),(400,5,'Behrang ','2017-12-15 12:40:44','2017-12-15 12:40:44',NULL),(401,5,'Bercham ','2017-12-15 12:40:44','2017-12-15 12:40:44',NULL),(402,5,'Beruas ','2017-12-15 12:40:44','2017-12-15 12:40:44',NULL),(403,5,'Bidor ','2017-12-15 12:40:44','2017-12-15 12:40:44',NULL),(404,5,'Bikam ','2017-12-15 12:40:44','2017-12-15 12:40:44',NULL),(405,5,'Bota ','2017-12-15 12:40:44','2017-12-15 12:40:44',NULL),(406,5,'Bukit Gantang ','2017-12-15 12:40:44','2017-12-15 12:40:44',NULL),(407,5,'Bukit Merah ','2017-12-15 12:40:44','2017-12-15 12:40:44',NULL),(408,5,'Changkat Jering ','2017-12-15 12:40:44','2017-12-15 12:40:44',NULL),(409,5,'Changkat Keruing ','2017-12-15 12:40:44','2017-12-15 12:40:44',NULL),(410,5,'Chemor ','2017-12-15 12:40:44','2017-12-15 12:40:44',NULL),(411,5,'Chikus ','2017-12-15 12:40:44','2017-12-15 12:40:44',NULL),(412,5,'Damar Laut ','2017-12-15 12:40:44','2017-12-15 12:40:44',NULL),(413,5,'Gerik ','2017-12-15 12:40:44','2017-12-15 12:40:44',NULL),(414,5,'Gopeng ','2017-12-15 12:40:44','2017-12-15 12:40:44',NULL),(415,5,'Gua Tempurung ','2017-12-15 12:40:44','2017-12-15 12:40:44',NULL),(416,5,'Hilir ','2017-12-15 12:40:44','2017-12-15 12:40:44',NULL),(417,5,'Hulu Perak ','2017-12-15 12:40:44','2017-12-15 12:40:44',NULL),(418,5,'Hutan Melintang ','2017-12-15 12:40:44','2017-12-15 12:40:44',NULL),(419,5,'Jelapang ','2017-12-15 12:40:44','2017-12-15 12:40:44',NULL),(420,5,'Jenderata ','2017-12-15 12:40:44','2017-12-15 12:40:44',NULL),(421,5,'Jerlun ','2017-12-15 12:40:44','2017-12-15 12:40:44',NULL),(422,5,'Kampar ','2017-12-15 12:40:44','2017-12-15 12:40:44',NULL),(423,5,'Kamunting ','2017-12-15 12:40:44','2017-12-15 12:40:44',NULL),(424,5,'Karai ','2017-12-15 12:40:44','2017-12-15 12:40:44',NULL),(425,5,'Kerian ','2017-12-15 12:40:44','2017-12-15 12:40:44',NULL),(426,5,'Kinta','2017-12-15 12:40:44','2017-12-15 12:40:44',NULL),(427,5,'Kota Setia ','2017-12-15 12:40:44','2017-12-15 12:40:44',NULL),(428,5,'Kuala Kangsar ','2017-12-15 12:40:44','2017-12-15 12:40:44',NULL),(429,5,'Kuala Kurau ','2017-12-15 12:40:44','2017-12-15 12:40:44',NULL),(430,5,'Kuala Sepetang ','2017-12-15 12:40:44','2017-12-15 12:40:44',NULL),(431,5,'Langkap ','2017-12-15 12:40:44','2017-12-15 12:40:44',NULL),(432,5,'Larut','2017-12-15 12:40:44','2017-12-15 12:40:44',NULL),(433,5,'Lekir ','2017-12-15 12:40:44','2017-12-15 12:40:44',NULL),(434,5,'Lenggong ','2017-12-15 12:40:44','2017-12-15 12:40:44',NULL),(435,5,'Lumut ','2017-12-15 12:40:44','2017-12-15 12:40:44',NULL),(436,5,'Malim Nawar ','2017-12-15 12:40:44','2017-12-15 12:40:44',NULL),(437,5,'Mambang Di Awan ','2017-12-15 12:40:44','2017-12-15 12:40:44',NULL),(438,5,'Manjoi ','2017-12-15 12:40:44','2017-12-15 12:40:44',NULL),(439,5,'Manjung ','2017-12-15 12:40:44','2017-12-15 12:40:44',NULL),(440,5,'Manong ','2017-12-15 12:40:44','2017-12-15 12:40:44',NULL),(441,5,'Matang ','2017-12-15 12:40:44','2017-12-15 12:40:44',NULL),(442,5,'Menglembu ','2017-12-15 12:40:44','2017-12-15 12:40:44',NULL),(443,5,'Meru ','2017-12-15 12:40:44','2017-12-15 12:40:44',NULL),(444,5,'Muallim','2017-12-15 12:40:44','2017-12-15 12:40:44',NULL),(445,5,'Padang ','2017-12-15 12:40:44','2017-12-15 12:40:44',NULL),(446,5,'Padang Rengas ','2017-12-15 12:40:44','2017-12-15 12:40:44',NULL),(447,5,'Pantai Remis ','2017-12-15 12:40:44','2017-12-15 12:40:44',NULL),(448,5,'Parit ','2017-12-15 12:40:44','2017-12-15 12:40:44',NULL),(449,5,'Parit Buntar ','2017-12-15 12:40:44','2017-12-15 12:40:44',NULL),(450,5,'Pasir Salak ','2017-12-15 12:40:44','2017-12-15 12:40:44',NULL),(451,5,'Pekan Gurney ','2017-12-15 12:40:44','2017-12-15 12:40:44',NULL),(452,5,'Pengkalan Hulu','2017-12-15 12:40:44','2017-12-15 12:40:44',NULL),(453,5,'Perak Tengah ','2017-12-15 12:40:44','2017-12-15 12:40:44',NULL),(454,5,'Pulau Banding','2017-12-15 12:40:44','2017-12-15 12:40:44',NULL),(455,5,'Pulau Pangkor','2017-12-15 12:40:44','2017-12-15 12:40:44',NULL),(456,5,'Sayong ','2017-12-15 12:40:44','2017-12-15 12:40:44',NULL),(457,5,'Selama ','2017-12-15 12:40:44','2017-12-15 12:40:44',NULL),(458,5,'Seri Iskandar ','2017-12-15 12:40:44','2017-12-15 12:40:44',NULL),(459,5,'Seri Manjung ','2017-12-15 12:40:44','2017-12-15 12:40:44',NULL),(460,5,'Simpang Tiga ','2017-12-15 12:40:44','2017-12-15 12:40:44',NULL),(461,5,'Sitiawan ','2017-12-15 12:40:44','2017-12-15 12:40:44',NULL),(462,5,'Slim River ','2017-12-15 12:40:44','2017-12-15 12:40:44',NULL),(463,5,'Sungai Siput ','2017-12-15 12:40:44','2017-12-15 12:40:44',NULL),(464,5,'Sungkai ','2017-12-15 12:40:44','2017-12-15 12:40:44',NULL),(465,5,'Taiping ','2017-12-15 12:40:44','2017-12-15 12:40:44',NULL),(466,5,'Tambun ','2017-12-15 12:40:44','2017-12-15 12:40:44',NULL),(467,5,'Tanjung Malim ','2017-12-15 12:40:44','2017-12-15 12:40:44',NULL),(468,5,'Tanjung Piandang ','2017-12-15 12:40:44','2017-12-15 12:40:44',NULL),(469,5,'Tanjung Rambutan ','2017-12-15 12:40:44','2017-12-15 12:40:44',NULL),(470,5,'Tanjung Tualang ','2017-12-15 12:40:44','2017-12-15 12:40:44',NULL),(471,5,'Tapah ','2017-12-15 12:40:44','2017-12-15 12:40:44',NULL),(472,5,'Teluk Batik ','2017-12-15 12:40:44','2017-12-15 12:40:44',NULL),(473,5,'Teluk Intan ','2017-12-15 12:40:44','2017-12-15 12:40:44',NULL),(474,5,'Teluk Rubiah ','2017-12-15 12:40:44','2017-12-15 12:40:44',NULL),(475,5,'Temoh ','2017-12-15 12:40:44','2017-12-15 12:40:44',NULL),(476,5,'Trolak ','2017-12-15 12:40:44','2017-12-15 12:40:44',NULL),(477,5,'Trong ','2017-12-15 12:40:44','2017-12-15 12:40:44',NULL),(478,5,'Tronoh','2017-12-15 12:40:44','2017-12-15 12:40:44',NULL),(479,6,'Bandar Baru Chendor','2017-12-15 12:40:44','2017-12-15 12:40:44',NULL),(480,6,'Bandar Bera','2017-12-15 12:40:44','2017-12-15 12:40:44',NULL),(481,6,'Bandar Damansara Kuantan','2017-12-15 12:40:44','2017-12-15 12:40:44',NULL),(482,6,'Bandar Indera Mahkota','2017-12-15 12:40:44','2017-12-15 12:40:44',NULL),(483,6,'Bandar MEC','2017-12-15 12:40:44','2017-12-15 12:40:44',NULL),(484,6,'Bandar Muadzam Shah','2017-12-15 12:40:44','2017-12-15 12:40:44',NULL),(485,6,'Bandar Putra','2017-12-15 12:40:44','2017-12-15 12:40:44',NULL),(486,6,'Bandar Tun Abdul Razak (Kerato','2017-12-15 12:40:44','2017-12-15 12:40:44',NULL),(487,6,'Bandar Tun Razak (Jengka)','2017-12-15 12:40:44','2017-12-15 12:40:44',NULL),(488,6,'Batu Hitam','2017-12-15 12:40:44','2017-12-15 12:40:44',NULL),(489,6,'Batu Talam','2017-12-15 12:40:44','2017-12-15 12:40:44',NULL),(490,6,'Belimbing','2017-12-15 12:40:44','2017-12-15 12:40:44',NULL),(491,6,'Benta','2017-12-15 12:40:44','2017-12-15 12:40:44',NULL),(492,6,'Bentong','2017-12-15 12:40:44','2017-12-15 12:40:44',NULL),(493,6,'Bera','2017-12-15 12:40:44','2017-12-15 12:40:44',NULL),(494,6,'Beserah','2017-12-15 12:40:44','2017-12-15 12:40:44',NULL),(495,6,'Brinchang','2017-12-15 12:40:44','2017-12-15 12:40:44',NULL),(496,6,'Bukit Fraser','2017-12-15 12:40:44','2017-12-15 12:40:44',NULL),(497,6,'Bukit Ibam','2017-12-15 12:40:44','2017-12-15 12:40:44',NULL),(498,6,'Bukit Tinggi','2017-12-15 12:40:44','2017-12-15 12:40:44',NULL),(499,6,'Cameron Highland','2017-12-15 12:40:44','2017-12-15 12:40:44',NULL),(500,6,'Ceruk Paloh','2017-12-15 12:40:44','2017-12-15 12:40:44',NULL),(501,6,'Chenor','2017-12-15 12:40:44','2017-12-15 12:40:44',NULL),(502,6,'Cherating','2017-12-15 12:40:44','2017-12-15 12:40:44',NULL),(503,6,'Cheroh','2017-12-15 12:40:44','2017-12-15 12:40:44',NULL),(504,6,'FELDA Mempaga','2017-12-15 12:40:44','2017-12-15 12:40:44',NULL),(505,6,'FELDA New Zealand','2017-12-15 12:40:44','2017-12-15 12:40:44',NULL),(506,6,'Gambang','2017-12-15 12:40:44','2017-12-15 12:40:44',NULL),(507,6,'Gebeng','2017-12-15 12:40:44','2017-12-15 12:40:44',NULL),(508,6,'Genting Highlands','2017-12-15 12:40:44','2017-12-15 12:40:44',NULL),(509,6,'Genting Sempah','2017-12-15 12:40:44','2017-12-15 12:40:44',NULL),(510,6,'Gohtong Jaya','2017-12-15 12:40:44','2017-12-15 12:40:44',NULL),(511,6,'Janda Baik','2017-12-15 12:40:44','2017-12-15 12:40:44',NULL),(512,6,'Jerantut','2017-12-15 12:40:44','2017-12-15 12:40:44',NULL),(513,6,'Kampung Awah','2017-12-15 12:40:45','2017-12-15 12:40:45',NULL),(514,6,'Kampung Pagi','2017-12-15 12:40:45','2017-12-15 12:40:45',NULL),(515,6,'Karak','2017-12-15 12:40:45','2017-12-15 12:40:45',NULL),(516,6,'Kemayan','2017-12-15 12:40:45','2017-12-15 12:40:45',NULL),(517,6,'Kerdau','2017-12-15 12:40:45','2017-12-15 12:40:45',NULL),(518,6,'Ketari','2017-12-15 12:40:45','2017-12-15 12:40:45',NULL),(519,6,'Kota Bahagia','2017-12-15 12:40:45','2017-12-15 12:40:45',NULL),(520,6,'Kota Iskandar','2017-12-15 12:40:45','2017-12-15 12:40:45',NULL),(521,6,'Kota Shahbandar','2017-12-15 12:40:45','2017-12-15 12:40:45',NULL),(522,6,'Krambit','2017-12-15 12:40:45','2017-12-15 12:40:45',NULL),(523,6,'Kuala Krau','2017-12-15 12:40:45','2017-12-15 12:40:45',NULL),(524,6,'Kuala Lipis','2017-12-15 12:40:45','2017-12-15 12:40:45',NULL),(525,6,'Kuala Pahang','2017-12-15 12:40:45','2017-12-15 12:40:45',NULL),(526,6,'Kuala Rompin','2017-12-15 12:40:45','2017-12-15 12:40:45',NULL),(527,6,'Kuala Sentul','2017-12-15 12:40:45','2017-12-15 12:40:45',NULL),(528,6,'Kuala Tembeling','2017-12-15 12:40:45','2017-12-15 12:40:45',NULL),(529,6,'Kuantan','2017-12-15 12:40:45','2017-12-15 12:40:45',NULL),(530,6,'Lanchang','2017-12-15 12:40:45','2017-12-15 12:40:45',NULL),(531,6,'Lentang','2017-12-15 12:40:45','2017-12-15 12:40:45',NULL),(532,6,'Lipis','2017-12-15 12:40:45','2017-12-15 12:40:45',NULL),(533,6,'Lubuk Paku','2017-12-15 12:40:45','2017-12-15 12:40:45',NULL),(534,6,'Lurah Bilut','2017-12-15 12:40:45','2017-12-15 12:40:45',NULL),(535,6,'Maran','2017-12-15 12:40:45','2017-12-15 12:40:45',NULL),(536,6,'Melati','2017-12-15 12:40:45','2017-12-15 12:40:45',NULL),(537,6,'Mengkarak','2017-12-15 12:40:45','2017-12-15 12:40:45',NULL),(538,6,'Mengkuang','2017-12-15 12:40:45','2017-12-15 12:40:45',NULL),(539,6,'Mentakab','2017-12-15 12:40:45','2017-12-15 12:40:45',NULL),(540,6,'Merapoh','2017-12-15 12:40:45','2017-12-15 12:40:45',NULL),(541,6,'Nenasi','2017-12-15 12:40:45','2017-12-15 12:40:45',NULL),(542,6,'Paloh Hinai','2017-12-15 12:40:45','2017-12-15 12:40:45',NULL),(543,6,'Pekan','2017-12-15 12:40:45','2017-12-15 12:40:45',NULL),(544,6,'Penor','2017-12-15 12:40:45','2017-12-15 12:40:45',NULL),(545,6,'Pulau Tawar','2017-12-15 12:40:45','2017-12-15 12:40:45',NULL),(546,6,'Pulau Tioman','2017-12-15 12:40:45','2017-12-15 12:40:45',NULL),(547,6,'Raub','2017-12-15 12:40:45','2017-12-15 12:40:45',NULL),(548,6,'Ringlet','2017-12-15 12:40:45','2017-12-15 12:40:45',NULL),(549,6,'RKT Salong','2017-12-15 12:40:45','2017-12-15 12:40:45',NULL),(550,6,'Rompin','2017-12-15 12:40:45','2017-12-15 12:40:45',NULL),(551,6,'Seberang Temerloh','2017-12-15 12:40:45','2017-12-15 12:40:45',NULL),(552,6,'Sebertak','2017-12-15 12:40:45','2017-12-15 12:40:45',NULL),(553,6,'Sempalit','2017-12-15 12:40:45','2017-12-15 12:40:45',NULL),(554,6,'Simpang Pelangai','2017-12-15 12:40:45','2017-12-15 12:40:45',NULL),(555,6,'Sungai Lembing','2017-12-15 12:40:45','2017-12-15 12:40:45',NULL),(556,6,'Sungai Ruan','2017-12-15 12:40:45','2017-12-15 12:40:45',NULL),(557,6,'Tanah Rata','2017-12-15 12:40:45','2017-12-15 12:40:45',NULL),(558,6,'Tanjung Lumpur','2017-12-15 12:40:45','2017-12-15 12:40:45',NULL),(559,6,'Tanjung Sepat','2017-12-15 12:40:45','2017-12-15 12:40:45',NULL),(560,6,'Tasik Chini','2017-12-15 12:40:45','2017-12-15 12:40:45',NULL),(561,6,'Teluk Cempedak','2017-12-15 12:40:45','2017-12-15 12:40:45',NULL),(562,6,'Tembangau','2017-12-15 12:40:45','2017-12-15 12:40:45',NULL),(563,6,'Temerloh','2017-12-15 12:40:45','2017-12-15 12:40:45',NULL),(564,6,'Tranum','2017-12-15 12:40:45','2017-12-15 12:40:45',NULL),(565,6,'Triang','2017-12-15 12:40:45','2017-12-15 12:40:45',NULL),(566,6,'Tringkap','2017-12-15 12:40:45','2017-12-15 12:40:45',NULL),(567,8,'Air Papan','2017-12-15 12:40:45','2017-12-15 12:40:45',NULL),(568,8,'Ayer Bemban','2017-12-15 12:40:45','2017-12-15 12:40:45',NULL),(569,8,'Ayer Hitam','2017-12-15 12:40:45','2017-12-15 12:40:45',NULL),(570,8,'Bakri','2017-12-15 12:40:45','2017-12-15 12:40:45',NULL),(571,8,'Bandar Baru UDA','2017-12-15 12:40:45','2017-12-15 12:40:45',NULL),(572,8,'Bandar Dato Onn ','2017-12-15 12:40:45','2017-12-15 12:40:45',NULL),(573,8,'Bandar Maharani','2017-12-15 12:40:45','2017-12-15 12:40:45',NULL),(574,8,'Bandar Penawar','2017-12-15 12:40:45','2017-12-15 12:40:45',NULL),(575,8,'Bandar Permas','2017-12-15 12:40:45','2017-12-15 12:40:45',NULL),(576,8,'Bandar Putra Kulai','2017-12-15 12:40:45','2017-12-15 12:40:45',NULL),(577,8,'Bandar Sri Alam','2017-12-15 12:40:45','2017-12-15 12:40:45',NULL),(578,8,'Bandar Tenggara ','2017-12-15 12:40:45','2017-12-15 12:40:45',NULL),(579,8,'Batu Enam','2017-12-15 12:40:45','2017-12-15 12:40:45',NULL),(580,8,'Batu Pahat','2017-12-15 12:40:45','2017-12-15 12:40:45',NULL),(581,8,'Bekok','2017-12-15 12:40:45','2017-12-15 12:40:45',NULL),(582,8,'Benut','2017-12-15 12:40:45','2017-12-15 12:40:45',NULL),(583,8,'Bukit Batu','2017-12-15 12:40:45','2017-12-15 12:40:45',NULL),(584,8,'Bukit Gambir ','2017-12-15 12:40:45','2017-12-15 12:40:45',NULL),(585,8,'Bukit Indah','2017-12-15 12:40:45','2017-12-15 12:40:45',NULL),(586,8,'Bukit Kangkar','2017-12-15 12:40:45','2017-12-15 12:40:45',NULL),(587,8,'Bukit Kepong','2017-12-15 12:40:45','2017-12-15 12:40:45',NULL),(588,8,'Bukit Naning','2017-12-15 12:40:45','2017-12-15 12:40:45',NULL),(589,8,'Bukit Pasir','2017-12-15 12:40:45','2017-12-15 12:40:45',NULL),(590,8,'Bukit Serampang','2017-12-15 12:40:45','2017-12-15 12:40:45',NULL),(591,8,'Chaah','2017-12-15 12:40:45','2017-12-15 12:40:45',NULL),(592,8,'Desa Tebrau','2017-12-15 12:40:45','2017-12-15 12:40:45',NULL),(593,8,'Desaru','2017-12-15 12:40:45','2017-12-15 12:40:45',NULL),(594,8,'Endau','2017-12-15 12:40:45','2017-12-15 12:40:45',NULL),(595,8,'FELDA Taib Andak','2017-12-15 12:40:45','2017-12-15 12:40:45',NULL),(596,8,'Gelang Patah','2017-12-15 12:40:45','2017-12-15 12:40:45',NULL),(597,8,'Gemas Baharu','2017-12-15 12:40:45','2017-12-15 12:40:45',NULL),(598,8,'Genuang','2017-12-15 12:40:45','2017-12-15 12:40:45',NULL),(599,8,'Indahpura','2017-12-15 12:40:45','2017-12-15 12:40:45',NULL),(600,8,'Iskandar Malaysia','2017-12-15 12:40:45','2017-12-15 12:40:45',NULL),(601,8,'Iskandar Puteri','2017-12-15 12:40:45','2017-12-15 12:40:45',NULL),(602,8,'Jemaluang ','2017-12-15 12:40:45','2017-12-15 12:40:45',NULL),(603,8,'Jementah','2017-12-15 12:40:45','2017-12-15 12:40:45',NULL),(604,8,'Johor Bahru','2017-12-15 12:40:45','2017-12-15 12:40:45',NULL),(605,8,'Johor Lama','2017-12-15 12:40:45','2017-12-15 12:40:45',NULL),(606,8,'Kahang','2017-12-15 12:40:45','2017-12-15 12:40:45',NULL),(607,8,'Kampung Melayu Majidee','2017-12-15 12:40:45','2017-12-15 12:40:45',NULL),(608,8,'Kampung Tengah','2017-12-15 12:40:45','2017-12-15 12:40:45',NULL),(609,8,'Kangkar Pulai','2017-12-15 12:40:45','2017-12-15 12:40:45',NULL),(610,8,'Kempas','2017-12-15 12:40:45','2017-12-15 12:40:45',NULL),(611,8,'Kluang','2017-12-15 12:40:45','2017-12-15 12:40:45',NULL),(612,8,'Kong Kong','2017-12-15 12:40:45','2017-12-15 12:40:45',NULL),(613,8,'Kota Masai','2017-12-15 12:40:45','2017-12-15 12:40:45',NULL),(614,8,'Kota Tinggi ','2017-12-15 12:40:45','2017-12-15 12:40:45',NULL),(615,8,'Kukup','2017-12-15 12:40:45','2017-12-15 12:40:45',NULL),(616,8,'Kulai','2017-12-15 12:40:45','2017-12-15 12:40:45',NULL),(617,8,'Labis','2017-12-15 12:40:45','2017-12-15 12:40:45',NULL),(618,8,'Layang-Layang','2017-12-15 12:40:45','2017-12-15 12:40:45',NULL),(619,8,'Lima Kedai','2017-12-15 12:40:45','2017-12-15 12:40:45',NULL),(620,8,'Lok Heng','2017-12-15 12:40:45','2017-12-15 12:40:45',NULL),(621,8,'Lombong','2017-12-15 12:40:45','2017-12-15 12:40:45',NULL),(622,8,'Machap','2017-12-15 12:40:45','2017-12-15 12:40:45',NULL),(623,8,'Masai','2017-12-15 12:40:45','2017-12-15 12:40:45',NULL),(624,8,'Mengkibol','2017-12-15 12:40:45','2017-12-15 12:40:45',NULL),(625,8,'Mersing ','2017-12-15 12:40:45','2017-12-15 12:40:45',NULL),(626,8,'Muar','2017-12-15 12:40:45','2017-12-15 12:40:45',NULL),(627,8,'Mutiara Rini','2017-12-15 12:40:45','2017-12-15 12:40:45',NULL),(628,8,'Paloh','2017-12-15 12:40:45','2017-12-15 12:40:45',NULL),(629,8,'Panchor ','2017-12-15 12:40:45','2017-12-15 12:40:45',NULL),(630,8,'Parit Bakar','2017-12-15 12:40:45','2017-12-15 12:40:45',NULL),(631,8,'Parit Bunga','2017-12-15 12:40:45','2017-12-15 12:40:45',NULL),(632,8,'Parit Jawa','2017-12-15 12:40:45','2017-12-15 12:40:45',NULL),(633,8,'Parit Raja','2017-12-15 12:40:45','2017-12-15 12:40:45',NULL),(634,8,'Parit Sulong','2017-12-15 12:40:45','2017-12-15 12:40:45',NULL),(635,8,'Parit Yaani','2017-12-15 12:40:45','2017-12-15 12:40:45',NULL),(636,8,'Pasir Gudang','2017-12-15 12:40:45','2017-12-15 12:40:45',NULL),(637,8,'Pasir Pelangi','2017-12-15 12:40:45','2017-12-15 12:40:45',NULL),(638,8,'Pekan Air Panas','2017-12-15 12:40:45','2017-12-15 12:40:45',NULL),(639,8,'Pekan Nanas','2017-12-15 12:40:45','2017-12-15 12:40:45',NULL),(640,8,'Pendas','2017-12-15 12:40:45','2017-12-15 12:40:45',NULL),(641,8,'Pengerang','2017-12-15 12:40:45','2017-12-15 12:40:45',NULL),(642,8,'Permas Jaya','2017-12-15 12:40:45','2017-12-15 12:40:45',NULL),(643,8,'Plentong ','2017-12-15 12:40:45','2017-12-15 12:40:45',NULL),(644,8,'Pontian','2017-12-15 12:40:45','2017-12-15 12:40:45',NULL),(645,8,'Pontian Besar','2017-12-15 12:40:45','2017-12-15 12:40:45',NULL),(646,8,'Pontian Kechil','2017-12-15 12:40:45','2017-12-15 12:40:45',NULL),(647,8,'Pura Kencana','2017-12-15 12:40:45','2017-12-15 12:40:45',NULL),(648,8,'Renggam','2017-12-15 12:40:45','2017-12-15 12:40:45',NULL),(649,8,'Rengit','2017-12-15 12:40:45','2017-12-15 12:40:45',NULL),(650,8,'Sagil','2017-12-15 12:40:45','2017-12-15 12:40:45',NULL),(651,8,'Saleng','2017-12-15 12:40:45','2017-12-15 12:40:45',NULL),(652,8,'Sedenak','2017-12-15 12:40:45','2017-12-15 12:40:45',NULL),(653,8,'Sedili','2017-12-15 12:40:45','2017-12-15 12:40:45',NULL),(654,8,'Seelong','2017-12-15 12:40:45','2017-12-15 12:40:45',NULL),(655,8,'Segamat','2017-12-15 12:40:45','2017-12-15 12:40:45',NULL),(656,8,'Semerah','2017-12-15 12:40:45','2017-12-15 12:40:45',NULL),(657,8,'Senai ','2017-12-15 12:40:45','2017-12-15 12:40:45',NULL),(658,8,'Senggarang','2017-12-15 12:40:45','2017-12-15 12:40:45',NULL),(659,8,'Serom 5','2017-12-15 12:40:45','2017-12-15 12:40:45',NULL),(660,8,'Setia Indah','2017-12-15 12:40:45','2017-12-15 12:40:45',NULL),(661,8,'Setia Tropika','2017-12-15 12:40:45','2017-12-15 12:40:45',NULL),(662,8,'Simpang Renggam','2017-12-15 12:40:45','2017-12-15 12:40:45',NULL),(663,8,'Skudai','2017-12-15 12:40:45','2017-12-15 12:40:45',NULL),(664,8,'Sri Gading','2017-12-15 12:40:45','2017-12-15 12:40:45',NULL),(665,8,'Sri Medan','2017-12-15 12:40:45','2017-12-15 12:40:45',NULL),(666,8,'Stulang','2017-12-15 12:40:45','2017-12-15 12:40:45',NULL),(667,8,'Sungai Balang','2017-12-15 12:40:45','2017-12-15 12:40:45',NULL),(668,8,'Sungai Karas','2017-12-15 12:40:45','2017-12-15 12:40:45',NULL),(669,8,'Sungai Mati','2017-12-15 12:40:45','2017-12-15 12:40:45',NULL),(670,8,'Sungai Rengit','2017-12-15 12:40:45','2017-12-15 12:40:45',NULL),(671,8,'Taman Daya','2017-12-15 12:40:45','2017-12-15 12:40:45',NULL),(672,8,'Taman Johor Jaya','2017-12-15 12:40:45','2017-12-15 12:40:45',NULL),(673,8,'Taman Melodies','2017-12-15 12:40:45','2017-12-15 12:40:45',NULL),(674,8,'Taman Molek','2017-12-15 12:40:45','2017-12-15 12:40:45',NULL),(675,8,'Taman Perling','2017-12-15 12:40:45','2017-12-15 12:40:45',NULL),(676,8,'Taman Sentosa','2017-12-15 12:40:45','2017-12-15 12:40:45',NULL),(677,8,'Taman Sri Lambak','2017-12-15 12:40:45','2017-12-15 12:40:45',NULL),(678,8,'Taman Ungku Tun Aminah','2017-12-15 12:40:45','2017-12-15 12:40:45',NULL),(679,8,'Taman Universiti','2017-12-15 12:40:45','2017-12-15 12:40:45',NULL),(680,8,'Tampoi ','2017-12-15 12:40:45','2017-12-15 12:40:45',NULL),(681,8,'Tangkak','2017-12-15 12:40:45','2017-12-15 12:40:45',NULL),(682,8,'Tanjung Agas','2017-12-15 12:40:45','2017-12-15 12:40:45',NULL),(683,8,'Tanjung Balau','2017-12-15 12:40:45','2017-12-15 12:40:45',NULL),(684,8,'Tanjung Kupang','2017-12-15 12:40:45','2017-12-15 12:40:45',NULL),(685,8,'Tanjung Langsat','2017-12-15 12:40:45','2017-12-15 12:40:45',NULL),(686,8,'Tanjung Leman','2017-12-15 12:40:45','2017-12-15 12:40:45',NULL),(687,8,'Tanjung Pelepas','2017-12-15 12:40:45','2017-12-15 12:40:45',NULL),(688,8,'Tanjung Pengelih ','2017-12-15 12:40:45','2017-12-15 12:40:45',NULL),(689,8,'Tanjung Piai','2017-12-15 12:40:45','2017-12-15 12:40:45',NULL),(690,8,'Tanjung Resang','2017-12-15 12:40:45','2017-12-15 12:40:45',NULL),(691,8,'Tebrau','2017-12-15 12:40:45','2017-12-15 12:40:45',NULL),(692,8,'Teluk Mahkota ','2017-12-15 12:40:45','2017-12-15 12:40:45',NULL),(693,8,'Teluk Ramunia','2017-12-15 12:40:45','2017-12-15 12:40:45',NULL),(694,8,'Teluk Sengat','2017-12-15 12:40:45','2017-12-15 12:40:45',NULL),(695,8,'Tenggaroh','2017-12-15 12:40:45','2017-12-15 12:40:45',NULL),(696,8,'Tongkang Pechah','2017-12-15 12:40:45','2017-12-15 12:40:45',NULL),(697,8,'Ulu Choh','2017-12-15 12:40:45','2017-12-15 12:40:45',NULL),(698,8,'Ulu Tiram','2017-12-15 12:40:45','2017-12-15 12:40:45',NULL),(699,8,'Yong Peng','2017-12-15 12:40:45','2017-12-15 12:40:45',NULL),(700,10,'Presint 1','2017-12-15 12:40:45','2017-12-15 12:40:45',NULL),(701,10,'Presint 2','2017-12-15 12:40:45','2017-12-15 12:40:45',NULL),(702,10,'Presint 3','2017-12-15 12:40:45','2017-12-15 12:40:45',NULL),(703,10,'Presint 4','2017-12-15 12:40:45','2017-12-15 12:40:45',NULL),(704,10,'Presint 5','2017-12-15 12:40:45','2017-12-15 12:40:45',NULL),(705,10,'Presint 6','2017-12-15 12:40:45','2017-12-15 12:40:45',NULL),(706,10,'Presint 7','2017-12-15 12:40:45','2017-12-15 12:40:45',NULL),(707,10,'Presint 8','2017-12-15 12:40:45','2017-12-15 12:40:45',NULL),(708,10,'Presint 9','2017-12-15 12:40:45','2017-12-15 12:40:45',NULL),(709,10,'Presint 10','2017-12-15 12:40:45','2017-12-15 12:40:45',NULL),(710,10,'Presint 11','2017-12-15 12:40:45','2017-12-15 12:40:45',NULL),(711,10,'Presint 12','2017-12-15 12:40:45','2017-12-15 12:40:45',NULL),(712,10,'Presint 13','2017-12-15 12:40:45','2017-12-15 12:40:45',NULL),(713,10,'Presint 14','2017-12-15 12:40:45','2017-12-15 12:40:45',NULL),(714,10,'Presint 15','2017-12-15 12:40:45','2017-12-15 12:40:45',NULL),(715,10,'Presint 16','2017-12-15 12:40:45','2017-12-15 12:40:45',NULL),(716,10,'Presint 17','2017-12-15 12:40:45','2017-12-15 12:40:45',NULL),(717,10,'Presint 18','2017-12-15 12:40:45','2017-12-15 12:40:45',NULL),(718,10,'Presint 19','2017-12-15 12:40:45','2017-12-15 12:40:45',NULL),(719,10,'Presint 20','2017-12-15 12:40:45','2017-12-15 12:40:45',NULL),(720,10,'Presint Diplomatik','2017-12-15 12:40:45','2017-12-15 12:40:45',NULL),(721,11,'Beaufort','2017-12-15 12:40:45','2017-12-15 12:40:45',NULL),(722,11,'Beluran','2017-12-15 12:40:45','2017-12-15 12:40:45',NULL),(723,11,'Bingkor','2017-12-15 12:40:45','2017-12-15 12:40:45',NULL),(724,11,'Bongawan','2017-12-15 12:40:45','2017-12-15 12:40:45',NULL),(725,11,'Donggongon','2017-12-15 12:40:45','2017-12-15 12:40:45',NULL),(726,11,'Inanam','2017-12-15 12:40:45','2017-12-15 12:40:45',NULL),(727,11,'Kalabakan','2017-12-15 12:40:45','2017-12-15 12:40:45',NULL),(728,11,'Keningau','2017-12-15 12:40:45','2017-12-15 12:40:45',NULL),(729,11,'Kimanis','2017-12-15 12:40:45','2017-12-15 12:40:45',NULL),(730,11,'Kinabatangan','2017-12-15 12:40:45','2017-12-15 12:40:45',NULL),(731,11,'Kinarut','2017-12-15 12:40:45','2017-12-15 12:40:45',NULL),(732,11,'Kota Belud','2017-12-15 12:40:45','2017-12-15 12:40:45',NULL),(733,11,'Kota Kinabalu','2017-12-15 12:40:45','2017-12-15 12:40:45',NULL),(734,11,'Kota Marudu','2017-12-15 12:40:45','2017-12-15 12:40:45',NULL),(735,11,'Kuala Penyu','2017-12-15 12:40:45','2017-12-15 12:40:45',NULL),(736,11,'Kudat','2017-12-15 12:40:45','2017-12-15 12:40:45',NULL),(737,11,'Kunak','2017-12-15 12:40:45','2017-12-15 12:40:45',NULL),(738,11,'Kundasang','2017-12-15 12:40:45','2017-12-15 12:40:45',NULL),(739,11,'Lahad Datu','2017-12-15 12:40:45','2017-12-15 12:40:45',NULL),(740,11,'Membakut','2017-12-15 12:40:45','2017-12-15 12:40:45',NULL),(741,11,'Menggatal','2017-12-15 12:40:45','2017-12-15 12:40:45',NULL),(742,11,'Menumbok','2017-12-15 12:40:45','2017-12-15 12:40:45',NULL),(743,11,'Nabawan','2017-12-15 12:40:45','2017-12-15 12:40:45',NULL),(744,11,'Papar','2017-12-15 12:40:45','2017-12-15 12:40:45',NULL),(745,11,'Penampang','2017-12-15 12:40:45','2017-12-15 12:40:45',NULL),(746,11,'Pensiangan','2017-12-15 12:40:45','2017-12-15 12:40:45',NULL),(747,11,'Pitas','2017-12-15 12:40:45','2017-12-15 12:40:45',NULL),(748,11,'Pulau Bai','2017-12-15 12:40:45','2017-12-15 12:40:45',NULL),(749,11,'Pulau Bait','2017-12-15 12:40:45','2017-12-15 12:40:45',NULL),(750,11,'Pulau Balambanga','2017-12-15 12:40:45','2017-12-15 12:40:45',NULL),(751,11,'Pulau Banggi','2017-12-15 12:40:45','2017-12-15 12:40:45',NULL),(752,11,'Pulau Batik Kulambu','2017-12-15 12:40:45','2017-12-15 12:40:45',NULL),(753,11,'Pulau Billean','2017-12-15 12:40:45','2017-12-15 12:40:45',NULL),(754,11,'Pulau Bohayan','2017-12-15 12:40:45','2017-12-15 12:40:45',NULL),(755,11,'Pulau Boheydulang','2017-12-15 12:40:45','2017-12-15 12:40:45',NULL),(756,11,'Pulau Bum Bum','2017-12-15 12:40:45','2017-12-15 12:40:45',NULL),(757,11,'Pulau Gaya','2017-12-15 12:40:45','2017-12-15 12:40:45',NULL),(758,11,'Pulau Jambongan','2017-12-15 12:40:45','2017-12-15 12:40:45',NULL),(759,11,'Pulau Kalumpang','2017-12-15 12:40:45','2017-12-15 12:40:45',NULL),(760,11,'Pulau Kapalai','2017-12-15 12:40:45','2017-12-15 12:40:45',NULL),(761,11,'Pulau Lankayan','2017-12-15 12:40:45','2017-12-15 12:40:45',NULL),(762,11,'Pulau Larapan','2017-12-15 12:40:45','2017-12-15 12:40:45',NULL),(763,11,'Pulau Libaran','2017-12-15 12:40:45','2017-12-15 12:40:45',NULL),(764,11,'Pulau Ligitan','2017-12-15 12:40:45','2017-12-15 12:40:45',NULL),(765,11,'Pulau Mabul','2017-12-15 12:40:45','2017-12-15 12:40:45',NULL),(766,11,'Pulau Maiga','2017-12-15 12:40:45','2017-12-15 12:40:45',NULL),(767,11,'Pulau Malawali','2017-12-15 12:40:45','2017-12-15 12:40:45',NULL),(768,11,'Pulau Maliangin Besar','2017-12-15 12:40:45','2017-12-15 12:40:45',NULL),(769,11,'Pulau Maliangin Kecil','2017-12-15 12:40:45','2017-12-15 12:40:45',NULL),(770,11,'Pulau Mantabuan','2017-12-15 12:40:45','2017-12-15 12:40:45',NULL),(771,11,'Pulau Mantanani','2017-12-15 12:40:45','2017-12-15 12:40:45',NULL),(772,11,'Pulau Mataking','2017-12-15 12:40:45','2017-12-15 12:40:45',NULL),(773,11,'Pulau Menampilek','2017-12-15 12:40:45','2017-12-15 12:40:45',NULL),(774,11,'Pulau Nusa Tengah','2017-12-15 12:40:45','2017-12-15 12:40:45',NULL),(775,11,'Pulau Omadal','2017-12-15 12:40:45','2017-12-15 12:40:45',NULL),(776,11,'Pulau Pababag','2017-12-15 12:40:45','2017-12-15 12:40:45',NULL),(777,11,'Pulau Pom Pom','2017-12-15 12:40:45','2017-12-15 12:40:45',NULL),(778,11,'Pulau Sakar','2017-12-15 12:40:45','2017-12-15 12:40:45',NULL),(779,11,'Pulau Sebatik','2017-12-15 12:40:45','2017-12-15 12:40:45',NULL),(780,11,'Pulau Selingaan','2017-12-15 12:40:45','2017-12-15 12:40:45',NULL),(781,11,'Pulau Sepanggar','2017-12-15 12:40:45','2017-12-15 12:40:45',NULL),(782,11,'Pulau Si Amil','2017-12-15 12:40:45','2017-12-15 12:40:45',NULL),(783,11,'Pulau Sibuan','2017-12-15 12:40:45','2017-12-15 12:40:45',NULL),(784,11,'Pulau Sikarindingan','2017-12-15 12:40:45','2017-12-15 12:40:45',NULL),(785,11,'Pulau Silawa','2017-12-15 12:40:45','2017-12-15 12:40:45',NULL),(786,11,'Pulau Silumpat','2017-12-15 12:40:45','2017-12-15 12:40:45',NULL),(787,11,'Pulau Sipadan','2017-12-15 12:40:45','2017-12-15 12:40:45',NULL),(788,11,'Pulau Sipanggau','2017-12-15 12:40:45','2017-12-15 12:40:45',NULL),(789,11,'Pulau Tabawan','2017-12-15 12:40:45','2017-12-15 12:40:45',NULL),(790,11,'Pulau Tegaipil','2017-12-15 12:40:45','2017-12-15 12:40:45',NULL),(791,11,'Pulau Tiga','2017-12-15 12:40:45','2017-12-15 12:40:45',NULL),(792,11,'Pulau Tigabu','2017-12-15 12:40:45','2017-12-15 12:40:45',NULL),(793,11,'Pulau Timbun Mata','2017-12-15 12:40:45','2017-12-15 12:40:45',NULL),(794,11,'Putatan','2017-12-15 12:40:45','2017-12-15 12:40:45',NULL),(795,11,'Ranau','2017-12-15 12:40:45','2017-12-15 12:40:45',NULL),(796,11,'Sandakan','2017-12-15 12:40:45','2017-12-15 12:40:45',NULL),(797,11,'Sapulut','2017-12-15 12:40:45','2017-12-15 12:40:45',NULL),(798,11,'Semporna','2017-12-15 12:40:45','2017-12-15 12:40:45',NULL),(799,11,'Sepanggar','2017-12-15 12:40:45','2017-12-15 12:40:45',NULL),(800,11,'Sindumin','2017-12-15 12:40:45','2017-12-15 12:40:45',NULL),(801,11,'Sipitang','2017-12-15 12:40:45','2017-12-15 12:40:45',NULL),(802,11,'Sook','2017-12-15 12:40:45','2017-12-15 12:40:45',NULL),(803,11,'Tambunan','2017-12-15 12:40:45','2017-12-15 12:40:45',NULL),(804,11,'Tamparuli','2017-12-15 12:40:45','2017-12-15 12:40:45',NULL),(805,11,'Tanjung Aru','2017-12-15 12:40:45','2017-12-15 12:40:45',NULL),(806,11,'Tawau','2017-12-15 12:40:45','2017-12-15 12:40:45',NULL),(807,11,'Telipok','2017-12-15 12:40:45','2017-12-15 12:40:45',NULL),(808,11,'Telupid','2017-12-15 12:40:45','2017-12-15 12:40:45',NULL),(809,11,'Tenom','2017-12-15 12:40:45','2017-12-15 12:40:45',NULL),(810,11,'Tongod','2017-12-15 12:40:45','2017-12-15 12:40:45',NULL),(811,11,'Tuaran','2017-12-15 12:40:45','2017-12-15 12:40:45',NULL),(812,11,'Weston','2017-12-15 12:40:45','2017-12-15 12:40:45',NULL),(813,12,'Batu Manikar','2017-12-15 12:40:45','2017-12-15 12:40:45',NULL),(814,12,'Bebuloh','2017-12-15 12:40:45','2017-12-15 12:40:45',NULL),(815,12,'Kampung Batu Arang','2017-12-15 12:40:45','2017-12-15 12:40:45',NULL),(816,12,'Kampung Bebuloh','2017-12-15 12:40:45','2017-12-15 12:40:45',NULL),(817,12,'Kampung Bukit Kalam','2017-12-15 12:40:45','2017-12-15 12:40:45',NULL),(818,12,'Kampung Bukit Kuda','2017-12-15 12:40:45','2017-12-15 12:40:45',NULL),(819,12,'Kampung Durian Tunjong','2017-12-15 12:40:45','2017-12-15 12:40:45',NULL),(820,12,'Kampung Ganggarak','2017-12-15 12:40:45','2017-12-15 12:40:45',NULL),(821,12,'Kampung Gersik Saguking','2017-12-15 12:40:45','2017-12-15 12:40:45',NULL),(822,12,'Kampung Kerupang','2017-12-15 12:40:45','2017-12-15 12:40:45',NULL),(823,12,'Kampung Lajau','2017-12-15 12:40:45','2017-12-15 12:40:45',NULL),(824,12,'Kampung Lubok Temiang','2017-12-15 12:40:45','2017-12-15 12:40:45',NULL),(825,12,'Kampung Membedai','2017-12-15 12:40:45','2017-12-15 12:40:45',NULL),(826,12,'Kampung Merinding','2017-12-15 12:40:45','2017-12-15 12:40:45',NULL),(827,12,'Kampung Nagalang','2017-12-15 12:40:45','2017-12-15 12:40:45',NULL),(828,12,'Kampung Sungai Bedaun','2017-12-15 12:40:45','2017-12-15 12:40:45',NULL),(829,12,'Kampung Sungai Keling','2017-12-15 12:40:45','2017-12-15 12:40:45',NULL),(830,12,'Kampung Sungai Lada','2017-12-15 12:40:45','2017-12-15 12:40:45',NULL),(831,12,'Kampung Sungai Pagar','2017-12-15 12:40:45','2017-12-15 12:40:45',NULL),(832,12,'Kampung Tanjung','2017-12-15 12:40:45','2017-12-15 12:40:45',NULL),(833,12,'Kampung Tanjung Aru','2017-12-15 12:40:45','2017-12-15 12:40:45',NULL),(834,12,'Kiamsam','2017-12-15 12:40:45','2017-12-15 12:40:45',NULL),(835,12,'Kubong Kampung Pantai','2017-12-15 12:40:45','2017-12-15 12:40:45',NULL),(836,12,'Layang-Layangan','2017-12-15 12:40:45','2017-12-15 12:40:45',NULL),(837,12,'Patau-Patau','2017-12-15 12:40:45','2017-12-15 12:40:45',NULL),(838,12,'Pulau Burung','2017-12-15 12:40:45','2017-12-15 12:40:45',NULL),(839,12,'Pulau Daat','2017-12-15 12:40:45','2017-12-15 12:40:45',NULL),(840,12,'Pulau Kuraman','2017-12-15 12:40:45','2017-12-15 12:40:45',NULL),(841,12,'Pulau Papan','2017-12-15 12:40:45','2017-12-15 12:40:45',NULL),(842,12,'Pulau Rusukan Besar','2017-12-15 12:40:45','2017-12-15 12:40:45',NULL),(843,12,'Pulau Rusukan Kecil','2017-12-15 12:40:45','2017-12-15 12:40:45',NULL),(844,12,'Rancha-Rancha','2017-12-15 12:40:45','2017-12-15 12:40:45',NULL),(845,12,'Victoria','2017-12-15 12:40:45','2017-12-15 12:40:45',NULL),(846,13,'Asajaya','2017-12-15 12:40:45','2017-12-15 12:40:45',NULL),(847,13,'Bakelalan','2017-12-15 12:40:45','2017-12-15 12:40:45',NULL),(848,13,'Balingian','2017-12-15 12:40:45','2017-12-15 12:40:45',NULL),(849,13,'Bario','2017-12-15 12:40:45','2017-12-15 12:40:45',NULL),(850,13,'Bau','2017-12-15 12:40:45','2017-12-15 12:40:45',NULL),(851,13,'Belaga','2017-12-15 12:40:45','2017-12-15 12:40:45',NULL),(852,13,'Beluru','2017-12-15 12:40:45','2017-12-15 12:40:45',NULL),(853,13,'Betong','2017-12-15 12:40:45','2017-12-15 12:40:45',NULL),(854,13,'Bintulu','2017-12-15 12:40:45','2017-12-15 12:40:45',NULL),(855,13,'Bukit Mabong','2017-12-15 12:40:45','2017-12-15 12:40:45',NULL),(856,13,'Dalat','2017-12-15 12:40:45','2017-12-15 12:40:45',NULL),(857,13,'Daro','2017-12-15 12:40:45','2017-12-15 12:40:45',NULL),(858,13,'Debak','2017-12-15 12:40:45','2017-12-15 12:40:45',NULL),(859,13,'Engkilili','2017-12-15 12:40:45','2017-12-15 12:40:45',NULL),(860,13,'Igan','2017-12-15 12:40:45','2017-12-15 12:40:45',NULL),(861,13,'Julau','2017-12-15 12:40:45','2017-12-15 12:40:45',NULL),(862,13,'Kabong','2017-12-15 12:40:45','2017-12-15 12:40:45',NULL),(863,13,'Kanowit','2017-12-15 12:40:45','2017-12-15 12:40:45',NULL),(864,13,'Kapit','2017-12-15 12:40:45','2017-12-15 12:40:45',NULL),(865,13,'Kota Samarahan','2017-12-15 12:40:45','2017-12-15 12:40:45',NULL),(866,13,'Kuching','2017-12-15 12:40:45','2017-12-15 12:40:45',NULL),(867,13,'Lawas','2017-12-15 12:40:45','2017-12-15 12:40:45',NULL),(868,13,'Limbang','2017-12-15 12:40:45','2017-12-15 12:40:45',NULL),(869,13,'Lingga','2017-12-15 12:40:45','2017-12-15 12:40:45',NULL),(870,13,'Long Bedian','2017-12-15 12:40:45','2017-12-15 12:40:45',NULL),(871,13,'Long Lama','2017-12-15 12:40:45','2017-12-15 12:40:45',NULL),(872,13,'Lubok Antu','2017-12-15 12:40:45','2017-12-15 12:40:45',NULL),(873,13,'Lundu','2017-12-15 12:40:46','2017-12-15 12:40:46',NULL),(874,13,'Maludam','2017-12-15 12:40:46','2017-12-15 12:40:46',NULL),(875,13,'Marudi','2017-12-15 12:40:46','2017-12-15 12:40:46',NULL),(876,13,'Matu','2017-12-15 12:40:46','2017-12-15 12:40:46',NULL),(877,13,'Meradong','2017-12-15 12:40:46','2017-12-15 12:40:46',NULL),(878,13,'Miri','2017-12-15 12:40:46','2017-12-15 12:40:46',NULL),(879,13,'Mukah','2017-12-15 12:40:46','2017-12-15 12:40:46',NULL),(880,13,'Mulu','2017-12-15 12:40:46','2017-12-15 12:40:46',NULL),(881,13,'Nanga Budu','2017-12-15 12:40:46','2017-12-15 12:40:46',NULL),(882,13,'Nanga Medamit','2017-12-15 12:40:46','2017-12-15 12:40:46',NULL),(883,13,'Nanga Merit','2017-12-15 12:40:46','2017-12-15 12:40:46',NULL),(884,13,'Niah-Suai','2017-12-15 12:40:46','2017-12-15 12:40:46',NULL),(885,13,'Oya','2017-12-15 12:40:46','2017-12-15 12:40:46',NULL),(886,13,'Padawan','2017-12-15 12:40:46','2017-12-15 12:40:46',NULL),(887,13,'Pakan','2017-12-15 12:40:46','2017-12-15 12:40:46',NULL),(888,13,'Pantu','2017-12-15 12:40:46','2017-12-15 12:40:46',NULL),(889,13,'Pusa','2017-12-15 12:40:46','2017-12-15 12:40:46',NULL),(890,13,'Roban','2017-12-15 12:40:46','2017-12-15 12:40:46',NULL),(891,13,'Saratok','2017-12-15 12:40:46','2017-12-15 12:40:46',NULL),(892,13,'Sarikei','2017-12-15 12:40:46','2017-12-15 12:40:46',NULL),(893,13,'Sebauh','2017-12-15 12:40:46','2017-12-15 12:40:46',NULL),(894,13,'Sebuyau','2017-12-15 12:40:46','2017-12-15 12:40:46',NULL),(895,13,'Selangau','2017-12-15 12:40:46','2017-12-15 12:40:46',NULL),(896,13,'Sematan','2017-12-15 12:40:46','2017-12-15 12:40:46',NULL),(897,13,'Serian','2017-12-15 12:40:46','2017-12-15 12:40:46',NULL),(898,13,'Sibu','2017-12-15 12:40:46','2017-12-15 12:40:46',NULL),(899,13,'Siburan','2017-12-15 12:40:46','2017-12-15 12:40:46',NULL),(900,13,'Simunjan','2017-12-15 12:40:46','2017-12-15 12:40:46',NULL),(901,13,'Song','2017-12-15 12:40:46','2017-12-15 12:40:46',NULL),(902,13,'Spaoh','2017-12-15 12:40:46','2017-12-15 12:40:46',NULL),(903,13,'Sri Aman','2017-12-15 12:40:46','2017-12-15 12:40:46',NULL),(904,13,'Subis','2017-12-15 12:40:46','2017-12-15 12:40:46',NULL),(905,13,'Sundar','2017-12-15 12:40:46','2017-12-15 12:40:46',NULL),(906,13,'Sungai Asap','2017-12-15 12:40:46','2017-12-15 12:40:46',NULL),(907,13,'Tanjung Kidurong','2017-12-15 12:40:46','2017-12-15 12:40:46',NULL),(908,13,'Tanjung Manis','2017-12-15 12:40:46','2017-12-15 12:40:46',NULL),(909,13,'Tatau','2017-12-15 12:40:46','2017-12-15 12:40:46',NULL),(910,13,'Tebedu','2017-12-15 12:40:46','2017-12-15 12:40:46',NULL),(911,13,'Telang Usan','2017-12-15 12:40:46','2017-12-15 12:40:46',NULL),(912,13,'Tinjar','2017-12-15 12:40:46','2017-12-15 12:40:46',NULL),(913,13,'Trusan','2017-12-15 12:40:46','2017-12-15 12:40:46',NULL),(914,14,'Air Kuning Selatan','2017-12-15 12:40:46','2017-12-15 12:40:46',NULL),(915,14,'Ampangan','2017-12-15 12:40:46','2017-12-15 12:40:46',NULL),(916,14,'Ayer Kuning','2017-12-15 12:40:46','2017-12-15 12:40:46',NULL),(917,14,'Bahau','2017-12-15 12:40:46','2017-12-15 12:40:46',NULL),(918,14,'Bandar Baru Nilai','2017-12-15 12:40:46','2017-12-15 12:40:46',NULL),(919,14,'Bandar Seri Jempol','2017-12-15 12:40:46','2017-12-15 12:40:46',NULL),(920,14,'Bandar Springhill','2017-12-15 12:40:46','2017-12-15 12:40:46',NULL),(921,14,'Bandar Sri Sendayan','2017-12-15 12:40:46','2017-12-15 12:40:46',NULL),(922,14,'Batang Benar','2017-12-15 12:40:46','2017-12-15 12:40:46',NULL),(923,14,'Batu Kikir','2017-12-15 12:40:46','2017-12-15 12:40:46',NULL),(924,14,'Bukit Pelanduk','2017-12-15 12:40:46','2017-12-15 12:40:46',NULL),(925,14,'Chembong','2017-12-15 12:40:46','2017-12-15 12:40:46',NULL),(926,14,'Chengkau','2017-12-15 12:40:46','2017-12-15 12:40:46',NULL),(927,14,'Chuah','2017-12-15 12:40:46','2017-12-15 12:40:46',NULL),(928,14,'Dangi','2017-12-15 12:40:46','2017-12-15 12:40:46',NULL),(929,14,'Gemas','2017-12-15 12:40:46','2017-12-15 12:40:46',NULL),(930,14,'Gemencheh','2017-12-15 12:40:46','2017-12-15 12:40:46',NULL),(931,14,'Jelebu','2017-12-15 12:40:46','2017-12-15 12:40:46',NULL),(932,14,'Jempol','2017-12-15 12:40:46','2017-12-15 12:40:46',NULL),(933,14,'Johol','2017-12-15 12:40:46','2017-12-15 12:40:46',NULL),(934,14,'Juasseh','2017-12-15 12:40:46','2017-12-15 12:40:46',NULL),(935,14,'Kota','2017-12-15 12:40:46','2017-12-15 12:40:46',NULL),(936,14,'Kuala Klawang','2017-12-15 12:40:46','2017-12-15 12:40:46',NULL),(937,14,'Kuala Pilah','2017-12-15 12:40:46','2017-12-15 12:40:46',NULL),(938,14,'Labu','2017-12-15 12:40:46','2017-12-15 12:40:46',NULL),(939,14,'Lenggeng','2017-12-15 12:40:46','2017-12-15 12:40:46',NULL),(940,14,'Linggi','2017-12-15 12:40:46','2017-12-15 12:40:46',NULL),(941,14,'Lukut','2017-12-15 12:40:46','2017-12-15 12:40:46',NULL),(942,14,'Mambau','2017-12-15 12:40:46','2017-12-15 12:40:46',NULL),(943,14,'Mantin','2017-12-15 12:40:46','2017-12-15 12:40:46',NULL),(944,14,'Melang','2017-12-15 12:40:46','2017-12-15 12:40:46',NULL),(945,14,'Nilai','2017-12-15 12:40:46','2017-12-15 12:40:46',NULL),(946,14,'Pajam','2017-12-15 12:40:46','2017-12-15 12:40:46',NULL),(947,14,'Pantai','2017-12-15 12:40:46','2017-12-15 12:40:46',NULL),(948,14,'Paroi','2017-12-15 12:40:46','2017-12-15 12:40:46',NULL),(949,14,'Pasir Panjang','2017-12-15 12:40:46','2017-12-15 12:40:46',NULL),(950,14,'Pedas','2017-12-15 12:40:46','2017-12-15 12:40:46',NULL),(951,14,'Pelangai','2017-12-15 12:40:46','2017-12-15 12:40:46',NULL),(952,14,'Pengkalan Kempas','2017-12-15 12:40:46','2017-12-15 12:40:46',NULL),(953,14,'Pertang','2017-12-15 12:40:46','2017-12-15 12:40:46',NULL),(954,14,'Port Dickson','2017-12-15 12:40:46','2017-12-15 12:40:46',NULL),(955,14,'Rantau','2017-12-15 12:40:46','2017-12-15 12:40:46',NULL),(956,14,'Rasah','2017-12-15 12:40:46','2017-12-15 12:40:46',NULL),(957,14,'Rasah Jaya','2017-12-15 12:40:46','2017-12-15 12:40:46',NULL),(958,14,'Rembau','2017-12-15 12:40:46','2017-12-15 12:40:46',NULL),(959,14,'Rompin','2017-12-15 12:40:46','2017-12-15 12:40:46',NULL),(960,14,'Senaling','2017-12-15 12:40:46','2017-12-15 12:40:46',NULL),(961,14,'Senawang','2017-12-15 12:40:46','2017-12-15 12:40:46',NULL),(962,14,'Sepang Road','2017-12-15 12:40:46','2017-12-15 12:40:46',NULL),(963,14,'Seremban','2017-12-15 12:40:46','2017-12-15 12:40:46',NULL),(964,14,'Seremban 2','2017-12-15 12:40:46','2017-12-15 12:40:46',NULL),(965,14,'Seri Menanti','2017-12-15 12:40:46','2017-12-15 12:40:46',NULL),(966,14,'Serting','2017-12-15 12:40:46','2017-12-15 12:40:46',NULL),(967,14,'Sikamat','2017-12-15 12:40:46','2017-12-15 12:40:46',NULL),(968,14,'Siliau','2017-12-15 12:40:46','2017-12-15 12:40:46',NULL),(969,14,'Simpang Pertang','2017-12-15 12:40:46','2017-12-15 12:40:46',NULL),(970,14,'Sungai Gadut','2017-12-15 12:40:46','2017-12-15 12:40:46',NULL),(971,14,'Sungai Muntoh','2017-12-15 12:40:46','2017-12-15 12:40:46',NULL),(972,14,'Tampin','2017-12-15 12:40:46','2017-12-15 12:40:46',NULL),(973,14,'Tampin Tengah','2017-12-15 12:40:46','2017-12-15 12:40:46',NULL),(974,14,'Tanah Merah','2017-12-15 12:40:46','2017-12-15 12:40:46',NULL),(975,14,'Tanjung Ipoh','2017-12-15 12:40:46','2017-12-15 12:40:46',NULL),(976,14,'Teluk Kemang','2017-12-15 12:40:46','2017-12-15 12:40:46',NULL),(977,14,'Tiroi','2017-12-15 12:40:46','2017-12-15 12:40:46',NULL),(978,15,'Alor Janggus','2017-12-15 12:40:46','2017-12-15 12:40:46',NULL),(979,15,'Alor Mengkudu','2017-12-15 12:40:46','2017-12-15 12:40:46',NULL),(980,15,'Alor Setar','2017-12-15 12:40:46','2017-12-15 12:40:46',NULL),(981,15,'Alor Tajar','2017-12-15 12:40:46','2017-12-15 12:40:46',NULL),(982,15,'Baling','2017-12-15 12:40:46','2017-12-15 12:40:46',NULL),(983,15,'Bandar Aman Jaya','2017-12-15 12:40:46','2017-12-15 12:40:46',NULL),(984,15,'Bandar Anak Bukit','2017-12-15 12:40:46','2017-12-15 12:40:46',NULL),(985,15,'Bandar Baharu','2017-12-15 12:40:46','2017-12-15 12:40:46',NULL),(986,15,'Bandar Baru Bukit Kayu Hitam','2017-12-15 12:40:46','2017-12-15 12:40:46',NULL),(987,15,'Bandar Baru Mergong','2017-12-15 12:40:46','2017-12-15 12:40:46',NULL),(988,15,'Bandar Baru Sintok','2017-12-15 12:40:46','2017-12-15 12:40:46',NULL),(989,15,'Bandar Darulaman','2017-12-15 12:40:46','2017-12-15 12:40:46',NULL),(990,15,'Bandar Laguna Merbok','2017-12-15 12:40:46','2017-12-15 12:40:46',NULL),(991,15,'Bandar Muadzam Shah','2017-12-15 12:40:46','2017-12-15 12:40:46',NULL),(992,15,'Bandar Stargate','2017-12-15 12:40:46','2017-12-15 12:40:46',NULL),(993,15,'Bandar Tunku Puteri','2017-12-15 12:40:46','2017-12-15 12:40:46',NULL),(994,15,'Bedong','2017-12-15 12:40:46','2017-12-15 12:40:46',NULL),(995,15,'Bukit Selambau','2017-12-15 12:40:46','2017-12-15 12:40:46',NULL),(996,15,'Changlun','2017-12-15 12:40:46','2017-12-15 12:40:46',NULL),(997,15,'Guar Chempedak','2017-12-15 12:40:46','2017-12-15 12:40:46',NULL),(998,15,'Gurun','2017-12-15 12:40:46','2017-12-15 12:40:46',NULL),(999,15,'Jeniang','2017-12-15 12:40:46','2017-12-15 12:40:46',NULL);

--
-- Table structure for table `master_gender`
--

CREATE TABLE `master_gender` (
  `gender_id` int(11) NOT NULL AUTO_INCREMENT,
  `gender_desc` varchar(20) NOT NULL,
  `created_at` timestamp NOT NULL DEFAULT CURRENT_TIMESTAMP,
  `updated_at` timestamp NOT NULL DEFAULT '0000-00-00 00:00:00',
  `deleted_at` timestamp NULL DEFAULT NULL,
  PRIMARY KEY (`gender_id`)
) ENGINE=InnoDB AUTO_INCREMENT=4 DEFAULT CHARSET=latin1;

--
-- Dumping data for table `master_gender`
--

INSERT INTO `master_gender` VALUES (1,'MALE','2018-04-20 07:46:31','2018-04-20 07:46:31',NULL),(2,'FEMALE','2018-04-20 07:46:39','2018-04-20 07:46:39',NULL),(3,'OTHER','2018-04-20 07:46:45','2018-04-20 07:46:45',NULL);

--
-- Table structure for table `master_salutation`
--

CREATE TABLE `master_salutation` (
  `salutation_id` int(11) NOT NULL AUTO_INCREMENT,
  `salutation_desc` varchar(100) NOT NULL,
  `created_at` timestamp NOT NULL DEFAULT CURRENT_TIMESTAMP,
  `updated_at` timestamp NOT NULL DEFAULT '0000-00-00 00:00:00',
  `deleted_at` timestamp NULL DEFAULT NULL,
  PRIMARY KEY (`salutation_id`)
) ENGINE=InnoDB AUTO_INCREMENT=11 DEFAULT CHARSET=latin1;

--
-- Dumping data for table `master_salutation`
--

INSERT INTO `master_salutation` VALUES (1,'ENCIK','2018-04-23 06:08:17','2018-04-23 06:08:17',NULL),(2,'PUAN','2018-04-23 06:08:22','2018-04-23 06:08:22',NULL),(3,'CIK','2018-04-23 06:08:25','2018-04-23 06:08:25',NULL),(4,'SIR','2018-04-23 06:08:30','2018-04-23 06:08:30',NULL),(5,'DATUK','2018-04-23 06:08:35','2018-04-23 06:08:35',NULL),(6,'DATIN','2018-04-23 06:08:47','2018-04-23 06:08:47',NULL),(7,'DATO\'','2018-04-23 06:08:55','2018-04-23 06:08:55',NULL),(8,'DATO\' SERI','2018-04-23 06:09:31','2018-04-23 06:09:31',NULL),(9,'DATIN SERI','2018-04-23 06:09:56','2018-04-23 06:09:56',NULL),(10,'TUN','2018-04-23 06:10:01','2018-04-23 06:10:01',NULL);

--
-- Table structure for table `master_state`
--

CREATE TABLE `master_state` (
  `state_id` int(10) unsigned NOT NULL AUTO_INCREMENT,
  `state_code` char(3) COLLATE utf8_unicode_ci NOT NULL,
  `state_desc` varchar(255) COLLATE utf8_unicode_ci NOT NULL,
  `area_id` int(11) NOT NULL,
  `created_at` timestamp NOT NULL DEFAULT CURRENT_TIMESTAMP,
  `updated_at` timestamp NOT NULL DEFAULT '0000-00-00 00:00:00',
  `deleted_at` timestamp NULL DEFAULT NULL,
  PRIMARY KEY (`state_id`)
) ENGINE=InnoDB AUTO_INCREMENT=17 DEFAULT CHARSET=utf8 COLLATE=utf8_unicode_ci;

--
-- Dumping data for table `master_state`
--

INSERT INTO `master_state` VALUES (1,'JHR','JOHOR',1,'2018-05-02 03:57:20','2018-05-02 03:57:20',NULL),(2,'KDH','KEDAH',1,'2018-05-02 03:57:20','2018-05-02 03:57:20',NULL),(3,'KTN','KELANTAN',1,'2018-05-02 03:57:20','2018-05-02 03:57:20',NULL),(4,'KUL','WILAYAH PERSEKUTUAN KUALA LUMPUR',1,'2018-05-02 03:57:20','2018-05-02 03:57:20',NULL),(5,'LBN','WILAYAH PERSEKUTUAN LABUAN',2,'2018-05-02 03:57:20','2018-05-02 03:57:20',NULL),(6,'MLK','MELAKA',1,'2018-05-02 03:57:20','2018-05-02 03:57:20',NULL),(7,'NSN','NEGERI SEMBILAN',1,'2018-05-02 03:57:20','2018-05-02 03:57:20',NULL),(8,'PHG','PAHANG',1,'2018-05-02 03:57:20','2018-05-02 03:57:20',NULL),(9,'PJY','WILAYAH PERSEKUTUAN PUTRA JAYA',1,'2018-05-02 03:57:20','2018-05-02 03:57:20',NULL),(10,'PLS','PERLIS',1,'2018-05-02 03:57:20','2018-05-02 03:57:20',NULL),(11,'PNG','PULAU PINANG',1,'2018-05-02 03:57:20','2018-05-02 03:57:20',NULL),(12,'PRK','PERAK',1,'2018-05-02 03:57:20','2018-05-02 03:57:20',NULL),(13,'SBH','SABAH',2,'2018-05-02 03:57:20','2018-05-02 03:57:20',NULL),(14,'SGR','SELANGOR',1,'2018-05-02 03:57:20','2018-05-02 03:57:20',NULL),(15,'SRW','SARAWAK',2,'2018-05-02 03:57:20','2018-05-02 03:57:20',NULL),(16,'TRG','TERENGGANU',1,'2018-05-02 03:57:20','2018-05-02 03:57:20',NULL);

--
-- Table structure for table `master_state_ori`
--

CREATE TABLE `master_state_ori` (
  `state_id` int(10) unsigned NOT NULL AUTO_INCREMENT,
  `state_desc` varchar(255) COLLATE utf8_unicode_ci NOT NULL,
  `created_at` timestamp NOT NULL DEFAULT CURRENT_TIMESTAMP,
  `updated_at` timestamp NOT NULL DEFAULT '0000-00-00 00:00:00',
  `deleted_at` timestamp NULL DEFAULT NULL,
  PRIMARY KEY (`state_id`)
) ENGINE=InnoDB AUTO_INCREMENT=16 DEFAULT CHARSET=utf8 COLLATE=utf8_unicode_ci;

--
-- Dumping data for table `master_state_ori`
--

INSERT INTO `master_state_ori` VALUES (1,'Perlis','2017-12-15 12:40:43','2017-12-15 12:40:43',NULL),(2,'Kelantan','2017-12-15 12:40:43','2017-12-15 12:40:43',NULL),(3,'Pulau Pinang','2017-12-15 12:40:43','2017-12-15 12:40:43',NULL),(4,'Terengganu','2017-12-15 12:40:43','2017-12-15 12:40:43',NULL),(5,'Perak','2017-12-15 12:40:43','2017-12-15 12:40:43',NULL),(6,'Pahang','2017-12-15 12:40:43','2017-12-15 12:40:43',NULL),(7,'Selangor','2017-12-15 12:40:43','2017-12-15 12:40:43',NULL),(8,'Johor','2017-12-15 12:40:43','2017-12-15 12:40:43',NULL),(9,'W.P Kuala Lumpur','2017-12-15 12:40:43','2017-12-15 12:40:43',NULL),(10,'W.P Putrajaya','2017-12-15 12:40:43','2017-12-15 12:40:43',NULL),(11,'Sabah','2017-12-15 12:40:43','2017-12-15 12:40:43',NULL),(12,'W.P Labuan','2017-12-15 12:40:43','2017-12-15 12:40:43',NULL),(13,'Sarawak','2017-12-15 12:40:43','2017-12-15 12:40:43',NULL),(14,'Negeri Sembilan','2017-12-15 12:40:43','2017-12-15 12:40:43',NULL),(15,'Kedah','2017-12-15 12:40:43','2017-12-15 12:40:43',NULL);

--
-- Table structure for table `menus`
--

CREATE TABLE `menus` (
  `id` int(10) unsigned NOT NULL AUTO_INCREMENT,
  `parent_id` int(10) unsigned DEFAULT NULL,
  `title` varchar(255) NOT NULL,
  `label` varchar(255) NOT NULL,
  `url` text NOT NULL,
  `order` int(11) NOT NULL,
  `created_at` timestamp NULL DEFAULT NULL,
  `updated_at` timestamp NOT NULL DEFAULT CURRENT_TIMESTAMP ON UPDATE CURRENT_TIMESTAMP,
  `deleted_at` timestamp NULL DEFAULT NULL,
  PRIMARY KEY (`id`)
) ENGINE=InnoDB AUTO_INCREMENT=6 DEFAULT CHARSET=latin1;

--
-- Dumping data for table `menus`
--

INSERT INTO `menus` VALUES (1,NULL,'test','test','google.com',0,NULL,'2018-07-13 04:44:08','2018-07-12 20:44:08'),(2,1,'test','ting','testing.com',0,NULL,'2018-07-13 04:44:05','2018-07-12 20:44:04'),(3,NULL,'test','ting','google.com',0,NULL,'2018-07-16 08:13:47',NULL),(4,NULL,'tang','tang','otoworkz.my',2,NULL,'2018-07-16 08:13:48',NULL),(5,NULL,'tung','tung','web.com',1,NULL,'2018-07-16 08:13:48',NULL);

--
-- Table structure for table `migrations`
--

CREATE TABLE `migrations` (
  `id` int(10) unsigned NOT NULL AUTO_INCREMENT,
  `migration` varchar(255) COLLATE utf8_unicode_ci NOT NULL,
  `batch` int(11) NOT NULL,
  PRIMARY KEY (`id`)
) ENGINE=InnoDB AUTO_INCREMENT=7 DEFAULT CHARSET=utf8 COLLATE=utf8_unicode_ci ROW_FORMAT=DYNAMIC;

--
-- Dumping data for table `migrations`
--

INSERT INTO `migrations` VALUES (1,'2014_10_12_000000_create_users_table',1),(2,'2014_10_12_100000_create_password_resets_table',1),(3,'2017_08_29_064643_create_admins_table',1),(4,'2017_09_07_041931_create_employees_table',1),(5,'2018_04_02_142137_create_permission_tables',2),(6,'2018_04_07_170349_create_audits_table',3);

--
-- Table structure for table `penerbangan`
--

CREATE TABLE `penerbangan` (
  `penerbangan_id` bigint(20) NOT NULL AUTO_INCREMENT,
  `permohonan_id` bigint(20) NOT NULL,
  `jenis_penerbangan_id` int(11) NOT NULL,
  `penerbangan_date` date NOT NULL,
  `penerbangan_berlepas` time NOT NULL,
  `penerbangan_tiba` time DEFAULT NULL,
  `flight_company_id` int(11) NOT NULL,
  `penerbangan_no` varchar(30) DEFAULT NULL COMMENT 'no pesawat',
  `from_location_id` int(11) NOT NULL,
  `to_location_id` int(11) NOT NULL,
  `payment_method_id` int(11) DEFAULT NULL,
  `penerbangan_harga` decimal(10,2) DEFAULT NULL,
  `created_at` timestamp NOT NULL DEFAULT CURRENT_TIMESTAMP ON UPDATE CURRENT_TIMESTAMP,
  `updated_at` timestamp NOT NULL DEFAULT CURRENT_TIMESTAMP,
  `deleted_at` timestamp NULL DEFAULT NULL,
  PRIMARY KEY (`penerbangan_id`)
) ENGINE=InnoDB AUTO_INCREMENT=33 DEFAULT CHARSET=latin1;

--
-- Dumping data for table `penerbangan`
--

INSERT INTO `penerbangan` VALUES (1,1,1,'2019-03-31','01:45:00','15:15:00',1,'4324234',1,10,NULL,NULL,'2019-03-23 08:18:41','2019-03-23 06:02:47','2019-03-23 00:18:41'),(2,1,2,'2019-04-06','01:45:00','02:45:00',3,'66677',10,1,NULL,NULL,'2019-03-23 08:18:41','2019-03-23 06:02:47','2019-03-23 00:18:41'),(3,1,1,'2019-05-06','02:45:00','05:15:00',4,'335gg',8,12,NULL,NULL,'2019-03-23 08:18:41','2019-03-23 06:02:47','2019-03-23 00:18:41'),(4,2,1,'2019-04-03','16:15:00','03:15:00',3,'43322',1,12,NULL,NULL,'2019-03-23 15:19:59','2019-03-23 06:23:53','2019-03-23 07:19:59'),(5,3,2,'2019-04-03','02:15:00','04:15:00',2,'646546',7,14,NULL,NULL,'2019-03-23 07:07:08','2019-03-23 06:27:53','2019-03-22 23:07:08'),(6,4,1,'2019-04-01','03:45:00','05:45:00',3,'892121',1,8,NULL,NULL,'2019-03-23 08:15:58','2019-03-23 07:58:03','2019-03-23 00:15:58'),(7,4,1,'2019-04-01','03:45:00','05:45:00',3,'892121',1,8,NULL,NULL,'2019-03-23 08:17:21','2019-03-23 08:15:58','2019-03-23 00:17:21'),(8,4,2,'2019-03-27','04:00:00','06:00:00',2,'DSADAD',1,7,NULL,NULL,'2019-03-23 08:17:21','2019-03-23 08:15:58','2019-03-23 00:17:21'),(9,4,1,'2019-04-01','03:45:00','05:45:00',3,'892121',1,8,NULL,NULL,'2019-03-23 08:17:21','2019-03-23 08:17:21',NULL),(10,4,2,'2019-03-27','04:00:00','06:00:00',2,'DSADAD',1,7,NULL,NULL,'2019-03-23 08:17:21','2019-03-23 08:17:21',NULL),(11,1,1,'2019-03-31','01:45:00','15:15:00',1,'4324234',1,10,NULL,NULL,'2019-03-23 08:18:41','2019-03-23 08:18:41',NULL),(12,1,2,'2019-04-06','01:45:00','02:45:00',3,'66677',10,1,NULL,NULL,'2019-03-23 08:18:41','2019-03-23 08:18:41',NULL),(13,1,1,'2019-05-06','02:45:00','05:15:00',4,'335GG',8,12,NULL,NULL,'2019-03-23 08:18:41','2019-03-23 08:18:41',NULL),(14,5,1,'2019-03-31','08:30:00','09:45:00',2,'AIR6677',1,8,NULL,NULL,'2019-03-23 08:49:06','2019-03-23 08:49:06',NULL),(15,2,1,'2019-04-03','16:15:00','03:15:00',3,'43322',1,12,NULL,NULL,'2019-03-23 15:19:59','2019-03-23 15:19:59',NULL),(16,6,1,'2019-03-23','17:00:00','18:30:00',4,'6754',1,4,1,120.90,'2019-03-23 22:01:25','2019-03-23 22:01:25',NULL),(17,6,2,'2019-03-31','07:15:00','09:45:00',3,'8876',4,1,2,23.90,'2019-03-23 22:01:25','2019-03-23 22:01:25',NULL),(18,6,1,'2019-04-02','18:00:00','20:30:00',2,'876',1,3,1,50.80,'2019-03-23 22:01:25','2019-03-23 22:01:25',NULL),(19,7,1,'2019-03-31','00:15:00','04:15:00',2,'3422',1,8,NULL,NULL,'2019-03-24 16:39:19','2019-03-24 16:22:55','2019-03-24 08:39:19'),(20,7,2,'2019-04-06','12:15:00','15:15:00',4,'211',8,1,NULL,NULL,'2019-03-24 16:39:19','2019-03-24 16:22:55','2019-03-24 08:39:19'),(21,7,1,'2019-03-31','00:15:00','04:15:00',2,'3422',1,8,NULL,NULL,'2019-03-24 16:39:41','2019-03-24 16:39:19','2019-03-24 08:39:41'),(22,7,2,'2019-04-06','12:15:00','15:15:00',4,'211',8,1,NULL,NULL,'2019-03-24 16:39:41','2019-03-24 16:39:19','2019-03-24 08:39:41'),(23,7,1,'2019-03-31','00:15:00','04:15:00',2,'3422',1,8,NULL,NULL,'2019-03-24 16:41:11','2019-03-24 16:39:41','2019-03-24 08:41:11'),(24,7,2,'2019-04-06','12:15:00','15:15:00',4,'211',8,1,NULL,NULL,'2019-03-24 16:41:11','2019-03-24 16:39:41','2019-03-24 08:41:11'),(25,7,1,'2019-03-31','00:15:00','04:15:00',2,'3422',1,8,NULL,NULL,'2019-03-24 16:41:11','2019-03-24 16:41:11',NULL),(26,7,2,'2019-04-06','12:15:00','15:15:00',4,'211',8,1,NULL,NULL,'2019-03-24 16:41:11','2019-03-24 16:41:11',NULL),(27,8,1,'2019-03-01','13:00:00','15:00:00',2,'77654',6,9,NULL,NULL,'2019-03-24 17:04:43','2019-03-24 17:04:43',NULL),(28,8,2,'2019-04-06','18:00:00','21:00:00',1,'65GT',9,6,NULL,NULL,'2019-03-24 17:04:43','2019-03-24 17:04:43',NULL),(29,8,1,'2019-03-02','15:00:00','17:00:00',4,'7JUYT',1,3,NULL,NULL,'2019-03-24 17:04:43','2019-03-24 17:04:43',NULL),(30,9,2,'2019-04-04','14:00:00','16:00:00',2,'YUR5556',9,1,NULL,NULL,'2019-03-24 17:09:52','2019-03-24 17:09:31','2019-03-24 09:09:52'),(31,9,2,'2019-04-04','14:00:00','16:00:00',2,'YUR5556',9,1,NULL,NULL,'2019-03-24 17:19:05','2019-03-24 17:09:52','2019-03-24 09:19:05'),(32,9,2,'2019-04-04','14:00:00','16:00:00',2,'YUR5556',9,1,NULL,NULL,'2019-03-24 17:19:05','2019-03-24 17:19:05',NULL);

--
-- Table structure for table `permissions`
--

CREATE TABLE `permissions` (
  `id` int(10) unsigned NOT NULL AUTO_INCREMENT,
  `name` varchar(255) COLLATE utf8_unicode_ci NOT NULL,
  `description` text COLLATE utf8_unicode_ci,
  `namespace` varchar(255) COLLATE utf8_unicode_ci DEFAULT NULL,
  `controller` varchar(100) COLLATE utf8_unicode_ci DEFAULT NULL,
  `function` varchar(100) COLLATE utf8_unicode_ci DEFAULT NULL,
  `parent_menu` int(11) NOT NULL DEFAULT '0',
  `sort` int(11) NOT NULL,
  `created_at` timestamp NULL DEFAULT NULL,
  `updated_at` timestamp NULL DEFAULT NULL,
  PRIMARY KEY (`id`),
  UNIQUE KEY `permissions_name_unique` (`name`)
) ENGINE=InnoDB AUTO_INCREMENT=133 DEFAULT CHARSET=utf8 COLLATE=utf8_unicode_ci ROW_FORMAT=DYNAMIC COMMENT='ACL related';

--
-- Dumping data for table `permissions`
--

INSERT INTO `permissions` VALUES (13,'home','Dashboard Pengguna','App\\Http\\Controllers','HomeController','index',1,0,NULL,'2018-12-17 07:02:13'),(14,'administration','Pengurusan Pentadbiran','administration','AdminController','na',1,2,NULL,NULL),(15,'admin.dashboard','Dashboard Pentadbir','App\\Modules\\Admin\\Controllers','AdminController','index',1,1,NULL,NULL),(16,'user.index','Pengurusan Pengguna','App\\Http\\Controllers\\Controller','UserController','index',0,3,NULL,'2018-04-25 05:46:50'),(17,'admin.roles','Pengurusan Peranan','App\\Modules\\Admin\\Controllers','RoleController','index',0,7,NULL,'2019-03-21 08:51:51'),(18,'admin.permission','Pengurusan Permission','App\\Http\\Controllers\\Controller','PermissionController','index',0,8,NULL,'2019-03-21 08:51:51'),(19,'admin.menus','Pengurusan Menu','App\\Modules\\Admin\\Controllers','MenuController','index',0,9,NULL,'2019-03-21 08:51:51'),(20,'admin.logs','Log Sistem','Rap2hpoutre\\LaravelLogViewer','LogViewerController','index',0,10,NULL,'2019-03-21 08:51:51'),(21,'admin.config','Konfigurasi Sistem','App\\Modules\\Admin\\Controllers','AdminController','configuration',0,11,NULL,'2019-03-21 08:51:51'),(22,'admin.auditrail','Log Aktiviti Pengguna','App\\Modules\\Admin\\Controllers','AdminController','auditTrail',0,12,NULL,'2019-03-21 08:51:51'),(29,'user.disable','Nyahaktif Pengguna','App\\Modules\\Admin\\Controllers','UserController','disableUser',0,4,'2018-04-29 22:58:17','2018-04-29 22:58:17'),(30,'user.enable','Pengaktifan Pengguna','App\\Modules\\Admin\\Controllers','UserController','enableUser',0,5,'2018-04-29 22:59:02','2018-04-29 22:59:02'),(101,'data','Pengurusan Data Rujukan','App\\Modules\\Admin\\Controllers','DataManagementController','na',1,14,'2018-11-10 05:06:34','2019-03-21 08:51:51'),(104,'data.jawatan.index','Senarai Jawatan','App\\Modules\\Admin\\Controllers','DataManagementController','jawatanindex',0,20,'2018-11-17 06:59:47','2019-03-21 08:51:51'),(108,'proses.permohonan','Pengurusan Permohonan','App\\Modules\\Permohonan\\Controllers','na','na',1,22,'2018-11-25 15:08:46','2019-03-21 17:02:13'),(110,'report.index','Laporan','App\\Modules\\Report\\Controller','ReportController','index',1,26,NULL,'2019-03-21 09:15:41'),(121,'user.changerole','Tukar Peranan Pengguna','na','na','na',0,13,'2018-12-10 17:41:13','2019-03-21 08:51:51'),(123,'data.announcement.index','Pengumuman','App\\Modules\\Admin\\Controllers','DataManagementController','announcementindex',0,21,'2019-02-26 12:34:56','2019-03-21 08:51:51'),(124,'data.cawangan.index','Senarai Cawangan','App\\Modules\\Admin\\Controllers','DataManagementController','cawanganindex',0,15,'2019-03-20 17:14:43','2019-03-21 08:51:51'),(125,'data.location.index','Senarai Destinasi Penerbangan','App\\Modules\\Admin\\Controllers','DataManagementController','locationindex',0,16,'2019-03-20 17:17:41','2019-03-21 08:51:51'),(126,'data.allocation.index','Senarai Peruntukan','App\\Modules\\Admin\\Controllers','DataManagementController','allocationindex',0,17,'2019-03-20 17:18:52','2019-03-21 08:51:51'),(127,'data.flightcompany.index','Senarai Syarikat Penerbangan','App\\Modules\\Admin\\Controllers','DataManagementController','flightcompanyindex',0,18,'2019-03-20 17:20:19','2019-03-21 08:51:51'),(128,'data.unit.index','Senarai Unit Bahagian','App\\Modules\\Admin\\Controllers','DataManagementController','unitbahagianindex',0,19,'2019-03-20 17:21:11','2019-03-21 08:51:51'),(129,'user.limitupdate','Had Kemaskini Profil','na','na','na',0,6,'2019-03-21 16:51:51','2019-03-21 16:51:51'),(130,'proses.permohonan.baru','Permohonan Tiket Baru','App\\Modules\\Permohonan\\Controllers','na','na',0,23,'2019-03-21 17:04:46','2019-03-21 17:05:04'),(131,'proses.permohonan.lulus','Melulus Permohonan','App\\Modules\\Permohonan\\Controllers','na','na',0,24,'2019-03-21 17:06:15','2019-03-21 17:08:23'),(132,'proses.permohonan.belitiket','Menguruskan Tiket','App\\Modules\\Permohonan\\Controllers','na','na',0,25,'2019-03-21 17:15:41','2019-03-21 17:16:20');

--
-- Table structure for table `permohonan`
--

CREATE TABLE `permohonan` (
  `permohonan_id` bigint(11) NOT NULL AUTO_INCREMENT,
  `pemohon_id` int(11) NOT NULL,
  `allocation_id` int(11) DEFAULT NULL,
  `pembangunan_id` int(11) DEFAULT NULL,
  `permohonan_mula_tugas` date NOT NULL,
  `permohonan_tamat_tugas` date NOT NULL,
  `permohonan_nobilbom` varchar(30) DEFAULT NULL,
  `approver_id` int(11) NOT NULL,
  `permohonan_tempat_tugasan` varchar(255) NOT NULL,
  `permohonan_tujuan` text NOT NULL,
  `permohonan_catatan` text,
  `permohonan_catatan_approver` text,
  `is_wakil` int(1) NOT NULL DEFAULT '0',
  `status` char(1) NOT NULL DEFAULT 'N' COMMENT 'N-new,A-approve,C-complete,R-reject',
  `created_by` int(11) NOT NULL,
  `approved_by` int(11) DEFAULT NULL,
  `approved_date` datetime DEFAULT NULL,
  `created_at` timestamp NOT NULL DEFAULT CURRENT_TIMESTAMP ON UPDATE CURRENT_TIMESTAMP,
  `updated_at` timestamp NOT NULL DEFAULT CURRENT_TIMESTAMP,
  `deleted_at` timestamp NULL DEFAULT NULL,
  PRIMARY KEY (`permohonan_id`)
) ENGINE=InnoDB AUTO_INCREMENT=10 DEFAULT CHARSET=latin1;

--
-- Dumping data for table `permohonan`
--

INSERT INTO `permohonan` VALUES (1,515,2,3,'2019-04-01','2019-04-05','321fdfdg',320,'rumah kawan','test tujuan','test catatan','rumah kawan tiket beli sendiri',0,'R',515,NULL,NULL,'2019-03-23 14:56:10','2019-03-23 14:56:10',NULL),(2,515,1,1,'2019-04-04','2019-04-06','12345',183,'jalan kebun','xde tujuan','lepak',NULL,0,'N',515,NULL,NULL,'2019-03-23 15:19:59','2019-03-23 15:19:59',NULL),(3,515,2,2,'2019-03-31','2019-04-06','543rteer',141,'jalan kembun','dsdsd','fdsfdsfs',NULL,0,'N',515,NULL,NULL,'2019-03-23 07:10:34','2019-03-23 06:27:53','2019-03-22 23:10:34'),(4,320,1,3,'2019-03-01','2019-04-06','bom8989kemaskini',129,'subang jaya','test test kemaskini','catatan kemaskini',NULL,0,'N',320,NULL,NULL,'2019-03-23 08:17:20','2019-03-23 08:17:20',NULL),(5,205,2,1,'2019-04-01','2019-04-30','BOM15611',320,'jalan empang','UAT KB','Naik flight sorg2','ok UAT xpe',0,'A',205,NULL,NULL,'2019-03-23 14:58:48','2019-03-23 14:58:48',NULL),(6,515,2,1,'2019-03-24','2019-03-30','bom654',320,'batu kawan','test tgk cmne','mohon','ok lulus',0,'C',515,NULL,NULL,'2019-03-23 22:01:25','2019-03-23 22:01:25',NULL),(7,286,2,3,'2019-03-05','2019-03-30','2345',320,'TANJUNG GELANG, DEII','test wakil rr','catatan wakil rr','boleh dah gerak sekarang',1,'A',515,NULL,'2019-03-25 04:05:21','2019-03-24 20:05:21','2019-03-24 20:05:21',NULL),(8,515,1,4,'2019-03-01','2019-03-30',NULL,320,'TEST TAKDE WAKIL','test test xde wakil','test test xde wakil',NULL,0,'N',515,NULL,NULL,'2019-03-24 17:04:43','2019-03-24 17:04:43',NULL),(9,514,2,3,'2019-02-28','2019-04-04','76hyui888',320,'JALAN KLANG LAMA','test 444','catatan remark',NULL,1,'N',515,NULL,NULL,'2019-03-24 17:19:04','2019-03-24 17:19:04',NULL);

--
-- Table structure for table `ref_akademik`
--

CREATE TABLE `ref_akademik` (
  `akademik_id` int(11) NOT NULL AUTO_INCREMENT,
  `akademik_desc` varchar(200) NOT NULL,
  `is_active` char(1) NOT NULL DEFAULT '1',
  `created_at` timestamp NULL DEFAULT NULL,
  `updated_at` timestamp NULL DEFAULT CURRENT_TIMESTAMP,
  `deleted_at` timestamp NULL DEFAULT NULL,
  PRIMARY KEY (`akademik_id`)
) ENGINE=InnoDB DEFAULT CHARSET=latin1;

--
-- Dumping data for table `ref_akademik`
--


--
-- Table structure for table `ref_alasan`
--

CREATE TABLE `ref_alasan` (
  `alasan_id` int(11) NOT NULL AUTO_INCREMENT,
  `alasan_desc` varchar(300) NOT NULL,
  `is_active` char(1) NOT NULL DEFAULT '1',
  `created_at` timestamp NULL DEFAULT NULL,
  `updated_at` timestamp NOT NULL DEFAULT CURRENT_TIMESTAMP,
  `deleted_at` timestamp NULL DEFAULT NULL,
  PRIMARY KEY (`alasan_id`)
) ENGINE=InnoDB AUTO_INCREMENT=18 DEFAULT CHARSET=latin1;

--
-- Dumping data for table `ref_alasan`
--

INSERT INTO `ref_alasan` VALUES (1,'Cuti Rehat','0','2018-12-01 00:04:36','2018-12-01 00:04:36','2019-01-13 18:52:31'),(2,'Cuti Sakit','0','2018-12-01 00:04:36','2018-12-01 00:04:36','2019-01-13 18:52:46'),(3,'Menghadiri Mesyuarat','0','2018-12-01 00:04:36','2018-12-01 00:04:36','2019-01-13 18:59:28'),(4,'Kerja Lebih Masa','0','2018-12-01 00:04:36','2018-12-01 00:04:36','2019-01-13 18:54:14'),(5,'Cuti Bersalin','0','2018-12-01 00:04:36','2018-12-01 00:04:36','2019-01-13 18:52:59'),(6,'Menghadiri Kursus','0','2018-12-01 00:04:36','2018-12-01 00:04:36','2019-01-13 18:59:10'),(7,'Tersalah Punch','0','2018-12-01 00:04:36','2018-12-01 00:04:36','2019-01-13 18:58:31'),(8,'Cuti Tanpa Rekod','1','2018-12-01 00:04:37','2018-12-01 00:04:37','2019-01-13 18:55:00'),(9,'Cuti Tanpa Gaji','0','2018-12-01 00:04:37','2018-12-01 00:04:37','2019-01-13 18:53:39'),(10,'Mesy. Sasaran Kerja Tahunan','1','2018-12-01 00:04:37','2018-12-01 00:04:37','2019-01-13 18:53:12'),(11,'Alasan Lewat Diterima','1','2018-12-01 00:04:37','2018-12-01 00:04:37',NULL),(12,'Pelepasan Waktu Bertugas','1','2018-12-01 00:04:37','2018-12-01 00:04:37','2019-01-13 18:59:21'),(13,'Cuti Kecemasan','1','2018-12-01 00:04:37','2018-12-01 00:04:37','2019-01-13 18:53:51'),(14,'Cuti Tahunan','1','2018-12-01 00:04:37','2018-12-01 00:04:37','2019-01-13 18:54:26'),(15,'Cuti Isteri Bersalin','1','2018-12-01 00:04:37','2018-12-01 00:04:37','2019-01-13 18:54:00'),(16,'Alasan Pulang Awal Diterima','1','2018-12-01 00:04:37','2018-12-01 00:04:37',NULL),(17,'Alasan Tidak Lengkap','1','2019-01-14 02:58:50','2019-01-14 02:58:50',NULL);

--
-- Table structure for table `ref_allocation`
--

CREATE TABLE `ref_allocation` (
  `allocation_id` int(11) NOT NULL AUTO_INCREMENT,
  `allocation_desc` varchar(255) DEFAULT NULL,
  `created_by` int(11) DEFAULT NULL,
  `updated_by` int(11) DEFAULT NULL,
  `created_at` timestamp NOT NULL DEFAULT CURRENT_TIMESTAMP,
  `updated_at` timestamp NOT NULL DEFAULT CURRENT_TIMESTAMP,
  `deleted_at` timestamp NULL DEFAULT NULL,
  PRIMARY KEY (`allocation_id`)
) ENGINE=InnoDB AUTO_INCREMENT=3 DEFAULT CHARSET=latin1;

--
-- Dumping data for table `ref_allocation`
--

INSERT INTO `ref_allocation` VALUES (1,'Operasi',NULL,NULL,'2019-03-21 19:41:34','2019-03-21 19:41:34',NULL),(2,'Pembangunan',NULL,NULL,'2019-03-21 19:41:45','2019-03-21 19:41:45',NULL);

--
-- Table structure for table `ref_allocation_bkup`
--

CREATE TABLE `ref_allocation_bkup` (
  `allocation_id` int(11) NOT NULL AUTO_INCREMENT,
  `allocation_desc` varchar(255) DEFAULT NULL,
  `created_at` timestamp NOT NULL DEFAULT CURRENT_TIMESTAMP,
  `updated_at` timestamp NOT NULL DEFAULT CURRENT_TIMESTAMP,
  `deleted_at` timestamp NULL DEFAULT NULL,
  PRIMARY KEY (`allocation_id`)
) ENGINE=InnoDB AUTO_INCREMENT=6 DEFAULT CHARSET=latin1;

--
-- Dumping data for table `ref_allocation_bkup`
--

INSERT INTO `ref_allocation_bkup` VALUES (1,'NPDIR','2019-03-20 13:42:38','2019-03-20 13:42:38',NULL),(2,'PPE','2019-03-20 13:42:38','2019-03-20 13:42:38',NULL),(3,'MBR','2019-03-20 13:42:38','2019-03-20 13:42:38',NULL),(4,'PTPS','2019-03-20 13:42:38','2019-03-20 13:42:38',NULL),(5,'Testone 345','2019-03-20 18:57:54','2019-03-20 18:58:10','2019-03-20 10:59:01');

--
-- Table structure for table `ref_card`
--

CREATE TABLE `ref_card` (
  `card_id` int(11) NOT NULL AUTO_INCREMENT,
  `card_desc` varchar(20) DEFAULT NULL,
  `card_color` varchar(20) NOT NULL,
  `created_at` timestamp NULL DEFAULT NULL,
  `updated_at` timestamp NOT NULL DEFAULT CURRENT_TIMESTAMP,
  `deleted_at` timestamp NULL DEFAULT NULL,
  PRIMARY KEY (`card_id`)
) ENGINE=InnoDB AUTO_INCREMENT=4 DEFAULT CHARSET=latin1;

--
-- Dumping data for table `ref_card`
--

INSERT INTO `ref_card` VALUES (1,'Kuning','#FFFF00','2018-11-25 17:16:20','2018-11-25 14:50:57',NULL),(2,'Hijau','#00FF00','2018-11-25 17:16:24','2018-11-25 14:51:07',NULL),(3,'Merah','#FF0000','2018-11-25 17:16:28','2018-11-25 14:51:15',NULL);

--
-- Table structure for table `ref_cawangan`
--

CREATE TABLE `ref_cawangan` (
  `cawangan_id` int(11) NOT NULL AUTO_INCREMENT,
  `cawangan_desc` varchar(255) NOT NULL,
  `created_by` int(11) DEFAULT NULL,
  `updated_by` int(11) DEFAULT NULL,
  `created_at` timestamp NOT NULL DEFAULT CURRENT_TIMESTAMP,
  `updated_at` timestamp NOT NULL DEFAULT CURRENT_TIMESTAMP,
  `deleted_at` timestamp NULL DEFAULT NULL,
  PRIMARY KEY (`cawangan_id`)
) ENGINE=InnoDB AUTO_INCREMENT=9 DEFAULT CHARSET=latin1;

--
-- Dumping data for table `ref_cawangan`
--

INSERT INTO `ref_cawangan` VALUES (2,'HQ',NULL,NULL,'2019-03-20 13:37:46','2019-03-20 13:37:46',NULL),(3,'SKO',NULL,NULL,'2019-03-20 13:37:46','2019-03-20 13:37:46',NULL),(4,'SRO',NULL,NULL,'2019-03-20 13:37:46','2019-03-20 13:37:46',NULL),(5,'NRO',NULL,NULL,'2019-03-20 13:37:46','2019-03-20 13:37:46',NULL),(6,'SBO',NULL,NULL,'2019-03-20 13:37:46','2019-03-20 13:37:46',NULL),(7,'ECR',NULL,NULL,'2019-03-20 13:37:46','2019-03-20 13:37:46',NULL),(8,'Test123456',NULL,NULL,'2019-03-20 18:37:08','2019-03-20 18:37:48','2019-03-20 10:49:24');

--
-- Table structure for table `ref_flight_company`
--

CREATE TABLE `ref_flight_company` (
  `flight_company_id` int(11) NOT NULL AUTO_INCREMENT,
  `flight_company_desc` varchar(100) NOT NULL,
  `flight_company_url` varchar(200) NOT NULL,
  `created_by` int(11) DEFAULT NULL,
  `updated_by` int(11) DEFAULT NULL,
  `created_at` timestamp NOT NULL DEFAULT CURRENT_TIMESTAMP,
  `updated_at` timestamp NOT NULL DEFAULT CURRENT_TIMESTAMP,
  `deleted_at` timestamp NULL DEFAULT NULL,
  PRIMARY KEY (`flight_company_id`)
) ENGINE=InnoDB AUTO_INCREMENT=6 DEFAULT CHARSET=latin1;

--
-- Dumping data for table `ref_flight_company`
--

INSERT INTO `ref_flight_company` VALUES (1,'MAS','https://www.malaysiaairlines.com',NULL,NULL,'2019-03-20 13:34:10','2019-03-20 13:31:37',NULL),(2,'AIR ASIA','https://www.airasia.com',NULL,NULL,'2019-03-20 13:34:28','2019-03-20 13:31:42',NULL),(3,'MALINDO AIR','https://www.malindoair.com/',NULL,NULL,'2019-03-20 13:35:09','2019-03-20 13:31:54',NULL),(4,'FIREFLY','https://www.airpaz.com',NULL,NULL,'2019-03-20 13:35:11','2019-03-20 13:32:02',NULL),(5,'Saudi Test 44','https://www.saudisauair.com.m',NULL,NULL,'2019-03-20 19:17:18','2019-03-20 19:17:34','2019-03-20 11:18:02');

--
-- Table structure for table `ref_gred`
--

CREATE TABLE `ref_gred` (
  `gred_id` int(11) NOT NULL AUTO_INCREMENT,
  `gred_code` char(10) NOT NULL,
  `gred_desc` varchar(20) NOT NULL,
  `is_active` char(1) NOT NULL DEFAULT '1',
  `created_at` timestamp NULL DEFAULT NULL,
  `updated_at` timestamp NULL DEFAULT CURRENT_TIMESTAMP,
  `deleted_at` timestamp NULL DEFAULT NULL,
  PRIMARY KEY (`gred_id`)
) ENGINE=InnoDB DEFAULT CHARSET=latin1;

--
-- Dumping data for table `ref_gred`
--


--
-- Table structure for table `ref_jabatan`
--

CREATE TABLE `ref_jabatan` (
  `jabatan_id` int(11) NOT NULL AUTO_INCREMENT,
  `jabatan_desc` varchar(200) NOT NULL,
  `is_active` char(1) NOT NULL DEFAULT '1',
  `created_at` timestamp NULL DEFAULT NULL,
  `updated_at` timestamp NULL DEFAULT CURRENT_TIMESTAMP,
  `deleted_at` timestamp NULL DEFAULT NULL,
  PRIMARY KEY (`jabatan_id`)
) ENGINE=InnoDB AUTO_INCREMENT=36 DEFAULT CHARSET=latin1;

--
-- Dumping data for table `ref_jabatan`
--

INSERT INTO `ref_jabatan` VALUES (2,'JABATAN KHIDMAT PENGURUSAN','1','2019-01-01 07:48:01','2019-01-01 07:48:01',NULL),(3,'JABATAN TEKNOLOGI MAKLUMAT','1','2019-01-01 07:48:01','2019-01-01 07:48:01',NULL),(4,'BAHAGIAN PENGURUSAN HARTA','1','2019-01-01 07:48:01','2019-01-01 07:48:01',NULL),(5,'JABATAN PENILAIAN & PENGURUSAN HARTA','1','2019-01-01 07:48:01','2019-01-01 07:48:01',NULL),(6,'JABATAN PERBENDAHARAAN','1','2019-01-01 07:48:01','2019-01-01 07:48:01',NULL),(7,'JABATAN PERUNDANGAN','1','2019-01-01 07:48:01','2019-01-01 07:48:01',NULL),(8,'JABATAN KORPORAT','1','2019-01-01 07:48:01','2019-01-01 07:48:01',NULL),(9,'JABATAN PERANCANG BANDAR','1','2019-01-01 07:48:01','2019-01-01 07:48:01',NULL),(10,'JABATAN KEJURUTERAAN','1','2019-01-01 07:48:01','2019-01-01 07:48:01',NULL),(11,'JABATAN BANGUNAN','1','2019-01-01 07:48:01','2019-01-01 07:48:01',NULL),(13,'PEJABAT YANG DIPERTUA / TIMBALAN YANG DIPERTUA','1','2019-01-01 07:48:01','2019-01-01 07:48:01',NULL),(14,'BAHAGIAN KEMUDAHAN AWAM','1','2019-01-01 07:48:01','2019-01-01 07:48:01',NULL),(16,'JABATAN LANDSKAP','1','2019-01-01 07:48:01','2019-01-01 07:48:01',NULL),(17,'BAHAGIAN URUSETIA','1','2019-01-01 07:48:01','2019-01-01 07:48:01',NULL),(18,'UNIT NURSERY','1','2019-01-01 07:48:01','2019-01-01 07:48:01',NULL),(19,'JABATAN AUDIT DALAM','1','2019-01-01 07:48:01','2019-01-01 07:48:01',NULL),(20,'UNIT BENGKEL RAWANG','1','2019-01-01 07:48:01','2019-01-01 07:48:01',NULL),(22,'JABATAN PUSAT SETEMPAT (OSC)','1','2019-01-01 07:48:01','2019-01-01 07:48:01',NULL),(23,'JABATAN PENGUATKUASA & KESELAMATAN','1','2019-01-01 07:48:01','2019-01-01 07:48:01',NULL),(24,'JABATAN KONTRAK DAN UKUR BAHAN','1','2019-01-01 07:48:01','2019-01-01 07:48:01',NULL),(25,'JABATAN PELESENAN','1','2019-01-01 07:48:01','2019-01-01 07:48:01',NULL),(26,'BAHAGIAN HASIL','1','2019-01-01 07:48:01','2019-01-01 07:48:01',NULL),(29,'BAHAGIAN KESELAMATAN','1','2019-01-01 07:48:01','2019-01-01 07:48:01',NULL),(32,'UNIT URUS SELENGGARA BANGUNAN','1','2019-01-01 07:48:01','2019-01-01 07:48:01',NULL),(33,'JABATAN PEMBANGUNAN MASYARAKAT','1','2019-01-01 07:48:01','2019-01-01 07:48:01',NULL),(34,'JABATAN PENGURUSAN SISA PEPEJAL & KESIHATAN','1','2019-01-01 07:48:01','2019-01-01 07:48:01',NULL),(35,'JABATAN PESURUHJAYA BANGUNAN (COB)','1','2019-01-01 07:48:01','2019-01-01 07:48:01',NULL);

--
-- Table structure for table `ref_jawatan`
--

CREATE TABLE `ref_jawatan` (
  `jawatan_id` int(11) NOT NULL AUTO_INCREMENT,
  `jawatan_desc` varchar(255) NOT NULL,
  `role_id` int(11) NOT NULL,
  `is_active` int(1) NOT NULL DEFAULT '1',
  `created_by` int(11) DEFAULT NULL,
  `updated_by` int(11) DEFAULT NULL,
  `created_at` timestamp NOT NULL DEFAULT CURRENT_TIMESTAMP,
  `updated_at` timestamp NOT NULL DEFAULT CURRENT_TIMESTAMP,
  `deleted_at` timestamp NULL DEFAULT NULL,
  PRIMARY KEY (`jawatan_id`)
) ENGINE=InnoDB AUTO_INCREMENT=18 DEFAULT CHARSET=latin1;

--
-- Dumping data for table `ref_jawatan`
--

INSERT INTO `ref_jawatan` VALUES (1,'Penolong Pengurus',8,1,NULL,NULL,'2019-03-20 13:47:28','2019-03-20 13:47:28',NULL),(2,'Penolong Jurutera (KUP)',8,1,NULL,NULL,'2019-03-20 13:47:28','2019-03-20 13:47:28',NULL),(3,'PEMBANTU TADBIR (P/O)',8,1,NULL,NULL,'2019-03-20 13:47:28','2019-03-21 18:24:12',NULL),(4,'Pembantu Tadbir (P/O) (KUP)',8,1,NULL,NULL,'2019-03-20 13:47:28','2019-03-20 13:47:28',NULL),(5,'Pembantu Awam',8,1,NULL,NULL,'2019-03-20 13:47:28','2019-03-20 13:47:28',NULL),(6,'Pembantu Operasi',8,1,NULL,NULL,'2019-03-20 13:47:28','2019-03-20 13:47:28',NULL),(7,'Timbalan Ketua Pengarah',7,1,NULL,NULL,'2019-03-20 13:47:28','2019-03-20 13:47:28',NULL),(8,'Pengurus',8,1,NULL,NULL,'2019-03-20 13:47:28','2019-03-20 13:47:28',NULL),(9,'Setiausaha Pejabat',8,1,NULL,NULL,'2019-03-20 13:47:28','2019-03-20 13:47:28',NULL),(10,'Pengurus Kanan',8,1,NULL,NULL,'2019-03-20 13:47:28','2019-03-20 13:47:28',NULL),(11,'Pengarah',7,1,NULL,NULL,'2019-03-20 13:47:28','2019-03-20 13:47:28',NULL),(12,'Ketua Pengarah',6,1,NULL,NULL,'2019-03-20 13:47:28','2019-03-20 13:47:28',NULL),(13,'Pentadbir Sistem',2,1,NULL,NULL,'2019-03-20 13:47:28','2019-03-20 13:47:28',NULL),(14,'TEST JAWATAN 1111',8,1,NULL,NULL,'2019-03-21 07:02:48','2019-03-21 07:03:11','2019-03-21 07:03:11'),(15,'TRY AJAX',8,1,NULL,NULL,'2019-03-21 09:42:57','2019-03-21 09:42:57','2019-03-21 10:16:23'),(16,'TRY AJAX LAGI',6,1,NULL,NULL,'2019-03-21 09:44:00','2019-03-21 09:44:00','2019-03-21 10:16:30'),(17,'PENGURUS KIRI',7,1,NULL,NULL,'2019-03-21 10:30:28','2019-03-21 10:30:28','2019-03-21 10:16:40');

--
-- Table structure for table `ref_jawatan_backup`
--

CREATE TABLE `ref_jawatan_backup` (
  `jawatan_id` int(11) NOT NULL AUTO_INCREMENT,
  `jawatan_desc` varchar(100) NOT NULL,
  `jawatan_gred` varchar(10) DEFAULT NULL,
  `jawatan_kumpulan` int(11) DEFAULT NULL,
  `is_active` char(1) NOT NULL DEFAULT '1',
  `created_at` timestamp NULL DEFAULT NULL,
  `updated_at` timestamp NOT NULL DEFAULT CURRENT_TIMESTAMP,
  `deleted_at` timestamp NULL DEFAULT NULL,
  PRIMARY KEY (`jawatan_id`)
) ENGINE=InnoDB AUTO_INCREMENT=218 DEFAULT CHARSET=latin1;

--
-- Dumping data for table `ref_jawatan_backup`
--

INSERT INTO `ref_jawatan_backup` VALUES (1,'YANG DIPERTUA',NULL,NULL,'1','2019-01-01 07:48:01','2019-01-01 07:48:01',NULL),(2,'SETIAUSAHA/TIMBALAN YDP',NULL,NULL,'1','2019-01-01 07:48:01','2019-01-01 07:48:01',NULL),(3,'JURUTERA',NULL,NULL,'1','2019-01-01 07:48:01','2019-01-01 07:48:01',NULL),(4,'ARKITEK',NULL,NULL,'1','2019-01-01 07:48:01','2019-01-01 07:48:01',NULL),(5,'PEGAWAI PERANCANG',NULL,NULL,'1','2019-01-01 07:48:01','2019-01-01 07:48:01',NULL),(6,'PEGAWAI PENERANGAN',NULL,NULL,'1','2019-01-01 07:48:01','2019-01-01 07:48:01',NULL),(7,'AKAUNTAN',NULL,NULL,'1','2019-01-01 07:48:01','2019-01-01 07:48:01',NULL),(8,'PEGAWAI KESIHATAN',NULL,NULL,'1','2019-01-01 07:48:01','2019-01-01 07:48:01',NULL),(9,'PEGAWAI UNDANG-UNDANG',NULL,NULL,'1','2019-01-01 07:48:01','2019-01-01 07:48:01',NULL),(10,'PENOLONG PEGAWAI SENIBINA',NULL,NULL,'1','2019-01-01 07:48:01','2019-01-01 07:48:01',NULL),(11,'PEN. PEGAWAI PERANCANG',NULL,NULL,'1','2019-01-01 07:48:01','2019-01-01 07:48:01',NULL),(12,'PENOLONG PEGAWAI PENERANGAN',NULL,NULL,'1','2019-01-01 07:48:01','2019-01-01 07:48:01',NULL),(13,'Pen. Pegawai Teknologi Maklumat','FA29',NULL,'1','2019-01-01 07:48:01','2019-01-10 23:45:14',NULL),(14,'PEN. PEGAWAI PENILAIAN',NULL,NULL,'1','2019-01-01 07:48:01','2019-01-01 07:48:01',NULL),(15,'PENOLONG AKAUNTAN',NULL,NULL,'1','2019-01-01 07:48:01','2019-01-01 07:48:01',NULL),(16,'PEN. PEGAWAI UNDANG-UNDANG',NULL,NULL,'1','2019-01-01 07:48:01','2019-01-01 07:48:01',NULL),(17,'PENOLONG PEGAWAI TADBIR',NULL,NULL,'1','2019-01-01 07:48:01','2019-01-01 07:48:01',NULL),(18,'PEMBANTU PENGUAT KUASA',NULL,NULL,'1','2019-01-01 07:48:01','2019-01-01 07:48:01',NULL),(19,'PEN. PEGAWAI KESIHATAN PERSEKITARAN',NULL,NULL,'1','2019-01-01 07:48:01','2019-01-01 07:48:01',NULL),(20,'PEN. PEGAWAI KESIHATAN PERSEKITARAN',NULL,NULL,'1','2019-01-01 07:48:01','2019-01-01 07:48:01',NULL),(21,'PEMBANTU TADBIR (P/O)',NULL,NULL,'1','2019-01-01 07:48:01','2019-01-01 07:48:01',NULL),(23,'PEMBANTU PENGUAT KUASA',NULL,NULL,'1','2019-01-01 07:48:01','2019-01-01 07:48:01',NULL),(24,'JURUTEKNIK BANGUNAN',NULL,NULL,'1','2019-01-01 07:48:01','2019-01-01 07:48:01',NULL),(25,'JURUTEKNIK AWAM',NULL,NULL,'1','2019-01-01 07:48:01','2019-01-01 07:48:01',NULL),(26,'JURUTEKNIK SIVIL',NULL,NULL,'1','2019-01-01 07:48:01','2019-01-01 07:48:01',NULL),(27,'JURUTEKNIK MEKANIKAL',NULL,NULL,'1','2019-01-01 07:48:01','2019-01-01 07:48:01',NULL),(28,'JURUTEKNIK PERANCANG',NULL,NULL,'1','2019-01-01 07:48:01','2019-01-01 07:48:01',NULL),(29,'JURUTRENGKAS',NULL,NULL,'1','2019-01-01 07:48:01','2019-01-01 07:48:01',NULL),(30,'PELUKIS PELAN',NULL,NULL,'1','2019-01-01 07:48:01','2019-01-01 07:48:01',NULL),(31,'PEMBANTU PENILAIAN',NULL,NULL,'1','2019-01-01 07:48:01','2019-01-01 07:48:01',NULL),(32,'PEMBANTU AKAUNTAN',NULL,NULL,'1','2019-01-01 07:48:01','2019-01-01 07:48:01',NULL),(33,'PEMBANTU PERTANIAN',NULL,NULL,'1','2019-01-01 07:48:01','2019-01-01 07:48:01',NULL),(34,'OPERATOR PROSESAN DATA',NULL,NULL,'1','2019-01-01 07:48:01','2019-01-01 07:48:01',NULL),(35,'PEMBANTU TADBIR RENDAH',NULL,NULL,'1','2019-01-01 07:48:01','2019-01-01 07:48:01',NULL),(36,'PEMBANTU TADBIR RENDAH',NULL,NULL,'1','2019-01-01 07:48:01','2019-01-01 07:48:01',NULL),(37,'PENGHANTAR NOTIS',NULL,NULL,'1','2019-01-01 07:48:01','2019-01-01 07:48:01',NULL),(38,'PEMBANTU AM PEJABAT',NULL,NULL,'1','2019-01-01 07:48:01','2019-01-01 07:48:01',NULL),(39,'PEMBANTU KESIHATAN  AWAM',NULL,NULL,'1','2019-01-01 07:48:01','2019-01-01 07:48:01',NULL),(40,'PEMUNGUT JENTIK-JENTIK',NULL,NULL,'1','2019-01-01 07:48:01','2019-01-01 07:48:01',NULL),(41,'TUKANG K3',NULL,NULL,'1','2019-01-01 07:48:01','2019-01-01 07:48:01',NULL),(42,'PEMANDU KENDERAAN',NULL,NULL,'1','2019-01-01 07:48:01','2019-01-01 07:48:01',NULL),(43,'PEMANDU KENDERAAN',NULL,NULL,'1','2019-01-01 07:48:01','2019-01-01 07:48:01',NULL),(44,'PEMBANTU AWAM',NULL,NULL,'1','2019-01-01 07:48:01','2019-01-01 07:48:01',NULL),(45,'PEMBANTU AWAM',NULL,NULL,'1','2019-01-01 07:48:01','2019-01-01 07:48:01',NULL),(46,'TUKANG K2 (JURUGEGAS)',NULL,NULL,'1','2019-01-01 07:48:01','2019-01-01 07:48:01',NULL),(47,'TUKANG K2 (JURULETRIK)',NULL,NULL,'1','2019-01-01 07:48:01','2019-01-01 07:48:01',NULL),(48,'PENYELIA TASKA',NULL,NULL,'1','2019-01-01 07:48:01','2019-01-01 07:48:01',NULL),(49,'PEMBANTU TASKA',NULL,NULL,'1','2019-01-01 07:48:01','2019-01-01 07:48:01',NULL),(50,'PENOLONG ARKITEK LANDSKAP',NULL,NULL,'1','2019-01-01 07:48:01','2019-01-01 07:48:01',NULL),(51,'Pegawai Teknologi Maklumat','F41',NULL,'1','2019-01-01 07:48:01','2019-01-10 23:45:39',NULL),(52,'PENOLONG AKAUNTAN',NULL,NULL,'1','2019-01-01 07:48:01','2019-01-01 07:48:01',NULL),(53,'JURUTEKNIK KOMPUTER',NULL,NULL,'1','2019-01-01 07:48:01','2019-01-01 07:48:01',NULL),(54,'JURUTEKNIK ELEKTRIKAL',NULL,NULL,'1','2019-01-01 07:48:01','2019-01-01 07:48:01',NULL),(55,'PEGAWAI PENILAIAN',NULL,NULL,'1','2019-01-01 07:48:01','2019-01-01 07:48:01',NULL),(56,'PENOLONG  JURU AUDIT',NULL,NULL,'1','2019-01-01 07:48:01','2019-01-01 07:48:01',NULL),(57,'PEMBANTU JURU AUDIT',NULL,NULL,'1','2019-01-01 07:48:01','2019-01-01 07:48:01',NULL),(58,'PEGAWAI KAWALAN ALAM SEKITAR',NULL,NULL,'1','2019-01-01 07:48:01','2019-01-01 07:48:01',NULL),(59,'PEGAWAI ALAM SEKITAR',NULL,NULL,'1','2019-01-01 07:48:01','2019-01-01 07:48:01',NULL),(60,'PEMBANTU PENGUAT KUASA',NULL,NULL,'1','2019-01-01 07:48:01','2019-01-01 07:48:01',NULL),(61,'JURUTEKNIK BANGUNAN/AWAM',NULL,NULL,'1','2019-01-01 07:48:01','2019-01-01 07:48:01',NULL),(62,'PEMBANTU PENILAIAN',NULL,NULL,'1','2019-01-01 07:48:01','2019-01-01 07:48:01',NULL),(63,'PEMBANTU KESIHATAN AWAM',NULL,NULL,'1','2019-01-01 07:48:01','2019-01-01 07:48:01',NULL),(64,'PEN. PEGAWAI PENILAIAN',NULL,NULL,'1','2019-01-01 07:48:01','2019-01-01 07:48:01',NULL),(65,'PEMBANTU PERTANIAN',NULL,NULL,'1','2019-01-01 07:48:01','2019-01-01 07:48:01',NULL),(66,'PEMBANTU AKAUNTAN',NULL,NULL,'1','2019-01-01 07:48:01','2019-01-01 07:48:01',NULL),(67,'PEMBANTU AM PEJABAT',NULL,NULL,'1','2019-01-01 07:48:01','2019-01-01 07:48:01',NULL),(68,'PENOLONG PEGAWAI SENIBINA',NULL,NULL,'1','2019-01-01 07:48:01','2019-01-01 07:48:01',NULL),(69,'SETIAUSAHA/ PEGAWAI TADBIR',NULL,NULL,'1','2019-01-01 07:48:01','2019-01-01 07:48:01',NULL),(70,'PEMBANTU TADBIR (KEWANGAN)',NULL,NULL,'1','2019-01-01 07:48:01','2019-01-01 07:48:01',NULL),(71,'PEMBANTU TADBIR (KESETIAUSAHAAN)',NULL,NULL,'1','2019-01-01 07:48:01','2019-01-01 07:48:01',NULL),(72,'PEMBANTU TEKNIK MEKANIKAL',NULL,NULL,'1','2019-01-01 07:48:01','2019-01-01 07:48:01',NULL),(73,'PENOLONG PEGAWAI SENIBINA',NULL,NULL,'1','2019-01-01 07:48:01','2019-01-01 07:48:01',NULL),(74,'PENGAWAL KESELAMATAN',NULL,NULL,'1','2019-01-01 07:48:01','2019-01-01 07:48:01',NULL),(75,'PEMBANTU BELIA DAN SUKAN',NULL,NULL,'1','2019-01-01 07:48:01','2019-01-01 07:48:01',NULL),(76,'PEGAWAI PENGUATKUASA',NULL,NULL,'1','2019-01-01 07:48:01','2019-01-01 07:48:01',NULL),(77,'JURU AUDIT',NULL,NULL,'1','2019-01-01 07:48:01','2019-01-01 07:48:01',NULL),(78,'PEGAWAI KHIDMAT PELANGGAN',NULL,NULL,'1','2019-01-01 07:48:01','2019-01-01 07:48:01',NULL),(79,'JURUUKUR BANGUNAN',NULL,NULL,'1','2019-01-01 07:48:01','2019-01-01 07:48:01',NULL),(80,'ARKITEK LANDSKAP',NULL,NULL,'1','2019-01-01 07:48:01','2019-01-01 07:48:01',NULL),(81,'PEN. PEGAWAI TDBIR',NULL,NULL,'1','2019-01-01 07:48:01','2019-01-01 07:48:01',NULL),(82,'PEN. PEGAWAI TADBIR',NULL,NULL,'1','2019-01-01 07:48:01','2019-01-01 07:48:01',NULL),(83,'PEMBANTU TEKNIK ELEKTRIKAL',NULL,NULL,'1','2019-01-01 07:48:01','2019-01-01 07:48:01',NULL),(84,'JURUUKUR BAHAN',NULL,NULL,'1','2019-01-01 07:48:01','2019-01-01 07:48:01',NULL),(85,'AHLI FOTOGRAFI',NULL,NULL,'1','2019-01-01 07:48:01','2019-01-01 07:48:01',NULL),(86,'PEMBANTU KESIHATAN AWAM',NULL,NULL,'1','2019-01-01 07:48:01','2019-01-01 07:48:01',NULL),(87,'JURUTERA',NULL,NULL,'1','2019-01-01 07:48:01','2019-01-01 07:48:01',NULL),(88,'AKAUNTAN',NULL,NULL,'1','2019-01-01 07:48:01','2019-01-01 07:48:01',NULL),(89,'PEGAWAI PERANCANG',NULL,NULL,'1','2019-01-01 07:48:01','2019-01-01 07:48:01',NULL),(90,'JURU AUDIO VISUAL',NULL,NULL,'1','2019-01-01 07:48:01','2019-01-01 07:48:01',NULL),(91,'AHLI FOTOGRAFI',NULL,NULL,'1','2019-01-01 07:48:01','2019-01-01 07:48:01',NULL),(92,'PEGAWAI PERUBATAN',NULL,NULL,'1','2019-01-01 07:48:01','2019-01-01 07:48:01',NULL),(93,'PEGAWAI PENILAIAN',NULL,NULL,'1','2019-01-01 07:48:01','2019-01-01 07:48:01',NULL),(94,'PEGAWAI TEKNOLOGI MAKLUMAT',NULL,NULL,'1','2019-01-01 07:48:01','2019-01-01 07:48:01',NULL),(95,'PEGAWAI TADBIR',NULL,NULL,'1','2019-01-01 07:48:01','2019-01-01 07:48:01',NULL),(96,'JURUTEKNIK LANDSKAP',NULL,NULL,'1','2019-01-01 07:48:01','2019-01-01 07:48:01',NULL),(97,'JURUTERA ELEKTRIKAL',NULL,NULL,'1','2019-01-01 07:48:01','2019-01-01 07:48:01',NULL),(98,'AKAUNTAN',NULL,NULL,'1','2019-01-01 07:48:01','2019-01-01 07:48:01',NULL),(100,'JURUTEKNIK UKUR BAHAN',NULL,NULL,'1','2019-01-01 07:48:01','2019-01-01 07:48:01',NULL),(101,'TUGAS KHAS',NULL,NULL,'1','2019-01-01 07:48:01','2019-01-01 07:48:01',NULL),(103,'PEGAWAI PENGUATKUASA',NULL,NULL,'1','2019-01-01 07:48:01','2019-01-01 07:48:01',NULL),(104,'SETIAUSAHA PEJABAT',NULL,NULL,'1','2019-01-01 07:48:01','2019-01-01 07:48:01',NULL),(105,'PEN. JURUUKUR BAHAN',NULL,NULL,'1','2019-01-01 07:48:01','2019-01-01 07:48:01',NULL),(109,'PEGAWAI PENERANGAN',NULL,NULL,'1','2019-01-01 07:48:01','2019-01-01 07:48:01',NULL),(111,'PEN. PEGAWAI PERLESENAN',NULL,NULL,'1','2019-01-01 07:48:01','2019-01-01 07:48:01',NULL),(113,'PEGAWAI BELIA DAN SUKAN',NULL,NULL,'1','2019-01-01 07:48:01','2019-01-01 07:48:01',NULL),(114,'PENOLONG PEGAWAI BELIA DAN SUKAN',NULL,NULL,'1','2019-01-01 07:48:01','2019-01-01 07:48:01',NULL),(115,'PENOLONG PEGAWAI KAWALAN ALAM SEKITAR',NULL,NULL,'1','2019-01-01 07:48:01','2019-01-01 07:48:01',NULL),(116,'SETIAUSAHA / TIMBALAN YDP',NULL,NULL,'1','2019-01-01 07:48:01','2019-01-01 07:48:01',NULL),(118,'ARKITEK LANDSKAP',NULL,NULL,'1','2019-01-01 07:48:01','2019-01-01 07:48:01',NULL),(120,'PEGAWAI TADBIR',NULL,NULL,'1','2019-01-01 07:48:01','2019-01-01 07:48:01',NULL),(124,'PEGAWAI PENGUATKUASA',NULL,NULL,'1','2019-01-01 07:48:01','2019-01-01 07:48:01',NULL),(125,'PENOLONG ARKITEK LANDSKAP',NULL,NULL,'1','2019-01-01 07:48:01','2019-01-01 07:48:01',NULL),(126,'JURUTEKNIK ALAM SEKITAR',NULL,NULL,'1','2019-01-01 07:48:01','2019-01-01 07:48:01',NULL),(127,'PENOLONG JURUTERA',NULL,NULL,'1','2019-01-01 07:48:01','2019-01-01 07:48:01',NULL),(128,'PEGAWAI PERUBATAN',NULL,NULL,'1','2019-01-01 07:48:01','2019-01-01 07:48:01',NULL),(129,'PEGAWAI VETERINAR',NULL,NULL,'1','2019-01-01 07:48:01','2019-01-01 07:48:01',NULL),(130,'JURUTEKNIK LANDSKAP',NULL,NULL,'1','2019-01-01 07:48:01','2019-01-01 07:48:01',NULL),(131,'JURUTERA',NULL,NULL,'1','2019-01-01 07:48:01','2019-01-01 07:48:01',NULL),(132,'ARKITEK',NULL,NULL,'1','2019-01-01 07:48:01','2019-01-01 07:48:01',NULL),(133,'JURURAWAT',NULL,NULL,'1','2019-01-01 07:48:01','2019-01-01 07:48:01',NULL),(134,'PEGAWAI PERUBATAN',NULL,NULL,'1','2019-01-01 07:48:01','2019-01-01 07:48:01',NULL),(135,'PEN. PEGAWAI KESIHATAN PERSEKITARAN',NULL,NULL,'1','2019-01-01 07:48:01','2019-01-01 07:48:01',NULL),(136,'PEKERJA AWAM',NULL,NULL,'1','2019-01-01 07:48:01','2019-01-01 07:48:01',NULL),(137,'PEGAWAI PENILAIAN',NULL,NULL,'1','2019-01-01 07:48:01','2019-01-01 07:48:01',NULL),(138,'JURUAUDIT',NULL,NULL,'1','2019-01-01 07:48:01','2019-01-01 07:48:01',NULL),(139,'PEN. PEGAWAI PERUBATAN',NULL,NULL,'1','2019-01-01 07:48:01','2019-01-01 07:48:01',NULL),(140,'PENOLONG PEGAWAI SENIBINA',NULL,NULL,'1','2019-01-01 07:48:01','2019-01-01 07:48:01',NULL),(142,'PENOLONG JURUTERA',NULL,NULL,'1','2019-01-01 07:48:01','2019-01-01 07:48:01',NULL),(143,'PENJAGA JENTERA ELEKTRIK',NULL,NULL,'1','2019-01-01 07:48:01','2019-01-01 07:48:01',NULL),(144,'JURUTERA',NULL,NULL,'1','2019-01-01 07:48:01','2019-01-01 07:48:01',NULL),(145,'PEGAWAI PERANCANG BANDAR DAN DESA',NULL,NULL,'1','2019-01-01 07:48:01','2019-01-01 07:48:01',NULL),(146,'PEMBANTU AWAM',NULL,NULL,'1','2019-01-01 07:48:01','2019-01-01 07:48:01',NULL),(147,'PENYELAMAT',NULL,NULL,'1','2019-01-01 07:48:01','2019-01-01 07:48:01',NULL),(148,'PEGAWAI TADBIR',NULL,NULL,'1','2019-01-01 07:48:01','2019-01-01 07:48:01',NULL),(149,'PEN. PEGAWAI PERANCANG BANDAR DAN DESA',NULL,NULL,'1','2019-01-01 07:48:01','2019-01-01 07:48:01',NULL),(150,'PEN. PEGAWAI KEBUDAYAAN',NULL,NULL,'1','2019-01-01 07:48:01','2019-01-01 07:48:01',NULL),(151,'PEMANDU KENDERAAN',NULL,NULL,'1','2019-01-01 07:48:01','2019-01-01 07:48:01',NULL),(152,'PENGHANTAR NOTIS',NULL,NULL,'1','2019-01-01 07:48:01','2019-01-01 07:48:01',NULL),(153,'PEMBANTU OPERASI',NULL,NULL,'1','2019-01-01 07:48:01','2019-01-01 07:48:01',NULL),(154,'PEMBANTU KEMAHIRAN',NULL,NULL,'1','2019-01-01 07:48:01','2019-01-01 07:48:01',NULL),(155,'PEMBANTU KEMAHIRAN',NULL,NULL,'1','2019-01-01 07:48:01','2019-01-01 07:48:01',NULL),(156,'PEMANDU KENDERAAN',NULL,NULL,'1','2019-01-01 07:48:01','2019-01-01 07:48:01',NULL),(157,'PEKERJA AWAM (KUP)',NULL,NULL,'1','2019-01-01 07:48:01','2019-01-01 07:48:01',NULL),(158,'PEMBANTU AM PEJABAT (KUP)',NULL,NULL,'1','2019-01-01 07:48:01','2019-01-01 07:48:01',NULL),(159,'TUKANG K2 (JURUGEGAS) KUP',NULL,NULL,'1','2019-01-01 07:48:01','2019-01-01 07:48:01',NULL),(160,'PENOLONG ARKITEK LANDSKAP',NULL,NULL,'1','2019-01-01 07:48:01','2019-01-01 07:48:01',NULL),(161,'PENOLONG PEGAWAI PENGUATKUASA',NULL,NULL,'1','2019-01-01 07:48:01','2019-01-01 07:48:01',NULL),(162,'PENOLONG PEGAWAI VETERINAR',NULL,NULL,'1','2019-01-01 07:48:01','2019-01-01 07:48:01',NULL),(163,'PEGAWAI UNDANG-UNDANG',NULL,NULL,'1','2019-01-01 07:48:01','2019-01-01 07:48:01',NULL),(164,'PEGAWAI KESIHATAN DAN PERSEKITARAN',NULL,NULL,'1','2019-01-01 07:48:01','2019-01-01 07:48:01',NULL),(165,'PEGAWAI PERANCANG BANDAR DAN DESA',NULL,NULL,'1','2019-01-01 07:48:01','2019-01-01 07:48:01',NULL),(166,'PEGAWAI BELIA DAN SUKAN',NULL,NULL,'1','2019-01-01 07:48:01','2019-01-01 07:48:01',NULL),(167,'JURUTERA ELEKTRIK',NULL,NULL,'1','2019-01-01 07:48:01','2019-01-01 07:48:01',NULL),(168,'PENOLONG JURUTERA',NULL,NULL,'1','2019-01-01 07:48:01','2019-01-01 07:48:01',NULL),(169,'JURUUKUR BAHAN',NULL,NULL,'1','2019-01-01 07:48:01','2019-01-01 07:48:01',NULL),(170,'PEGAWAI KESIHATAN',NULL,NULL,'1','2019-01-01 07:48:01','2019-01-01 07:48:01',NULL),(171,'YANG DIPERTUA',NULL,NULL,'1','2019-01-01 07:48:01','2019-01-01 07:48:01',NULL),(172,'PEGAWAI KAWALAN ALAM SEKITAR C48',NULL,NULL,'1','2019-01-01 07:48:01','2019-01-01 07:48:01',NULL),(173,'PEMBANTU TADBIR (P/O)',NULL,NULL,'1','2019-01-01 07:48:01','2019-01-01 07:48:01',NULL),(174,'PENOLONG JURUAUDIT',NULL,NULL,'1','2019-01-01 07:48:01','2019-01-01 07:48:01',NULL),(175,'PEGAWAI PERANCANG',NULL,NULL,'1','2019-01-01 07:48:01','2019-01-01 07:48:01',NULL),(176,'AKAUNTAN',NULL,NULL,'1','2019-01-01 07:48:01','2019-01-01 07:48:01',NULL),(177,'ARKITEK LANDSKAP',NULL,NULL,'1','2019-01-01 07:48:01','2019-01-01 07:48:01',NULL),(178,'PEGAWAI TEKNOLOGI MAKLUMAT',NULL,NULL,'1','2019-01-01 07:48:01','2019-01-01 07:48:01',NULL),(179,'PEGAWAI PENERANGAN',NULL,NULL,'1','2019-01-01 07:48:01','2019-01-01 07:48:01',NULL),(180,'JURUAUDIT',NULL,NULL,'1','2019-01-01 07:48:01','2019-01-01 07:48:01',NULL),(181,'PEGAWAI PERANCANG BANDAR DAN DESA',NULL,NULL,'1','2019-01-01 07:48:01','2019-01-01 07:48:01',NULL),(182,'PENOLONG JURUUKUR BAHAN',NULL,NULL,'1','2019-01-01 07:48:01','2019-01-01 07:48:01',NULL),(183,'PENOLONG PEGAWAI PERTANIAN',NULL,NULL,'1','2019-01-01 07:48:01','2019-01-01 07:48:01',NULL),(184,'PEGAWAI PENILAIAN',NULL,NULL,'1','2019-01-01 07:48:01','2019-01-01 07:48:01',NULL),(185,'ARKITEK',NULL,NULL,'1','2019-01-01 07:48:01','2019-01-01 07:48:01',NULL),(186,'PEMBANTU TADBIR (KEWANGAN)',NULL,NULL,'1','2019-01-01 07:48:01','2019-01-01 07:48:01',NULL),(187,'PENOLONG PEGAWAI PERTANIAN',NULL,NULL,'1','2019-01-01 07:48:01','2019-01-01 07:48:01',NULL),(188,'PENOLONG PEGAWAI PENILAIAN',NULL,NULL,'1','2019-01-01 07:48:01','2019-01-01 07:48:01',NULL),(189,'PEMBANTU BELIA DAN SUKAN',NULL,NULL,'1','2019-01-01 07:48:01','2019-01-01 07:48:01',NULL),(190,'JURUTEKNIK KOMPUTER',NULL,NULL,'1','2019-01-01 07:48:01','2019-01-01 07:48:01',NULL),(191,'PEN. PEGAWAI KAWALAN ALAM SEKITAR',NULL,NULL,'1','2019-01-01 07:48:01','2019-01-01 07:48:01',NULL),(192,'PEMBANTU AWAM',NULL,NULL,'1','2019-01-01 07:48:01','2019-01-01 07:48:01',NULL),(193,'PENOLONG JURUTERA',NULL,NULL,'1','2019-01-01 07:48:01','2019-01-01 07:48:01',NULL),(194,'PENOLONG PEGAWAI TADBIR',NULL,NULL,'1','2019-01-01 07:48:01','2019-01-01 07:48:01',NULL),(195,'PEMBANTU TADBIR (P/O)',NULL,NULL,'1','2019-01-01 07:48:01','2019-01-01 07:48:01',NULL),(196,'PEMBANTU PENILAIAN',NULL,NULL,'1','2019-01-01 07:48:01','2019-01-01 07:48:01',NULL),(197,'PEMBANTU KESIHATAN AWAM',NULL,NULL,'1','2019-01-01 07:48:01','2019-01-01 07:48:01',NULL),(199,'PENOLONG PEGAWAI BELIA & SUKAN',NULL,NULL,'1','2019-01-01 07:48:01','2019-01-01 07:48:01',NULL),(200,'PEMBANTU KENDERAAN',NULL,NULL,'1','2019-01-01 07:48:01','2019-01-01 07:48:01',NULL),(201,'PEMANDU KENDERAAN',NULL,NULL,'1','2019-01-01 07:48:01','2019-01-01 07:48:01',NULL),(202,'PENOLONG AKAUNTAN',NULL,NULL,'1','2019-01-01 07:48:01','2019-01-01 07:48:01',NULL),(203,'PENOLONG PEGAWAI UNDANG-UNDANG',NULL,NULL,'1','2019-01-01 07:48:01','2019-01-01 07:48:01',NULL),(204,'PEMBANTU TADBIR (P/O) (KUP)',NULL,NULL,'1','2019-01-01 07:48:01','2019-01-01 07:48:01',NULL),(205,'PEMANDU KENDERAAN (KUP)',NULL,NULL,'1','2019-01-01 07:48:01','2019-01-01 07:48:01',NULL),(206,'PEMBANTU OPERASI',NULL,NULL,'1','2019-01-01 07:48:01','2019-01-01 07:48:01',NULL),(207,'PEMBANTU PENGUAT KUASA',NULL,NULL,'1','2019-01-01 07:48:01','2019-01-01 07:48:01',NULL),(208,'PEMBANTU PENILAIAN (KUP)',NULL,NULL,'1','2019-01-01 07:48:01','2019-01-01 07:48:01',NULL),(209,'JURUTEKNIK KOMPUTER (KUP)',NULL,NULL,'1','2019-01-01 07:48:01','2019-01-01 07:48:01',NULL),(210,'PEMBANTU TADBIR KEWANGAN (KUP)',NULL,NULL,'1','2019-01-01 07:48:01','2019-01-01 07:48:01',NULL),(211,'PEMBANTU KESIHATAN AWAM U26',NULL,NULL,'1','2019-01-01 07:48:01','2019-01-01 07:48:01',NULL),(212,'PEMBANTU OPERASI',NULL,NULL,'1','2019-01-01 07:48:01','2019-01-01 07:48:01',NULL),(213,'PEGAWAI PENGUAT KUASA',NULL,NULL,'1','2019-01-01 07:48:01','2019-01-01 07:48:01',NULL),(214,'PENOLONG PEGAWAI KESELAMATAN',NULL,NULL,'1','2019-01-01 07:48:01','2019-01-01 07:48:01',NULL),(215,'PEN. PEGAWAI PENGUAT KUASA',NULL,NULL,'1','2019-01-01 07:48:01','2019-01-01 07:48:01',NULL),(216,'SETIAUSAHA/TIMBALAN YANG DIPERTUA',NULL,NULL,'1','2019-01-01 07:48:01','2019-01-01 07:48:01',NULL),(217,'PEMBANTU TADBIR (KEWANGAN) KUP',NULL,NULL,'1','2019-01-01 07:48:01','2019-01-01 07:48:01',NULL);

--
-- Table structure for table `ref_jawatan_old`
--

CREATE TABLE `ref_jawatan_old` (
  `jawatan_id` int(11) NOT NULL AUTO_INCREMENT,
  `jawatan_desc` varchar(100) NOT NULL,
  `jawatan_gred` varchar(10) DEFAULT NULL,
  `jawatan_kumpulan` int(11) DEFAULT NULL,
  `is_active` char(1) NOT NULL DEFAULT '1',
  `created_at` timestamp NULL DEFAULT NULL,
  `updated_at` timestamp NOT NULL DEFAULT CURRENT_TIMESTAMP,
  `deleted_at` timestamp NULL DEFAULT NULL,
  PRIMARY KEY (`jawatan_id`)
) ENGINE=InnoDB AUTO_INCREMENT=131 DEFAULT CHARSET=latin1;

--
-- Dumping data for table `ref_jawatan_old`
--

INSERT INTO `ref_jawatan_old` VALUES (1,'AKAUNTAN','WA44',NULL,'1','2019-02-17 09:30:26','2019-02-17 09:30:26',NULL),(2,'AKAUNTAN','WA52',NULL,'1','2019-02-17 09:30:26','2019-02-17 09:30:26',NULL),(3,'ARKITEK','J41',NULL,'1','2019-02-17 09:30:26','2019-02-17 09:30:26',NULL),(4,'ARKITEK','J48',NULL,'1','2019-02-17 09:30:26','2019-02-17 09:30:26',NULL),(5,'ARKITEK LANDSKAP','J44',NULL,'1','2019-02-17 09:30:26','2019-02-17 09:30:26',NULL),(6,'ARKITEK LANDSKAP','J48',NULL,'1','2019-02-17 09:30:26','2019-02-17 09:30:26',NULL),(7,'JURUAUDIO VISUAL','N19',NULL,'1','2019-02-17 09:30:26','2019-02-17 09:30:26',NULL),(8,'JURUAUDIT','W44',NULL,'1','2019-02-17 09:30:26','2019-02-17 09:30:26',NULL),(9,'JURUAUDIT','W48',NULL,'1','2019-02-17 09:30:26','2019-02-17 09:30:26',NULL),(10,'JURUFOTOGRAFI','B19',NULL,'1','2019-02-17 09:30:26','2019-02-17 09:30:26',NULL),(11,'JURURAWAT','U29',NULL,'1','2019-02-17 09:30:26','2019-02-17 09:30:26',NULL),(12,'JURUTEKNIK KOMPUTER','FT19',NULL,'1','2019-02-17 09:30:26','2019-02-17 09:30:26',NULL),(13,'JURUTEKNIK KOMPUTER (KUP)','FT22',NULL,'1','2019-02-17 09:30:26','2019-02-17 09:30:26',NULL),(14,'JURUTERA','J41',NULL,'1','2019-02-17 09:30:26','2019-02-17 09:30:26',NULL),(15,'JURUTERA','J44',NULL,'1','2019-02-17 09:30:26','2019-02-17 09:30:26',NULL),(16,'JURUTERA','J52',NULL,'1','2019-02-17 09:30:26','2019-02-17 09:30:26',NULL),(17,'JURUTERA ELEKTRIKAL','J41',NULL,'1','2019-02-17 09:30:26','2019-02-17 09:30:26',NULL),(18,'JURUTERA ELEKTRIKAL','J44',NULL,'1','2019-02-17 09:30:26','2019-02-17 09:30:26',NULL),(19,'JURUTERA GEOTEKNIKAL','J41',NULL,'1','2019-02-17 09:30:26','2019-02-17 09:30:26',NULL),(20,'JURUUKUR BAHAN','J44',NULL,'1','2019-02-17 09:30:26','2019-02-17 09:30:26',NULL),(21,'PEGAWAI BELIA DAN SUKAN','S44',NULL,'1','2019-02-17 09:30:26','2019-02-17 09:30:26',NULL),(22,'PEGAWAI KAWALAN ALAM SEKITAR','C41',NULL,'1','2019-02-17 09:30:26','2019-02-17 09:30:26',NULL),(23,'PEGAWAI KAWALAN ALAM SEKITAR','C48',NULL,'1','2019-02-17 09:30:26','2019-02-17 09:30:26',NULL),(24,'PEGAWAI KHIDMAT PELANGGAN','N19',NULL,'1','2019-02-17 09:30:26','2019-02-17 09:30:26',NULL),(25,'PEGAWAI PENERANGAN','S41',NULL,'1','2019-02-17 09:30:26','2019-02-17 09:30:26',NULL),(26,'PEGAWAI PENERANGAN','S48',NULL,'1','2019-02-17 09:30:26','2019-02-17 09:30:26',NULL),(27,'PEGAWAI PENGUAT KUASA','KP41',NULL,'1','2019-02-17 09:30:26','2019-02-17 09:30:26',NULL),(28,'PEGAWAI PENGUAT KUASA','KP44',NULL,'1','2019-02-17 09:30:26','2019-02-17 09:30:26',NULL),(29,'PEGAWAI PENGUAT KUASA','KP48',NULL,'1','2019-02-17 09:30:26','2019-02-17 09:30:26',NULL),(30,'PEGAWAI PENILAIAN','W41',NULL,'1','2019-02-17 09:30:26','2019-02-17 09:30:26',NULL),(31,'PEGAWAI PENILAIAN','W44',NULL,'1','2019-02-17 09:30:26','2019-02-17 09:30:26',NULL),(32,'PEGAWAI PENILAIAN','W52',NULL,'1','2019-02-17 09:30:26','2019-02-17 09:30:26',NULL),(33,'PEGAWAI PERANCANG','J41',NULL,'1','2019-02-17 09:30:26','2019-02-17 09:30:26',NULL),(34,'PEGAWAI PERANCANG','J44',NULL,'1','2019-02-17 09:30:26','2019-02-17 09:30:26',NULL),(35,'PEGAWAI TADBIR','N41',NULL,'1','2019-02-17 09:30:26','2019-02-17 09:30:26',NULL),(36,'PEGAWAI TADBIR','N44',NULL,'1','2019-02-17 09:30:26','2019-02-17 09:30:26',NULL),(37,'PEGAWAI TADBIR','N48',NULL,'1','2019-02-17 09:30:26','2019-02-17 09:30:26',NULL),(38,'PEGAWAI TADBIR','N52',NULL,'1','2019-02-17 09:30:26','2019-02-17 09:30:26',NULL),(39,'PEGAWAI TEKNOLOGI MAKLUMAT','F44',NULL,'1','2019-02-17 09:30:26','2019-02-17 09:30:26',NULL),(40,'PEGAWAI TEKNOLOGI MAKLUMAT','F48',NULL,'1','2019-02-17 09:30:26','2019-02-17 09:30:26',NULL),(41,'PEGAWAI UNDANG-UNDANG','L41',NULL,'1','2019-02-17 09:30:26','2019-02-17 09:30:26',NULL),(42,'PEGAWAI UNDANG-UNDANG','L44',NULL,'1','2019-02-17 09:30:26','2019-02-17 09:30:26',NULL),(43,'PEGAWAI UNDANG-UNDANG','L48',NULL,'1','2019-02-17 09:30:26','2019-02-17 09:30:26',NULL),(44,'PEKERJA  AWAM','R1',NULL,'1','2019-02-17 09:30:26','2019-02-17 09:30:26',NULL),(45,'PEKERJA AWAM (KUP)','R1',NULL,'1','2019-02-17 09:30:26','2019-02-17 09:30:26',NULL),(46,'PELUKIS PELAN','JA19',NULL,'1','2019-02-17 09:30:26','2019-02-17 09:30:26',NULL),(47,'PEMANDU KENDERAAN','H11',NULL,'1','2019-02-17 09:30:26','2019-02-17 09:30:26',NULL),(48,'PEMANDU KENDERAAN','H14',NULL,'1','2019-02-17 09:30:26','2019-02-17 09:30:26',NULL),(49,'PEMANDU KENDERAAN','R3',NULL,'1','2019-02-17 09:30:26','2019-02-17 09:30:26',NULL),(50,'PEMANDU KENDERAAN (KUP)','R3',NULL,'1','2019-02-17 09:30:26','2019-02-17 09:30:26',NULL),(51,'PEMBANTU AKAUNTAN','W19',NULL,'1','2019-02-17 09:30:26','2019-02-17 09:30:26',NULL),(52,'PEMBANTU AM PEJABAT (KUP)','N1',NULL,'1','2019-02-17 09:30:26','2019-02-17 09:30:26',NULL),(53,'PEMBANTU AM PEJABAT (KUP)','N4',NULL,'1','2019-02-17 09:30:26','2019-02-17 09:30:26',NULL),(54,'PEMBANTU AWAM','H11',NULL,'1','2019-02-17 09:30:26','2019-02-17 09:30:26',NULL),(55,'PEMBANTU AWAM','H14',NULL,'1','2019-02-17 09:30:26','2019-02-17 09:30:26',NULL),(56,'PEMBANTU BELIA DAN SUKAN','S19',NULL,'1','2019-02-17 09:30:26','2019-02-17 09:30:26',NULL),(57,'PEMBANTU JURUAUDIT','W19',NULL,'1','2019-02-17 09:30:26','2019-02-17 09:30:26',NULL),(58,'PEMBANTU KEMAHIRAN','H19',NULL,'1','2019-02-17 09:30:26','2019-02-17 09:30:26',NULL),(59,'PEMBANTU KEMAHIRAN','H22',NULL,'1','2019-02-17 09:30:26','2019-02-17 09:30:26',NULL),(60,'PEMBANTU KESIHATAN AWAM','U19',NULL,'1','2019-02-17 09:30:26','2019-02-17 09:30:26',NULL),(61,'PEMBANTU KESIHATAN AWAM','U24',NULL,'1','2019-02-17 09:30:26','2019-02-17 09:30:26',NULL),(62,'PEMBANTU KESIHATAN AWAM','U26',NULL,'1','2019-02-17 09:30:26','2019-02-17 09:30:26',NULL),(63,'PEMBANTU OPERASI','N11',NULL,'1','2019-02-17 09:30:26','2019-02-17 09:30:26',NULL),(64,'PEMBANTU OPERASI','N14',NULL,'1','2019-02-17 09:30:26','2019-02-17 09:30:26',NULL),(65,'PEMBANTU PENGUAT KUASA','KP19',NULL,'1','2019-02-17 09:30:26','2019-02-17 09:30:26',NULL),(66,'PEMBANTU PENGUAT KUASA','KP22',NULL,'1','2019-02-17 09:30:26','2019-02-17 09:30:26',NULL),(67,'PEMBANTU PENGUAT KUASA','KP26',NULL,'1','2019-02-17 09:30:26','2019-02-17 09:30:26',NULL),(68,'PEMBANTU PENGUAT KUASA (KUP)','KP22',NULL,'1','2019-02-17 09:30:26','2019-02-17 09:30:26',NULL),(69,'PEMBANTU PENILAIAN','W19',NULL,'1','2019-02-17 09:30:26','2019-02-17 09:30:26',NULL),(70,'PEMBANTU PENILAIAN','W22',NULL,'1','2019-02-17 09:30:26','2019-02-17 09:30:26',NULL),(71,'PEMBANTU PENILAIAN','W26',NULL,'1','2019-02-17 09:30:26','2019-02-17 09:30:26',NULL),(72,'PEMBANTU PENILAIAN (KUP)','W22',NULL,'1','2019-02-17 09:30:26','2019-02-17 09:30:26',NULL),(73,'PEMBANTU PERTANIAN (KUP)','G19',NULL,'1','2019-02-17 09:30:26','2019-02-17 09:30:26',NULL),(74,'PEMBANTU SETIAUSAHA PEJABAT','N19',NULL,'1','2019-02-17 09:30:26','2019-02-17 09:30:26',NULL),(75,'PEMBANTU SETIAUSAHA PEJABAT','N22',NULL,'1','2019-02-17 09:30:26','2019-02-17 09:30:26',NULL),(76,'PEMBANTU TADBIR (PERKERANIAN / OPERAS','N22',NULL,'1','2019-02-17 09:30:26','2019-02-17 09:30:26',NULL),(77,'PEMBANTU TADBIR (PERKERANIAN / OPERASI)','N22',NULL,'1','2019-02-17 09:30:26','2019-02-17 09:30:26',NULL),(78,'PEMBANTU TADBIR (PERKERANIAN/OPERASI)','N19',NULL,'1','2019-02-17 09:30:26','2019-02-17 09:30:26',NULL),(79,'PEMBANTU TADBIR (PERKERANIAN/OPERASI)','N22',NULL,'1','2019-02-17 09:30:26','2019-02-17 09:30:26',NULL),(80,'PEMBANTU TADBIR (PERKERANIAN/OPERASI)','N26',NULL,'1','2019-02-17 09:30:26','2019-02-17 09:30:26',NULL),(81,'PEMBANTU TADBIR (PERKERANIAN/OPERASI) KUP','N22',NULL,'1','2019-02-17 09:30:26','2019-02-17 09:30:26',NULL),(82,'PEMBANTU TADBIR KEWANGAN','W19',NULL,'1','2019-02-17 09:30:26','2019-02-17 09:30:26',NULL),(83,'PEMBANTU TADBIR KEWANGAN','W22',NULL,'1','2019-02-17 09:30:26','2019-02-17 09:30:26',NULL),(84,'PEMBANTU TADBIR KEWANGAN (KUP)','W22',NULL,'1','2019-02-17 09:30:26','2019-02-17 09:30:26',NULL),(85,'PENGAWAL KESELAMATAN','KP11',NULL,'1','2019-02-17 09:30:26','2019-02-17 09:30:26',NULL),(86,'PENGHANTAR NOTIS','N11',NULL,'1','2019-02-17 09:30:26','2019-02-17 09:30:26',NULL),(87,'PENJAGA JENTERA','J19',NULL,'1','2019-02-17 09:30:26','2019-02-17 09:30:26',NULL),(88,'PENOLONG AKAUNTAN','W29',NULL,'1','2019-02-17 09:30:26','2019-02-17 09:30:26',NULL),(89,'PENOLONG AKAUNTAN','W36',NULL,'1','2019-02-17 09:30:26','2019-02-17 09:30:26',NULL),(90,'PENOLONG AKAUNTAN (KUP)','W29',NULL,'1','2019-02-17 09:30:26','2019-02-17 09:30:26',NULL),(91,'PENOLONG ARKITEK LANDSKAP','JA29',NULL,'1','2019-02-17 09:30:26','2019-02-17 09:30:26',NULL),(92,'PENOLONG ARKITEK LANDSKAP','JA36',NULL,'1','2019-02-17 09:30:26','2019-02-17 09:30:26',NULL),(93,'PENOLONG JURUAUDIT','W29',NULL,'1','2019-02-17 09:30:26','2019-02-17 09:30:26',NULL),(94,'PENOLONG JURUAUDIT','W32',NULL,'1','2019-02-17 09:30:26','2019-02-17 09:30:26',NULL),(95,'PENOLONG JURUAUDIT (KUP)','W29',NULL,'1','2019-02-17 09:30:26','2019-02-17 09:30:26',NULL),(96,'PENOLONG JURUTERA','JA29',NULL,'1','2019-02-17 09:30:26','2019-02-17 09:30:26',NULL),(97,'PENOLONG JURUTERA','JA36',NULL,'1','2019-02-17 09:30:26','2019-02-17 09:30:26',NULL),(98,'PENOLONG JURUTERA','JA38',NULL,'1','2019-02-17 09:30:26','2019-02-17 09:30:26',NULL),(99,'PENOLONG JURUUKUR BAHAN','JA29',NULL,'1','2019-02-17 09:30:26','2019-02-17 09:30:26',NULL),(100,'PENOLONG JURUUKUR BAHAN','JA36',NULL,'1','2019-02-17 09:30:26','2019-02-17 09:30:26',NULL),(101,'PENOLONG PEGAWAI BELIA DAN SUKAN','S29',NULL,'1','2019-02-17 09:30:26','2019-02-17 09:30:26',NULL),(102,'PENOLONG PEGAWAI BELIA DAN SUKANAN','S29',NULL,'1','2019-02-17 09:30:26','2019-02-17 09:30:26',NULL),(103,'PENOLONG PEGAWAI KAWALAN ALAM SEKITAR','C29',NULL,'1','2019-02-17 09:30:26','2019-02-17 09:30:26',NULL),(104,'PENOLONG PEGAWAI KAWALAN ALAM SEKITAR','C32',NULL,'1','2019-02-17 09:30:26','2019-02-17 09:30:26',NULL),(105,'PENOLONG PEGAWAI KEBUDAYAAN','B29',NULL,'1','2019-02-17 09:30:26','2019-02-17 09:30:26',NULL),(106,'PENOLONG PEGAWAI KESIHATAN PERSEKITAR','U29',NULL,'1','2019-02-17 09:30:26','2019-02-17 09:30:26',NULL),(107,'PENOLONG PEGAWAI KESIHATAN PERSEKITARAN','U29',NULL,'1','2019-02-17 09:30:26','2019-02-17 09:30:26',NULL),(108,'PENOLONG PEGAWAI KESIHATAN PERSEKITARAN','U32',NULL,'1','2019-02-17 09:30:26','2019-02-17 09:30:26',NULL),(109,'PENOLONG PEGAWAI KESIHATAN PERSEKITARAN','U36',NULL,'1','2019-02-17 09:30:26','2019-02-17 09:30:26',NULL),(110,'PENOLONG PEGAWAI PENERANGAN','S29',NULL,'1','2019-02-17 09:30:26','2019-02-17 09:30:26',NULL),(111,'PENOLONG PEGAWAI PENGUAT KUASA','KP29',NULL,'1','2019-02-17 09:30:26','2019-02-17 09:30:26',NULL),(112,'PENOLONG PEGAWAI PENGUAT KUASA','KP32',NULL,'1','2019-02-17 09:30:26','2019-02-17 09:30:26',NULL),(113,'PENOLONG PEGAWAI PENILAIAN','W29',NULL,'1','2019-02-17 09:30:26','2019-02-17 09:30:26',NULL),(114,'PENOLONG PEGAWAI PENILAIAN','W32',NULL,'1','2019-02-17 09:30:26','2019-02-17 09:30:26',NULL),(115,'PENOLONG PEGAWAI PERANCANG BANDAR DAN DESA','JA29',NULL,'1','2019-02-17 09:30:26','2019-02-17 09:30:26',NULL),(116,'PENOLONG PEGAWAI PERANCANG BANDAR DAN DESA','JA36',NULL,'1','2019-02-17 09:30:26','2019-02-17 09:30:26',NULL),(117,'PENOLONG PEGAWAI PERTANIAN','G29',NULL,'1','2019-02-17 09:30:26','2019-02-17 09:30:26',NULL),(118,'PENOLONG PEGAWAI SENIBINA','JA29',NULL,'1','2019-02-17 09:30:26','2019-02-17 09:30:26',NULL),(119,'PENOLONG PEGAWAI SENIBINA','JA36',NULL,'1','2019-02-17 09:30:26','2019-02-17 09:30:26',NULL),(120,'PENOLONG PEGAWAI TADBIR','N29',NULL,'1','2019-02-17 09:30:26','2019-02-17 09:30:26',NULL),(121,'PENOLONG PEGAWAI TADBIR','N32',NULL,'1','2019-02-17 09:30:26','2019-02-17 09:30:26',NULL),(122,'PENOLONG PEGAWAI TEKNOLOGI MAKLUMAT','FA29',NULL,'1','2019-02-17 09:30:26','2019-02-17 09:30:26',NULL),(123,'PENOLONG PEGAWAI TEKNOLOGI MAKLUMAT','FA32',NULL,'1','2019-02-17 09:30:26','2019-02-17 09:30:26',NULL),(124,'PENOLONG PEGAWAI TEKNOLOGI MAKLUMAT (KUP)','FA29',NULL,'1','2019-02-17 09:30:26','2019-02-17 09:30:26',NULL),(125,'PENOLONG PEGAWAI UNDANG-UNDANG','L29',NULL,'1','2019-02-17 09:30:26','2019-02-17 09:30:26',NULL),(126,'PENOLONG PEGAWAI UNDANG-UNDANG','L32',NULL,'1','2019-02-17 09:30:26','2019-02-17 09:30:26',NULL),(127,'SETIAUSAHA','N54',NULL,'1','2019-02-17 09:30:26','2019-02-17 09:30:26',NULL),(128,'SETIAUSAHA PEJABAT','N29',NULL,'1','2019-02-17 09:30:26','2019-02-17 09:30:26',NULL),(129,'TUKANG K2 (JURUGEGAS) (KUP)','R11',NULL,'1','2019-02-17 09:30:26','2019-02-17 09:30:26',NULL),(130,'YANG DIPERTUA','VU7',NULL,'1','2019-02-17 09:30:26','2019-02-17 09:30:26',NULL);

--
-- Table structure for table `ref_jenis_penerbangan`
--

CREATE TABLE `ref_jenis_penerbangan` (
  `jenis_penerbangan_id` int(11) NOT NULL AUTO_INCREMENT,
  `jenis_penerbangan_desc` varchar(255) NOT NULL,
  `created_at` timestamp NOT NULL DEFAULT CURRENT_TIMESTAMP,
  `updated_at` timestamp NOT NULL DEFAULT CURRENT_TIMESTAMP,
  `deleted_at` timestamp NULL DEFAULT NULL,
  PRIMARY KEY (`jenis_penerbangan_id`)
) ENGINE=InnoDB AUTO_INCREMENT=4 DEFAULT CHARSET=latin1;

--
-- Dumping data for table `ref_jenis_penerbangan`
--

INSERT INTO `ref_jenis_penerbangan` VALUES (1,'PERGI','2019-03-21 19:57:17','2019-03-21 19:57:17',NULL),(2,'BALIK','2019-03-21 19:57:20','2019-03-21 19:57:20',NULL),(3,'PERGI & BALIK','2019-03-21 19:57:34','2019-03-21 19:57:34',NULL);

--
-- Table structure for table `ref_kalendar`
--

CREATE TABLE `ref_kalendar` (
  `kalendar_id` int(11) NOT NULL AUTO_INCREMENT,
  `kalendar_date` date NOT NULL COMMENT 'simpan event date dlm bentuk yyyy-mm-dd',
  `kalendar_desc` longtext NOT NULL,
  `is_active` char(1) NOT NULL DEFAULT '1',
  `created_at` timestamp NULL DEFAULT NULL,
  `updated_at` timestamp NULL DEFAULT CURRENT_TIMESTAMP,
  `deleted_at` timestamp NULL DEFAULT NULL,
  PRIMARY KEY (`kalendar_id`)
) ENGINE=InnoDB DEFAULT CHARSET=latin1;

--
-- Dumping data for table `ref_kalendar`
--


--
-- Table structure for table `ref_location`
--

CREATE TABLE `ref_location` (
  `location_id` int(11) NOT NULL AUTO_INCREMENT,
  `location_desc` varchar(255) DEFAULT NULL,
  `created_by` int(11) DEFAULT NULL,
  `updated_by` int(11) DEFAULT NULL,
  `created_at` timestamp NOT NULL DEFAULT CURRENT_TIMESTAMP,
  `updated_at` timestamp NOT NULL DEFAULT CURRENT_TIMESTAMP,
  `deleted_at` timestamp NULL DEFAULT NULL,
  PRIMARY KEY (`location_id`)
) ENGINE=InnoDB AUTO_INCREMENT=18 DEFAULT CHARSET=latin1;

--
-- Dumping data for table `ref_location`
--

INSERT INTO `ref_location` VALUES (1,'KUALA LUMPUR (KUL)',NULL,NULL,'2019-03-20 13:40:51','2019-03-20 13:40:51',NULL),(2,'LANGKAWI (LGK)',NULL,NULL,'2019-03-20 13:40:51','2019-03-20 13:40:51',NULL),(3,'KUCHING (KCH)',NULL,NULL,'2019-03-20 13:40:51','2019-03-20 13:40:51',NULL),(4,'PENANG (PEN)',NULL,NULL,'2019-03-20 13:40:51','2019-03-20 13:40:51',NULL),(5,'KOTA KINABALU (BKI)',NULL,NULL,'2019-03-20 13:40:51','2019-03-20 13:40:51',NULL),(6,'JOHOR BAHRU (JHB)',NULL,NULL,'2019-03-20 13:40:51','2019-03-20 13:40:51',NULL),(7,'SUBANG (SZB)',NULL,NULL,'2019-03-20 13:40:51','2019-03-20 13:40:51',NULL),(8,'ALOR SETAR (AOR)',NULL,NULL,'2019-03-20 13:40:51','2019-03-20 13:40:51',NULL),(9,'KOTA BHARU (KBR)',NULL,NULL,'2019-03-20 13:40:51','2019-03-20 13:40:51',NULL),(10,'KUALA TERENGGANU (TGG)',NULL,NULL,'2019-03-20 13:40:51','2019-03-20 13:40:51',NULL),(11,'IPOH (IPH)',NULL,NULL,'2019-03-20 13:40:51','2019-03-20 13:40:51',NULL),(12,'KUANTAN (KUA)',NULL,NULL,'2019-03-20 13:40:51','2019-03-20 13:40:51',NULL),(13,'SIBU (SBW)',NULL,NULL,'2019-03-20 13:40:51','2019-03-20 13:40:51',NULL),(14,'SANDAKAN (SDK)',NULL,NULL,'2019-03-20 13:40:51','2019-03-20 13:40:51',NULL),(15,'TAWAU (TWU)',NULL,NULL,'2019-03-20 13:40:51','2019-03-20 13:40:51',NULL),(16,'MIRI (MYY)',NULL,NULL,'2019-03-20 13:40:51','2019-03-20 13:40:51',NULL),(17,'Test Lokasi 456',NULL,NULL,'2019-03-20 18:48:06','2019-03-20 18:48:37','2019-03-20 10:48:52');

--
-- Table structure for table `ref_payment_method`
--

CREATE TABLE `ref_payment_method` (
  `payment_method_id` int(11) NOT NULL AUTO_INCREMENT,
  `payment_method_desc` varchar(150) NOT NULL,
  `created_at` timestamp NOT NULL DEFAULT CURRENT_TIMESTAMP,
  `updated_at` timestamp NOT NULL DEFAULT CURRENT_TIMESTAMP,
  `deleted_at` timestamp NULL DEFAULT NULL,
  PRIMARY KEY (`payment_method_id`)
) ENGINE=InnoDB AUTO_INCREMENT=3 DEFAULT CHARSET=latin1;

--
-- Dumping data for table `ref_payment_method`
--

INSERT INTO `ref_payment_method` VALUES (1,'Kad Kredit','2019-03-23 19:32:36','2019-03-23 19:32:36',NULL),(2,'Waran','2019-03-23 19:32:43','2019-03-23 19:32:43',NULL);

--
-- Table structure for table `ref_pembangunan`
--

CREATE TABLE `ref_pembangunan` (
  `pembangunan_id` int(11) NOT NULL AUTO_INCREMENT,
  `pembangunan_desc` varchar(255) DEFAULT NULL,
  `created_at` timestamp NOT NULL DEFAULT CURRENT_TIMESTAMP,
  `updated_at` timestamp NOT NULL DEFAULT CURRENT_TIMESTAMP,
  `deleted_at` timestamp NULL DEFAULT NULL,
  PRIMARY KEY (`pembangunan_id`)
) ENGINE=InnoDB AUTO_INCREMENT=5 DEFAULT CHARSET=latin1;

--
-- Dumping data for table `ref_pembangunan`
--

INSERT INTO `ref_pembangunan` VALUES (1,'NPDIR','2019-03-21 19:39:55','2019-03-21 19:39:55',NULL),(2,'PPE','2019-03-21 19:40:05','2019-03-21 19:40:05',NULL),(3,'MBR','2019-03-21 19:40:09','2019-03-21 19:40:09',NULL),(4,'PTPS','2019-03-21 19:40:22','2019-03-21 19:40:22',NULL);

--
-- Table structure for table `ref_race`
--

CREATE TABLE `ref_race` (
  `race_id` int(11) NOT NULL AUTO_INCREMENT,
  `race_desc` varchar(50) NOT NULL,
  `created_at` timestamp NULL DEFAULT NULL,
  `updated_at` timestamp NOT NULL DEFAULT CURRENT_TIMESTAMP,
  `deleted_at` timestamp NULL DEFAULT NULL,
  PRIMARY KEY (`race_id`,`updated_at`)
) ENGINE=InnoDB AUTO_INCREMENT=5 DEFAULT CHARSET=latin1;

--
-- Dumping data for table `ref_race`
--

INSERT INTO `ref_race` VALUES (1,'Melayu','2018-12-04 13:29:28','2018-12-04 13:29:07',NULL),(2,'Cina','2018-12-04 13:29:31','2018-12-04 13:29:09',NULL),(3,'India','2018-12-04 13:29:36','2018-12-04 13:29:13',NULL),(4,'Lain-lain','2018-12-04 13:29:39','2018-12-04 13:29:18',NULL);

--
-- Table structure for table `ref_religion`
--

CREATE TABLE `ref_religion` (
  `religion_id` int(11) NOT NULL AUTO_INCREMENT,
  `religion_desc` varchar(50) NOT NULL,
  `created_at` timestamp NULL DEFAULT NULL,
  `updated_at` timestamp NOT NULL DEFAULT CURRENT_TIMESTAMP,
  `deleted_at` timestamp NULL DEFAULT NULL,
  PRIMARY KEY (`religion_id`,`updated_at`)
) ENGINE=InnoDB AUTO_INCREMENT=6 DEFAULT CHARSET=latin1;

--
-- Dumping data for table `ref_religion`
--

INSERT INTO `ref_religion` VALUES (1,'Islam','2018-12-04 13:28:12','2018-12-04 13:28:12',NULL),(2,'Kristian','2018-12-04 13:28:12','2018-12-04 13:28:19',NULL),(3,'Buddha','2018-12-04 13:28:12','2018-12-04 13:28:22',NULL),(4,'Hindu','2018-12-04 13:28:12','2018-12-04 13:28:26',NULL),(5,'Lain-lain','2018-12-04 13:28:12','2018-12-04 13:28:43',NULL);

--
-- Table structure for table `ref_unit`
--

CREATE TABLE `ref_unit` (
  `unit_id` int(11) NOT NULL AUTO_INCREMENT,
  `unit_desc` varchar(200) NOT NULL,
  `is_active` char(1) NOT NULL DEFAULT '1',
  `created_at` timestamp NULL DEFAULT NULL,
  `updated_at` timestamp NULL DEFAULT CURRENT_TIMESTAMP,
  `deleted_at` timestamp NULL DEFAULT NULL,
  PRIMARY KEY (`unit_id`)
) ENGINE=InnoDB DEFAULT CHARSET=latin1;

--
-- Dumping data for table `ref_unit`
--


--
-- Table structure for table `ref_unit_bahagian`
--

CREATE TABLE `ref_unit_bahagian` (
  `unit_bahagian_id` int(11) NOT NULL AUTO_INCREMENT,
  `unit_bahagian_desc` varchar(100) NOT NULL,
  `created_by` int(11) DEFAULT NULL,
  `updated_by` int(11) DEFAULT NULL,
  `created_at` timestamp NOT NULL DEFAULT CURRENT_TIMESTAMP,
  `updated_at` timestamp NOT NULL DEFAULT CURRENT_TIMESTAMP,
  `deleted_at` timestamp NULL DEFAULT NULL,
  PRIMARY KEY (`unit_bahagian_id`)
) ENGINE=InnoDB AUTO_INCREMENT=32 DEFAULT CHARSET=latin1;

--
-- Dumping data for table `ref_unit_bahagian`
--

INSERT INTO `ref_unit_bahagian` VALUES (1,'DGO',NULL,NULL,'2019-03-20 13:27:46','2019-03-20 13:27:46',NULL),(2,'DMO',NULL,NULL,'2019-03-20 13:27:57','2019-03-20 13:27:57',NULL),(3,'CPD',NULL,NULL,'2019-03-20 13:28:02','2019-03-20 13:28:02',NULL),(4,'MSF',NULL,NULL,'2019-03-20 13:28:06','2019-03-20 13:28:06',NULL),(5,'PCD',NULL,NULL,'2019-03-20 13:28:11','2019-03-20 13:28:11',NULL),(6,'QED',NULL,NULL,'2019-03-20 13:28:18','2019-03-20 13:28:18',NULL),(7,'Derfr',NULL,NULL,'2019-03-20 19:23:51','2019-03-20 19:24:31','2019-03-20 11:24:46'),(8,'ADM',NULL,NULL,'2019-03-21 12:27:29','2019-03-21 12:27:29',NULL),(9,'AST',NULL,NULL,'2019-03-21 12:27:29','2019-03-21 12:27:29',NULL),(10,'BTI',NULL,NULL,'2019-03-21 12:27:29','2019-03-21 12:27:29',NULL),(11,'CRO',NULL,NULL,'2019-03-21 12:27:29','2019-03-21 12:27:29',NULL),(12,'CSU',NULL,NULL,'2019-03-21 12:27:29','2019-03-21 12:27:29',NULL),(13,'ECR',NULL,NULL,'2019-03-21 12:27:29','2019-03-21 12:27:29',NULL),(14,'ECRK',NULL,NULL,'2019-03-21 12:27:29','2019-03-21 12:27:29',NULL),(15,'ECRT',NULL,NULL,'2019-03-21 12:27:29','2019-03-21 12:27:29',NULL),(16,'HRMD',NULL,NULL,'2019-03-21 12:27:29','2019-03-21 12:27:29',NULL),(17,'ITR',NULL,NULL,'2019-03-21 12:27:29','2019-03-21 12:27:29',NULL),(18,'KEW',NULL,NULL,'2019-03-21 12:27:29','2019-03-21 12:27:29',NULL),(19,'LIC',NULL,NULL,'2019-03-21 12:27:29','2019-03-21 12:27:29',NULL),(20,'MEDIA',NULL,NULL,'2019-03-21 12:27:30','2019-03-21 12:27:30',NULL),(21,'MIT',NULL,NULL,'2019-03-21 12:27:30','2019-03-21 12:27:30',NULL),(22,'MKTG',NULL,NULL,'2019-03-21 12:27:30','2019-03-21 12:27:30',NULL),(23,'NRO',NULL,NULL,'2019-03-21 12:27:30','2019-03-21 12:27:30',NULL),(24,'PCK',NULL,NULL,'2019-03-21 12:27:30','2019-03-21 12:27:30',NULL),(25,'PCT',NULL,NULL,'2019-03-21 12:27:30','2019-03-21 12:27:30',NULL),(26,'PEMUDAH',NULL,NULL,'2019-03-21 12:27:30','2019-03-21 12:27:30',NULL),(27,'SBO',NULL,NULL,'2019-03-21 12:27:30','2019-03-21 12:27:30',NULL),(28,'SKO',NULL,NULL,'2019-03-21 12:27:30','2019-03-21 12:27:30',NULL),(29,'SR',NULL,NULL,'2019-03-21 12:27:30','2019-03-21 12:27:30',NULL),(30,'SRO',NULL,NULL,'2019-03-21 12:27:30','2019-03-21 12:27:30',NULL),(31,'UAD',NULL,NULL,'2019-03-21 12:27:30','2019-03-21 12:27:30',NULL);

--
-- Table structure for table `role_has_permissions`
--

CREATE TABLE `role_has_permissions` (
  `permission_id` int(10) unsigned NOT NULL,
  `role_id` int(10) unsigned NOT NULL,
  PRIMARY KEY (`permission_id`,`role_id`),
  KEY `role_has_permissions_role_id_foreign` (`role_id`),
  CONSTRAINT `role_has_permissions_permission_id_foreign` FOREIGN KEY (`permission_id`) REFERENCES `permissions` (`id`) ON DELETE CASCADE,
  CONSTRAINT `role_has_permissions_role_id_foreign` FOREIGN KEY (`role_id`) REFERENCES `roles` (`id`) ON DELETE CASCADE
) ENGINE=InnoDB DEFAULT CHARSET=utf8 COLLATE=utf8_unicode_ci ROW_FORMAT=DYNAMIC COMMENT='ACL related';

--
-- Dumping data for table `role_has_permissions`
--

INSERT INTO `role_has_permissions` VALUES (13,1),(13,2),(13,6),(13,7),(13,8),(14,1),(14,2),(15,1),(15,2),(16,1),(16,2),(16,6),(16,7),(16,8),(17,1),(18,1),(19,1),(20,1),(21,1),(22,1),(22,2),(29,1),(29,2),(30,1),(30,2),(101,1),(101,2),(104,1),(104,2),(108,1),(108,2),(108,6),(108,7),(108,8),(121,1),(121,2),(123,1),(123,2),(124,1),(124,2),(125,1),(125,2),(126,1),(126,2),(127,1),(127,2),(128,1),(128,2),(129,6),(129,7),(129,8),(130,1),(130,2),(130,6),(130,7),(130,8),(131,1),(131,6),(131,7),(132,1),(132,2);

--
-- Table structure for table `roles`
--

CREATE TABLE `roles` (
  `id` int(10) unsigned NOT NULL AUTO_INCREMENT,
  `name` varchar(255) COLLATE utf8_unicode_ci NOT NULL,
  `description` longtext COLLATE utf8_unicode_ci,
  `created_at` timestamp NULL DEFAULT NULL,
  `updated_at` timestamp NULL DEFAULT NULL,
  `deleted_at` timestamp NULL DEFAULT NULL,
  PRIMARY KEY (`id`),
  UNIQUE KEY `roles_name_unique` (`name`)
) ENGINE=InnoDB AUTO_INCREMENT=9 DEFAULT CHARSET=utf8 COLLATE=utf8_unicode_ci ROW_FORMAT=DYNAMIC COMMENT='ACL related';

--
-- Dumping data for table `roles`
--

INSERT INTO `roles` VALUES (1,'superadmin','Super System Administrator','2018-04-03 13:56:05','2018-04-03 13:56:05',NULL),(2,'admin','Pentadbir Sistem','2018-04-03 13:56:55','2018-04-03 13:56:55',NULL),(6,'director','Pengarah','2019-03-21 06:20:11','2019-03-21 06:20:14',NULL),(7,'approver','Pelulus','2019-03-21 06:20:14','2019-03-21 06:20:14',NULL),(8,'officer','Pegawai','2019-03-21 06:20:14','2019-03-21 06:20:14',NULL);

--
-- Table structure for table `upload`
--

CREATE TABLE `upload` (
  `upload_id` int(11) NOT NULL AUTO_INCREMENT,
  `upload_model` varchar(50) NOT NULL COMMENT '1-fromcomplaint,2-fromemergency',
  `upload_model_id` int(11) NOT NULL,
  `upload_path` varchar(50) NOT NULL,
  `upload_filename` varchar(200) NOT NULL,
  `upload_type` char(1) DEFAULT NULL COMMENT 'merchant: 1-logo,2-flyer,3-storefront,4-background,5-banner,6-CMS image,7-CMS document,8-CMS video, 9-CMS audio',
  `upload_imagetype` varchar(20) DEFAULT NULL COMMENT 'thumbnail, feature, original',
  `upload_imageid` longtext COMMENT 'this will be used during delete action. this id generate based on encrypt filename',
  `created_at` timestamp NOT NULL DEFAULT CURRENT_TIMESTAMP,
  `updated_at` timestamp NOT NULL DEFAULT '0000-00-00 00:00:00',
  `deleted_at` timestamp NULL DEFAULT NULL,
  PRIMARY KEY (`upload_id`)
) ENGINE=InnoDB AUTO_INCREMENT=16 DEFAULT CHARSET=latin1;

--
-- Dumping data for table `upload`
--

INSERT INTO `upload` VALUES (1,'UserModel',78,'/uploads/users/','78_20181227035351_users.jpg',NULL,NULL,NULL,'2018-12-27 03:53:51','2018-12-27 03:53:51',NULL),(2,'UserModel',165,'/uploads/users/','165_20190130001528_users.jpg',NULL,NULL,NULL,'2019-01-30 00:15:28','2019-01-30 00:15:28',NULL),(5,'PermohonanModel',1,'/uploads/bomfile/','1_20190323060247_failbom.pdf','1',NULL,NULL,'2019-03-23 06:02:47','2019-03-23 06:02:47',NULL),(6,'PermohonanModel',2,'/uploads/bomfile/','Permohonan_20190323062353_2.pdf','1',NULL,NULL,'2019-03-23 06:23:53','2019-03-23 06:23:53',NULL),(7,'PermohonanModel',3,'/uploads/bomfile/','Permohonan_20190323062753_3.pdf','1',NULL,NULL,'2019-03-23 06:27:53','2019-03-23 06:27:53','2019-03-22 23:07:08'),(8,'PermohonanModel',4,'/uploads/bomfile/','Permohonan_20190323075803_4.pdf','1',NULL,NULL,'2019-03-23 07:58:03','2019-03-23 07:58:03',NULL),(9,'PermohonanModel',5,'/uploads/bomfile/','Permohonan_20190323084906_5.pdf','1',NULL,NULL,'2019-03-23 08:49:06','2019-03-23 08:49:06',NULL),(10,'PermohonanModel',6,'/uploads/bomfile/','Permohonan_20190323205105_6.pdf','1',NULL,NULL,'2019-03-23 20:51:05','2019-03-23 20:51:05',NULL),(11,'PermohonanModel',6,'/uploads/tiket/','Tiket_20190323220125_6_1.pdf','2',NULL,NULL,'2019-03-23 22:01:25','2019-03-23 22:01:25',NULL),(12,'PermohonanModel',6,'/uploads/tiket/','Tiket_20190323220125_6_2.pdf','2',NULL,NULL,'2019-03-23 22:01:25','2019-03-23 22:01:25',NULL),(13,'PermohonanModel',7,'/uploads/bomfile/','Permohonan_20190324162255_7.pdf','1',NULL,NULL,'2019-03-24 16:22:55','2019-03-24 16:22:55',NULL),(14,'PermohonanModel',8,'/uploads/bomfile/','Permohonan_20190324170443_8.pdf','1',NULL,NULL,'2019-03-24 17:04:43','2019-03-24 17:04:43',NULL),(15,'PermohonanModel',9,'/uploads/bomfile/','Permohonan_20190324170931_9.pdf','1',NULL,NULL,'2019-03-24 17:09:31','2019-03-24 17:09:31',NULL);

--
-- Table structure for table `user_has_permissions`
--

CREATE TABLE `user_has_permissions` (
  `user_id` int(10) unsigned NOT NULL,
  `permission_id` int(10) unsigned NOT NULL,
  PRIMARY KEY (`user_id`,`permission_id`),
  KEY `user_has_permissions_permission_id_foreign` (`permission_id`),
  CONSTRAINT `user_has_permissions_permission_id_foreign` FOREIGN KEY (`permission_id`) REFERENCES `permissions` (`id`) ON DELETE CASCADE,
  CONSTRAINT `user_has_permissions_user_id_foreign` FOREIGN KEY (`user_id`) REFERENCES `users` (`id`) ON DELETE CASCADE
) ENGINE=InnoDB DEFAULT CHARSET=utf8 COLLATE=utf8_unicode_ci ROW_FORMAT=DYNAMIC COMMENT='ACL related';

--
-- Dumping data for table `user_has_permissions`
--


--
-- Table structure for table `user_has_roles`
--

CREATE TABLE `user_has_roles` (
  `role_id` int(10) unsigned NOT NULL,
  `user_id` int(10) unsigned NOT NULL,
  PRIMARY KEY (`role_id`,`user_id`),
  KEY `user_has_roles_user_id_foreign` (`user_id`),
  CONSTRAINT `user_has_roles_role_id_foreign` FOREIGN KEY (`role_id`) REFERENCES `roles` (`id`) ON DELETE CASCADE,
  CONSTRAINT `user_has_roles_user_id_foreign` FOREIGN KEY (`user_id`) REFERENCES `users` (`id`) ON DELETE CASCADE
) ENGINE=InnoDB DEFAULT CHARSET=utf8 COLLATE=utf8_unicode_ci ROW_FORMAT=DYNAMIC COMMENT='ACL related';

--
-- Dumping data for table `user_has_roles`
--

INSERT INTO `user_has_roles` VALUES (1,1),(2,1),(2,2),(2,46),(2,318),(2,515),(6,129),(7,9),(7,36),(7,319),(7,320),(8,3),(8,4),(8,5),(8,6),(8,7),(8,8),(8,10),(8,11),(8,12),(8,13),(8,14),(8,15),(8,16),(8,17),(8,18),(8,19),(8,20),(8,21),(8,22),(8,23),(8,24),(8,25),(8,26),(8,27),(8,28),(8,29),(8,30),(8,31),(8,32),(8,33),(8,34),(8,35),(8,37),(8,38),(8,39),(8,40),(8,41),(8,42),(8,43),(8,44),(8,45),(8,47),(8,48),(8,49),(8,50),(8,51),(8,52),(8,53),(8,54),(8,55),(8,56),(8,57),(8,58),(8,59),(8,60),(8,61),(8,62),(8,63),(8,64),(8,65),(8,66),(8,67),(8,68),(8,69),(8,70),(8,71),(8,72),(8,73),(8,74),(8,75),(8,76),(8,77),(8,78),(8,79),(8,80),(8,81),(8,82),(8,83),(8,84),(8,85),(8,86),(8,87),(8,88),(8,89),(8,90),(8,91),(8,92),(8,93),(8,94),(8,95),(8,96),(8,97),(8,98),(8,99),(8,100),(8,101),(8,102),(8,103),(8,104),(8,105),(8,106),(8,107),(8,108),(8,109),(8,110),(8,111),(8,112),(8,113),(8,114),(8,115),(8,116),(8,117),(8,118),(8,119),(8,120),(8,121),(8,122),(8,123),(8,124),(8,125),(8,126),(8,127),(8,128),(8,130),(8,131),(8,132),(8,133),(8,134),(8,135),(8,136),(8,137),(8,138),(8,139),(8,140),(8,141),(8,142),(8,143),(8,144),(8,145),(8,146),(8,147),(8,148),(8,149),(8,150),(8,151),(8,152),(8,153),(8,154),(8,155),(8,156),(8,157),(8,158),(8,159),(8,160),(8,161),(8,162),(8,163),(8,164),(8,165),(8,166),(8,167),(8,168),(8,169),(8,170),(8,171),(8,172),(8,173),(8,174),(8,175),(8,176),(8,177),(8,178),(8,179),(8,180),(8,181),(8,182),(8,183),(8,184),(8,185),(8,186),(8,187),(8,188),(8,189),(8,190),(8,191),(8,192),(8,193),(8,194),(8,195),(8,196),(8,197),(8,198),(8,199),(8,200),(8,201),(8,202),(8,203),(8,204),(8,205),(8,206),(8,207),(8,208),(8,209),(8,210),(8,211),(8,212),(8,213),(8,214),(8,215),(8,216),(8,217),(8,218),(8,219),(8,220),(8,221),(8,222),(8,223),(8,224),(8,225),(8,226),(8,227),(8,228),(8,229),(8,230),(8,231),(8,232),(8,233),(8,234),(8,235),(8,236),(8,237),(8,238),(8,239),(8,240),(8,241),(8,242),(8,243),(8,244),(8,245),(8,246),(8,247),(8,248),(8,249),(8,250),(8,251),(8,252),(8,253),(8,254),(8,255),(8,256),(8,257),(8,258),(8,259),(8,260),(8,261),(8,262),(8,263),(8,264),(8,265),(8,266),(8,267),(8,268),(8,269),(8,270),(8,271),(8,272),(8,273),(8,274),(8,275),(8,276),(8,277),(8,278),(8,279),(8,280),(8,281),(8,282),(8,283),(8,284),(8,285),(8,286),(8,287),(8,288),(8,289),(8,290),(8,291),(8,292),(8,293),(8,294),(8,295),(8,296),(8,297),(8,298),(8,299),(8,300),(8,301),(8,302),(8,303),(8,304),(8,305),(8,306),(8,307),(8,308),(8,309),(8,310),(8,311),(8,312),(8,313),(8,314),(8,315),(8,316),(8,317),(8,514);

--
-- Table structure for table `users_detail`
--

CREATE TABLE `users_detail` (
  `users_detail_id` int(11) NOT NULL AUTO_INCREMENT,
  `user_id` int(11) NOT NULL,
  `salutation_id` int(11) DEFAULT '1',
  `gender_id` int(11) DEFAULT '1',
  `users_detail_name` varchar(100) NOT NULL,
  `users_detail_staffno` varchar(20) NOT NULL,
  `users_detail_fileno` varchar(20) DEFAULT NULL COMMENT 'enrich no',
  `users_detail_idno` varchar(16) NOT NULL,
  `users_detail_passport` varchar(20) DEFAULT NULL,
  `users_detail_address1` varchar(100) DEFAULT NULL,
  `users_detail_address2` varchar(100) DEFAULT NULL,
  `users_detail_address3` varchar(100) DEFAULT NULL,
  `users_detail_postcode` char(5) DEFAULT NULL,
  `district_id` int(11) DEFAULT NULL,
  `state_id` int(11) DEFAULT NULL,
  `users_detail_mobileno` varchar(12) DEFAULT NULL,
  `users_detail_homeno` varchar(12) DEFAULT NULL,
  `users_detail_workno` varchar(12) DEFAULT NULL,
  `users_detail_email` varchar(100) DEFAULT NULL,
  `users_detail_isinternal` char(1) NOT NULL DEFAULT '0',
  `cawangan_id` int(11) DEFAULT NULL,
  `unit_bahagian_id` int(11) DEFAULT NULL,
  `jawatan_id` int(11) DEFAULT NULL,
  `manager_id` int(11) DEFAULT NULL COMMENT 'user_id',
  `race_id` int(11) DEFAULT '1',
  `religion_id` int(11) DEFAULT '1',
  `created_at` timestamp NOT NULL DEFAULT CURRENT_TIMESTAMP ON UPDATE CURRENT_TIMESTAMP,
  `updated_at` timestamp NOT NULL DEFAULT CURRENT_TIMESTAMP,
  `deleted_at` timestamp NULL DEFAULT NULL,
  PRIMARY KEY (`users_detail_id`)
) ENGINE=InnoDB AUTO_INCREMENT=516 DEFAULT CHARSET=latin1;

--
-- Dumping data for table `users_detail`
--

INSERT INTO `users_detail` VALUES (3,3,1,1,'Ab. Razak Salleh','2112','','620310035231','',NULL,NULL,NULL,NULL,NULL,NULL,'',NULL,NULL,'razak@mpc.gov.my','0',2,4,2,NULL,1,1,'2019-03-21 12:57:54','2019-03-21 12:53:47',NULL),(4,4,1,1,'Abang Nurfadli Abang Yusuf','1602','','881113136047','',NULL,NULL,NULL,NULL,NULL,NULL,'',NULL,NULL,NULL,'0',2,1,1,NULL,1,1,'2019-03-21 12:57:54','2019-03-21 12:53:47',NULL),(5,5,1,1,'Abdollah Talib','2113',NULL,'641129055193',NULL,NULL,NULL,NULL,NULL,NULL,NULL,NULL,NULL,NULL,NULL,'0',NULL,16,1,NULL,1,1,'2019-03-21 12:57:54','2019-03-21 12:53:47',NULL),(6,6,1,1,'Abdul Hadi Ishak','2971','','810825045057','',NULL,NULL,NULL,NULL,NULL,NULL,'',NULL,NULL,NULL,'0',3,1,1,NULL,1,1,'2019-03-21 12:57:54','2019-03-21 12:53:47',NULL),(7,7,1,1,'Abdul Hakim bin Mohamad Sharif','3043',NULL,'840515145893',NULL,NULL,NULL,NULL,NULL,NULL,NULL,NULL,NULL,NULL,NULL,'0',NULL,25,1,NULL,1,1,'2019-03-21 12:57:54','2019-03-21 12:53:47',NULL),(8,8,1,1,'Abdul Karim Abdul Halim','2970',NULL,'810328145225',NULL,NULL,NULL,NULL,NULL,NULL,NULL,NULL,NULL,NULL,NULL,'0',NULL,8,1,NULL,1,1,'2019-03-21 12:57:54','2019-03-21 12:53:47',NULL),(9,9,1,1,'Dato\' Hj. Abd. Latif Hj. Abu Seman','1179','','610529065073','',NULL,NULL,NULL,NULL,NULL,NULL,'',NULL,NULL,'akmar@mpc.gov.my','0',2,5,7,NULL,1,1,'2019-03-21 12:57:54','2019-03-21 12:53:47',NULL),(10,10,1,1,'Abdul Latif Hussein','2061',NULL,'600723135435',NULL,NULL,NULL,NULL,NULL,NULL,NULL,NULL,NULL,NULL,NULL,'0',NULL,28,1,NULL,1,1,'2019-03-21 12:57:54','2019-03-21 12:53:47',NULL),(11,11,1,1,'Abdul Malek Mohamad Aripin','1407','','690206045185','',NULL,NULL,NULL,NULL,NULL,NULL,'',NULL,NULL,NULL,'0',2,1,8,NULL,1,1,'2019-03-21 12:57:54','2019-03-21 12:53:47',NULL),(12,12,1,1,'Abdul Quyun Mansor','3114','','850207065305','',NULL,NULL,NULL,NULL,NULL,NULL,'',NULL,NULL,'quyun@mpc.gov.my','0',2,4,6,NULL,1,1,'2019-03-21 12:57:55','2019-03-21 12:53:47',NULL),(13,13,1,1,'Abigail Subatra a/p Anbalakan','1589',NULL,'850106055140',NULL,NULL,NULL,NULL,NULL,NULL,NULL,NULL,NULL,NULL,NULL,'0',NULL,17,1,NULL,1,1,'2019-03-21 12:57:55','2019-03-21 12:53:47',NULL),(14,14,1,1,'Adlina Snawi','1434',NULL,'781031075342',NULL,NULL,NULL,NULL,NULL,NULL,NULL,NULL,NULL,NULL,NULL,'0',NULL,23,1,NULL,1,1,'2019-03-21 12:57:55','2019-03-21 12:53:47',NULL),(15,15,1,1,'Ahmad Fathan Abdul Rahim','1652',NULL,'860818355343',NULL,NULL,NULL,NULL,NULL,NULL,NULL,NULL,NULL,NULL,NULL,'0',NULL,23,1,NULL,1,1,'2019-03-21 12:57:55','2019-03-21 12:53:47',NULL),(16,16,1,1,'Ahmad Harris Abdullah','1495',NULL,'790805115235',NULL,NULL,NULL,NULL,NULL,NULL,NULL,NULL,NULL,NULL,NULL,'0',NULL,29,1,NULL,1,1,'2019-03-21 12:57:55','2019-03-21 12:53:47',NULL),(17,17,1,1,'Aiman Zakwan Zahari','1594',NULL,'891020015691',NULL,NULL,NULL,NULL,NULL,NULL,NULL,NULL,NULL,NULL,NULL,'0',NULL,24,1,NULL,1,1,'2019-03-21 12:57:55','2019-03-21 12:53:47',NULL),(18,18,1,1,'Aizulhisham Mat Menan','3013',NULL,'801211105313',NULL,NULL,NULL,NULL,NULL,NULL,NULL,NULL,NULL,NULL,NULL,'0',NULL,9,1,NULL,1,1,'2019-03-21 12:57:55','2019-03-21 12:53:47',NULL),(19,19,1,1,'Akmar Ashaari','2990',NULL,'790723075671',NULL,NULL,NULL,NULL,NULL,NULL,NULL,NULL,NULL,NULL,NULL,'0',NULL,8,1,NULL,1,1,'2019-03-21 12:57:55','2019-03-21 12:53:47',NULL),(20,20,1,1,'Al Hisyam Abdul Halim','1565',NULL,'780407145421',NULL,NULL,NULL,NULL,NULL,NULL,NULL,NULL,NULL,NULL,NULL,'0',NULL,NULL,1,NULL,1,1,'2019-03-21 12:57:55','2019-03-21 12:53:47',NULL),(21,21,1,1,'Aluyah Suhaili','2123',NULL,'630805135268',NULL,NULL,NULL,NULL,NULL,NULL,NULL,NULL,NULL,NULL,NULL,'0',NULL,28,1,NULL,1,1,'2019-03-21 12:57:55','2019-03-21 12:53:47',NULL),(22,22,1,1,'Amirul Qamar Zakaria','3113',NULL,'870118086399',NULL,NULL,NULL,NULL,NULL,NULL,NULL,NULL,NULL,NULL,NULL,'0',NULL,9,1,NULL,1,1,'2019-03-21 12:57:55','2019-03-21 12:53:47',NULL),(23,23,1,1,'Anis Marina Abd. Wahab','1591',NULL,'850708145936',NULL,NULL,NULL,NULL,NULL,NULL,NULL,NULL,NULL,NULL,NULL,'0',NULL,24,1,NULL,1,1,'2019-03-21 12:57:55','2019-03-21 12:53:47',NULL),(24,24,1,1,'Asmahan Othman','1429',NULL,'730601715226',NULL,NULL,NULL,NULL,NULL,NULL,NULL,NULL,NULL,NULL,NULL,'0',NULL,NULL,1,NULL,1,1,'2019-03-21 12:57:55','2019-03-21 12:53:47',NULL),(25,25,1,1,'Asmawadi Mohamed','1501',NULL,'800318035293',NULL,NULL,NULL,NULL,NULL,NULL,NULL,NULL,NULL,NULL,NULL,'0',NULL,11,1,NULL,1,1,'2019-03-21 12:57:55','2019-03-21 12:53:47',NULL),(26,26,1,1,'Athirah Ishak','1657',NULL,'890925035094',NULL,NULL,NULL,NULL,NULL,NULL,NULL,NULL,NULL,NULL,NULL,'0',NULL,23,1,NULL,1,1,'2019-03-21 12:57:55','2019-03-21 12:53:47',NULL),(27,27,1,1,'Ati Djam Seri Montoi','1433',NULL,'721110125470',NULL,NULL,NULL,NULL,NULL,NULL,NULL,NULL,NULL,NULL,NULL,'0',NULL,NULL,1,NULL,1,1,'2019-03-21 12:57:55','2019-03-21 12:53:47',NULL),(28,28,1,1,'Awang Udin Kanda','2124',NULL,'620807125523',NULL,NULL,NULL,NULL,NULL,NULL,NULL,NULL,NULL,NULL,NULL,'0',NULL,27,1,NULL,1,1,'2019-03-21 12:57:55','2019-03-21 12:53:47',NULL),(29,29,1,1,'Azhani Ismail','1424',NULL,'740621715142',NULL,NULL,NULL,NULL,NULL,NULL,NULL,NULL,NULL,NULL,NULL,'0',NULL,14,1,NULL,1,1,'2019-03-21 12:57:55','2019-03-21 12:53:47',NULL),(30,30,1,1,'Azimah Adnan','1531',NULL,'820910105084',NULL,NULL,NULL,NULL,NULL,NULL,NULL,NULL,NULL,NULL,NULL,'0',NULL,NULL,1,NULL,1,1,'2019-03-21 12:57:55','2019-03-21 12:53:47',NULL),(31,31,1,1,'Azira Mohamed Hodzai','1580','','871121295452','A23387932',NULL,NULL,NULL,NULL,NULL,NULL,'0179841606',NULL,NULL,'azira@mpc.gov.my','0',2,4,1,NULL,1,1,'2019-03-21 12:57:55','2019-03-21 12:53:47',NULL),(32,32,1,1,'Azizan Omar','2069',NULL,'590613055315',NULL,NULL,NULL,NULL,NULL,NULL,NULL,NULL,NULL,NULL,NULL,'0',NULL,8,1,NULL,1,1,'2019-03-21 12:57:55','2019-03-21 12:53:47',NULL),(33,33,1,1,'Azlan Kassim','1197',NULL,'600518106299',NULL,NULL,NULL,NULL,NULL,NULL,NULL,NULL,NULL,NULL,NULL,'0',NULL,NULL,1,NULL,1,1,'2019-03-21 12:57:55','2019-03-21 12:53:47',NULL),(34,34,1,1,'Azlin Mohd Alias','1462',NULL,'771102145856',NULL,NULL,NULL,NULL,NULL,NULL,NULL,NULL,NULL,NULL,NULL,'0',NULL,NULL,1,NULL,1,1,'2019-03-21 12:57:55','2019-03-21 12:53:47',NULL),(35,35,1,1,'Bahar Musa','2051',NULL,'591116055239',NULL,NULL,NULL,NULL,NULL,NULL,NULL,NULL,NULL,NULL,NULL,'0',NULL,11,1,NULL,1,1,'2019-03-21 12:57:55','2019-03-21 12:53:47',NULL),(36,36,1,1,'Hj. Burhanuddin Saidin','1199','','601103085419','',NULL,NULL,NULL,NULL,NULL,NULL,'',NULL,NULL,'suhaimi_robini@mpc.gov.my','0',2,4,11,NULL,1,1,'2019-03-21 12:57:55','2019-03-21 12:53:47',NULL),(37,37,1,1,'Cham Yin Hwa','1572',NULL,'850809045416',NULL,NULL,NULL,NULL,NULL,NULL,NULL,NULL,NULL,NULL,NULL,'0',NULL,25,1,NULL,1,1,'2019-03-21 12:57:55','2019-03-21 12:53:47',NULL),(38,38,1,1,'Darul Adizul Ishak','1556',NULL,'821110105937',NULL,NULL,NULL,NULL,NULL,NULL,NULL,NULL,NULL,NULL,NULL,'0',NULL,27,1,NULL,1,1,'2019-03-21 12:57:55','2019-03-21 12:53:47',NULL),(39,39,1,1,'Dr. Daud Talib','1277',NULL,'650523015733',NULL,NULL,NULL,NULL,NULL,NULL,NULL,NULL,NULL,NULL,NULL,'0',NULL,NULL,1,NULL,1,1,'2019-03-21 12:57:55','2019-03-21 12:53:47',NULL),(40,40,1,1,'Eamizan Hasim','1340',NULL,'671215106089',NULL,NULL,NULL,NULL,NULL,NULL,NULL,NULL,NULL,NULL,NULL,'0',NULL,31,1,NULL,1,1,'2019-03-21 12:57:55','2019-03-21 12:53:47',NULL),(41,41,1,1,'Edward Binty','1435',NULL,'750707125521',NULL,NULL,NULL,NULL,NULL,NULL,NULL,NULL,NULL,NULL,NULL,'0',NULL,27,1,NULL,1,1,'2019-03-21 12:57:55','2019-03-21 12:53:47',NULL),(42,42,1,1,'Ellma Eddiahwati Musa','3067','','760622145362','',NULL,NULL,NULL,NULL,NULL,NULL,'',NULL,NULL,'ellma@mpc.gov.my','0',2,5,9,NULL,1,1,'2019-03-21 12:57:55','2019-03-21 12:53:47',NULL),(43,43,1,1,'Faizul Mohamed','2995',NULL,'730506015053',NULL,NULL,NULL,NULL,NULL,NULL,NULL,NULL,NULL,NULL,NULL,'0',NULL,30,1,NULL,1,1,'2019-03-21 12:57:56','2019-03-21 12:53:47',NULL),(44,44,1,1,'Fara Salinda Ayu Halim','3072',NULL,'790904085772',NULL,NULL,NULL,NULL,NULL,NULL,NULL,NULL,NULL,NULL,NULL,'0',NULL,31,1,NULL,1,1,'2019-03-21 12:57:56','2019-03-21 12:53:47',NULL),(45,45,1,1,'Fara Suraya Hani Halim','3014',NULL,'780714085668',NULL,NULL,NULL,NULL,NULL,NULL,NULL,NULL,NULL,NULL,NULL,'0',NULL,NULL,1,NULL,1,1,'2019-03-21 12:57:56','2019-03-21 12:53:47',NULL),(46,46,1,1,'Farah Diyana Derma Dewa','3115','','820812105056','',NULL,NULL,NULL,NULL,NULL,NULL,'0173969800',NULL,NULL,'diyana@mpc.gov.my','0',2,4,13,NULL,1,1,'2019-03-21 12:57:56','2019-03-21 12:53:47',NULL),(47,47,1,1,'Farah Sazarina Othman','2964',NULL,'811203015456',NULL,NULL,NULL,NULL,NULL,NULL,NULL,NULL,NULL,NULL,NULL,'0',NULL,25,1,NULL,1,1,'2019-03-21 12:57:56','2019-03-21 12:53:47',NULL),(48,48,1,1,'Farhan Abdullah','3044',NULL,'730617105449',NULL,NULL,NULL,NULL,NULL,NULL,NULL,NULL,NULL,NULL,NULL,'0',NULL,NULL,1,NULL,1,1,'2019-03-21 12:57:56','2019-03-21 12:53:47',NULL),(49,49,1,1,'Faridah Taju Rahim','1451',NULL,'760308065380',NULL,NULL,NULL,NULL,NULL,NULL,NULL,NULL,NULL,NULL,NULL,'0',NULL,13,1,NULL,1,1,'2019-03-21 12:57:56','2019-03-21 12:53:47',NULL),(50,50,1,1,'Fauziah Ahmad Nawawi','2973',NULL,'790625105398',NULL,NULL,NULL,NULL,NULL,NULL,NULL,NULL,NULL,NULL,NULL,'0',NULL,9,1,NULL,1,1,'2019-03-21 12:57:56','2019-03-21 12:53:47',NULL),(51,51,1,1,'Fauziah Manaf','2563',NULL,'660107065028',NULL,NULL,NULL,NULL,NULL,NULL,NULL,NULL,NULL,NULL,NULL,'0',NULL,NULL,1,NULL,1,1,'2019-03-21 12:57:56','2019-03-21 12:53:47',NULL),(52,52,1,1,'Fauziah Sakiman','2659',NULL,'720323015326',NULL,NULL,NULL,NULL,NULL,NULL,NULL,NULL,NULL,NULL,NULL,'0',NULL,30,1,NULL,1,1,'2019-03-21 12:57:56','2019-03-21 12:53:47',NULL),(53,53,1,1,'Fizalawati Amin','3078',NULL,'810813135258',NULL,NULL,NULL,NULL,NULL,NULL,NULL,NULL,NULL,NULL,NULL,'0',NULL,28,1,NULL,1,1,'2019-03-21 12:57:56','2019-03-21 12:53:47',NULL),(54,54,1,1,'Hafiza Atha Ahmad','1496',NULL,'811010105092',NULL,NULL,NULL,NULL,NULL,NULL,NULL,NULL,NULL,NULL,NULL,'0',NULL,NULL,1,NULL,1,1,'2019-03-21 12:57:56','2019-03-21 12:53:47',NULL),(55,55,1,1,'Hafizah Sith','1418',NULL,'790329016120',NULL,NULL,NULL,NULL,NULL,NULL,NULL,NULL,NULL,NULL,NULL,'0',NULL,NULL,1,NULL,1,1,'2019-03-21 12:57:56','2019-03-21 12:53:47',NULL),(56,56,1,1,'Hafizoh Md. Aris','1497',NULL,'780402025746',NULL,NULL,NULL,NULL,NULL,NULL,NULL,NULL,NULL,NULL,NULL,'0',NULL,NULL,1,NULL,1,1,'2019-03-21 12:57:56','2019-03-21 12:53:47',NULL),(57,57,1,1,'Hj. Hairul Mizan Hamdan','2997',NULL,'770222015947',NULL,NULL,NULL,NULL,NULL,NULL,NULL,NULL,NULL,NULL,NULL,'0',NULL,30,1,NULL,1,1,'2019-03-21 12:57:56','2019-03-21 12:53:47',NULL),(58,58,1,1,'Halimahton Saadiah Let','1409',NULL,'730930085368',NULL,NULL,NULL,NULL,NULL,NULL,NULL,NULL,NULL,NULL,NULL,'0',NULL,NULL,1,NULL,1,1,'2019-03-21 12:57:56','2019-03-21 12:53:47',NULL),(59,59,1,1,'Hamzaly Zakaria','2998',NULL,'680617105825',NULL,NULL,NULL,NULL,NULL,NULL,NULL,NULL,NULL,NULL,NULL,'0',NULL,25,1,NULL,1,1,'2019-03-21 12:57:56','2019-03-21 12:53:47',NULL),(60,60,1,1,'Hanisah Mohd. Ramli','1529',NULL,'840523105736',NULL,NULL,NULL,NULL,NULL,NULL,NULL,NULL,NULL,NULL,NULL,'0',NULL,NULL,1,NULL,1,1,'2019-03-21 12:57:56','2019-03-21 12:53:47',NULL),(61,61,1,1,'Hasbullah Abdul Hamid','3083',NULL,'800114025253',NULL,NULL,NULL,NULL,NULL,NULL,NULL,NULL,NULL,NULL,NULL,'0',NULL,9,1,NULL,1,1,'2019-03-21 12:57:56','2019-03-21 12:53:47',NULL),(62,62,1,1,'Haslizayanti Othman','1526',NULL,'810117065348',NULL,NULL,NULL,NULL,NULL,NULL,NULL,NULL,NULL,NULL,NULL,'0',NULL,24,1,NULL,1,1,'2019-03-21 12:57:56','2019-03-21 12:53:47',NULL),(63,63,1,1,'Hazwani Nadiah Ismail','1525',NULL,'820913035624',NULL,NULL,NULL,NULL,NULL,NULL,NULL,NULL,NULL,NULL,NULL,'0',NULL,13,1,NULL,1,1,'2019-03-21 12:57:56','2019-03-21 12:53:47',NULL),(64,64,1,1,'Hillina Abdul Karim','1457',NULL,'760325105284',NULL,NULL,NULL,NULL,NULL,NULL,NULL,NULL,NULL,NULL,NULL,'0',NULL,18,1,NULL,1,1,'2019-03-21 12:57:56','2019-03-21 12:53:47',NULL),(65,65,1,1,'Hishamuddin Hassan','3037',NULL,'811203025531',NULL,NULL,NULL,NULL,NULL,NULL,NULL,NULL,NULL,NULL,NULL,'0',NULL,23,1,NULL,1,1,'2019-03-21 12:57:56','2019-03-21 12:53:47',NULL),(66,66,1,1,'Hj. Ab. Rahim Yusoff','1192',NULL,'601217035145',NULL,NULL,NULL,NULL,NULL,NULL,NULL,NULL,NULL,NULL,NULL,'0',NULL,NULL,1,NULL,1,1,'2019-03-21 12:57:56','2019-03-21 12:53:47',NULL),(67,67,1,1,'Hj. Ab. Rashid Omar','1331',NULL,'660801045393',NULL,NULL,NULL,NULL,NULL,NULL,NULL,NULL,NULL,NULL,NULL,'0',NULL,NULL,1,NULL,1,1,'2019-03-21 12:57:56','2019-03-21 12:53:47',NULL),(68,68,1,1,'Huda Atiqah Samsir','1644',NULL,'881028015128',NULL,NULL,NULL,NULL,NULL,NULL,NULL,NULL,NULL,NULL,NULL,'0',NULL,20,1,NULL,1,1,'2019-03-21 12:57:56','2019-03-21 12:53:47',NULL),(69,69,1,1,'Ilyana Norsaidah Ab Rahman','1638',NULL,'910911035478',NULL,NULL,NULL,NULL,NULL,NULL,NULL,NULL,NULL,NULL,NULL,'0',NULL,29,1,NULL,1,1,'2019-03-21 12:57:56','2019-03-21 12:53:47',NULL),(70,70,1,1,'Ingrid Ng Edy','1609',NULL,'871121495040',NULL,NULL,NULL,NULL,NULL,NULL,NULL,NULL,NULL,NULL,NULL,'0',NULL,27,1,NULL,1,1,'2019-03-21 12:57:56','2019-03-21 12:53:47',NULL),(71,71,1,1,'Isram Azhar','3047','','820324105479','',NULL,NULL,NULL,NULL,NULL,NULL,'0163900444',NULL,NULL,'isram@mpc.gov.my','0',2,4,9,NULL,1,1,'2019-03-21 12:57:57','2019-03-21 12:53:47',NULL),(72,72,1,1,'Izani Ishak','1275',NULL,'630610035689',NULL,NULL,NULL,NULL,NULL,NULL,NULL,NULL,NULL,NULL,NULL,'0',NULL,27,1,NULL,1,1,'2019-03-21 12:57:57','2019-03-21 12:53:47',NULL),(73,73,1,1,'Izzul Ikhwan Ishak','1659',NULL,'910610105989',NULL,NULL,NULL,NULL,NULL,NULL,NULL,NULL,NULL,NULL,NULL,'0',NULL,24,1,NULL,1,1,'2019-03-21 12:57:57','2019-03-21 12:53:47',NULL),(74,74,1,1,'Jauza Juhairah Jimmy Abdullah','3141',NULL,'920127126324',NULL,NULL,NULL,NULL,NULL,NULL,NULL,NULL,NULL,NULL,NULL,'0',NULL,NULL,1,NULL,1,1,'2019-03-21 12:57:57','2019-03-21 12:53:47',NULL),(75,75,1,1,'Jayaletchumi Krishnan','1488',NULL,'780507025152',NULL,NULL,NULL,NULL,NULL,NULL,NULL,NULL,NULL,NULL,NULL,'0',NULL,NULL,1,NULL,1,1,'2019-03-21 12:57:57','2019-03-21 12:53:47',NULL),(76,76,1,1,'Jerry Shahnizal Abd. Aziz','1503',NULL,'830808146065',NULL,NULL,NULL,NULL,NULL,NULL,NULL,NULL,NULL,NULL,NULL,'0',NULL,28,1,NULL,1,1,'2019-03-21 12:57:57','2019-03-21 12:53:47',NULL),(77,77,1,1,'Josffa Ismail','1408',NULL,'780215075975',NULL,NULL,NULL,NULL,NULL,NULL,NULL,NULL,NULL,NULL,NULL,'0',NULL,NULL,1,NULL,1,1,'2019-03-21 12:57:57','2019-03-21 12:53:47',NULL),(78,78,1,1,'Kabir Ahmad Mohamad Jamil','1170',NULL,'600101025303',NULL,NULL,NULL,NULL,NULL,NULL,NULL,NULL,NULL,NULL,NULL,'0',NULL,NULL,1,NULL,1,1,'2019-03-21 12:57:57','2019-03-21 12:53:47',NULL),(79,79,1,1,'Kamaruddin Mohamad','1183',NULL,'610718115105',NULL,NULL,NULL,NULL,NULL,NULL,NULL,NULL,NULL,NULL,NULL,'0',NULL,NULL,1,NULL,1,1,'2019-03-21 12:57:57','2019-03-21 12:53:47',NULL),(80,80,1,1,'Kamaruzaman Ramli','3103',NULL,'830308115035',NULL,NULL,NULL,NULL,NULL,NULL,NULL,NULL,NULL,NULL,NULL,'0',NULL,13,1,NULL,1,1,'2019-03-21 12:57:57','2019-03-21 12:53:47',NULL),(81,81,1,1,'Kartin Haslinda Che Mat','1450',NULL,'760304035264',NULL,NULL,NULL,NULL,NULL,NULL,NULL,NULL,NULL,NULL,NULL,'0',NULL,14,1,NULL,1,1,'2019-03-21 12:57:57','2019-03-21 12:53:47',NULL),(82,82,1,1,'Kasturi Devi a/p Appanna','1546',NULL,'810525085890',NULL,NULL,NULL,NULL,NULL,NULL,NULL,NULL,NULL,NULL,NULL,'0',NULL,23,1,NULL,1,1,'2019-03-21 12:57:57','2019-03-21 12:53:47',NULL),(83,83,1,1,'Khairil Afi Adnan','3156',NULL,'871003065189',NULL,NULL,NULL,NULL,NULL,NULL,NULL,NULL,NULL,NULL,NULL,'0',NULL,16,1,NULL,1,1,'2019-03-21 12:57:57','2019-03-21 12:53:47',NULL),(84,84,1,1,'Khalidatul Asrin Abd. Aziz','1483',NULL,'800112025794',NULL,NULL,NULL,NULL,NULL,NULL,NULL,NULL,NULL,NULL,NULL,'0',NULL,29,1,NULL,1,1,'2019-03-21 12:57:57','2019-03-21 12:53:47',NULL),(85,85,1,1,'Khatijah Rahmat','1606',NULL,'840710135404',NULL,NULL,NULL,NULL,NULL,NULL,NULL,NULL,NULL,NULL,NULL,'0',NULL,28,1,NULL,1,1,'2019-03-21 12:57:57','2019-03-21 12:53:47',NULL),(86,86,1,1,'Khidzir Ahmad','1534',NULL,'780830105611',NULL,NULL,NULL,NULL,NULL,NULL,NULL,NULL,NULL,NULL,NULL,'0',NULL,29,1,NULL,1,1,'2019-03-21 12:57:57','2019-03-21 12:53:47',NULL),(87,87,1,1,'Datin Latchumy Prabha','1316',NULL,'620517015246',NULL,NULL,NULL,NULL,NULL,NULL,NULL,NULL,NULL,NULL,NULL,'0',NULL,17,1,NULL,1,1,'2019-03-21 12:57:57','2019-03-21 12:53:47',NULL),(88,88,1,1,'Lee Wan Swanee','1573',NULL,'850915035756',NULL,NULL,NULL,NULL,NULL,NULL,NULL,NULL,NULL,NULL,NULL,'0',NULL,29,1,NULL,1,1,'2019-03-21 12:57:57','2019-03-21 12:53:47',NULL),(89,89,1,1,'Lee Wan Wei','1585',NULL,'860814595008',NULL,NULL,NULL,NULL,NULL,NULL,NULL,NULL,NULL,NULL,NULL,'0',NULL,NULL,1,NULL,1,1,'2019-03-21 12:57:57','2019-03-21 12:53:47',NULL),(90,90,1,1,'Liyana Othman','1656',NULL,'900703137438',NULL,NULL,NULL,NULL,NULL,NULL,NULL,NULL,NULL,NULL,NULL,'0',NULL,28,1,NULL,1,1,'2019-03-21 12:57:57','2019-03-21 12:53:47',NULL),(91,91,1,1,'Mahadi Hasbullah','1486',NULL,'760815035303',NULL,NULL,NULL,NULL,NULL,NULL,NULL,NULL,NULL,NULL,NULL,'0',NULL,15,1,NULL,1,1,'2019-03-21 12:57:57','2019-03-21 12:53:47',NULL),(92,92,1,1,'Mariatul Af-Ida M.T. Ariffin','1390',NULL,'750712085034',NULL,NULL,NULL,NULL,NULL,NULL,NULL,NULL,NULL,NULL,NULL,'0',NULL,NULL,1,NULL,1,1,'2019-03-21 12:57:57','2019-03-21 12:53:47',NULL),(93,93,1,1,'Marina Maulad Ismail','3074',NULL,'860329145038',NULL,NULL,NULL,NULL,NULL,NULL,NULL,NULL,NULL,NULL,NULL,'0',NULL,11,1,NULL,1,1,'2019-03-21 12:57:57','2019-03-21 12:53:47',NULL),(94,94,1,1,'Marziah Ahmad','1349',NULL,'650411065218',NULL,NULL,NULL,NULL,NULL,NULL,NULL,NULL,NULL,NULL,NULL,'0',NULL,NULL,1,NULL,1,1,'2019-03-21 12:57:57','2019-03-21 12:53:47',NULL),(95,95,1,1,'Mashitanor Zainudin','3087',NULL,'761019055308',NULL,NULL,NULL,NULL,NULL,NULL,NULL,NULL,NULL,NULL,NULL,'0',NULL,8,1,NULL,1,1,'2019-03-21 12:57:57','2019-03-21 12:53:47',NULL),(96,96,1,1,'Maswani Ismail','3095',NULL,'810316035600',NULL,NULL,NULL,NULL,NULL,NULL,NULL,NULL,NULL,NULL,NULL,'0',NULL,14,1,NULL,1,1,'2019-03-21 12:57:57','2019-03-21 12:53:47',NULL),(97,97,1,1,'Dr. Mazlina Shafii','1373',NULL,'720731086000',NULL,NULL,NULL,NULL,NULL,NULL,NULL,NULL,NULL,NULL,NULL,'0',NULL,NULL,1,NULL,1,1,'2019-03-21 12:57:57','2019-03-21 12:53:47',NULL),(98,98,1,1,'Maznee Abd. Halim','1318',NULL,'661204115036',NULL,NULL,NULL,NULL,NULL,NULL,NULL,NULL,NULL,NULL,NULL,'0',NULL,NULL,1,NULL,1,1,'2019-03-21 12:57:58','2019-03-21 12:53:47',NULL),(99,99,1,1,'Dr. Mazrina Mohd. Ibramsah','1393',NULL,'741207075594',NULL,NULL,NULL,NULL,NULL,NULL,NULL,NULL,NULL,NULL,NULL,'0',NULL,16,1,NULL,1,1,'2019-03-21 12:57:58','2019-03-21 12:53:47',NULL),(100,100,1,1,'Mazuan Salleh','1512',NULL,'810105125067',NULL,NULL,NULL,NULL,NULL,NULL,NULL,NULL,NULL,NULL,NULL,'0',NULL,30,1,NULL,1,1,'2019-03-21 12:57:58','2019-03-21 12:53:47',NULL),(101,101,1,1,'Mazuin Dahlan','1445',NULL,'790417145328',NULL,NULL,NULL,NULL,NULL,NULL,NULL,NULL,NULL,NULL,NULL,'0',NULL,24,1,NULL,1,1,'2019-03-21 12:57:58','2019-03-21 12:53:47',NULL),(102,102,1,1,'Md Shubri Ismail','1175',NULL,'591223075331',NULL,NULL,NULL,NULL,NULL,NULL,NULL,NULL,NULL,NULL,NULL,'0',NULL,11,1,NULL,1,1,'2019-03-21 12:57:58','2019-03-21 12:53:47',NULL),(103,103,1,1,'Md Zainuri Juri','1404',NULL,'741122017053',NULL,NULL,NULL,NULL,NULL,NULL,NULL,NULL,NULL,NULL,NULL,'0',NULL,NULL,1,NULL,1,1,'2019-03-21 12:57:58','2019-03-21 12:53:47',NULL),(104,104,1,1,'Megat Amirul Saifulnizam Megat Kamarul Bahrin','1504',NULL,'820702115739',NULL,NULL,NULL,NULL,NULL,NULL,NULL,NULL,NULL,NULL,NULL,'0',NULL,30,1,NULL,1,1,'2019-03-21 12:57:58','2019-03-21 12:53:47',NULL),(105,105,1,1,'Melissa Ahmad Arshad','1411',NULL,'761210105270',NULL,NULL,NULL,NULL,NULL,NULL,NULL,NULL,NULL,NULL,NULL,'0',NULL,29,1,NULL,1,1,'2019-03-21 12:57:58','2019-03-21 12:53:47',NULL),(106,106,1,1,'Mimi Hasnita Ahmad','2994',NULL,'761108065348',NULL,NULL,NULL,NULL,NULL,NULL,NULL,NULL,NULL,NULL,NULL,'0',NULL,13,1,NULL,1,1,'2019-03-21 12:57:58','2019-03-21 12:53:47',NULL),(107,107,1,1,'Minhana Yahaya','3016',NULL,'790514145178',NULL,NULL,NULL,NULL,NULL,NULL,NULL,NULL,NULL,NULL,NULL,'0',NULL,NULL,1,NULL,1,1,'2019-03-21 12:57:58','2019-03-21 12:53:47',NULL),(108,108,1,1,'Mohamad Azrol Mohd. Dali','1423',NULL,'750930015683',NULL,NULL,NULL,NULL,NULL,NULL,NULL,NULL,NULL,NULL,NULL,'0',NULL,NULL,1,NULL,1,1,'2019-03-21 12:57:58','2019-03-21 12:53:47',NULL),(109,109,1,1,'Mohamad Hafizi Abd Rashid','3093',NULL,'880905025009',NULL,NULL,NULL,NULL,NULL,NULL,NULL,NULL,NULL,NULL,NULL,'0',NULL,21,1,NULL,1,1,'2019-03-21 12:57:58','2019-03-21 12:53:47',NULL),(110,110,1,1,'Mohamad Muzaffar Abdul Hamid','1391',NULL,'740919017603',NULL,NULL,NULL,NULL,NULL,NULL,NULL,NULL,NULL,NULL,NULL,'0',NULL,29,1,NULL,1,1,'2019-03-21 12:57:58','2019-03-21 12:53:47',NULL),(111,111,1,1,'Mohamad Nor Bolhi','1507',NULL,'790607135681',NULL,NULL,NULL,NULL,NULL,NULL,NULL,NULL,NULL,NULL,NULL,'0',NULL,NULL,1,NULL,1,1,'2019-03-21 12:57:58','2019-03-21 12:53:47',NULL),(112,112,1,1,'Mohamad Norjayadi Tamam','1421',NULL,'741205135725',NULL,NULL,NULL,NULL,NULL,NULL,NULL,NULL,NULL,NULL,NULL,'0',NULL,26,1,NULL,1,1,'2019-03-21 12:57:58','2019-03-21 12:53:47',NULL),(113,113,1,1,'Hj. Mohamad Sahril Ahmad Puzi','1505',NULL,'821115085445',NULL,NULL,NULL,NULL,NULL,NULL,NULL,NULL,NULL,NULL,NULL,'0',NULL,NULL,1,NULL,1,1,'2019-03-21 12:57:58','2019-03-21 12:53:47',NULL),(114,114,1,1,'Mohammad Afdhan Fauzi','3118',NULL,'860427565669',NULL,NULL,NULL,NULL,NULL,NULL,NULL,NULL,NULL,NULL,NULL,'0',NULL,9,1,NULL,1,1,'2019-03-21 12:57:58','2019-03-21 12:53:47',NULL),(115,115,1,1,'Mohammad Khairul Hakimin Zainoor','1516',NULL,'830111015487',NULL,NULL,NULL,NULL,NULL,NULL,NULL,NULL,NULL,NULL,NULL,'0',NULL,24,1,NULL,1,1,'2019-03-21 12:57:58','2019-03-21 12:53:47',NULL),(116,116,1,1,'Mohammed Alamin Rehan','1454',NULL,'790113065169',NULL,NULL,NULL,NULL,NULL,NULL,NULL,NULL,NULL,NULL,NULL,'0',NULL,29,1,NULL,1,1,'2019-03-21 12:57:58','2019-03-21 12:53:47',NULL),(117,117,1,1,'Mohd Amirol Md. Khair','1648',NULL,'900309026107',NULL,NULL,NULL,NULL,NULL,NULL,NULL,NULL,NULL,NULL,NULL,'0',NULL,16,1,NULL,1,1,'2019-03-21 12:57:58','2019-03-21 12:53:47',NULL),(118,118,1,1,'Mohd Azhar Zainuddin','1542',NULL,'810110105773',NULL,NULL,NULL,NULL,NULL,NULL,NULL,NULL,NULL,NULL,NULL,'0',NULL,13,1,NULL,1,1,'2019-03-21 12:57:58','2019-03-21 12:53:47',NULL),(119,119,1,1,'Mohd. Azrul Kamis','2782',NULL,'770526025423',NULL,NULL,NULL,NULL,NULL,NULL,NULL,NULL,NULL,NULL,NULL,'0',NULL,8,1,NULL,1,1,'2019-03-21 12:57:58','2019-03-21 12:53:47',NULL),(120,120,1,1,'Mohd. Azwan Mohd. Salleh','1453',NULL,'730926075271',NULL,NULL,NULL,NULL,NULL,NULL,NULL,NULL,NULL,NULL,NULL,'0',NULL,25,1,NULL,1,1,'2019-03-21 12:57:58','2019-03-21 12:53:47',NULL),(121,121,1,1,'Mohd Faizol Abd. Rahman','1593',NULL,'841110115033',NULL,NULL,NULL,NULL,NULL,NULL,NULL,NULL,NULL,NULL,NULL,'0',NULL,11,1,NULL,1,1,'2019-03-21 12:57:58','2019-03-21 12:53:47',NULL),(122,122,1,1,'Mohd Faizzul Shahir','3110',NULL,'860917436181',NULL,NULL,NULL,NULL,NULL,NULL,NULL,NULL,NULL,NULL,NULL,'0',NULL,9,1,NULL,1,1,'2019-03-21 12:57:59','2019-03-21 12:53:47',NULL),(123,123,1,1,'Mohd. Hilmi Mohd. Idris','1489',NULL,'790308105095',NULL,NULL,NULL,NULL,NULL,NULL,NULL,NULL,NULL,NULL,NULL,'0',NULL,13,1,NULL,1,1,'2019-03-21 12:57:59','2019-03-21 12:53:47',NULL),(124,124,1,1,'Mohd. Hisyam Hatimtai','1406',NULL,'780321105277',NULL,NULL,NULL,NULL,NULL,NULL,NULL,NULL,NULL,NULL,NULL,'0',NULL,29,1,NULL,1,1,'2019-03-21 12:57:59','2019-03-21 12:53:47',NULL),(125,125,1,1,'Mohd. Khairil Anuar Amir Hamzah','1513',NULL,'840225025017',NULL,NULL,NULL,NULL,NULL,NULL,NULL,NULL,NULL,NULL,NULL,'0',NULL,23,1,NULL,1,1,'2019-03-21 12:57:59','2019-03-21 12:53:47',NULL),(126,126,1,1,'Mohd. Khairizal Khahidir','1508','','830405055353','',NULL,NULL,NULL,NULL,NULL,NULL,'0122988721',NULL,NULL,'khairizal@mpc.gov.my','0',2,4,8,NULL,1,1,'2019-03-21 12:57:59','2019-03-21 12:53:47',NULL),(127,127,1,1,'Mohd. Khairul Nazir Nawi','1456',NULL,'770220025957',NULL,NULL,NULL,NULL,NULL,NULL,NULL,NULL,NULL,NULL,NULL,'0',NULL,11,1,NULL,1,1,'2019-03-21 12:57:59','2019-03-21 12:53:47',NULL),(128,128,1,1,'Mohd Nizam Ali','3056',NULL,'791128145297',NULL,NULL,NULL,NULL,NULL,NULL,NULL,NULL,NULL,NULL,NULL,'0',NULL,18,1,NULL,1,1,'2019-03-21 12:57:59','2019-03-21 12:53:47',NULL),(129,129,1,1,'Dato\' Mohd Razali Hussain','1176','','590826115385','',NULL,NULL,NULL,NULL,NULL,NULL,'',NULL,NULL,'isram2@mpc.gov.my','0',2,1,12,NULL,1,1,'2019-03-21 12:57:59','2019-03-21 12:53:47',NULL),(130,130,1,1,'Mohd. Wafi Hj. Arip','1473',NULL,'770212105551',NULL,NULL,NULL,NULL,NULL,NULL,NULL,NULL,NULL,NULL,NULL,'0',NULL,NULL,1,NULL,1,1,'2019-03-21 12:57:59','2019-03-21 12:53:47',NULL),(131,131,1,1,'Mohd Yazid Abdul Majid','1455',NULL,'790310105537',NULL,NULL,NULL,NULL,NULL,NULL,NULL,NULL,NULL,NULL,NULL,'0',NULL,NULL,1,NULL,1,1,'2019-03-21 12:57:59','2019-03-21 12:53:47',NULL),(132,132,1,1,'Mohd Zulkifly Che Mohd Rawawi','1613',NULL,'830910035265',NULL,NULL,NULL,NULL,NULL,NULL,NULL,NULL,NULL,NULL,NULL,'0',NULL,29,1,NULL,1,1,'2019-03-21 12:57:59','2019-03-21 12:53:47',NULL),(133,133,1,1,'Mohd. Azuar Md. Sidek','2989',NULL,'750514105065',NULL,NULL,NULL,NULL,NULL,NULL,NULL,NULL,NULL,NULL,NULL,'0',NULL,8,1,NULL,1,1,'2019-03-21 12:57:59','2019-03-21 12:53:47',NULL),(134,134,1,1,'Mohd. Hosni Mamat @ Ariffin','1577',NULL,'840528115511',NULL,NULL,NULL,NULL,NULL,NULL,NULL,NULL,NULL,NULL,NULL,'0',NULL,15,1,NULL,1,1,'2019-03-21 12:57:59','2019-03-21 12:53:47',NULL),(135,135,1,1,'Mohd. Hykal Mohd. Halim','3071',NULL,'840415015223',NULL,NULL,NULL,NULL,NULL,NULL,NULL,NULL,NULL,NULL,NULL,'0',NULL,25,1,NULL,1,1,'2019-03-21 12:57:59','2019-03-21 12:53:47',NULL),(136,136,1,1,'Mohd. Riduan Daud','3007',NULL,'830906045057',NULL,NULL,NULL,NULL,NULL,NULL,NULL,NULL,NULL,NULL,NULL,'0',NULL,25,1,NULL,1,1,'2019-03-21 12:57:59','2019-03-21 12:53:47',NULL),(137,137,1,1,'Mohd. Rosdi Mohd Kauzi','3046',NULL,'750423035989',NULL,NULL,NULL,NULL,NULL,NULL,NULL,NULL,NULL,NULL,NULL,'0',NULL,8,1,NULL,1,1,'2019-03-21 12:57:59','2019-03-21 12:53:47',NULL),(138,138,1,1,'Mohd. Shapri Ismail','2054',NULL,'600813085945',NULL,NULL,NULL,NULL,NULL,NULL,NULL,NULL,NULL,NULL,NULL,'0',NULL,8,1,NULL,1,1,'2019-03-21 12:57:59','2019-03-21 12:53:47',NULL),(139,139,1,1,'Mohd. Suzlezan Supu','1443','','781219125145','',NULL,NULL,NULL,NULL,NULL,NULL,'0193168136',NULL,NULL,'suzlezan@mpc.gov.my','0',2,4,10,NULL,1,1,'2019-03-21 12:57:59','2019-03-21 12:53:47',NULL),(140,140,1,1,'Mohd. Syarif Samsudin','2967',NULL,'800305075173',NULL,NULL,NULL,NULL,NULL,NULL,NULL,NULL,NULL,NULL,NULL,'0',NULL,23,1,NULL,1,1,'2019-03-21 12:57:59','2019-03-21 12:53:47',NULL),(141,141,1,1,'Hj. Mohd. Zaki Bin Ibrahim','1319',NULL,'610119035197',NULL,NULL,NULL,NULL,NULL,NULL,NULL,NULL,NULL,NULL,NULL,'0',NULL,30,1,NULL,1,1,'2019-03-21 12:57:59','2019-03-21 12:53:47',NULL),(142,142,1,1,'Mohd. Zamros Yusof','2132',NULL,'670705055347',NULL,NULL,NULL,NULL,NULL,NULL,NULL,NULL,NULL,NULL,NULL,'0',NULL,28,1,NULL,1,1,'2019-03-21 12:57:59','2019-03-21 12:53:47',NULL),(143,143,1,1,'Mokhzani Aris Mohd. Yusoff','1397',NULL,'730308105015',NULL,NULL,NULL,NULL,NULL,NULL,NULL,NULL,NULL,NULL,NULL,'0',NULL,NULL,1,NULL,1,1,'2019-03-21 12:57:59','2019-03-21 12:53:47',NULL),(144,144,1,1,'Muhamad Afiq Piramli','1653',NULL,'901211036379',NULL,NULL,NULL,NULL,NULL,NULL,NULL,NULL,NULL,NULL,NULL,'0',NULL,NULL,1,NULL,1,1,'2019-03-21 12:57:59','2019-03-21 12:53:47',NULL),(145,145,1,1,'Muhamad Rizuwan Abu Bakar','3132',NULL,'860512465355',NULL,NULL,NULL,NULL,NULL,NULL,NULL,NULL,NULL,NULL,NULL,'0',NULL,8,1,NULL,1,1,'2019-03-21 12:57:59','2019-03-21 12:53:47',NULL),(146,146,1,1,'Mohammad Shahaizal Abu Talib','3004',NULL,'780218025869',NULL,NULL,NULL,NULL,NULL,NULL,NULL,NULL,NULL,NULL,NULL,'0',NULL,NULL,1,NULL,1,1,'2019-03-21 12:58:00','2019-03-21 12:53:47',NULL),(147,147,1,1,'Muhamad Zain Musa','2068',NULL,'611224055477',NULL,NULL,NULL,NULL,NULL,NULL,NULL,NULL,NULL,NULL,NULL,'0',NULL,20,1,NULL,1,1,'2019-03-21 12:58:00','2019-03-21 12:53:47',NULL),(148,148,1,1,'Muhamad Zamri Zainol','2991',NULL,'690427075433',NULL,NULL,NULL,NULL,NULL,NULL,NULL,NULL,NULL,NULL,NULL,'0',NULL,23,1,NULL,1,1,'2019-03-21 12:58:00','2019-03-21 12:53:47',NULL),(149,149,1,1,'Muhammad Afzani Ahmad','3003',NULL,'811125145705',NULL,NULL,NULL,NULL,NULL,NULL,NULL,NULL,NULL,NULL,NULL,'0',NULL,9,1,NULL,1,1,'2019-03-21 12:58:00','2019-03-21 12:53:47',NULL),(150,150,1,1,'Muhammaad Aidil Razak','3159',NULL,'910418035597',NULL,NULL,NULL,NULL,NULL,NULL,NULL,NULL,NULL,NULL,NULL,'0',NULL,8,1,NULL,1,1,'2019-03-21 12:58:00','2019-03-21 12:53:47',NULL),(151,151,1,1,'Muhammad Fazre Zulhelmi Fizwan','1595',NULL,'881014566439',NULL,NULL,NULL,NULL,NULL,NULL,NULL,NULL,NULL,NULL,NULL,'0',NULL,NULL,1,NULL,1,1,'2019-03-21 12:58:00','2019-03-21 12:53:47',NULL),(152,152,1,1,'Mohammad Hafiz Sabaruddin','1517',NULL,'830408065477',NULL,NULL,NULL,NULL,NULL,NULL,NULL,NULL,NULL,NULL,NULL,'0',NULL,30,1,NULL,1,1,'2019-03-21 12:58:00','2019-03-21 12:53:47',NULL),(153,153,1,1,'Muhammad Hisham Nordin','1598',NULL,'881113565247',NULL,NULL,NULL,NULL,NULL,NULL,NULL,NULL,NULL,NULL,NULL,'0',NULL,NULL,1,NULL,1,1,'2019-03-21 12:58:00','2019-03-21 12:53:47',NULL),(154,154,1,1,'Muhammad Idham Mohd Zain','1405',NULL,'731006035511',NULL,NULL,NULL,NULL,NULL,NULL,NULL,NULL,NULL,NULL,NULL,'0',NULL,11,1,NULL,1,1,'2019-03-21 12:58:00','2019-03-21 12:53:47',NULL),(155,155,1,1,'Muhammad Muizzuddin Muhamad','3157',NULL,'910330036237',NULL,NULL,NULL,NULL,NULL,NULL,NULL,NULL,NULL,NULL,NULL,'0',NULL,9,1,NULL,1,1,'2019-03-21 12:58:00','2019-03-21 12:53:47',NULL),(156,156,1,1,'Muhammad Suffian Ahmad','1447',NULL,'790617145859',NULL,NULL,NULL,NULL,NULL,NULL,NULL,NULL,NULL,NULL,NULL,'0',NULL,NULL,1,NULL,1,1,'2019-03-21 12:58:00','2019-03-21 12:53:47',NULL),(157,157,1,1,'Muhaslizawati Mohd Bakri','1547',NULL,'820619035746',NULL,NULL,NULL,NULL,NULL,NULL,NULL,NULL,NULL,NULL,NULL,'0',NULL,15,1,NULL,1,1,'2019-03-21 12:58:00','2019-03-21 12:53:47',NULL),(158,158,1,1,'Muhd. Adha Abd. Hamid','1523',NULL,'830918105555',NULL,NULL,NULL,NULL,NULL,NULL,NULL,NULL,NULL,NULL,NULL,'0',NULL,29,1,NULL,1,1,'2019-03-21 12:58:00','2019-03-21 12:53:47',NULL),(159,159,1,1,'Nahdatul Faeizin Norman','1631',NULL,'901028015094',NULL,NULL,NULL,NULL,NULL,NULL,NULL,NULL,NULL,NULL,NULL,'0',NULL,30,1,NULL,1,1,'2019-03-21 12:58:00','2019-03-21 12:53:47',NULL),(160,160,1,1,'Nazahiah Mohamad','1475',NULL,'790525075056',NULL,NULL,NULL,NULL,NULL,NULL,NULL,NULL,NULL,NULL,NULL,'0',NULL,29,1,NULL,1,1,'2019-03-21 12:58:00','2019-03-21 12:53:47',NULL),(161,161,1,1,'Nazeri Ariffin Madon','1633',NULL,'860804235965',NULL,NULL,NULL,NULL,NULL,NULL,NULL,NULL,NULL,NULL,NULL,'0',NULL,13,1,NULL,1,1,'2019-03-21 12:58:00','2019-03-21 12:53:47',NULL),(162,162,1,1,'Nazilah Ahmad','1530',NULL,'830710016190',NULL,NULL,NULL,NULL,NULL,NULL,NULL,NULL,NULL,NULL,NULL,'0',NULL,30,1,NULL,1,1,'2019-03-21 12:58:00','2019-03-21 12:53:47',NULL),(163,163,1,1,'Nik Faizal Nik Ahmad','1414',NULL,'690320035423',NULL,NULL,NULL,NULL,NULL,NULL,NULL,NULL,NULL,NULL,NULL,'0',NULL,14,1,NULL,1,1,'2019-03-21 12:58:00','2019-03-21 12:53:47',NULL),(164,164,1,1,'Nik Nazarina Nek Mohamed','1651',NULL,'891121146332',NULL,NULL,NULL,NULL,NULL,NULL,NULL,NULL,NULL,NULL,NULL,'0',NULL,NULL,1,NULL,1,1,'2019-03-21 12:58:00','2019-03-21 12:53:47',NULL),(165,165,1,1,'Hj. Nik Rosdi Nik Yusoff','1165',NULL,'591022035333',NULL,NULL,NULL,NULL,NULL,NULL,NULL,NULL,NULL,NULL,NULL,'0',NULL,NULL,1,NULL,1,1,'2019-03-21 12:58:00','2019-03-21 12:53:47',NULL),(166,166,1,1,'Noor Aishah Hj. Hassan','1461',NULL,'781121145260',NULL,NULL,NULL,NULL,NULL,NULL,NULL,NULL,NULL,NULL,NULL,'0',NULL,29,1,NULL,1,1,'2019-03-21 12:58:00','2019-03-21 12:53:47',NULL),(167,167,1,1,'Noor Anariza Hassan','2968',NULL,'760121075060',NULL,NULL,NULL,NULL,NULL,NULL,NULL,NULL,NULL,NULL,NULL,'0',NULL,19,1,NULL,1,1,'2019-03-21 12:58:00','2019-03-21 12:53:47',NULL),(168,168,1,1,'Noor Asmawati Hussin','3041',NULL,'820725085480',NULL,NULL,NULL,NULL,NULL,NULL,NULL,NULL,NULL,NULL,NULL,'0',NULL,26,1,NULL,1,1,'2019-03-21 12:58:01','2019-03-21 12:53:47',NULL),(169,169,1,1,'Noor Aziah Othman','2945',NULL,'790928075448',NULL,NULL,NULL,NULL,NULL,NULL,NULL,NULL,NULL,NULL,NULL,'0',NULL,11,1,NULL,1,1,'2019-03-21 12:58:01','2019-03-21 12:53:47',NULL),(170,170,1,1,'Noor Azman Hassan','2957',NULL,'770211036515',NULL,NULL,NULL,NULL,NULL,NULL,NULL,NULL,NULL,NULL,NULL,'0',NULL,21,1,NULL,1,1,'2019-03-21 12:58:01','2019-03-21 12:53:47',NULL),(171,171,1,1,'Noor Hazilah Abdullah','3069',NULL,'820318035814',NULL,NULL,NULL,NULL,NULL,NULL,NULL,NULL,NULL,NULL,NULL,'0',NULL,13,1,NULL,1,1,'2019-03-21 12:58:01','2019-03-21 12:53:47',NULL),(172,172,1,1,'Noor Izzati Kamis','1620',NULL,'900629145658',NULL,NULL,NULL,NULL,NULL,NULL,NULL,NULL,NULL,NULL,NULL,'0',NULL,20,1,NULL,1,1,'2019-03-21 12:58:01','2019-03-21 12:53:47',NULL),(173,173,1,1,'Noor Mohammad Farhan Nor Azman','3124',NULL,'881216566111',NULL,NULL,NULL,NULL,NULL,NULL,NULL,NULL,NULL,NULL,NULL,'0',NULL,21,1,NULL,1,1,'2019-03-21 12:58:01','2019-03-21 12:53:47',NULL),(174,174,1,1,'Noor Rahidah Abdul Razak','3057',NULL,'830505045048',NULL,NULL,NULL,NULL,NULL,NULL,NULL,NULL,NULL,NULL,NULL,'0',NULL,18,1,NULL,1,1,'2019-03-21 12:58:01','2019-03-21 12:53:47',NULL),(175,175,1,1,'Noor Salfarina Jamaludin','1532',NULL,'830202045278',NULL,NULL,NULL,NULL,NULL,NULL,NULL,NULL,NULL,NULL,NULL,'0',NULL,24,1,NULL,1,1,'2019-03-21 12:58:01','2019-03-21 12:53:47',NULL),(176,176,1,1,'Noorsamsinar Sum Abdullah','2075',NULL,'610608105088',NULL,NULL,NULL,NULL,NULL,NULL,NULL,NULL,NULL,NULL,NULL,'0',NULL,11,1,NULL,1,1,'2019-03-21 12:58:01','2019-03-21 12:53:47',NULL),(177,177,1,1,'Nor Adira Adnan','1627',NULL,'870504295260',NULL,NULL,NULL,NULL,NULL,NULL,NULL,NULL,NULL,NULL,NULL,'0',NULL,27,1,NULL,1,1,'2019-03-21 12:58:01','2019-03-21 12:53:47',NULL),(178,178,1,1,'Nor Aishah Hassan','1399',NULL,'740928085894',NULL,NULL,NULL,NULL,NULL,NULL,NULL,NULL,NULL,NULL,NULL,'0',NULL,NULL,1,NULL,1,1,'2019-03-21 12:58:01','2019-03-21 12:53:47',NULL),(179,179,1,1,'Nor Akma Che Wan Naman','1645',NULL,'890101035104',NULL,NULL,NULL,NULL,NULL,NULL,NULL,NULL,NULL,NULL,NULL,'0',NULL,24,1,NULL,1,1,'2019-03-21 12:58:01','2019-03-21 12:53:47',NULL),(180,180,1,1,'Nor Azmi Yahaya','2139',NULL,'600102065139',NULL,NULL,NULL,NULL,NULL,NULL,NULL,NULL,NULL,NULL,NULL,'0',NULL,18,1,NULL,1,1,'2019-03-21 12:58:01','2019-03-21 12:53:47',NULL),(181,181,1,1,'Nor Eshah Abd. Raman','2134',NULL,'620113065052',NULL,NULL,NULL,NULL,NULL,NULL,NULL,NULL,NULL,NULL,NULL,'0',NULL,16,1,NULL,1,1,'2019-03-21 12:58:01','2019-03-21 12:53:47',NULL),(182,182,1,1,'Nor Fadilah Zulkifli Muhamad','3158',NULL,'941219036070',NULL,NULL,NULL,NULL,NULL,NULL,NULL,NULL,NULL,NULL,NULL,'0',NULL,8,1,NULL,1,1,'2019-03-21 12:58:01','2019-03-21 12:53:47',NULL),(183,183,1,1,'Hjh. Nor Fazila Hashim','1351',NULL,'660129086196',NULL,NULL,NULL,NULL,NULL,NULL,NULL,NULL,NULL,NULL,NULL,'0',NULL,NULL,1,NULL,1,1,'2019-03-21 12:58:01','2019-03-21 12:53:47',NULL),(184,184,1,1,'Hjh. Nor Hafizah Mohd Arop','1329',NULL,'681203105352',NULL,NULL,NULL,NULL,NULL,NULL,NULL,NULL,NULL,NULL,NULL,'0',NULL,NULL,1,NULL,1,1,'2019-03-21 12:58:01','2019-03-21 12:53:47',NULL),(185,185,1,1,'Nor Halisa Mohamad Halil','1386',NULL,'730228125374',NULL,NULL,NULL,NULL,NULL,NULL,NULL,NULL,NULL,NULL,NULL,'0',NULL,NULL,1,NULL,1,1,'2019-03-21 12:58:01','2019-03-21 12:53:47',NULL),(186,186,1,1,'Nor Hasimah Ab. Rahman','2074',NULL,'610823105654',NULL,NULL,NULL,NULL,NULL,NULL,NULL,NULL,NULL,NULL,NULL,'0',NULL,11,1,NULL,1,1,'2019-03-21 12:58:01','2019-03-21 12:53:47',NULL),(187,187,1,1,'Nor Idayuniza Rahmat','1419',NULL,'781012145720',NULL,NULL,NULL,NULL,NULL,NULL,NULL,NULL,NULL,NULL,NULL,'0',NULL,11,1,NULL,1,1,'2019-03-21 12:58:01','2019-03-21 12:53:47',NULL),(188,188,1,1,'Nor Izzati Norhisam','1538',NULL,'850514105100',NULL,NULL,NULL,NULL,NULL,NULL,NULL,NULL,NULL,NULL,NULL,'0',NULL,NULL,1,NULL,1,1,'2019-03-21 12:58:01','2019-03-21 12:53:47',NULL),(189,189,1,1,'Hjh. Nor Robaayah Mohd. Noor','1290',NULL,'660915085430',NULL,NULL,NULL,NULL,NULL,NULL,NULL,NULL,NULL,NULL,NULL,'0',NULL,NULL,1,NULL,1,1,'2019-03-21 12:58:01','2019-03-21 12:53:47',NULL),(190,190,1,1,'Nor Surayya Abd. Samad','1385',NULL,'751119145758',NULL,NULL,NULL,NULL,NULL,NULL,NULL,NULL,NULL,NULL,NULL,'0',NULL,29,1,NULL,1,1,'2019-03-21 12:58:01','2019-03-21 12:53:47',NULL),(191,191,1,1,'Norzairisham Zakaria','2668',NULL,'681118015811',NULL,NULL,NULL,NULL,NULL,NULL,NULL,NULL,NULL,NULL,NULL,'0',NULL,8,1,NULL,1,1,'2019-03-21 12:58:01','2019-03-21 12:53:47',NULL),(192,192,1,1,'Nora\'in Ahmad Kamil','1367',NULL,'690916016290',NULL,NULL,NULL,NULL,NULL,NULL,NULL,NULL,NULL,NULL,NULL,'0',NULL,24,1,NULL,1,1,'2019-03-21 12:58:01','2019-03-21 12:53:47',NULL),(193,193,1,1,'Norafidah Ramli','2951',NULL,'770815016494',NULL,NULL,NULL,NULL,NULL,NULL,NULL,NULL,NULL,NULL,NULL,'0',NULL,11,1,NULL,1,1,'2019-03-21 12:58:01','2019-03-21 12:53:47',NULL),(194,194,1,1,'Noraniza Daud','2987',NULL,'821008065262',NULL,NULL,NULL,NULL,NULL,NULL,NULL,NULL,NULL,NULL,NULL,'0',NULL,10,1,NULL,1,1,'2019-03-21 12:58:01','2019-03-21 12:53:47',NULL),(195,195,1,1,'Norashikin Abdul Shukor','3051',NULL,'820722086154',NULL,NULL,NULL,NULL,NULL,NULL,NULL,NULL,NULL,NULL,NULL,'0',NULL,27,1,NULL,1,1,'2019-03-21 12:58:02','2019-03-21 12:53:47',NULL),(196,196,1,1,'Norashima Hamzah','1533',NULL,'771210115582',NULL,NULL,NULL,NULL,NULL,NULL,NULL,NULL,NULL,NULL,NULL,'0',NULL,NULL,1,NULL,1,1,'2019-03-21 12:58:02','2019-03-21 12:53:47',NULL),(197,197,1,1,'Norazlina Tun Ibrahim','1518',NULL,'800222145850',NULL,NULL,NULL,NULL,NULL,NULL,NULL,NULL,NULL,NULL,NULL,'0',NULL,9,1,NULL,1,1,'2019-03-21 12:58:02','2019-03-21 12:53:47',NULL),(198,198,1,1,'Nordieana Nordin','2955',NULL,'790206105078',NULL,NULL,NULL,NULL,NULL,NULL,NULL,NULL,NULL,NULL,NULL,'0',NULL,NULL,1,NULL,1,1,'2019-03-21 12:58:02','2019-03-21 12:53:47',NULL),(199,199,1,1,'Norfaizah Abdul Rahman','1358',NULL,'720531065416',NULL,NULL,NULL,NULL,NULL,NULL,NULL,NULL,NULL,NULL,NULL,'0',NULL,NULL,1,NULL,1,1,'2019-03-21 12:58:02','2019-03-21 12:53:47',NULL),(200,200,1,1,'Norhaida Roslan','3094',NULL,'830513035616',NULL,NULL,NULL,NULL,NULL,NULL,NULL,NULL,NULL,NULL,NULL,'0',NULL,15,1,NULL,1,1,'2019-03-21 12:58:02','2019-03-21 12:53:47',NULL),(201,201,1,1,'Norhanida Ahmad Puad','2954',NULL,'800929085038',NULL,NULL,NULL,NULL,NULL,NULL,NULL,NULL,NULL,NULL,NULL,'0',NULL,18,1,NULL,1,1,'2019-03-21 12:58:02','2019-03-21 12:53:47',NULL),(202,202,1,1,'Norhaniza Hamir','1436',NULL,'790131086326',NULL,NULL,NULL,NULL,NULL,NULL,NULL,NULL,NULL,NULL,NULL,'0',NULL,22,1,NULL,1,1,'2019-03-21 12:58:02','2019-03-21 12:53:47',NULL),(203,203,1,1,'Norhasimah Ibrahim','1422',NULL,'750420105494',NULL,NULL,NULL,NULL,NULL,NULL,NULL,NULL,NULL,NULL,NULL,'0',NULL,11,1,NULL,1,1,'2019-03-21 12:58:02','2019-03-21 12:53:47',NULL),(204,204,1,1,'Norhayati Harun','2823',NULL,'741211025426',NULL,NULL,NULL,NULL,NULL,NULL,NULL,NULL,NULL,NULL,NULL,'0',NULL,23,1,NULL,1,1,'2019-03-21 12:58:02','2019-03-21 12:53:47',NULL),(205,205,1,1,'NORHISAM AHMAD','2066','ENNO1899','590121085147','PASS6567','','','',NULL,NULL,NULL,NULL,NULL,NULL,'norhisam@mps.gov.my','0',4,21,1,320,1,1,'2019-03-23 08:45:49','2019-03-23 08:45:49',NULL),(206,206,1,1,'Norhuda Abdullah','3000',NULL,'810924075016',NULL,NULL,NULL,NULL,NULL,NULL,NULL,NULL,NULL,NULL,NULL,'0',NULL,23,1,NULL,1,1,'2019-03-21 12:58:02','2019-03-21 12:53:47',NULL),(207,207,1,1,'Norijah Juen','3009',NULL,'760715135972',NULL,NULL,NULL,NULL,NULL,NULL,NULL,NULL,NULL,NULL,NULL,'0',NULL,28,1,NULL,1,1,'2019-03-21 12:58:02','2019-03-21 12:53:47',NULL),(208,208,1,1,'Norkamila Shahrudin','3018',NULL,'810301106066',NULL,NULL,NULL,NULL,NULL,NULL,NULL,NULL,NULL,NULL,NULL,'0',NULL,30,1,NULL,1,1,'2019-03-21 12:58:02','2019-03-21 12:53:47',NULL),(209,209,1,1,'Norliana Mahmud','1466',NULL,'770521075034',NULL,NULL,NULL,NULL,NULL,NULL,NULL,NULL,NULL,NULL,NULL,'0',NULL,11,1,NULL,1,1,'2019-03-21 12:58:02','2019-03-21 12:53:47',NULL),(210,210,1,1,'Norliza Ahmad','1460',NULL,'761213035482',NULL,NULL,NULL,NULL,NULL,NULL,NULL,NULL,NULL,NULL,NULL,'0',NULL,29,1,NULL,1,1,'2019-03-21 12:58:02','2019-03-21 12:53:47',NULL),(211,211,1,1,'Norliza Rosli','3075',NULL,'850306055196',NULL,NULL,NULL,NULL,NULL,NULL,NULL,NULL,NULL,NULL,NULL,'0',NULL,8,1,NULL,1,1,'2019-03-21 12:58:02','2019-03-21 12:53:47',NULL),(212,212,1,1,'Norul Hasila Abdullah','1548',NULL,'830714065344',NULL,NULL,NULL,NULL,NULL,NULL,NULL,NULL,NULL,NULL,NULL,'0',NULL,17,1,NULL,1,1,'2019-03-21 12:58:02','2019-03-21 12:53:47',NULL),(213,213,1,1,'Norwahidah Abdullah','3006',NULL,'800603035364',NULL,NULL,NULL,NULL,NULL,NULL,NULL,NULL,NULL,NULL,NULL,'0',NULL,30,1,NULL,1,1,'2019-03-21 12:58:02','2019-03-21 12:53:47',NULL),(214,214,1,1,'Norwahizan bt Mohamed','3008',NULL,'781117035608',NULL,NULL,NULL,NULL,NULL,NULL,NULL,NULL,NULL,NULL,NULL,'0',NULL,25,1,NULL,1,1,'2019-03-21 12:58:02','2019-03-21 12:53:47',NULL),(215,215,1,1,'Norziah Kabil','3022',NULL,'741111135206',NULL,NULL,NULL,NULL,NULL,NULL,NULL,NULL,NULL,NULL,NULL,'0',NULL,28,1,NULL,1,1,'2019-03-21 12:58:02','2019-03-21 12:53:47',NULL),(216,216,1,1,'Norzirin Ariffin','1291',NULL,'640927075362',NULL,NULL,NULL,NULL,NULL,NULL,NULL,NULL,NULL,NULL,NULL,'0',NULL,NULL,1,NULL,1,1,'2019-03-21 12:58:02','2019-03-21 12:53:47',NULL),(217,217,1,1,'Nur Jihan Ramli','3024',NULL,'820215065332',NULL,NULL,NULL,NULL,NULL,NULL,NULL,NULL,NULL,NULL,NULL,'0',NULL,13,1,NULL,1,1,'2019-03-21 12:58:02','2019-03-21 12:53:47',NULL),(218,218,1,1,'Nur \'Amirah Shaaban','3146',NULL,'911229075316',NULL,NULL,NULL,NULL,NULL,NULL,NULL,NULL,NULL,NULL,NULL,'0',NULL,16,1,NULL,1,1,'2019-03-21 12:58:02','2019-03-21 12:53:47',NULL),(219,219,1,1,'Nur Faizah Tasman','1554',NULL,'820719015320',NULL,NULL,NULL,NULL,NULL,NULL,NULL,NULL,NULL,NULL,NULL,'0',NULL,31,1,NULL,1,1,'2019-03-21 12:58:02','2019-03-21 12:53:47',NULL),(220,220,1,1,'Nur Fatimah Mohd Zaki','1588',NULL,'890703085766',NULL,NULL,NULL,NULL,NULL,NULL,NULL,NULL,NULL,NULL,NULL,'0',NULL,NULL,1,NULL,1,1,'2019-03-21 12:58:02','2019-03-21 12:53:47',NULL),(221,221,1,1,'Nur Hafizah Halimuddin','3038',NULL,'830829145870',NULL,NULL,NULL,NULL,NULL,NULL,NULL,NULL,NULL,NULL,NULL,'0',NULL,30,1,NULL,1,1,'2019-03-21 12:58:03','2019-03-21 12:53:47',NULL),(222,222,1,1,'Nur Hanim Abd Ghani','1463',NULL,'760301145732',NULL,NULL,NULL,NULL,NULL,NULL,NULL,NULL,NULL,NULL,NULL,'0',NULL,19,1,NULL,1,1,'2019-03-21 12:58:03','2019-03-21 12:53:47',NULL),(223,223,1,1,'Nur Rafidah Zulkifl','1615',NULL,'880707086492',NULL,NULL,NULL,NULL,NULL,NULL,NULL,NULL,NULL,NULL,NULL,'0',NULL,NULL,1,NULL,1,1,'2019-03-21 12:58:03','2019-03-21 12:53:47',NULL),(224,224,1,1,'Nur Sulia Saari','1502',NULL,'830512145776',NULL,NULL,NULL,NULL,NULL,NULL,NULL,NULL,NULL,NULL,NULL,'0',NULL,16,1,NULL,1,1,'2019-03-21 12:58:03','2019-03-21 12:53:47',NULL),(225,225,1,1,'Nur Syafina Anuar','1522',NULL,'830628105688',NULL,NULL,NULL,NULL,NULL,NULL,NULL,NULL,NULL,NULL,NULL,'0',NULL,NULL,1,NULL,1,1,'2019-03-21 12:58:03','2019-03-21 12:53:47',NULL),(226,226,1,1,'Nur Syahrina Muhamad Nor','1557',NULL,'830726146360',NULL,NULL,NULL,NULL,NULL,NULL,NULL,NULL,NULL,NULL,NULL,'0',NULL,NULL,1,NULL,1,1,'2019-03-21 12:58:03','2019-03-21 12:53:47',NULL),(227,227,1,1,'Nuraizah Harun @ Harron','1578',NULL,'831217015586',NULL,NULL,NULL,NULL,NULL,NULL,NULL,NULL,NULL,NULL,NULL,'0',NULL,24,1,NULL,1,1,'2019-03-21 12:58:03','2019-03-21 12:53:47',NULL),(228,228,1,1,'Nurfayunie Pakhrururzi','1647',NULL,'880219145668',NULL,NULL,NULL,NULL,NULL,NULL,NULL,NULL,NULL,NULL,NULL,'0',NULL,16,1,NULL,1,1,'2019-03-21 12:58:03','2019-03-21 12:53:47',NULL),(229,229,1,1,'Nurfazila Haji Zulaihi','1605',NULL,'900802136836',NULL,NULL,NULL,NULL,NULL,NULL,NULL,NULL,NULL,NULL,NULL,'0',NULL,28,1,NULL,1,1,'2019-03-21 12:58:03','2019-03-21 12:53:47',NULL),(230,230,1,1,'Nursyahida Muhamad Aszahari','3121',NULL,'890921146168',NULL,NULL,NULL,NULL,NULL,NULL,NULL,NULL,NULL,NULL,NULL,'0',NULL,23,1,NULL,1,1,'2019-03-21 12:58:03','2019-03-21 12:53:47',NULL),(231,231,1,1,'Nurul Ain Alia  Abdullah Zawawi','1583',NULL,'860805435694',NULL,NULL,NULL,NULL,NULL,NULL,NULL,NULL,NULL,NULL,NULL,'0',NULL,24,1,NULL,1,1,'2019-03-21 12:58:03','2019-03-21 12:53:47',NULL),(232,232,1,1,'Nurul Farahaton Najihan Jusoh','1634',NULL,'900430115822',NULL,NULL,NULL,NULL,NULL,NULL,NULL,NULL,NULL,NULL,NULL,'0',NULL,29,1,NULL,1,1,'2019-03-21 12:58:03','2019-03-21 12:53:47',NULL),(233,233,1,1,'Nurul Fatihah Mohd Azlan','1576',NULL,'860509295922',NULL,NULL,NULL,NULL,NULL,NULL,NULL,NULL,NULL,NULL,NULL,'0',NULL,29,1,NULL,1,1,'2019-03-21 12:58:03','2019-03-21 12:53:47',NULL),(234,234,1,1,'Nurul Nadia Zainal Adnan','3133',NULL,'870825565508',NULL,NULL,NULL,NULL,NULL,NULL,NULL,NULL,NULL,NULL,NULL,'0',NULL,NULL,1,NULL,1,1,'2019-03-21 12:58:03','2019-03-21 12:53:47',NULL),(235,235,1,1,'Nurul Sazrina Mohd Shukor','1520',NULL,'830322105028',NULL,NULL,NULL,NULL,NULL,NULL,NULL,NULL,NULL,NULL,NULL,'0',NULL,19,1,NULL,1,1,'2019-03-21 12:58:03','2019-03-21 12:53:47',NULL),(236,236,1,1,'Nurul Syamimi Ismail','1574',NULL,'850926035516',NULL,NULL,NULL,NULL,NULL,NULL,NULL,NULL,NULL,NULL,NULL,'0',NULL,24,1,NULL,1,1,'2019-03-21 12:58:03','2019-03-21 12:53:47',NULL),(237,237,1,1,'Nurzarina Jaafar','2992',NULL,'800509075538',NULL,NULL,NULL,NULL,NULL,NULL,NULL,NULL,NULL,NULL,NULL,'0',NULL,23,1,NULL,1,1,'2019-03-21 12:58:03','2019-03-21 12:53:47',NULL),(238,238,1,1,'Omi Kalsom Hj. Osman','2060',NULL,'590905085292',NULL,NULL,NULL,NULL,NULL,NULL,NULL,NULL,NULL,NULL,NULL,'0',NULL,8,1,NULL,1,1,'2019-03-21 12:58:03','2019-03-21 12:53:47',NULL),(239,239,1,1,'Osman Zaidan','2996',NULL,'680925135225',NULL,NULL,NULL,NULL,NULL,NULL,NULL,NULL,NULL,NULL,NULL,'0',NULL,28,1,NULL,1,1,'2019-03-21 12:58:03','2019-03-21 12:53:47',NULL),(240,240,1,1,'Rahayu Abd. Rahman','3085',NULL,'821114115518',NULL,NULL,NULL,NULL,NULL,NULL,NULL,NULL,NULL,NULL,NULL,'0',NULL,13,1,NULL,1,1,'2019-03-21 12:58:03','2019-03-21 12:53:47',NULL),(241,241,1,1,'Dr. Rahmat Hj. Md. Smail','1186',NULL,'600302045271',NULL,NULL,NULL,NULL,NULL,NULL,NULL,NULL,NULL,NULL,NULL,'0',NULL,11,1,NULL,1,1,'2019-03-21 12:58:04','2019-03-21 12:53:47',NULL),(242,242,1,1,'Rainah Osman','3020',NULL,'731111125252',NULL,NULL,NULL,NULL,NULL,NULL,NULL,NULL,NULL,NULL,NULL,'0',NULL,27,1,NULL,1,1,'2019-03-21 12:58:04','2019-03-21 12:53:47',NULL),(243,243,1,1,'Raja Ainul Bismi Raja Abd. Hadi','1509',NULL,'831026086234',NULL,NULL,NULL,NULL,NULL,NULL,NULL,NULL,NULL,NULL,NULL,'0',NULL,10,1,NULL,1,1,'2019-03-21 12:58:04','2019-03-21 12:53:47',NULL),(244,244,1,1,'Ramale Yusoff','2146',NULL,'640510035445',NULL,NULL,NULL,NULL,NULL,NULL,NULL,NULL,NULL,NULL,NULL,'0',NULL,18,1,NULL,1,1,'2019-03-21 12:58:04','2019-03-21 12:53:47',NULL),(245,245,1,1,'Ramlan Sainan','2067',NULL,'610228105027',NULL,NULL,NULL,NULL,NULL,NULL,NULL,NULL,NULL,NULL,NULL,'0',NULL,11,1,NULL,1,1,'2019-03-21 12:58:04','2019-03-21 12:53:47',NULL),(246,246,1,1,'Hjh. Roseleena Hashim','1306',NULL,'650318035284',NULL,NULL,NULL,NULL,NULL,NULL,NULL,NULL,NULL,NULL,NULL,'0',NULL,12,1,NULL,1,1,'2019-03-21 12:58:04','2019-03-21 12:53:47',NULL),(247,247,1,1,'Roslah Md Yusof','2105',NULL,'610210105328',NULL,NULL,NULL,NULL,NULL,NULL,NULL,NULL,NULL,NULL,NULL,'0',NULL,NULL,1,NULL,1,1,'2019-03-21 12:58:04','2019-03-21 12:53:47',NULL),(248,248,1,1,'Rosli Mat Dom','2098',NULL,'610314055177',NULL,NULL,NULL,NULL,NULL,NULL,NULL,NULL,NULL,NULL,NULL,'0',NULL,26,1,NULL,1,1,'2019-03-21 12:58:04','2019-03-21 12:53:47',NULL),(249,249,1,1,'Roslinda Abdul Hamid','1493',NULL,'770706065860',NULL,NULL,NULL,NULL,NULL,NULL,NULL,NULL,NULL,NULL,NULL,'0',NULL,NULL,1,NULL,1,1,'2019-03-21 12:58:04','2019-03-21 12:53:47',NULL),(250,250,1,1,'Roslinda Ahmad','2977',NULL,'780922105002',NULL,NULL,NULL,NULL,NULL,NULL,NULL,NULL,NULL,NULL,NULL,'0',NULL,NULL,1,NULL,1,1,'2019-03-21 12:58:04','2019-03-21 12:53:47',NULL),(251,251,1,1,'Hj. Rosmi  Abdullah','1274',NULL,'630525035473',NULL,NULL,NULL,NULL,NULL,NULL,NULL,NULL,NULL,NULL,NULL,'0',NULL,11,1,NULL,1,1,'2019-03-21 12:58:04','2019-03-21 12:53:47',NULL),(252,252,1,1,'Rosmiza Rosly','1374',NULL,'721031065086',NULL,NULL,NULL,NULL,NULL,NULL,NULL,NULL,NULL,NULL,NULL,'0',NULL,NULL,1,NULL,1,1,'2019-03-21 12:58:04','2019-03-21 12:53:47',NULL),(253,253,1,1,'Rosniwati Abdullah','2783',NULL,'760405075492',NULL,NULL,NULL,NULL,NULL,NULL,NULL,NULL,NULL,NULL,NULL,'0',NULL,22,1,NULL,1,1,'2019-03-21 12:58:04','2019-03-21 12:53:47',NULL),(254,254,1,1,'Roziana Hj. Othman','1289',NULL,'660928015060',NULL,NULL,NULL,NULL,NULL,NULL,NULL,NULL,NULL,NULL,NULL,'0',NULL,NULL,1,NULL,1,1,'2019-03-21 12:58:04','2019-03-21 12:53:47',NULL),(255,255,1,1,'Rozitah Ma\'al','1400',NULL,'730323145672',NULL,NULL,NULL,NULL,NULL,NULL,NULL,NULL,NULL,NULL,NULL,'0',NULL,NULL,1,NULL,1,1,'2019-03-21 12:58:04','2019-03-21 12:53:47',NULL),(256,256,1,1,'Rusdi Muda','1312',NULL,'650803035157',NULL,NULL,NULL,NULL,NULL,NULL,NULL,NULL,NULL,NULL,NULL,'0',NULL,11,1,NULL,1,1,'2019-03-21 12:58:04','2019-03-21 12:53:47',NULL),(257,257,1,1,'Sabri Hasan','1458',NULL,'750708035595',NULL,NULL,NULL,NULL,NULL,NULL,NULL,NULL,NULL,NULL,NULL,'0',NULL,11,1,NULL,1,1,'2019-03-21 12:58:04','2019-03-21 12:53:47',NULL),(258,258,1,1,'Safarwan Mohd. Suhaimi','1596',NULL,'890306146107',NULL,NULL,NULL,NULL,NULL,NULL,NULL,NULL,NULL,NULL,NULL,'0',NULL,28,1,NULL,1,1,'2019-03-21 12:58:04','2019-03-21 12:53:47',NULL),(259,259,1,1,'Safiah Mitri','3080',NULL,'830413125884',NULL,NULL,NULL,NULL,NULL,NULL,NULL,NULL,NULL,NULL,NULL,'0',NULL,16,1,NULL,1,1,'2019-03-21 12:58:04','2019-03-21 12:53:47',NULL),(260,260,1,1,'Safniwati Jasri','1392',NULL,'760217715026',NULL,NULL,NULL,NULL,NULL,NULL,NULL,NULL,NULL,NULL,NULL,'0',NULL,NULL,1,NULL,1,1,'2019-03-21 12:58:04','2019-03-21 12:53:47',NULL),(261,261,1,1,'Safura Abdul Malek','1579',NULL,'860904525900',NULL,NULL,NULL,NULL,NULL,NULL,NULL,NULL,NULL,NULL,NULL,'0',NULL,NULL,1,NULL,1,1,'2019-03-21 12:58:04','2019-03-21 12:53:47',NULL),(262,262,1,1,'Saliza Saari','1415',NULL,'770801066220',NULL,NULL,NULL,NULL,NULL,NULL,NULL,NULL,NULL,NULL,NULL,'0',NULL,11,1,NULL,1,1,'2019-03-21 12:58:04','2019-03-21 12:53:47',NULL),(263,263,1,1,'Hjh. Sarimah Misman','1311',NULL,'640414107066',NULL,NULL,NULL,NULL,NULL,NULL,NULL,NULL,NULL,NULL,NULL,'0',NULL,NULL,1,NULL,1,1,'2019-03-21 12:58:05','2019-03-21 12:53:47',NULL),(264,264,1,1,'Hjh. Sawiah Abdul Samad','1339',NULL,'680101045120',NULL,NULL,NULL,NULL,NULL,NULL,NULL,NULL,NULL,NULL,NULL,'0',NULL,NULL,1,NULL,1,1,'2019-03-21 12:58:05','2019-03-21 12:53:47',NULL),(265,265,1,1,'Semawi Zakaria','1370',NULL,'630328085527',NULL,NULL,NULL,NULL,NULL,NULL,NULL,NULL,NULL,NULL,NULL,'0',NULL,11,1,NULL,1,1,'2019-03-21 12:58:05','2019-03-21 12:53:47',NULL),(266,266,1,1,'Shafirul Izwar Saad','2999',NULL,'810418025235',NULL,NULL,NULL,NULL,NULL,NULL,NULL,NULL,NULL,NULL,NULL,'0',NULL,23,1,NULL,1,1,'2019-03-21 12:58:05','2019-03-21 12:53:47',NULL),(267,267,1,1,'Shahidah Samsudin','1558',NULL,'820526145858',NULL,NULL,NULL,NULL,NULL,NULL,NULL,NULL,NULL,NULL,NULL,'0',NULL,NULL,1,NULL,1,1,'2019-03-21 12:58:05','2019-03-21 12:53:47',NULL),(268,268,1,1,'Shahriza Bahari','1428',NULL,'751226145016',NULL,NULL,NULL,NULL,NULL,NULL,NULL,NULL,NULL,NULL,NULL,'0',NULL,29,1,NULL,1,1,'2019-03-21 12:58:05','2019-03-21 12:53:47',NULL),(269,269,1,1,'Dr. Shaik Roslinah Bux','1320',NULL,'630619106404',NULL,NULL,NULL,NULL,NULL,NULL,NULL,NULL,NULL,NULL,NULL,'0',NULL,NULL,1,NULL,1,1,'2019-03-21 12:58:05','2019-03-21 12:53:47',NULL),(270,270,1,1,'Shanthini Tamadoram','1592',NULL,'800528145896',NULL,NULL,NULL,NULL,NULL,NULL,NULL,NULL,NULL,NULL,NULL,'0',NULL,24,1,NULL,1,1,'2019-03-21 12:58:05','2019-03-21 12:53:47',NULL),(271,271,1,1,'Hjh. Sharipah Mazina Syed Mohammed','1322',NULL,'660228035028',NULL,NULL,NULL,NULL,NULL,NULL,NULL,NULL,NULL,NULL,NULL,'0',NULL,22,1,NULL,1,1,'2019-03-21 12:58:05','2019-03-21 12:53:47',NULL),(272,272,1,1,'Sharizal Samsudin','2978',NULL,'800809085025',NULL,NULL,NULL,NULL,NULL,NULL,NULL,NULL,NULL,NULL,NULL,'0',NULL,8,1,NULL,1,1,'2019-03-21 12:58:05','2019-03-21 12:53:47',NULL),(273,273,1,1,'Shezlina Zakaria','1377',NULL,'720408025822',NULL,NULL,NULL,NULL,NULL,NULL,NULL,NULL,NULL,NULL,NULL,'0',NULL,20,1,NULL,1,1,'2019-03-21 12:58:05','2019-03-21 12:53:47',NULL),(274,274,1,1,'Siti Aslindah Ahmad','3054',NULL,'830813125234',NULL,NULL,NULL,NULL,NULL,NULL,NULL,NULL,NULL,NULL,NULL,'0',NULL,22,1,NULL,1,1,'2019-03-21 12:58:05','2019-03-21 12:53:47',NULL),(275,275,1,1,'Siti Rahayu Md. Desa','3052',NULL,'750514075062',NULL,NULL,NULL,NULL,NULL,NULL,NULL,NULL,NULL,NULL,NULL,'0',NULL,18,1,NULL,1,1,'2019-03-21 12:58:05','2019-03-21 12:53:47',NULL),(276,276,1,1,'Siti Rawaida Shariff','3076',NULL,'840604075284',NULL,NULL,NULL,NULL,NULL,NULL,NULL,NULL,NULL,NULL,NULL,'0',NULL,18,1,NULL,1,1,'2019-03-21 12:58:05','2019-03-21 12:53:47',NULL),(277,277,1,1,'Siti Sakinah Mohd Zaki','1654',NULL,'890129035608',NULL,NULL,NULL,NULL,NULL,NULL,NULL,NULL,NULL,NULL,NULL,'0',NULL,30,1,NULL,1,1,'2019-03-21 12:58:05','2019-03-21 12:53:47',NULL),(278,278,1,1,'Siti Salia Azizan','1562',NULL,'770502025592',NULL,NULL,NULL,NULL,NULL,NULL,NULL,NULL,NULL,NULL,NULL,'0',NULL,18,1,NULL,1,1,'2019-03-21 12:58:05','2019-03-21 12:53:47',NULL),(279,279,1,1,'Siti Salmiah Yahaya','2135',NULL,'641101065170',NULL,NULL,NULL,NULL,NULL,NULL,NULL,NULL,NULL,NULL,NULL,'0',NULL,25,1,NULL,1,1,'2019-03-21 12:58:05','2019-03-21 12:53:47',NULL),(280,280,1,1,'Siti Syafiqah Ahmad','1586',NULL,'891122146000',NULL,NULL,NULL,NULL,NULL,NULL,NULL,NULL,NULL,NULL,NULL,'0',NULL,12,1,NULL,1,1,'2019-03-21 12:58:05','2019-03-21 12:53:47',NULL),(281,281,1,1,'Siti Zaharah Mohamed','3039',NULL,'860913235390',NULL,NULL,NULL,NULL,NULL,NULL,NULL,NULL,NULL,NULL,NULL,'0',NULL,8,1,NULL,1,1,'2019-03-21 12:58:05','2019-03-21 12:53:47',NULL),(282,282,1,1,'Siti Zurianah Othman','1528',NULL,'780808045202',NULL,NULL,NULL,NULL,NULL,NULL,NULL,NULL,NULL,NULL,NULL,'0',NULL,29,1,NULL,1,1,'2019-03-21 12:58:05','2019-03-21 12:53:47',NULL),(283,283,1,1,'Sugumar a/l Saminathan','1353',NULL,'650711025373',NULL,NULL,NULL,NULL,NULL,NULL,NULL,NULL,NULL,NULL,NULL,'0',NULL,NULL,1,NULL,1,1,'2019-03-21 12:58:05','2019-03-21 12:53:47',NULL),(284,284,1,1,'Suhaimi Hamad','1209',NULL,'610920035475',NULL,NULL,NULL,NULL,NULL,NULL,NULL,NULL,NULL,NULL,NULL,'0',NULL,NULL,1,NULL,1,1,'2019-03-21 12:58:05','2019-03-21 12:53:47',NULL),(285,285,1,1,'Suhaimi Robini','2988',NULL,'821006015819',NULL,NULL,NULL,NULL,NULL,NULL,NULL,NULL,NULL,NULL,NULL,'0',NULL,8,1,NULL,1,1,'2019-03-21 12:58:05','2019-03-21 12:53:47',NULL),(286,286,1,1,'Dr. Suriati Zainal Abidin','1378',NULL,'720615045084',NULL,NULL,NULL,NULL,NULL,NULL,NULL,NULL,NULL,NULL,NULL,'0',NULL,23,1,NULL,1,1,'2019-03-21 12:58:06','2019-03-21 12:53:47',NULL),(287,287,1,1,'Suzana Ismail','2941',NULL,'730505035706',NULL,NULL,NULL,NULL,NULL,NULL,NULL,NULL,NULL,NULL,NULL,'0',NULL,11,1,NULL,1,1,'2019-03-21 12:58:06','2019-03-21 12:53:47',NULL),(288,288,1,1,'Syairah Zaimah Shafiee','3143',NULL,'860504387326',NULL,NULL,NULL,NULL,NULL,NULL,NULL,NULL,NULL,NULL,NULL,'0',NULL,23,1,NULL,1,1,'2019-03-21 12:58:06','2019-03-21 12:53:47',NULL),(289,289,1,1,'Syed Mohammad Fitri Syed Abdul Rahim','2979',NULL,'780905065205',NULL,NULL,NULL,NULL,NULL,NULL,NULL,NULL,NULL,NULL,NULL,'0',NULL,21,1,NULL,1,1,'2019-03-21 12:58:06','2019-03-21 12:53:47',NULL),(290,290,1,1,'Syed Mohd. Al-Khafiez Syed Mohd. Azam Shah','2966','','800531145133','',NULL,NULL,NULL,NULL,NULL,NULL,'0104006236',NULL,NULL,'syed@mpc.gov.my','0',2,4,1,NULL,1,1,'2019-03-21 12:58:06','2019-03-21 12:53:47',NULL),(291,291,1,1,'Thea Juminita Cheong Kiam','2119',NULL,'611123125392',NULL,NULL,NULL,NULL,NULL,NULL,NULL,NULL,NULL,NULL,NULL,'0',NULL,27,1,NULL,1,1,'2019-03-21 12:58:06','2019-03-21 12:53:47',NULL),(292,292,1,1,'Hjh. Umi Kalsom Osman','2082',NULL,'610102045102',NULL,NULL,NULL,NULL,NULL,NULL,NULL,NULL,NULL,NULL,NULL,'0',NULL,NULL,1,NULL,1,1,'2019-03-21 12:58:06','2019-03-21 12:53:47',NULL),(293,293,1,1,'Vimala a/p R.Muniandy','1567',NULL,'830708146260',NULL,NULL,NULL,NULL,NULL,NULL,NULL,NULL,NULL,NULL,NULL,'0',NULL,20,1,NULL,1,1,'2019-03-21 12:58:06','2019-03-21 12:53:47',NULL),(294,294,1,1,'Waila Mohd. Nasir','1381',NULL,'730621106022',NULL,NULL,NULL,NULL,NULL,NULL,NULL,NULL,NULL,NULL,NULL,'0',NULL,28,1,NULL,1,1,'2019-03-21 12:58:06','2019-03-21 12:53:47',NULL),(295,295,1,1,'Wan Farid Wan Hamad @ Wan Ahmad','1587',NULL,'791024105661',NULL,NULL,NULL,NULL,NULL,NULL,NULL,NULL,NULL,NULL,NULL,'0',NULL,NULL,1,NULL,1,1,'2019-03-21 12:58:06','2019-03-21 12:53:47',NULL),(296,296,1,1,'Wan Fazlin Nadia Wan Osman','1417',NULL,'791126015974',NULL,NULL,NULL,NULL,NULL,NULL,NULL,NULL,NULL,NULL,NULL,'0',NULL,NULL,1,NULL,1,1,'2019-03-21 12:58:06','2019-03-21 12:53:47',NULL),(297,297,1,1,'Wan Khairunnisa Azmi','1569',NULL,'860225295576',NULL,NULL,NULL,NULL,NULL,NULL,NULL,NULL,NULL,NULL,NULL,'0',NULL,25,1,NULL,1,1,'2019-03-21 12:58:06','2019-03-21 12:53:47',NULL),(298,298,1,1,'Hjh. Wan Norhani Wan Khalid','1536',NULL,'640706115164',NULL,NULL,NULL,NULL,NULL,NULL,NULL,NULL,NULL,NULL,NULL,'0',NULL,18,1,NULL,1,1,'2019-03-21 12:58:06','2019-03-21 12:53:47',NULL),(299,299,1,1,'Wan Rozita Hussain','2959',NULL,'770518065820',NULL,NULL,NULL,NULL,NULL,NULL,NULL,NULL,NULL,NULL,NULL,'0',NULL,NULL,1,NULL,1,1,'2019-03-21 12:58:06','2019-03-21 12:53:47',NULL),(300,300,1,1,'Wan Yusnaini Wan Yaacob','1403',NULL,'710502035534',NULL,NULL,NULL,NULL,NULL,NULL,NULL,NULL,NULL,NULL,NULL,'0',NULL,NULL,1,NULL,1,1,'2019-03-21 12:58:06','2019-03-21 12:53:47',NULL),(301,301,1,1,'Wan Zainulhaq Thaniah Che Haron','3091',NULL,'710129035076',NULL,NULL,NULL,NULL,NULL,NULL,NULL,NULL,NULL,NULL,NULL,'0',NULL,8,1,NULL,1,1,'2019-03-21 12:58:07','2019-03-21 12:53:47',NULL),(302,302,1,1,'Zaffrulla Hussein','1379',NULL,'691003035395',NULL,NULL,NULL,NULL,NULL,NULL,NULL,NULL,NULL,NULL,NULL,'0',NULL,NULL,1,NULL,1,1,'2019-03-21 12:58:07','2019-03-21 12:53:47',NULL),(303,303,1,1,'Zahid Ismail','1315',NULL,'660320075225',NULL,NULL,NULL,NULL,NULL,NULL,NULL,NULL,NULL,NULL,NULL,'0',NULL,NULL,1,NULL,1,1,'2019-03-21 12:58:07','2019-03-21 12:53:47',NULL),(304,304,1,1,'Zaidah Hassan','3017',NULL,'810614065568',NULL,NULL,NULL,NULL,NULL,NULL,NULL,NULL,NULL,NULL,NULL,'0',NULL,NULL,1,NULL,1,1,'2019-03-21 12:58:07','2019-03-21 12:53:47',NULL),(305,305,1,1,'Zaini Haron','2993',NULL,'830119105073',NULL,NULL,NULL,NULL,NULL,NULL,NULL,NULL,NULL,NULL,NULL,'0',NULL,13,1,NULL,1,1,'2019-03-21 12:58:07','2019-03-21 12:53:47',NULL),(306,306,1,1,'Zainon Bakar','1280',NULL,'630524106620',NULL,NULL,NULL,NULL,NULL,NULL,NULL,NULL,NULL,NULL,NULL,'0',NULL,NULL,1,NULL,1,1,'2019-03-21 12:58:07','2019-03-21 12:53:47',NULL),(307,307,1,1,'Hj. Zainudin Hj. Elias','1296',NULL,'650322015235',NULL,NULL,NULL,NULL,NULL,NULL,NULL,NULL,NULL,NULL,NULL,'0',NULL,11,1,NULL,1,1,'2019-03-21 12:58:07','2019-03-21 12:53:47',NULL),(308,308,1,1,'Zaiton Nordin','2136',NULL,'621101065316',NULL,NULL,NULL,NULL,NULL,NULL,NULL,NULL,NULL,NULL,NULL,'0',NULL,16,1,NULL,1,1,'2019-03-21 12:58:07','2019-03-21 12:53:47',NULL),(309,309,1,1,'Tn. Hj. Zaki Jaafar','1341',NULL,'670719035611',NULL,NULL,NULL,NULL,NULL,NULL,NULL,NULL,NULL,NULL,NULL,'0',NULL,30,1,NULL,1,1,'2019-03-21 12:58:07','2019-03-21 12:53:47',NULL),(310,310,1,1,'Zawiyah Abd Manaf','3111',NULL,'871012235530',NULL,NULL,NULL,NULL,NULL,NULL,NULL,NULL,NULL,NULL,NULL,'0',NULL,18,1,NULL,1,1,'2019-03-21 12:58:07','2019-03-21 12:53:47',NULL),(311,311,1,1,'Hj. Zubir Zainuddin','2283',NULL,'720327055077',NULL,NULL,NULL,NULL,NULL,NULL,NULL,NULL,NULL,NULL,NULL,'0',NULL,8,1,NULL,1,1,'2019-03-21 12:58:07','2019-03-21 12:53:47',NULL),(312,312,1,1,'Zul Ezwan Muhamad','1511',NULL,'810122015257',NULL,NULL,NULL,NULL,NULL,NULL,NULL,NULL,NULL,NULL,NULL,'0',NULL,30,1,NULL,1,1,'2019-03-21 12:58:07','2019-03-21 12:53:47',NULL),(313,313,1,1,'Zulaifah Omar','1307',NULL,'631016015006',NULL,NULL,NULL,NULL,NULL,NULL,NULL,NULL,NULL,NULL,NULL,'0',NULL,NULL,1,NULL,1,1,'2019-03-21 12:58:07','2019-03-21 12:53:47',NULL),(314,314,1,1,'Zunaidah Awang Nawi','2972',NULL,'820911035882',NULL,NULL,NULL,NULL,NULL,NULL,NULL,NULL,NULL,NULL,NULL,'0',NULL,25,1,NULL,1,1,'2019-03-21 12:58:07','2019-03-21 12:53:47',NULL),(315,315,1,1,'Zuraidi Zainol','1500','','830428095219','',NULL,NULL,NULL,NULL,NULL,NULL,'',NULL,NULL,'zuraidi@mpc.gov.my','0',2,4,8,NULL,1,1,'2019-03-21 12:58:07','2019-03-21 12:53:47',NULL),(316,316,1,1,'Zuraini Subki','1658',NULL,'820829035744',NULL,NULL,NULL,NULL,NULL,NULL,NULL,NULL,NULL,NULL,NULL,'0',NULL,28,1,NULL,1,1,'2019-03-21 12:58:07','2019-03-21 12:53:47',NULL),(317,317,1,1,'Zurianti Nor Azian Mohd. Nafi','3148',NULL,'880229065872',NULL,NULL,NULL,NULL,NULL,NULL,NULL,NULL,NULL,NULL,NULL,'0',NULL,18,1,NULL,1,1,'2019-03-21 12:58:07','2019-03-21 12:53:47',NULL),(318,318,1,1,'MOHAMAD SAUFI BIN MOHAMAD RASID','7676','AI140001','950928055375','ABC12345',NULL,NULL,NULL,NULL,NULL,NULL,'0173452238',NULL,NULL,'izacbrandon@gmail.com','0',2,1,13,NULL,1,1,'2019-03-21 12:58:07','2019-03-21 12:53:47',NULL),(319,319,1,1,'Amirul Asraf bin razali','6688','ai140220','950928055375','ABC12345',NULL,NULL,NULL,NULL,NULL,NULL,'0173452238',NULL,NULL,'izacbrandon2@gmail.com','0',2,1,7,NULL,1,1,'2019-03-21 12:58:07','2019-03-21 12:53:47',NULL),(320,320,1,1,'AIZAM BADRON','1982','210120','740102015937','A2669892','','','',NULL,NULL,NULL,'0123691597',NULL,NULL,'izacbrandon@gmail.com','0',2,2,11,307,1,1,'2019-03-23 07:43:33','2019-03-23 07:43:33',NULL),(514,514,1,1,'ABU HANAN BIN ABU','10011','787186','881026112066','DSA-87666','No1 Jalan 23','Test33','','43000',1197,14,'0198877766','0346567866',NULL,'abuhanan66@gmail.com','0',4,6,9,67,1,1,'2019-03-21 17:13:09','2019-03-21 17:13:09',NULL),(515,515,1,1,'AHMAD SYAFIQ IDRUS','4545','5454','860716335317','MP8607163353','No 16 Impian Gemilang 1/7','Taman Saujana Impian','','43000',1197,14,'0176223555',NULL,NULL,'syafiqidrus@gmail.com','0',4,2,13,36,1,1,'2019-03-22 15:56:28','2019-03-22 15:56:28',NULL);


