-- Table structure for table `master_district_ori`
--

CREATE TABLE `master_district_ori` (
  `district_id` int(10) unsigned NOT NULL AUTO_INCREMENT,
  `state_id` int(11) NOT NULL,
  `district_desc` varchar(255) COLLATE utf8_unicode_ci NOT NULL,
  `created_at` timestamp NOT NULL DEFAULT CURRENT_TIMESTAMP,
  `updated_at` timestamp NOT NULL DEFAULT '0000-00-00 00:00:00',
  `deleted_at` timestamp NULL DEFAULT NULL,
  PRIMARY KEY (`district_id`)
) ENGINE=InnoDB AUTO_INCREMENT=1000 DEFAULT CHARSET=utf8 COLLATE=utf8_unicode_ci;

--
-- Dumping data for table `master_district_ori`
--

INSERT INTO `master_district_ori` VALUES (1,2,'Salor','2017-12-15 12:40:43','2017-12-15 12:40:43',NULL),(2,2,'Rantau Panjang','2017-12-15 12:40:43','2017-12-15 12:40:43',NULL),(3,2,'Pulau Melaka','2017-12-15 12:40:43','2017-12-15 12:40:43',NULL),(4,2,'Pulai Chondong','2017-12-15 12:40:43','2017-12-15 12:40:43',NULL),(5,2,'Perupok','2017-12-15 12:40:43','2017-12-15 12:40:43',NULL),(6,2,'Pengkalan Pasir','2017-12-15 12:40:43','2017-12-15 12:40:43',NULL),(7,2,'Pengkalan Kubur','2017-12-15 12:40:43','2017-12-15 12:40:43',NULL),(8,2,'Pengkalan Chepa','2017-12-15 12:40:43','2017-12-15 12:40:43',NULL),(9,2,'Pasir Tumboh','2017-12-15 12:40:43','2017-12-15 12:40:43',NULL),(10,2,'Pasir Puteh','2017-12-15 12:40:43','2017-12-15 12:40:43',NULL),(11,2,'Pasir Pekan','2017-12-15 12:40:43','2017-12-15 12:40:43',NULL),(12,2,'Pasir Mas','2017-12-15 12:40:43','2017-12-15 12:40:43',NULL),(13,2,'Panchor','2017-12-15 12:40:43','2017-12-15 12:40:43',NULL),(14,2,'Paloh','2017-12-15 12:40:43','2017-12-15 12:40:43',NULL),(15,2,'Palekbang','2017-12-15 12:40:43','2017-12-15 12:40:43',NULL),(16,2,'Nenggiri','2017-12-15 12:40:43','2017-12-15 12:40:43',NULL),(17,2,'Meranti','2017-12-15 12:40:43','2017-12-15 12:40:43',NULL),(18,2,'Mengkebang','2017-12-15 12:40:43','2017-12-15 12:40:43',NULL),(19,2,'Melor','2017-12-15 12:40:43','2017-12-15 12:40:43',NULL),(20,2,'Manek Urai','2017-12-15 12:40:43','2017-12-15 12:40:43',NULL),(21,2,'Machang','2017-12-15 12:40:43','2017-12-15 12:40:43',NULL),(22,2,'Lojing','2017-12-15 12:40:43','2017-12-15 12:40:43',NULL),(23,2,'Limbongan','2017-12-15 12:40:43','2017-12-15 12:40:43',NULL),(24,2,'Kubang Kerian','2017-12-15 12:40:43','2017-12-15 12:40:43',NULL),(25,2,'Kuala Krai','2017-12-15 12:40:43','2017-12-15 12:40:43',NULL),(26,2,'Kuala Balah','2017-12-15 12:40:43','2017-12-15 12:40:43',NULL),(27,2,'Kota Lama','2017-12-15 12:40:43','2017-12-15 12:40:43',NULL),(28,7,'Gombak','2017-12-15 12:40:43','2017-12-15 12:40:43',NULL),(29,7,'Klang','2017-12-15 12:40:43','2017-12-15 12:40:43',NULL),(30,7,'Kuala Langat','2017-12-15 12:40:43','2017-12-15 12:40:43',NULL),(31,7,'Kuala Selangor','2017-12-15 12:40:43','2017-12-15 12:40:43',NULL),(32,7,'Petaling','2017-12-15 12:40:43','2017-12-15 12:40:43',NULL),(33,7,'Sabak Bernam','2017-12-15 12:40:43','2017-12-15 12:40:43',NULL),(34,7,'Sepang','2017-12-15 12:40:43','2017-12-15 12:40:43',NULL),(35,7,'Ulu Langat','2017-12-15 12:40:43','2017-12-15 12:40:43',NULL),(36,7,'Ulu Selangor','2017-12-15 12:40:43','2017-12-15 12:40:43',NULL),(37,2,'Kota Darulnaim','2017-12-15 12:40:43','2017-12-15 12:40:43',NULL),(38,2,'Kota Bharu','2017-12-15 12:40:43','2017-12-15 12:40:43',NULL),(39,2,'Kok Lanas','2017-12-15 12:40:43','2017-12-15 12:40:43',NULL),(40,2,'Kijang','2017-12-15 12:40:43','2017-12-15 12:40:43',NULL),(41,2,'Ketereh','2017-12-15 12:40:43','2017-12-15 12:40:43',NULL),(42,2,'Kemuning','2017-12-15 12:40:43','2017-12-15 12:40:43',NULL),(43,9,'Pusat Bandar Kuala Lumpur','2017-12-15 12:40:43','2017-12-15 12:40:43',NULL),(44,2,'Kemahang','2017-12-15 12:40:43','2017-12-15 12:40:43',NULL),(45,2,'Kelaboran','2017-12-15 12:40:43','2017-12-15 12:40:43',NULL),(46,2,'Kadok','2017-12-15 12:40:43','2017-12-15 12:40:43',NULL),(47,2,'Jeli','2017-12-15 12:40:43','2017-12-15 12:40:43',NULL),(48,2,'Jelawat','2017-12-15 12:40:43','2017-12-15 12:40:43',NULL),(49,2,'Guchil','2017-12-15 12:40:43','2017-12-15 12:40:43',NULL),(50,2,'Gual Periok','2017-12-15 12:40:43','2017-12-15 12:40:43',NULL),(51,2,'Gual Ipoh','2017-12-15 12:40:43','2017-12-15 12:40:43',NULL),(52,2,'Gua Musang ','2017-12-15 12:40:43','2017-12-15 12:40:43',NULL),(53,2,'Galas','2017-12-15 12:40:43','2017-12-15 12:40:43',NULL),(54,2,'Gaal','2017-12-15 12:40:43','2017-12-15 12:40:43',NULL),(55,2,'Demit','2017-12-15 12:40:43','2017-12-15 12:40:43',NULL),(56,2,'Dabong','2017-12-15 12:40:43','2017-12-15 12:40:43',NULL),(57,2,'Chiku','2017-12-15 12:40:43','2017-12-15 12:40:43',NULL),(58,2,'Chetok','2017-12-15 12:40:43','2017-12-15 12:40:43',NULL),(59,2,'Chempaka','2017-12-15 12:40:43','2017-12-15 12:40:43',NULL),(60,2,'Bunut Payong','2017-12-15 12:40:43','2017-12-15 12:40:43',NULL),(61,2,'Bukit Tuku','2017-12-15 12:40:43','2017-12-15 12:40:43',NULL),(62,2,'Bukit Panau','2017-12-15 12:40:43','2017-12-15 12:40:43',NULL),(63,2,'Bukit Bunga','2017-12-15 12:40:43','2017-12-15 12:40:43',NULL),(64,2,'Bachok','2017-12-15 12:40:43','2017-12-15 12:40:43',NULL),(65,2,'Air Lanas','2017-12-15 12:40:43','2017-12-15 12:40:43',NULL),(66,1,'Wang Kelian','2017-12-15 12:40:43','2017-12-15 12:40:43',NULL),(67,1,'Wang Bintong','2017-12-15 12:40:43','2017-12-15 12:40:43',NULL),(68,1,'Utan Aji','2017-12-15 12:40:43','2017-12-15 12:40:43',NULL),(69,1,'Titi Tinggi','2017-12-15 12:40:43','2017-12-15 12:40:43',NULL),(70,1,'Sungai Baru','2017-12-15 12:40:43','2017-12-15 12:40:43',NULL),(71,1,'Sungai Adam','2017-12-15 12:40:43','2017-12-15 12:40:43',NULL),(72,1,'Simpang Empat','2017-12-15 12:40:43','2017-12-15 12:40:43',NULL),(73,1,'Seriab','2017-12-15 12:40:43','2017-12-15 12:40:43',NULL),(74,1,'Sena','2017-12-15 12:40:43','2017-12-15 12:40:43',NULL),(75,1,'Sanglang','2017-12-15 12:40:43','2017-12-15 12:40:43',NULL),(76,1,'Pedang Siding','2017-12-15 12:40:43','2017-12-15 12:40:43',NULL),(77,1,'Paya','2017-12-15 12:40:43','2017-12-15 12:40:43',NULL),(78,1,'Padang Pauh','2017-12-15 12:40:43','2017-12-15 12:40:43',NULL),(79,1,'Padang Besar','2017-12-15 12:40:43','2017-12-15 12:40:43',NULL),(80,1,'Oran','2017-12-15 12:40:43','2017-12-15 12:40:43',NULL),(81,1,'Mata Ayer','2017-12-15 12:40:43','2017-12-15 12:40:43',NULL),(82,1,'Lubok Sireh','2017-12-15 12:40:43','2017-12-15 12:40:43',NULL),(83,1,'Kurong Batang','2017-12-15 12:40:43','2017-12-15 12:40:43',NULL),(84,1,'Kurong Anai','2017-12-15 12:40:43','2017-12-15 12:40:43',NULL),(85,1,'Kuala Perlis','2017-12-15 12:40:43','2017-12-15 12:40:43',NULL),(86,1,'Kechor','2017-12-15 12:40:43','2017-12-15 12:40:43',NULL),(87,1,'Kayang','2017-12-15 12:40:43','2017-12-15 12:40:43',NULL),(88,1,'Kaki Bukit','2017-12-15 12:40:43','2017-12-15 12:40:43',NULL),(89,1,'Jejawi','2017-12-15 12:40:43','2017-12-15 12:40:43',NULL),(90,1,'Chuping','2017-12-15 12:40:43','2017-12-15 12:40:43',NULL),(91,1,'Beseri','2017-12-15 12:40:43','2017-12-15 12:40:43',NULL),(92,1,'Abi','2017-12-15 12:40:43','2017-12-15 12:40:43',NULL),(93,1,'Arau','2017-12-15 12:40:43','2017-12-15 12:40:43',NULL),(94,9,'Ampang','2017-12-15 12:40:43','2017-12-15 12:40:43',NULL),(95,9,'Bangsar','2017-12-15 12:40:43','2017-12-15 12:40:43',NULL),(96,9,'Brickfields','2017-12-15 12:40:43','2017-12-15 12:40:43',NULL),(97,9,'Bukit Aman','2017-12-15 12:40:43','2017-12-15 12:40:43',NULL),(98,9,'Bukit Damansara','2017-12-15 12:40:43','2017-12-15 12:40:43',NULL),(99,9,'Bukit Kiara','2017-12-15 12:40:43','2017-12-15 12:40:43',NULL),(100,9,'Bukit Nanas','2017-12-15 12:40:43','2017-12-15 12:40:43',NULL),(101,9,'Bukit Persekutuan','2017-12-15 12:40:43','2017-12-15 12:40:43',NULL),(102,9,'Bukit Petaling','2017-12-15 12:40:43','2017-12-15 12:40:43',NULL),(103,9,'Bukit Tunku','2017-12-15 12:40:43','2017-12-15 12:40:43',NULL),(104,9,'Chow Kit','2017-12-15 12:40:43','2017-12-15 12:40:43',NULL),(105,9,'Pusat Bandar Damansara','2017-12-15 12:40:43','2017-12-15 12:40:43',NULL),(106,9,'Dang Wangi','2017-12-15 12:40:43','2017-12-15 12:40:43',NULL),(107,9,'Kg. Datuk Keramat','2017-12-15 12:40:43','2017-12-15 12:40:43',NULL),(108,9,'Kg. Haji Abdullah Hukum','2017-12-15 12:40:43','2017-12-15 12:40:43',NULL),(109,9,'Kg. Sungai Penchala','2017-12-15 12:40:43','2017-12-15 12:40:43',NULL),(110,9,'Imbi','2017-12-15 12:40:43','2017-12-15 12:40:43',NULL),(111,9,'Jalan Tuanku Abdul Halim','2017-12-15 12:40:43','2017-12-15 12:40:43',NULL),(112,9,'Jinjang','2017-12-15 12:40:43','2017-12-15 12:40:43',NULL),(113,9,'Kampung Baru','2017-12-15 12:40:43','2017-12-15 12:40:43',NULL),(114,9,'Kuchai Lama','2017-12-15 12:40:43','2017-12-15 12:40:43',NULL),(115,9,'Kerinchi','2017-12-15 12:40:43','2017-12-15 12:40:43',NULL),(116,9,'Kepong','2017-12-15 12:40:43','2017-12-15 12:40:43',NULL),(117,9,'Maluri','2017-12-15 12:40:43','2017-12-15 12:40:43',NULL),(118,9,'Miharja','2017-12-15 12:40:43','2017-12-15 12:40:43',NULL),(119,9,'Mont Kiara','2017-12-15 12:40:43','2017-12-15 12:40:43',NULL),(120,9,'Pudu','2017-12-15 12:40:43','2017-12-15 12:40:43',NULL),(121,9,'Salak Selatan','2017-12-15 12:40:43','2017-12-15 12:40:43',NULL),(122,9,'Setapak','2017-12-15 12:40:43','2017-12-15 12:40:43',NULL),(123,9,'Sentul','2017-12-15 12:40:43','2017-12-15 12:40:43',NULL),(124,9,'Sri Petaling','2017-12-15 12:40:43','2017-12-15 12:40:43',NULL),(125,9,'Sg. Besi','2017-12-15 12:40:43','2017-12-15 12:40:43',NULL),(126,9,'Shamelin Perkasa','2017-12-15 12:40:43','2017-12-15 12:40:43',NULL),(127,9,'U-Thant','2017-12-15 12:40:43','2017-12-15 12:40:43',NULL),(128,9,'Manjalara','2017-12-15 12:40:43','2017-12-15 12:40:43',NULL),(129,9,'Bandar Sri Permaisuri','2017-12-15 12:40:43','2017-12-15 12:40:43',NULL),(130,9,'Bandar Tasik Selatan','2017-12-15 12:40:43','2017-12-15 12:40:43',NULL),(131,9,'Bukit Damansara','2017-12-15 12:40:43','2017-12-15 12:40:43',NULL),(132,9,'Desa Petaling','2017-12-15 12:40:43','2017-12-15 12:40:43',NULL),(133,9,'Taman Connaught','2017-12-15 12:40:43','2017-12-15 12:40:43',NULL),(134,9,'Taman Desa','2017-12-15 12:40:43','2017-12-15 12:40:43',NULL),(135,9,'Taman OUG','2017-12-15 12:40:43','2017-12-15 12:40:43',NULL),(136,9,'Taman Melawati','2017-12-15 12:40:43','2017-12-15 12:40:43',NULL),(137,9,'Taman Tun Dr. Ismail','2017-12-15 12:40:43','2017-12-15 12:40:43',NULL),(138,9,'Wangsa Maju','2017-12-15 12:40:44','2017-12-15 12:40:44',NULL),(139,9,'Bukit Bintang','2017-12-15 12:40:44','2017-12-15 12:40:44',NULL),(140,9,'Cheras','2017-12-15 12:40:44','2017-12-15 12:40:44',NULL),(141,9,'Bandar Tun Razak','2017-12-15 12:40:44','2017-12-15 12:40:44',NULL),(142,9,'Seputeh','2017-12-15 12:40:44','2017-12-15 12:40:44',NULL),(143,9,'Lembah Pantai','2017-12-15 12:40:44','2017-12-15 12:40:44',NULL),(144,9,'Segambut','2017-12-15 12:40:44','2017-12-15 12:40:44',NULL),(145,7,'Assam Jawa','2017-12-15 12:40:44','2017-12-15 12:40:44',NULL),(146,7,'Ampang','2017-12-15 12:40:44','2017-12-15 12:40:44',NULL),(147,7,'Bagan Lalang','2017-12-15 12:40:44','2017-12-15 12:40:44',NULL),(148,7,'Bagan Nakhoda Omar','2017-12-15 12:40:44','2017-12-15 12:40:44',NULL),(149,7,'Balakong','2017-12-15 12:40:44','2017-12-15 12:40:44',NULL),(150,7,'Bangi','2017-12-15 12:40:44','2017-12-15 12:40:44',NULL),(151,7,'Selayang','2017-12-15 12:40:44','2017-12-15 12:40:44',NULL),(152,7,'Bandar Sunway','2017-12-15 12:40:44','2017-12-15 12:40:44',NULL),(153,7,'Banting','2017-12-15 12:40:44','2017-12-15 12:40:44',NULL),(154,7,'Bestari Jaya','2017-12-15 12:40:44','2017-12-15 12:40:44',NULL),(155,7,'Batang Kali','2017-12-15 12:40:44','2017-12-15 12:40:44',NULL),(156,7,'Batu Arang','2017-12-15 12:40:44','2017-12-15 12:40:44',NULL),(157,7,'Batu Caves','2017-12-15 12:40:44','2017-12-15 12:40:44',NULL),(158,7,'Beranang','2017-12-15 12:40:44','2017-12-15 12:40:44',NULL),(159,7,'Broga','2017-12-15 12:40:44','2017-12-15 12:40:44',NULL),(160,7,'Bukit Lanjan','2017-12-15 12:40:44','2017-12-15 12:40:44',NULL),(161,7,'Bukit Raja','2017-12-15 12:40:44','2017-12-15 12:40:44',NULL),(162,7,'Bukit Rotan','2017-12-15 12:40:44','2017-12-15 12:40:44',NULL),(163,7,'Bukit Tagar','2017-12-15 12:40:44','2017-12-15 12:40:44',NULL),(164,7,'Cheras','2017-12-15 12:40:44','2017-12-15 12:40:44',NULL),(165,7,'Cyberjaya','2017-12-15 12:40:44','2017-12-15 12:40:44',NULL),(166,7,'Damansara','2017-12-15 12:40:44','2017-12-15 12:40:44',NULL),(167,7,'Dengkil','2017-12-15 12:40:44','2017-12-15 12:40:44',NULL),(168,7,'Ijok','2017-12-15 12:40:44','2017-12-15 12:40:44',NULL),(169,7,'Jenjarom','2017-12-15 12:40:44','2017-12-15 12:40:44',NULL),(170,7,'Jugra','2017-12-15 12:40:44','2017-12-15 12:40:44',NULL),(171,7,'Kajang','2017-12-15 12:40:44','2017-12-15 12:40:44',NULL),(172,7,'Kapar','2017-12-15 12:40:44','2017-12-15 12:40:44',NULL),(173,7,'Kalumpang','2017-12-15 12:40:44','2017-12-15 12:40:44',NULL),(174,7,'Kelana Jaya','2017-12-15 12:40:44','2017-12-15 12:40:44',NULL),(175,7,'Kerling','2017-12-15 12:40:44','2017-12-15 12:40:44',NULL),(176,7,'Kuala Kubu Bharu','2017-12-15 12:40:44','2017-12-15 12:40:44',NULL),(177,7,'Kuala Selangor','2017-12-15 12:40:44','2017-12-15 12:40:44',NULL),(178,7,'Kuang','2017-12-15 12:40:44','2017-12-15 12:40:44',NULL),(179,7,'Morib','2017-12-15 12:40:44','2017-12-15 12:40:44',NULL),(180,7,'Meru','2017-12-15 12:40:44','2017-12-15 12:40:44',NULL),(181,7,'Padang Jawa','2017-12-15 12:40:44','2017-12-15 12:40:44',NULL),(182,7,'Pandamaran','2017-12-15 12:40:44','2017-12-15 12:40:44',NULL),(183,7,'Paya Jaras','2017-12-15 12:40:44','2017-12-15 12:40:44',NULL),(184,7,'Port Klang','2017-12-15 12:40:44','2017-12-15 12:40:44',NULL),(185,7,'Puchong','2017-12-15 12:40:44','2017-12-15 12:40:44',NULL),(186,7,'Rasa','2017-12-15 12:40:44','2017-12-15 12:40:44',NULL),(187,7,'Rawang','2017-12-15 12:40:44','2017-12-15 12:40:44',NULL),(188,7,'Sabak Bernam','2017-12-15 12:40:44','2017-12-15 12:40:44',NULL),(189,7,'Salak Tinggi','2017-12-15 12:40:44','2017-12-15 12:40:44',NULL),(190,7,'Sekinchan','2017-12-15 12:40:44','2017-12-15 12:40:44',NULL),(191,7,'Selayang','2017-12-15 12:40:44','2017-12-15 12:40:44',NULL),(192,7,'Semenyih','2017-12-15 12:40:44','2017-12-15 12:40:44',NULL),(193,7,'Serendah','2017-12-15 12:40:44','2017-12-15 12:40:44',NULL),(194,7,'Seri Kembangan','2017-12-15 12:40:44','2017-12-15 12:40:44',NULL),(195,7,'Sepang','2017-12-15 12:40:44','2017-12-15 12:40:44',NULL),(196,7,'Sijangkang','2017-12-15 12:40:44','2017-12-15 12:40:44',NULL),(197,7,'Subang','2017-12-15 12:40:44','2017-12-15 12:40:44',NULL),(198,7,'Sungai Ayer Tawar','2017-12-15 12:40:44','2017-12-15 12:40:44',NULL),(199,7,'Sungai Buloh','2017-12-15 12:40:44','2017-12-15 12:40:44',NULL),(200,7,'Sungai Besar','2017-12-15 12:40:44','2017-12-15 12:40:44',NULL),(201,7,'Sungai Buaya','2017-12-15 12:40:44','2017-12-15 12:40:44',NULL),(202,7,'Sungai Choh','2017-12-15 12:40:44','2017-12-15 12:40:44',NULL),(203,7,'Sungai Panjang','2017-12-15 12:40:44','2017-12-15 12:40:44',NULL),(204,7,'Sungai Pelek','2017-12-15 12:40:44','2017-12-15 12:40:44',NULL),(205,7,'Sungai Pelong','2017-12-15 12:40:44','2017-12-15 12:40:44',NULL),(206,7,'Tanjung Harapan','2017-12-15 12:40:44','2017-12-15 12:40:44',NULL),(207,7,'Tanjung Karang','2017-12-15 12:40:44','2017-12-15 12:40:44',NULL),(208,7,'Teluk Panglima Garang','2017-12-15 12:40:44','2017-12-15 12:40:44',NULL),(209,7,'Ulu Klang','2017-12-15 12:40:44','2017-12-15 12:40:44',NULL),(210,7,'Ulu Yam','2017-12-15 12:40:44','2017-12-15 12:40:44',NULL),(211,7,'Dusun Tua','2017-12-15 12:40:44','2017-12-15 12:40:44',NULL),(212,7,'Pulau Meranti','2017-12-15 12:40:44','2017-12-15 12:40:44',NULL),(213,7,'Alam Impian','2017-12-15 12:40:44','2017-12-15 12:40:44',NULL),(214,7,'Ara Damansara','2017-12-15 12:40:44','2017-12-15 12:40:44',NULL),(215,7,'Bandar Baru Klang','2017-12-15 12:40:44','2017-12-15 12:40:44',NULL),(216,7,'Bandar Bukit Raja','2017-12-15 12:40:44','2017-12-15 12:40:44',NULL),(217,7,'Bandar Botanic','2017-12-15 12:40:44','2017-12-15 12:40:44',NULL),(218,7,'Bandar Bukit Tinggi','2017-12-15 12:40:44','2017-12-15 12:40:44',NULL),(219,7,'Bandar Country Homes','2017-12-15 12:40:44','2017-12-15 12:40:44',NULL),(220,7,'Bandar Kinrara','2017-12-15 12:40:44','2017-12-15 12:40:44',NULL),(221,7,'Bandar Puteri Puchong','2017-12-15 12:40:44','2017-12-15 12:40:44',NULL),(222,7,'Bandar Putra Permai','2017-12-15 12:40:44','2017-12-15 12:40:44',NULL),(223,7,'Bandar Sri Damansara','2017-12-15 12:40:44','2017-12-15 12:40:44',NULL),(224,7,'Bandar Seri Putra','2017-12-15 12:40:44','2017-12-15 12:40:44',NULL),(225,7,'Bandar Saujana Putra','2017-12-15 12:40:44','2017-12-15 12:40:44',NULL),(226,7,'Bandar Saujana Utama','2017-12-15 12:40:44','2017-12-15 12:40:44',NULL),(227,7,'Bandar Tun Hussein Onn','2017-12-15 12:40:44','2017-12-15 12:40:44',NULL),(228,7,'Bandar Sungai Buaya','2017-12-15 12:40:44','2017-12-15 12:40:44',NULL),(229,7,'Bandar Sungai Long','2017-12-15 12:40:44','2017-12-15 12:40:44',NULL),(230,7,'Bandar Mahkota Cheras','2017-12-15 12:40:44','2017-12-15 12:40:44',NULL),(231,7,'Bandar Utama','2017-12-15 12:40:44','2017-12-15 12:40:44',NULL),(232,7,'Bernam Jaya','2017-12-15 12:40:44','2017-12-15 12:40:44',NULL),(233,7,'Bukit Antarabangsa','2017-12-15 12:40:44','2017-12-15 12:40:44',NULL),(234,7,'Bukit Subang','2017-12-15 12:40:44','2017-12-15 12:40:44',NULL),(235,7,'Bukit Beruntung','2017-12-15 12:40:44','2017-12-15 12:40:44',NULL),(236,7,'Bukit Jelutong','2017-12-15 12:40:44','2017-12-15 12:40:44',NULL),(237,7,'Bukit Rahman Putra','2017-12-15 12:40:44','2017-12-15 12:40:44',NULL),(238,7,'Bukit Rimau','2017-12-15 12:40:44','2017-12-15 12:40:44',NULL),(239,7,'Batu Tiga','2017-12-15 12:40:44','2017-12-15 12:40:44',NULL),(240,7,'Country Heights','2017-12-15 12:40:44','2017-12-15 12:40:44',NULL),(241,7,'Damansara Jaya','2017-12-15 12:40:44','2017-12-15 12:40:44',NULL),(242,7,'Damansara Perdana','2017-12-15 12:40:44','2017-12-15 12:40:44',NULL),(243,7,'Damansara Utama','2017-12-15 12:40:44','2017-12-15 12:40:44',NULL),(244,7,'Glenmarie','2017-12-15 12:40:44','2017-12-15 12:40:44',NULL),(245,7,'I-City','2017-12-15 12:40:44','2017-12-15 12:40:44',NULL),(246,7,'Jade Hills','2017-12-15 12:40:44','2017-12-15 12:40:44',NULL),(247,7,'Kota Damansara','2017-12-15 12:40:44','2017-12-15 12:40:44',NULL),(248,7,'Kota Kemuning','2017-12-15 12:40:44','2017-12-15 12:40:44',NULL),(249,7,'Kota Puteri','2017-12-15 12:40:44','2017-12-15 12:40:44',NULL),(250,7,'Lembah Beringin','2017-12-15 12:40:44','2017-12-15 12:40:44',NULL),(251,7,'Lembah Jaya','2017-12-15 12:40:44','2017-12-15 12:40:44',NULL),(252,7,'Mutiara Damansara','2017-12-15 12:40:44','2017-12-15 12:40:44',NULL),(253,7,'Pandan Indah','2017-12-15 12:40:44','2017-12-15 12:40:44',NULL),(254,7,'Pandan Jaya','2017-12-15 12:40:44','2017-12-15 12:40:44',NULL),(255,7,'Puchong Jaya','2017-12-15 12:40:44','2017-12-15 12:40:44',NULL),(256,7,'Puncak Alam','2017-12-15 12:40:44','2017-12-15 12:40:44',NULL),(257,7,'Puncak Perdana','2017-12-15 12:40:44','2017-12-15 12:40:44',NULL),(258,7,'Pusat Bandar Puchong','2017-12-15 12:40:44','2017-12-15 12:40:44',NULL),(259,7,'Puchong','2017-12-15 12:40:44','2017-12-15 12:40:44',NULL),(260,7,'Putra Heights','2017-12-15 12:40:44','2017-12-15 12:40:44',NULL),(261,7,'Saujana Impian','2017-12-15 12:40:44','2017-12-15 12:40:44',NULL),(262,7,'Setia Alam','2017-12-15 12:40:44','2017-12-15 12:40:44',NULL),(263,7,'Southville City','2017-12-15 12:40:44','2017-12-15 12:40:44',NULL),(264,7,'Taman Greenwood','2017-12-15 12:40:44','2017-12-15 12:40:44',NULL),(265,7,'Taman Hillview','2017-12-15 12:40:44','2017-12-15 12:40:44',NULL),(266,7,'Taman Putra Perdana','2017-12-15 12:40:44','2017-12-15 12:40:44',NULL),(267,7,'Taman Sri Andalas','2017-12-15 12:40:44','2017-12-15 12:40:44',NULL),(268,7,'Puncak Jalil','2017-12-15 12:40:44','2017-12-15 12:40:44',NULL),(269,7,'USJ','2017-12-15 12:40:44','2017-12-15 12:40:44',NULL),(270,7,'Pandan Mewah','2017-12-15 12:40:44','2017-12-15 12:40:44',NULL),(271,7,'Hulu Langat','2017-12-15 12:40:44','2017-12-15 12:40:44',NULL),(272,7,'Kuala Langat','2017-12-15 12:40:44','2017-12-15 12:40:44',NULL),(273,7,'Petaling Jaya','2017-12-15 12:40:44','2017-12-15 12:40:44',NULL),(274,7,'Klang','2017-12-15 12:40:44','2017-12-15 12:40:44',NULL),(275,7,'Others','2017-12-15 12:40:44','2017-12-15 12:40:44',NULL),(276,2,'Semerak','2017-12-15 12:40:44','2017-12-15 12:40:44',NULL),(277,2,'Tanah Merah','2017-12-15 12:40:44','2017-12-15 12:40:44',NULL),(278,2,'Tanjong Mas','2017-12-15 12:40:44','2017-12-15 12:40:44',NULL),(279,2,'Tawang','2017-12-15 12:40:44','2017-12-15 12:40:44',NULL),(280,2,'Temangan','2017-12-15 12:40:44','2017-12-15 12:40:44',NULL),(281,2,'Tendong','2017-12-15 12:40:44','2017-12-15 12:40:44',NULL),(282,2,'Tumpat','2017-12-15 12:40:44','2017-12-15 12:40:44',NULL),(283,2,'Wakaf Bharu','2017-12-15 12:40:44','2017-12-15 12:40:44',NULL),(284,2,'Wakaf Che Yeh','2017-12-15 12:40:44','2017-12-15 12:40:44',NULL),(285,3,'Air Itam','2017-12-15 12:40:44','2017-12-15 12:40:44',NULL),(286,3,'Air Putih','2017-12-15 12:40:44','2017-12-15 12:40:44',NULL),(287,3,'Bagan','2017-12-15 12:40:44','2017-12-15 12:40:44',NULL),(288,3,'Bagan Dalam','2017-12-15 12:40:44','2017-12-15 12:40:44',NULL),(289,3,'Bagan Jermal','2017-12-15 12:40:44','2017-12-15 12:40:44',NULL),(290,3,'Balik Pulau','2017-12-15 12:40:44','2017-12-15 12:40:44',NULL),(291,3,'Batu Kawan','2017-12-15 12:40:44','2017-12-15 12:40:44',NULL),(292,3,'Batu Lancang','2017-12-15 12:40:44','2017-12-15 12:40:44',NULL),(293,3,'Batu Maung','2017-12-15 12:40:44','2017-12-15 12:40:44',NULL),(294,3,'Batu Uban','2017-12-15 12:40:44','2017-12-15 12:40:44',NULL),(295,3,'Bayan Baru','2017-12-15 12:40:44','2017-12-15 12:40:44',NULL),(296,3,'Bayan Lepas','2017-12-15 12:40:44','2017-12-15 12:40:44',NULL),(297,3,'Berapit','2017-12-15 12:40:44','2017-12-15 12:40:44',NULL),(298,3,'Bertam','2017-12-15 12:40:44','2017-12-15 12:40:44',NULL),(299,3,'Bukit Bendera','2017-12-15 12:40:44','2017-12-15 12:40:44',NULL),(300,3,'Bukit Gelugor','2017-12-15 12:40:44','2017-12-15 12:40:44',NULL),(301,3,'Bukit Mertajam','2017-12-15 12:40:44','2017-12-15 12:40:44',NULL),(302,3,'Bukit Tambun','2017-12-15 12:40:44','2017-12-15 12:40:44',NULL),(303,3,'Bukit Tengah','2017-12-15 12:40:44','2017-12-15 12:40:44',NULL),(304,3,'Datok Keramat','2017-12-15 12:40:44','2017-12-15 12:40:44',NULL),(305,3,'Jawi','2017-12-15 12:40:44','2017-12-15 12:40:44',NULL),(306,3,'Jelutong','2017-12-15 12:40:44','2017-12-15 12:40:44',NULL),(307,3,'Kebun Bunga','2017-12-15 12:40:44','2017-12-15 12:40:44',NULL),(308,3,'Kepala Batas','2017-12-15 12:40:44','2017-12-15 12:40:44',NULL),(309,3,'Komtar','2017-12-15 12:40:44','2017-12-15 12:40:44',NULL),(310,3,'Machang Bubuk','2017-12-15 12:40:44','2017-12-15 12:40:44',NULL),(311,3,'Nibong Tebal','2017-12-15 12:40:44','2017-12-15 12:40:44',NULL),(312,3,'Padang Kota','2017-12-15 12:40:44','2017-12-15 12:40:44',NULL),(313,3,'Padang Lalang','2017-12-15 12:40:44','2017-12-15 12:40:44',NULL),(314,3,'Pantai Jerejak','2017-12-15 12:40:44','2017-12-15 12:40:44',NULL),(315,3,'Paya Lancang','2017-12-15 12:40:44','2017-12-15 12:40:44',NULL),(316,3,'Penaga','2017-12-15 12:40:44','2017-12-15 12:40:44',NULL),(317,3,'Penanti','2017-12-15 12:40:44','2017-12-15 12:40:44',NULL),(318,3,'Pengkalan Kota','2017-12-15 12:40:44','2017-12-15 12:40:44',NULL),(319,3,'Perai','2017-12-15 12:40:44','2017-12-15 12:40:44',NULL),(320,3,'Permatang Berangan ','2017-12-15 12:40:44','2017-12-15 12:40:44',NULL),(321,3,'Permatang Pasir','2017-12-15 12:40:44','2017-12-15 12:40:44',NULL),(322,3,'Permatang Pauh','2017-12-15 12:40:44','2017-12-15 12:40:44',NULL),(323,3,'Pinang Tunggal','2017-12-15 12:40:44','2017-12-15 12:40:44',NULL),(324,3,'Pulau Betong','2017-12-15 12:40:44','2017-12-15 12:40:44',NULL),(325,3,'Pulau Tikus','2017-12-15 12:40:44','2017-12-15 12:40:44',NULL),(326,3,'Seberang Jaya','2017-12-15 12:40:44','2017-12-15 12:40:44',NULL),(327,3,'Seri Delima','2017-12-15 12:40:44','2017-12-15 12:40:44',NULL),(328,3,'Sungai Acheh','2017-12-15 12:40:44','2017-12-15 12:40:44',NULL),(329,3,'Sungai Bakap','2017-12-15 12:40:44','2017-12-15 12:40:44',NULL),(330,3,'Sungai Dua','2017-12-15 12:40:44','2017-12-15 12:40:44',NULL),(331,3,'Sungai Pinang','2017-12-15 12:40:44','2017-12-15 12:40:44',NULL),(332,3,'Sungai Puyu','2017-12-15 12:40:44','2017-12-15 12:40:44',NULL),(333,3,'Tanjong','2017-12-15 12:40:44','2017-12-15 12:40:44',NULL),(334,3,'Tanjung Bunga','2017-12-15 12:40:44','2017-12-15 12:40:44',NULL),(335,3,'Tasek Gelugor','2017-12-15 12:40:44','2017-12-15 12:40:44',NULL),(336,3,'Telok Ayer Tawar','2017-12-15 12:40:44','2017-12-15 12:40:44',NULL),(337,3,'Telok Bahang','2017-12-15 12:40:44','2017-12-15 12:40:44',NULL),(338,4,'Air Putih','2017-12-15 12:40:44','2017-12-15 12:40:44',NULL),(339,4,'Ajil','2017-12-15 12:40:44','2017-12-15 12:40:44',NULL),(340,4,'Alur Limbat','2017-12-15 12:40:44','2017-12-15 12:40:44',NULL),(341,4,'Bandar','2017-12-15 12:40:44','2017-12-15 12:40:44',NULL),(342,4,'Batu Buruk','2017-12-15 12:40:44','2017-12-15 12:40:44',NULL),(343,4,'Batu Rakit','2017-12-15 12:40:44','2017-12-15 12:40:44',NULL),(344,4,'Besut','2017-12-15 12:40:44','2017-12-15 12:40:44',NULL),(345,4,'Bukit Besi','2017-12-15 12:40:44','2017-12-15 12:40:44',NULL),(346,4,'Bukit Payung','2017-12-15 12:40:44','2017-12-15 12:40:44',NULL),(347,4,'Bukit Tunggal','2017-12-15 12:40:44','2017-12-15 12:40:44',NULL),(348,4,'Chukai','2017-12-15 12:40:44','2017-12-15 12:40:44',NULL),(349,4,'Dungun','2017-12-15 12:40:44','2017-12-15 12:40:44',NULL),(350,4,'Gong Badak','2017-12-15 12:40:44','2017-12-15 12:40:44',NULL),(351,4,'Hulu Besut','2017-12-15 12:40:44','2017-12-15 12:40:44',NULL),(352,4,'Hulu Terengganu','2017-12-15 12:40:44','2017-12-15 12:40:44',NULL),(353,4,'Jabi','2017-12-15 12:40:44','2017-12-15 12:40:44',NULL),(354,4,'Jertih','2017-12-15 12:40:44','2017-12-15 12:40:44',NULL),(355,4,'Kemaman','2017-12-15 12:40:44','2017-12-15 12:40:44',NULL),(356,4,'Kemasik','2017-12-15 12:40:44','2017-12-15 12:40:44',NULL),(357,4,'Kijal','2017-12-15 12:40:44','2017-12-15 12:40:44',NULL),(358,4,'Kota Putera','2017-12-15 12:40:44','2017-12-15 12:40:44',NULL),(359,4,'Kuala Berang','2017-12-15 12:40:44','2017-12-15 12:40:44',NULL),(360,4,'Kuala Besut','2017-12-15 12:40:44','2017-12-15 12:40:44',NULL),(361,4,'Kuala Nerus','2017-12-15 12:40:44','2017-12-15 12:40:44',NULL),(362,4,'Kuala Terengganu','2017-12-15 12:40:44','2017-12-15 12:40:44',NULL),(363,4,'Ladang','2017-12-15 12:40:44','2017-12-15 12:40:44',NULL),(364,4,'Langkap','2017-12-15 12:40:44','2017-12-15 12:40:44',NULL),(365,4,'Manir','2017-12-15 12:40:44','2017-12-15 12:40:44',NULL),(366,4,'Marang','2017-12-15 12:40:44','2017-12-15 12:40:44',NULL),(367,4,'Paka','2017-12-15 12:40:44','2017-12-15 12:40:44',NULL),(368,4,'Pengkalan Berangan','2017-12-15 12:40:44','2017-12-15 12:40:44',NULL),(369,4,'Permaisuri','2017-12-15 12:40:44','2017-12-15 12:40:44',NULL),(370,4,'Pulau Bidong','2017-12-15 12:40:44','2017-12-15 12:40:44',NULL),(371,4,'Pulau Kapas','2017-12-15 12:40:44','2017-12-15 12:40:44',NULL),(372,4,'Pulau Lang Tengah','2017-12-15 12:40:44','2017-12-15 12:40:44',NULL),(373,4,'Pulau Perhentian','2017-12-15 12:40:44','2017-12-15 12:40:44',NULL),(374,4,'Pulau Redang','2017-12-15 12:40:44','2017-12-15 12:40:44',NULL),(375,4,'Pulau Tenggol','2017-12-15 12:40:44','2017-12-15 12:40:44',NULL),(376,4,'Pulau Wan Man','2017-12-15 12:40:44','2017-12-15 12:40:44',NULL),(377,4,'Pulau Warisan','2017-12-15 12:40:44','2017-12-15 12:40:44',NULL),(378,4,'Putera Jaya','2017-12-15 12:40:44','2017-12-15 12:40:44',NULL),(379,4,'Rantau Abang','2017-12-15 12:40:44','2017-12-15 12:40:44',NULL),(380,4,'Ru Rendang','2017-12-15 12:40:44','2017-12-15 12:40:44',NULL),(381,4,'Seberang Takir','2017-12-15 12:40:44','2017-12-15 12:40:44',NULL),(382,4,'Seri Langkap','2017-12-15 12:40:44','2017-12-15 12:40:44',NULL),(383,4,'Setiu','2017-12-15 12:40:44','2017-12-15 12:40:44',NULL),(384,4,'Sura','2017-12-15 12:40:44','2017-12-15 12:40:44',NULL),(385,4,'Telemung','2017-12-15 12:40:44','2017-12-15 12:40:44',NULL),(386,4,'Teluk Kalung','2017-12-15 12:40:44','2017-12-15 12:40:44',NULL),(387,4,'Teluk Pasu','2017-12-15 12:40:44','2017-12-15 12:40:44',NULL),(388,4,'Tepuh','2017-12-15 12:40:44','2017-12-15 12:40:44',NULL),(389,4,'Wakaf Mempelam','2017-12-15 12:40:44','2017-12-15 12:40:44',NULL),(390,4,'Wakaf Tapai','2017-12-15 12:40:44','2017-12-15 12:40:44',NULL),(391,5,'Ayer Tawar ','2017-12-15 12:40:44','2017-12-15 12:40:44',NULL),(392,5,'Bagan Datoh ','2017-12-15 12:40:44','2017-12-15 12:40:44',NULL),(393,5,'Bagan Serai ','2017-12-15 12:40:44','2017-12-15 12:40:44',NULL),(394,5,'Bagan Sungai Burong ','2017-12-15 12:40:44','2017-12-15 12:40:44',NULL),(395,5,'Bandar raya Proton ','2017-12-15 12:40:44','2017-12-15 12:40:44',NULL),(396,5,'Banir ','2017-12-15 12:40:44','2017-12-15 12:40:44',NULL),(397,5,'Batak Rabit ','2017-12-15 12:40:44','2017-12-15 12:40:44',NULL),(398,5,'Batang ','2017-12-15 12:40:44','2017-12-15 12:40:44',NULL),(399,5,'Batu Gajah ','2017-12-15 12:40:44','2017-12-15 12:40:44',NULL),(400,5,'Behrang ','2017-12-15 12:40:44','2017-12-15 12:40:44',NULL),(401,5,'Bercham ','2017-12-15 12:40:44','2017-12-15 12:40:44',NULL),(402,5,'Beruas ','2017-12-15 12:40:44','2017-12-15 12:40:44',NULL),(403,5,'Bidor ','2017-12-15 12:40:44','2017-12-15 12:40:44',NULL),(404,5,'Bikam ','2017-12-15 12:40:44','2017-12-15 12:40:44',NULL),(405,5,'Bota ','2017-12-15 12:40:44','2017-12-15 12:40:44',NULL),(406,5,'Bukit Gantang ','2017-12-15 12:40:44','2017-12-15 12:40:44',NULL),(407,5,'Bukit Merah ','2017-12-15 12:40:44','2017-12-15 12:40:44',NULL),(408,5,'Changkat Jering ','2017-12-15 12:40:44','2017-12-15 12:40:44',NULL),(409,5,'Changkat Keruing ','2017-12-15 12:40:44','2017-12-15 12:40:44',NULL),(410,5,'Chemor ','2017-12-15 12:40:44','2017-12-15 12:40:44',NULL),(411,5,'Chikus ','2017-12-15 12:40:44','2017-12-15 12:40:44',NULL),(412,5,'Damar Laut ','2017-12-15 12:40:44','2017-12-15 12:40:44',NULL),(413,5,'Gerik ','2017-12-15 12:40:44','2017-12-15 12:40:44',NULL),(414,5,'Gopeng ','2017-12-15 12:40:44','2017-12-15 12:40:44',NULL),(415,5,'Gua Tempurung ','2017-12-15 12:40:44','2017-12-15 12:40:44',NULL),(416,5,'Hilir ','2017-12-15 12:40:44','2017-12-15 12:40:44',NULL),(417,5,'Hulu Perak ','2017-12-15 12:40:44','2017-12-15 12:40:44',NULL),(418,5,'Hutan Melintang ','2017-12-15 12:40:44','2017-12-15 12:40:44',NULL),(419,5,'Jelapang ','2017-12-15 12:40:44','2017-12-15 12:40:44',NULL),(420,5,'Jenderata ','2017-12-15 12:40:44','2017-12-15 12:40:44',NULL),(421,5,'Jerlun ','2017-12-15 12:40:44','2017-12-15 12:40:44',NULL),(422,5,'Kampar ','2017-12-15 12:40:44','2017-12-15 12:40:44',NULL),(423,5,'Kamunting ','2017-12-15 12:40:44','2017-12-15 12:40:44',NULL),(424,5,'Karai ','2017-12-15 12:40:44','2017-12-15 12:40:44',NULL),(425,5,'Kerian ','2017-12-15 12:40:44','2017-12-15 12:40:44',NULL),(426,5,'Kinta','2017-12-15 12:40:44','2017-12-15 12:40:44',NULL),(427,5,'Kota Setia ','2017-12-15 12:40:44','2017-12-15 12:40:44',NULL),(428,5,'Kuala Kangsar ','2017-12-15 12:40:44','2017-12-15 12:40:44',NULL),(429,5,'Kuala Kurau ','2017-12-15 12:40:44','2017-12-15 12:40:44',NULL),(430,5,'Kuala Sepetang ','2017-12-15 12:40:44','2017-12-15 12:40:44',NULL),(431,5,'Langkap ','2017-12-15 12:40:44','2017-12-15 12:40:44',NULL),(432,5,'Larut','2017-12-15 12:40:44','2017-12-15 12:40:44',NULL),(433,5,'Lekir ','2017-12-15 12:40:44','2017-12-15 12:40:44',NULL),(434,5,'Lenggong ','2017-12-15 12:40:44','2017-12-15 12:40:44',NULL),(435,5,'Lumut ','2017-12-15 12:40:44','2017-12-15 12:40:44',NULL),(436,5,'Malim Nawar ','2017-12-15 12:40:44','2017-12-15 12:40:44',NULL),(437,5,'Mambang Di Awan ','2017-12-15 12:40:44','2017-12-15 12:40:44',NULL),(438,5,'Manjoi ','2017-12-15 12:40:44','2017-12-15 12:40:44',NULL),(439,5,'Manjung ','2017-12-15 12:40:44','2017-12-15 12:40:44',NULL),(440,5,'Manong ','2017-12-15 12:40:44','2017-12-15 12:40:44',NULL),(441,5,'Matang ','2017-12-15 12:40:44','2017-12-15 12:40:44',NULL),(442,5,'Menglembu ','2017-12-15 12:40:44','2017-12-15 12:40:44',NULL),(443,5,'Meru ','2017-12-15 12:40:44','2017-12-15 12:40:44',NULL),(444,5,'Muallim','2017-12-15 12:40:44','2017-12-15 12:40:44',NULL),(445,5,'Padang ','2017-12-15 12:40:44','2017-12-15 12:40:44',NULL),(446,5,'Padang Rengas ','2017-12-15 12:40:44','2017-12-15 12:40:44',NULL),(447,5,'Pantai Remis ','2017-12-15 12:40:44','2017-12-15 12:40:44',NULL),(448,5,'Parit ','2017-12-15 12:40:44','2017-12-15 12:40:44',NULL),(449,5,'Parit Buntar ','2017-12-15 12:40:44','2017-12-15 12:40:44',NULL),(450,5,'Pasir Salak ','2017-12-15 12:40:44','2017-12-15 12:40:44',NULL),(451,5,'Pekan Gurney ','2017-12-15 12:40:44','2017-12-15 12:40:44',NULL),(452,5,'Pengkalan Hulu','2017-12-15 12:40:44','2017-12-15 12:40:44',NULL),(453,5,'Perak Tengah ','2017-12-15 12:40:44','2017-12-15 12:40:44',NULL),(454,5,'Pulau Banding','2017-12-15 12:40:44','2017-12-15 12:40:44',NULL),(455,5,'Pulau Pangkor','2017-12-15 12:40:44','2017-12-15 12:40:44',NULL),(456,5,'Sayong ','2017-12-15 12:40:44','2017-12-15 12:40:44',NULL),(457,5,'Selama ','2017-12-15 12:40:44','2017-12-15 12:40:44',NULL),(458,5,'Seri Iskandar ','2017-12-15 12:40:44','2017-12-15 12:40:44',NULL),(459,5,'Seri Manjung ','2017-12-15 12:40:44','2017-12-15 12:40:44',NULL),(460,5,'Simpang Tiga ','2017-12-15 12:40:44','2017-12-15 12:40:44',NULL),(461,5,'Sitiawan ','2017-12-15 12:40:44','2017-12-15 12:40:44',NULL),(462,5,'Slim River ','2017-12-15 12:40:44','2017-12-15 12:40:44',NULL),(463,5,'Sungai Siput ','2017-12-15 12:40:44','2017-12-15 12:40:44',NULL),(464,5,'Sungkai ','2017-12-15 12:40:44','2017-12-15 12:40:44',NULL),(465,5,'Taiping ','2017-12-15 12:40:44','2017-12-15 12:40:44',NULL),(466,5,'Tambun ','2017-12-15 12:40:44','2017-12-15 12:40:44',NULL),(467,5,'Tanjung Malim ','2017-12-15 12:40:44','2017-12-15 12:40:44',NULL),(468,5,'Tanjung Piandang ','2017-12-15 12:40:44','2017-12-15 12:40:44',NULL),(469,5,'Tanjung Rambutan ','2017-12-15 12:40:44','2017-12-15 12:40:44',NULL),(470,5,'Tanjung Tualang ','2017-12-15 12:40:44','2017-12-15 12:40:44',NULL),(471,5,'Tapah ','2017-12-15 12:40:44','2017-12-15 12:40:44',NULL),(472,5,'Teluk Batik ','2017-12-15 12:40:44','2017-12-15 12:40:44',NULL),(473,5,'Teluk Intan ','2017-12-15 12:40:44','2017-12-15 12:40:44',NULL),(474,5,'Teluk Rubiah ','2017-12-15 12:40:44','2017-12-15 12:40:44',NULL),(475,5,'Temoh ','2017-12-15 12:40:44','2017-12-15 12:40:44',NULL),(476,5,'Trolak ','2017-12-15 12:40:44','2017-12-15 12:40:44',NULL),(477,5,'Trong ','2017-12-15 12:40:44','2017-12-15 12:40:44',NULL),(478,5,'Tronoh','2017-12-15 12:40:44','2017-12-15 12:40:44',NULL),(479,6,'Bandar Baru Chendor','2017-12-15 12:40:44','2017-12-15 12:40:44',NULL),(480,6,'Bandar Bera','2017-12-15 12:40:44','2017-12-15 12:40:44',NULL),(481,6,'Bandar Damansara Kuantan','2017-12-15 12:40:44','2017-12-15 12:40:44',NULL),(482,6,'Bandar Indera Mahkota','2017-12-15 12:40:44','2017-12-15 12:40:44',NULL),(483,6,'Bandar MEC','2017-12-15 12:40:44','2017-12-15 12:40:44',NULL),(484,6,'Bandar Muadzam Shah','2017-12-15 12:40:44','2017-12-15 12:40:44',NULL),(485,6,'Bandar Putra','2017-12-15 12:40:44','2017-12-15 12:40:44',NULL),(486,6,'Bandar Tun Abdul Razak (Kerato','2017-12-15 12:40:44','2017-12-15 12:40:44',NULL),(487,6,'Bandar Tun Razak (Jengka)','2017-12-15 12:40:44','2017-12-15 12:40:44',NULL),(488,6,'Batu Hitam','2017-12-15 12:40:44','2017-12-15 12:40:44',NULL),(489,6,'Batu Talam','2017-12-15 12:40:44','2017-12-15 12:40:44',NULL),(490,6,'Belimbing','2017-12-15 12:40:44','2017-12-15 12:40:44',NULL),(491,6,'Benta','2017-12-15 12:40:44','2017-12-15 12:40:44',NULL),(492,6,'Bentong','2017-12-15 12:40:44','2017-12-15 12:40:44',NULL),(493,6,'Bera','2017-12-15 12:40:44','2017-12-15 12:40:44',NULL),(494,6,'Beserah','2017-12-15 12:40:44','2017-12-15 12:40:44',NULL),(495,6,'Brinchang','2017-12-15 12:40:44','2017-12-15 12:40:44',NULL),(496,6,'Bukit Fraser','2017-12-15 12:40:44','2017-12-15 12:40:44',NULL),(497,6,'Bukit Ibam','2017-12-15 12:40:44','2017-12-15 12:40:44',NULL),(498,6,'Bukit Tinggi','2017-12-15 12:40:44','2017-12-15 12:40:44',NULL),(499,6,'Cameron Highland','2017-12-15 12:40:44','2017-12-15 12:40:44',NULL),(500,6,'Ceruk Paloh','2017-12-15 12:40:44','2017-12-15 12:40:44',NULL),(501,6,'Chenor','2017-12-15 12:40:44','2017-12-15 12:40:44',NULL),(502,6,'Cherating','2017-12-15 12:40:44','2017-12-15 12:40:44',NULL),(503,6,'Cheroh','2017-12-15 12:40:44','2017-12-15 12:40:44',NULL),(504,6,'FELDA Mempaga','2017-12-15 12:40:44','2017-12-15 12:40:44',NULL),(505,6,'FELDA New Zealand','2017-12-15 12:40:44','2017-12-15 12:40:44',NULL),(506,6,'Gambang','2017-12-15 12:40:44','2017-12-15 12:40:44',NULL),(507,6,'Gebeng','2017-12-15 12:40:44','2017-12-15 12:40:44',NULL),(508,6,'Genting Highlands','2017-12-15 12:40:44','2017-12-15 12:40:44',NULL),(509,6,'Genting Sempah','2017-12-15 12:40:44','2017-12-15 12:40:44',NULL),(510,6,'Gohtong Jaya','2017-12-15 12:40:44','2017-12-15 12:40:44',NULL),(511,6,'Janda Baik','2017-12-15 12:40:44','2017-12-15 12:40:44',NULL),(512,6,'Jerantut','2017-12-15 12:40:44','2017-12-15 12:40:44',NULL),(513,6,'Kampung Awah','2017-12-15 12:40:45','2017-12-15 12:40:45',NULL),(514,6,'Kampung Pagi','2017-12-15 12:40:45','2017-12-15 12:40:45',NULL),(515,6,'Karak','2017-12-15 12:40:45','2017-12-15 12:40:45',NULL),(516,6,'Kemayan','2017-12-15 12:40:45','2017-12-15 12:40:45',NULL),(517,6,'Kerdau','2017-12-15 12:40:45','2017-12-15 12:40:45',NULL),(518,6,'Ketari','2017-12-15 12:40:45','2017-12-15 12:40:45',NULL),(519,6,'Kota Bahagia','2017-12-15 12:40:45','2017-12-15 12:40:45',NULL),(520,6,'Kota Iskandar','2017-12-15 12:40:45','2017-12-15 12:40:45',NULL),(521,6,'Kota Shahbandar','2017-12-15 12:40:45','2017-12-15 12:40:45',NULL),(522,6,'Krambit','2017-12-15 12:40:45','2017-12-15 12:40:45',NULL),(523,6,'Kuala Krau','2017-12-15 12:40:45','2017-12-15 12:40:45',NULL),(524,6,'Kuala Lipis','2017-12-15 12:40:45','2017-12-15 12:40:45',NULL),(525,6,'Kuala Pahang','2017-12-15 12:40:45','2017-12-15 12:40:45',NULL),(526,6,'Kuala Rompin','2017-12-15 12:40:45','2017-12-15 12:40:45',NULL),(527,6,'Kuala Sentul','2017-12-15 12:40:45','2017-12-15 12:40:45',NULL),(528,6,'Kuala Tembeling','2017-12-15 12:40:45','2017-12-15 12:40:45',NULL),(529,6,'Kuantan','2017-12-15 12:40:45','2017-12-15 12:40:45',NULL),(530,6,'Lanchang','2017-12-15 12:40:45','2017-12-15 12:40:45',NULL),(531,6,'Lentang','2017-12-15 12:40:45','2017-12-15 12:40:45',NULL),(532,6,'Lipis','2017-12-15 12:40:45','2017-12-15 12:40:45',NULL),(533,6,'Lubuk Paku','2017-12-15 12:40:45','2017-12-15 12:40:45',NULL),(534,6,'Lurah Bilut','2017-12-15 12:40:45','2017-12-15 12:40:45',NULL),(535,6,'Maran','2017-12-15 12:40:45','2017-12-15 12:40:45',NULL),(536,6,'Melati','2017-12-15 12:40:45','2017-12-15 12:40:45',NULL),(537,6,'Mengkarak','2017-12-15 12:40:45','2017-12-15 12:40:45',NULL),(538,6,'Mengkuang','2017-12-15 12:40:45','2017-12-15 12:40:45',NULL),(539,6,'Mentakab','2017-12-15 12:40:45','2017-12-15 12:40:45',NULL),(540,6,'Merapoh','2017-12-15 12:40:45','2017-12-15 12:40:45',NULL),(541,6,'Nenasi','2017-12-15 12:40:45','2017-12-15 12:40:45',NULL),(542,6,'Paloh Hinai','2017-12-15 12:40:45','2017-12-15 12:40:45',NULL),(543,6,'Pekan','2017-12-15 12:40:45','2017-12-15 12:40:45',NULL),(544,6,'Penor','2017-12-15 12:40:45','2017-12-15 12:40:45',NULL),(545,6,'Pulau Tawar','2017-12-15 12:40:45','2017-12-15 12:40:45',NULL),(546,6,'Pulau Tioman','2017-12-15 12:40:45','2017-12-15 12:40:45',NULL),(547,6,'Raub','2017-12-15 12:40:45','2017-12-15 12:40:45',NULL),(548,6,'Ringlet','2017-12-15 12:40:45','2017-12-15 12:40:45',NULL),(549,6,'RKT Salong','2017-12-15 12:40:45','2017-12-15 12:40:45',NULL),(550,6,'Rompin','2017-12-15 12:40:45','2017-12-15 12:40:45',NULL),(551,6,'Seberang Temerloh','2017-12-15 12:40:45','2017-12-15 12:40:45',NULL),(552,6,'Sebertak','2017-12-15 12:40:45','2017-12-15 12:40:45',NULL),(553,6,'Sempalit','2017-12-15 12:40:45','2017-12-15 12:40:45',NULL),(554,6,'Simpang Pelangai','2017-12-15 12:40:45','2017-12-15 12:40:45',NULL),(555,6,'Sungai Lembing','2017-12-15 12:40:45','2017-12-15 12:40:45',NULL),(556,6,'Sungai Ruan','2017-12-15 12:40:45','2017-12-15 12:40:45',NULL),(557,6,'Tanah Rata','2017-12-15 12:40:45','2017-12-15 12:40:45',NULL),(558,6,'Tanjung Lumpur','2017-12-15 12:40:45','2017-12-15 12:40:45',NULL),(559,6,'Tanjung Sepat','2017-12-15 12:40:45','2017-12-15 12:40:45',NULL),(560,6,'Tasik Chini','2017-12-15 12:40:45','2017-12-15 12:40:45',NULL),(561,6,'Teluk Cempedak','2017-12-15 12:40:45','2017-12-15 12:40:45',NULL),(562,6,'Tembangau','2017-12-15 12:40:45','2017-12-15 12:40:45',NULL),(563,6,'Temerloh','2017-12-15 12:40:45','2017-12-15 12:40:45',NULL),(564,6,'Tranum','2017-12-15 12:40:45','2017-12-15 12:40:45',NULL),(565,6,'Triang','2017-12-15 12:40:45','2017-12-15 12:40:45',NULL),(566,6,'Tringkap','2017-12-15 12:40:45','2017-12-15 12:40:45',NULL),(567,8,'Air Papan','2017-12-15 12:40:45','2017-12-15 12:40:45',NULL),(568,8,'Ayer Bemban','2017-12-15 12:40:45','2017-12-15 12:40:45',NULL),(569,8,'Ayer Hitam','2017-12-15 12:40:45','2017-12-15 12:40:45',NULL),(570,8,'Bakri','2017-12-15 12:40:45','2017-12-15 12:40:45',NULL),(571,8,'Bandar Baru UDA','2017-12-15 12:40:45','2017-12-15 12:40:45',NULL),(572,8,'Bandar Dato Onn ','2017-12-15 12:40:45','2017-12-15 12:40:45',NULL),(573,8,'Bandar Maharani','2017-12-15 12:40:45','2017-12-15 12:40:45',NULL),(574,8,'Bandar Penawar','2017-12-15 12:40:45','2017-12-15 12:40:45',NULL),(575,8,'Bandar Permas','2017-12-15 12:40:45','2017-12-15 12:40:45',NULL),(576,8,'Bandar Putra Kulai','2017-12-15 12:40:45','2017-12-15 12:40:45',NULL),(577,8,'Bandar Sri Alam','2017-12-15 12:40:45','2017-12-15 12:40:45',NULL),(578,8,'Bandar Tenggara ','2017-12-15 12:40:45','2017-12-15 12:40:45',NULL),(579,8,'Batu Enam','2017-12-15 12:40:45','2017-12-15 12:40:45',NULL),(580,8,'Batu Pahat','2017-12-15 12:40:45','2017-12-15 12:40:45',NULL),(581,8,'Bekok','2017-12-15 12:40:45','2017-12-15 12:40:45',NULL),(582,8,'Benut','2017-12-15 12:40:45','2017-12-15 12:40:45',NULL),(583,8,'Bukit Batu','2017-12-15 12:40:45','2017-12-15 12:40:45',NULL),(584,8,'Bukit Gambir ','2017-12-15 12:40:45','2017-12-15 12:40:45',NULL),(585,8,'Bukit Indah','2017-12-15 12:40:45','2017-12-15 12:40:45',NULL),(586,8,'Bukit Kangkar','2017-12-15 12:40:45','2017-12-15 12:40:45',NULL),(587,8,'Bukit Kepong','2017-12-15 12:40:45','2017-12-15 12:40:45',NULL),(588,8,'Bukit Naning','2017-12-15 12:40:45','2017-12-15 12:40:45',NULL),(589,8,'Bukit Pasir','2017-12-15 12:40:45','2017-12-15 12:40:45',NULL),(590,8,'Bukit Serampang','2017-12-15 12:40:45','2017-12-15 12:40:45',NULL),(591,8,'Chaah','2017-12-15 12:40:45','2017-12-15 12:40:45',NULL),(592,8,'Desa Tebrau','2017-12-15 12:40:45','2017-12-15 12:40:45',NULL),(593,8,'Desaru','2017-12-15 12:40:45','2017-12-15 12:40:45',NULL),(594,8,'Endau','2017-12-15 12:40:45','2017-12-15 12:40:45',NULL),(595,8,'FELDA Taib Andak','2017-12-15 12:40:45','2017-12-15 12:40:45',NULL),(596,8,'Gelang Patah','2017-12-15 12:40:45','2017-12-15 12:40:45',NULL),(597,8,'Gemas Baharu','2017-12-15 12:40:45','2017-12-15 12:40:45',NULL),(598,8,'Genuang','2017-12-15 12:40:45','2017-12-15 12:40:45',NULL),(599,8,'Indahpura','2017-12-15 12:40:45','2017-12-15 12:40:45',NULL),(600,8,'Iskandar Malaysia','2017-12-15 12:40:45','2017-12-15 12:40:45',NULL),(601,8,'Iskandar Puteri','2017-12-15 12:40:45','2017-12-15 12:40:45',NULL),(602,8,'Jemaluang ','2017-12-15 12:40:45','2017-12-15 12:40:45',NULL),(603,8,'Jementah','2017-12-15 12:40:45','2017-12-15 12:40:45',NULL),(604,8,'Johor Bahru','2017-12-15 12:40:45','2017-12-15 12:40:45',NULL),(605,8,'Johor Lama','2017-12-15 12:40:45','2017-12-15 12:40:45',NULL),(606,8,'Kahang','2017-12-15 12:40:45','2017-12-15 12:40:45',NULL),(607,8,'Kampung Melayu Majidee','2017-12-15 12:40:45','2017-12-15 12:40:45',NULL),(608,8,'Kampung Tengah','2017-12-15 12:40:45','2017-12-15 12:40:45',NULL),(609,8,'Kangkar Pulai','2017-12-15 12:40:45','2017-12-15 12:40:45',NULL),(610,8,'Kempas','2017-12-15 12:40:45','2017-12-15 12:40:45',NULL),(611,8,'Kluang','2017-12-15 12:40:45','2017-12-15 12:40:45',NULL),(612,8,'Kong Kong','2017-12-15 12:40:45','2017-12-15 12:40:45',NULL),(613,8,'Kota Masai','2017-12-15 12:40:45','2017-12-15 12:40:45',NULL),(614,8,'Kota Tinggi ','2017-12-15 12:40:45','2017-12-15 12:40:45',NULL),(615,8,'Kukup','2017-12-15 12:40:45','2017-12-15 12:40:45',NULL),(616,8,'Kulai','2017-12-15 12:40:45','2017-12-15 12:40:45',NULL),(617,8,'Labis','2017-12-15 12:40:45','2017-12-15 12:40:45',NULL),(618,8,'Layang-Layang','2017-12-15 12:40:45','2017-12-15 12:40:45',NULL),(619,8,'Lima Kedai','2017-12-15 12:40:45','2017-12-15 12:40:45',NULL),(620,8,'Lok Heng','2017-12-15 12:40:45','2017-12-15 12:40:45',NULL),(621,8,'Lombong','2017-12-15 12:40:45','2017-12-15 12:40:45',NULL),(622,8,'Machap','2017-12-15 12:40:45','2017-12-15 12:40:45',NULL),(623,8,'Masai','2017-12-15 12:40:45','2017-12-15 12:40:45',NULL),(624,8,'Mengkibol','2017-12-15 12:40:45','2017-12-15 12:40:45',NULL),(625,8,'Mersing ','2017-12-15 12:40:45','2017-12-15 12:40:45',NULL),(626,8,'Muar','2017-12-15 12:40:45','2017-12-15 12:40:45',NULL),(627,8,'Mutiara Rini','2017-12-15 12:40:45','2017-12-15 12:40:45',NULL),(628,8,'Paloh','2017-12-15 12:40:45','2017-12-15 12:40:45',NULL),(629,8,'Panchor ','2017-12-15 12:40:45','2017-12-15 12:40:45',NULL),(630,8,'Parit Bakar','2017-12-15 12:40:45','2017-12-15 12:40:45',NULL),(631,8,'Parit Bunga','2017-12-15 12:40:45','2017-12-15 12:40:45',NULL),(632,8,'Parit Jawa','2017-12-15 12:40:45','2017-12-15 12:40:45',NULL),(633,8,'Parit Raja','2017-12-15 12:40:45','2017-12-15 12:40:45',NULL),(634,8,'Parit Sulong','2017-12-15 12:40:45','2017-12-15 12:40:45',NULL),(635,8,'Parit Yaani','2017-12-15 12:40:45','2017-12-15 12:40:45',NULL),(636,8,'Pasir Gudang','2017-12-15 12:40:45','2017-12-15 12:40:45',NULL),(637,8,'Pasir Pelangi','2017-12-15 12:40:45','2017-12-15 12:40:45',NULL),(638,8,'Pekan Air Panas','2017-12-15 12:40:45','2017-12-15 12:40:45',NULL),(639,8,'Pekan Nanas','2017-12-15 12:40:45','2017-12-15 12:40:45',NULL),(640,8,'Pendas','2017-12-15 12:40:45','2017-12-15 12:40:45',NULL),(641,8,'Pengerang','2017-12-15 12:40:45','2017-12-15 12:40:45',NULL),(642,8,'Permas Jaya','2017-12-15 12:40:45','2017-12-15 12:40:45',NULL),(643,8,'Plentong ','2017-12-15 12:40:45','2017-12-15 12:40:45',NULL),(644,8,'Pontian','2017-12-15 12:40:45','2017-12-15 12:40:45',NULL),(645,8,'Pontian Besar','2017-12-15 12:40:45','2017-12-15 12:40:45',NULL),(646,8,'Pontian Kechil','2017-12-15 12:40:45','2017-12-15 12:40:45',NULL),(647,8,'Pura Kencana','2017-12-15 12:40:45','2017-12-15 12:40:45',NULL),(648,8,'Renggam','2017-12-15 12:40:45','2017-12-15 12:40:45',NULL),(649,8,'Rengit','2017-12-15 12:40:45','2017-12-15 12:40:45',NULL),(650,8,'Sagil','2017-12-15 12:40:45','2017-12-15 12:40:45',NULL),(651,8,'Saleng','2017-12-15 12:40:45','2017-12-15 12:40:45',NULL),(652,8,'Sedenak','2017-12-15 12:40:45','2017-12-15 12:40:45',NULL),(653,8,'Sedili','2017-12-15 12:40:45','2017-12-15 12:40:45',NULL),(654,8,'Seelong','2017-12-15 12:40:45','2017-12-15 12:40:45',NULL),(655,8,'Segamat','2017-12-15 12:40:45','2017-12-15 12:40:45',NULL),(656,8,'Semerah','2017-12-15 12:40:45','2017-12-15 12:40:45',NULL),(657,8,'Senai ','2017-12-15 12:40:45','2017-12-15 12:40:45',NULL),(658,8,'Senggarang','2017-12-15 12:40:45','2017-12-15 12:40:45',NULL),(659,8,'Serom 5','2017-12-15 12:40:45','2017-12-15 12:40:45',NULL),(660,8,'Setia Indah','2017-12-15 12:40:45','2017-12-15 12:40:45',NULL),(661,8,'Setia Tropika','2017-12-15 12:40:45','2017-12-15 12:40:45',NULL),(662,8,'Simpang Renggam','2017-12-15 12:40:45','2017-12-15 12:40:45',NULL),(663,8,'Skudai','2017-12-15 12:40:45','2017-12-15 12:40:45',NULL),(664,8,'Sri Gading','2017-12-15 12:40:45','2017-12-15 12:40:45',NULL),(665,8,'Sri Medan','2017-12-15 12:40:45','2017-12-15 12:40:45',NULL),(666,8,'Stulang','2017-12-15 12:40:45','2017-12-15 12:40:45',NULL),(667,8,'Sungai Balang','2017-12-15 12:40:45','2017-12-15 12:40:45',NULL),(668,8,'Sungai Karas','2017-12-15 12:40:45','2017-12-15 12:40:45',NULL),(669,8,'Sungai Mati','2017-12-15 12:40:45','2017-12-15 12:40:45',NULL),(670,8,'Sungai Rengit','2017-12-15 12:40:45','2017-12-15 12:40:45',NULL),(671,8,'Taman Daya','2017-12-15 12:40:45','2017-12-15 12:40:45',NULL),(672,8,'Taman Johor Jaya','2017-12-15 12:40:45','2017-12-15 12:40:45',NULL),(673,8,'Taman Melodies','2017-12-15 12:40:45','2017-12-15 12:40:45',NULL),(674,8,'Taman Molek','2017-12-15 12:40:45','2017-12-15 12:40:45',NULL),(675,8,'Taman Perling','2017-12-15 12:40:45','2017-12-15 12:40:45',NULL),(676,8,'Taman Sentosa','2017-12-15 12:40:45','2017-12-15 12:40:45',NULL),(677,8,'Taman Sri Lambak','2017-12-15 12:40:45','2017-12-15 12:40:45',NULL),(678,8,'Taman Ungku Tun Aminah','2017-12-15 12:40:45','2017-12-15 12:40:45',NULL),(679,8,'Taman Universiti','2017-12-15 12:40:45','2017-12-15 12:40:45',NULL),(680,8,'Tampoi ','2017-12-15 12:40:45','2017-12-15 12:40:45',NULL),(681,8,'Tangkak','2017-12-15 12:40:45','2017-12-15 12:40:45',NULL),(682,8,'Tanjung Agas','2017-12-15 12:40:45','2017-12-15 12:40:45',NULL),(683,8,'Tanjung Balau','2017-12-15 12:40:45','2017-12-15 12:40:45',NULL),(684,8,'Tanjung Kupang','2017-12-15 12:40:45','2017-12-15 12:40:45',NULL),(685,8,'Tanjung Langsat','2017-12-15 12:40:45','2017-12-15 12:40:45',NULL),(686,8,'Tanjung Leman','2017-12-15 12:40:45','2017-12-15 12:40:45',NULL),(687,8,'Tanjung Pelepas','2017-12-15 12:40:45','2017-12-15 12:40:45',NULL),(688,8,'Tanjung Pengelih ','2017-12-15 12:40:45','2017-12-15 12:40:45',NULL),(689,8,'Tanjung Piai','2017-12-15 12:40:45','2017-12-15 12:40:45',NULL),(690,8,'Tanjung Resang','2017-12-15 12:40:45','2017-12-15 12:40:45',NULL),(691,8,'Tebrau','2017-12-15 12:40:45','2017-12-15 12:40:45',NULL),(692,8,'Teluk Mahkota ','2017-12-15 12:40:45','2017-12-15 12:40:45',NULL),(693,8,'Teluk Ramunia','2017-12-15 12:40:45','2017-12-15 12:40:45',NULL),(694,8,'Teluk Sengat','2017-12-15 12:40:45','2017-12-15 12:40:45',NULL),(695,8,'Tenggaroh','2017-12-15 12:40:45','2017-12-15 12:40:45',NULL),(696,8,'Tongkang Pechah','2017-12-15 12:40:45','2017-12-15 12:40:45',NULL),(697,8,'Ulu Choh','2017-12-15 12:40:45','2017-12-15 12:40:45',NULL),(698,8,'Ulu Tiram','2017-12-15 12:40:45','2017-12-15 12:40:45',NULL),(699,8,'Yong Peng','2017-12-15 12:40:45','2017-12-15 12:40:45',NULL),(700,10,'Presint 1','2017-12-15 12:40:45','2017-12-15 12:40:45',NULL),(701,10,'Presint 2','2017-12-15 12:40:45','2017-12-15 12:40:45',NULL),(702,10,'Presint 3','2017-12-15 12:40:45','2017-12-15 12:40:45',NULL),(703,10,'Presint 4','2017-12-15 12:40:45','2017-12-15 12:40:45',NULL),(704,10,'Presint 5','2017-12-15 12:40:45','2017-12-15 12:40:45',NULL),(705,10,'Presint 6','2017-12-15 12:40:45','2017-12-15 12:40:45',NULL),(706,10,'Presint 7','2017-12-15 12:40:45','2017-12-15 12:40:45',NULL),(707,10,'Presint 8','2017-12-15 12:40:45','2017-12-15 12:40:45',NULL),(708,10,'Presint 9','2017-12-15 12:40:45','2017-12-15 12:40:45',NULL),(709,10,'Presint 10','2017-12-15 12:40:45','2017-12-15 12:40:45',NULL),(710,10,'Presint 11','2017-12-15 12:40:45','2017-12-15 12:40:45',NULL),(711,10,'Presint 12','2017-12-15 12:40:45','2017-12-15 12:40:45',NULL),(712,10,'Presint 13','2017-12-15 12:40:45','2017-12-15 12:40:45',NULL),(713,10,'Presint 14','2017-12-15 12:40:45','2017-12-15 12:40:45',NULL),(714,10,'Presint 15','2017-12-15 12:40:45','2017-12-15 12:40:45',NULL),(715,10,'Presint 16','2017-12-15 12:40:45','2017-12-15 12:40:45',NULL),(716,10,'Presint 17','2017-12-15 12:40:45','2017-12-15 12:40:45',NULL),(717,10,'Presint 18','2017-12-15 12:40:45','2017-12-15 12:40:45',NULL),(718,10,'Presint 19','2017-12-15 12:40:45','2017-12-15 12:40:45',NULL),(719,10,'Presint 20','2017-12-15 12:40:45','2017-12-15 12:40:45',NULL),(720,10,'Presint Diplomatik','2017-12-15 12:40:45','2017-12-15 12:40:45',NULL),(721,11,'Beaufort','2017-12-15 12:40:45','2017-12-15 12:40:45',NULL),(722,11,'Beluran','2017-12-15 12:40:45','2017-12-15 12:40:45',NULL),(723,11,'Bingkor','2017-12-15 12:40:45','2017-12-15 12:40:45',NULL),(724,11,'Bongawan','2017-12-15 12:40:45','2017-12-15 12:40:45',NULL),(725,11,'Donggongon','2017-12-15 12:40:45','2017-12-15 12:40:45',NULL),(726,11,'Inanam','2017-12-15 12:40:45','2017-12-15 12:40:45',NULL),(727,11,'Kalabakan','2017-12-15 12:40:45','2017-12-15 12:40:45',NULL),(728,11,'Keningau','2017-12-15 12:40:45','2017-12-15 12:40:45',NULL),(729,11,'Kimanis','2017-12-15 12:40:45','2017-12-15 12:40:45',NULL),(730,11,'Kinabatangan','2017-12-15 12:40:45','2017-12-15 12:40:45',NULL),(731,11,'Kinarut','2017-12-15 12:40:45','2017-12-15 12:40:45',NULL),(732,11,'Kota Belud','2017-12-15 12:40:45','2017-12-15 12:40:45',NULL),(733,11,'Kota Kinabalu','2017-12-15 12:40:45','2017-12-15 12:40:45',NULL),(734,11,'Kota Marudu','2017-12-15 12:40:45','2017-12-15 12:40:45',NULL),(735,11,'Kuala Penyu','2017-12-15 12:40:45','2017-12-15 12:40:45',NULL),(736,11,'Kudat','2017-12-15 12:40:45','2017-12-15 12:40:45',NULL),(737,11,'Kunak','2017-12-15 12:40:45','2017-12-15 12:40:45',NULL),(738,11,'Kundasang','2017-12-15 12:40:45','2017-12-15 12:40:45',NULL),(739,11,'Lahad Datu','2017-12-15 12:40:45','2017-12-15 12:40:45',NULL),(740,11,'Membakut','2017-12-15 12:40:45','2017-12-15 12:40:45',NULL),(741,11,'Menggatal','2017-12-15 12:40:45','2017-12-15 12:40:45',NULL),(742,11,'Menumbok','2017-12-15 12:40:45','2017-12-15 12:40:45',NULL),(743,11,'Nabawan','2017-12-15 12:40:45','2017-12-15 12:40:45',NULL),(744,11,'Papar','2017-12-15 12:40:45','2017-12-15 12:40:45',NULL),(745,11,'Penampang','2017-12-15 12:40:45','2017-12-15 12:40:45',NULL),(746,11,'Pensiangan','2017-12-15 12:40:45','2017-12-15 12:40:45',NULL),(747,11,'Pitas','2017-12-15 12:40:45','2017-12-15 12:40:45',NULL),(748,11,'Pulau Bai','2017-12-15 12:40:45','2017-12-15 12:40:45',NULL),(749,11,'Pulau Bait','2017-12-15 12:40:45','2017-12-15 12:40:45',NULL),(750,11,'Pulau Balambanga','2017-12-15 12:40:45','2017-12-15 12:40:45',NULL),(751,11,'Pulau Banggi','2017-12-15 12:40:45','2017-12-15 12:40:45',NULL),(752,11,'Pulau Batik Kulambu','2017-12-15 12:40:45','2017-12-15 12:40:45',NULL),(753,11,'Pulau Billean','2017-12-15 12:40:45','2017-12-15 12:40:45',NULL),(754,11,'Pulau Bohayan','2017-12-15 12:40:45','2017-12-15 12:40:45',NULL),(755,11,'Pulau Boheydulang','2017-12-15 12:40:45','2017-12-15 12:40:45',NULL),(756,11,'Pulau Bum Bum','2017-12-15 12:40:45','2017-12-15 12:40:45',NULL),(757,11,'Pulau Gaya','2017-12-15 12:40:45','2017-12-15 12:40:45',NULL),(758,11,'Pulau Jambongan','2017-12-15 12:40:45','2017-12-15 12:40:45',NULL),(759,11,'Pulau Kalumpang','2017-12-15 12:40:45','2017-12-15 12:40:45',NULL),(760,11,'Pulau Kapalai','2017-12-15 12:40:45','2017-12-15 12:40:45',NULL),(761,11,'Pulau Lankayan','2017-12-15 12:40:45','2017-12-15 12:40:45',NULL),(762,11,'Pulau Larapan','2017-12-15 12:40:45','2017-12-15 12:40:45',NULL),(763,11,'Pulau Libaran','2017-12-15 12:40:45','2017-12-15 12:40:45',NULL),(764,11,'Pulau Ligitan','2017-12-15 12:40:45','2017-12-15 12:40:45',NULL),(765,11,'Pulau Mabul','2017-12-15 12:40:45','2017-12-15 12:40:45',NULL),(766,11,'Pulau Maiga','2017-12-15 12:40:45','2017-12-15 12:40:45',NULL),(767,11,'Pulau Malawali','2017-12-15 12:40:45','2017-12-15 12:40:45',NULL),(768,11,'Pulau Maliangin Besar','2017-12-15 12:40:45','2017-12-15 12:40:45',NULL),(769,11,'Pulau Maliangin Kecil','2017-12-15 12:40:45','2017-12-15 12:40:45',NULL),(770,11,'Pulau Mantabuan','2017-12-15 12:40:45','2017-12-15 12:40:45',NULL),(771,11,'Pulau Mantanani','2017-12-15 12:40:45','2017-12-15 12:40:45',NULL),(772,11,'Pulau Mataking','2017-12-15 12:40:45','2017-12-15 12:40:45',NULL),(773,11,'Pulau Menampilek','2017-12-15 12:40:45','2017-12-15 12:40:45',NULL),(774,11,'Pulau Nusa Tengah','2017-12-15 12:40:45','2017-12-15 12:40:45',NULL),(775,11,'Pulau Omadal','2017-12-15 12:40:45','2017-12-15 12:40:45',NULL),(776,11,'Pulau Pababag','2017-12-15 12:40:45','2017-12-15 12:40:45',NULL),(777,11,'Pulau Pom Pom','2017-12-15 12:40:45','2017-12-15 12:40:45',NULL),(778,11,'Pulau Sakar','2017-12-15 12:40:45','2017-12-15 12:40:45',NULL),(779,11,'Pulau Sebatik','2017-12-15 12:40:45','2017-12-15 12:40:45',NULL),(780,11,'Pulau Selingaan','2017-12-15 12:40:45','2017-12-15 12:40:45',NULL),(781,11,'Pulau Sepanggar','2017-12-15 12:40:45','2017-12-15 12:40:45',NULL),(782,11,'Pulau Si Amil','2017-12-15 12:40:45','2017-12-15 12:40:45',NULL),(783,11,'Pulau Sibuan','2017-12-15 12:40:45','2017-12-15 12:40:45',NULL),(784,11,'Pulau Sikarindingan','2017-12-15 12:40:45','2017-12-15 12:40:45',NULL),(785,11,'Pulau Silawa','2017-12-15 12:40:45','2017-12-15 12:40:45',NULL),(786,11,'Pulau Silumpat','2017-12-15 12:40:45','2017-12-15 12:40:45',NULL),(787,11,'Pulau Sipadan','2017-12-15 12:40:45','2017-12-15 12:40:45',NULL),(788,11,'Pulau Sipanggau','2017-12-15 12:40:45','2017-12-15 12:40:45',NULL),(789,11,'Pulau Tabawan','2017-12-15 12:40:45','2017-12-15 12:40:45',NULL),(790,11,'Pulau Tegaipil','2017-12-15 12:40:45','2017-12-15 12:40:45',NULL),(791,11,'Pulau Tiga','2017-12-15 12:40:45','2017-12-15 12:40:45',NULL),(792,11,'Pulau Tigabu','2017-12-15 12:40:45','2017-12-15 12:40:45',NULL),(793,11,'Pulau Timbun Mata','2017-12-15 12:40:45','2017-12-15 12:40:45',NULL),(794,11,'Putatan','2017-12-15 12:40:45','2017-12-15 12:40:45',NULL),(795,11,'Ranau','2017-12-15 12:40:45','2017-12-15 12:40:45',NULL),(796,11,'Sandakan','2017-12-15 12:40:45','2017-12-15 12:40:45',NULL),(797,11,'Sapulut','2017-12-15 12:40:45','2017-12-15 12:40:45',NULL),(798,11,'Semporna','2017-12-15 12:40:45','2017-12-15 12:40:45',NULL),(799,11,'Sepanggar','2017-12-15 12:40:45','2017-12-15 12:40:45',NULL),(800,11,'Sindumin','2017-12-15 12:40:45','2017-12-15 12:40:45',NULL),(801,11,'Sipitang','2017-12-15 12:40:45','2017-12-15 12:40:45',NULL),(802,11,'Sook','2017-12-15 12:40:45','2017-12-15 12:40:45',NULL),(803,11,'Tambunan','2017-12-15 12:40:45','2017-12-15 12:40:45',NULL),(804,11,'Tamparuli','2017-12-15 12:40:45','2017-12-15 12:40:45',NULL),(805,11,'Tanjung Aru','2017-12-15 12:40:45','2017-12-15 12:40:45',NULL),(806,11,'Tawau','2017-12-15 12:40:45','2017-12-15 12:40:45',NULL),(807,11,'Telipok','2017-12-15 12:40:45','2017-12-15 12:40:45',NULL),(808,11,'Telupid','2017-12-15 12:40:45','2017-12-15 12:40:45',NULL),(809,11,'Tenom','2017-12-15 12:40:45','2017-12-15 12:40:45',NULL),(810,11,'Tongod','2017-12-15 12:40:45','2017-12-15 12:40:45',NULL),(811,11,'Tuaran','2017-12-15 12:40:45','2017-12-15 12:40:45',NULL),(812,11,'Weston','2017-12-15 12:40:45','2017-12-15 12:40:45',NULL),(813,12,'Batu Manikar','2017-12-15 12:40:45','2017-12-15 12:40:45',NULL),(814,12,'Bebuloh','2017-12-15 12:40:45','2017-12-15 12:40:45',NULL),(815,12,'Kampung Batu Arang','2017-12-15 12:40:45','2017-12-15 12:40:45',NULL),(816,12,'Kampung Bebuloh','2017-12-15 12:40:45','2017-12-15 12:40:45',NULL),(817,12,'Kampung Bukit Kalam','2017-12-15 12:40:45','2017-12-15 12:40:45',NULL),(818,12,'Kampung Bukit Kuda','2017-12-15 12:40:45','2017-12-15 12:40:45',NULL),(819,12,'Kampung Durian Tunjong','2017-12-15 12:40:45','2017-12-15 12:40:45',NULL),(820,12,'Kampung Ganggarak','2017-12-15 12:40:45','2017-12-15 12:40:45',NULL),(821,12,'Kampung Gersik Saguking','2017-12-15 12:40:45','2017-12-15 12:40:45',NULL),(822,12,'Kampung Kerupang','2017-12-15 12:40:45','2017-12-15 12:40:45',NULL),(823,12,'Kampung Lajau','2017-12-15 12:40:45','2017-12-15 12:40:45',NULL),(824,12,'Kampung Lubok Temiang','2017-12-15 12:40:45','2017-12-15 12:40:45',NULL),(825,12,'Kampung Membedai','2017-12-15 12:40:45','2017-12-15 12:40:45',NULL),(826,12,'Kampung Merinding','2017-12-15 12:40:45','2017-12-15 12:40:45',NULL),(827,12,'Kampung Nagalang','2017-12-15 12:40:45','2017-12-15 12:40:45',NULL),(828,12,'Kampung Sungai Bedaun','2017-12-15 12:40:45','2017-12-15 12:40:45',NULL),(829,12,'Kampung Sungai Keling','2017-12-15 12:40:45','2017-12-15 12:40:45',NULL),(830,12,'Kampung Sungai Lada','2017-12-15 12:40:45','2017-12-15 12:40:45',NULL),(831,12,'Kampung Sungai Pagar','2017-12-15 12:40:45','2017-12-15 12:40:45',NULL),(832,12,'Kampung Tanjung','2017-12-15 12:40:45','2017-12-15 12:40:45',NULL),(833,12,'Kampung Tanjung Aru','2017-12-15 12:40:45','2017-12-15 12:40:45',NULL),(834,12,'Kiamsam','2017-12-15 12:40:45','2017-12-15 12:40:45',NULL),(835,12,'Kubong Kampung Pantai','2017-12-15 12:40:45','2017-12-15 12:40:45',NULL),(836,12,'Layang-Layangan','2017-12-15 12:40:45','2017-12-15 12:40:45',NULL),(837,12,'Patau-Patau','2017-12-15 12:40:45','2017-12-15 12:40:45',NULL),(838,12,'Pulau Burung','2017-12-15 12:40:45','2017-12-15 12:40:45',NULL),(839,12,'Pulau Daat','2017-12-15 12:40:45','2017-12-15 12:40:45',NULL),(840,12,'Pulau Kuraman','2017-12-15 12:40:45','2017-12-15 12:40:45',NULL),(841,12,'Pulau Papan','2017-12-15 12:40:45','2017-12-15 12:40:45',NULL),(842,12,'Pulau Rusukan Besar','2017-12-15 12:40:45','2017-12-15 12:40:45',NULL),(843,12,'Pulau Rusukan Kecil','2017-12-15 12:40:45','2017-12-15 12:40:45',NULL),(844,12,'Rancha-Rancha','2017-12-15 12:40:45','2017-12-15 12:40:45',NULL),(845,12,'Victoria','2017-12-15 12:40:45','2017-12-15 12:40:45',NULL),(846,13,'Asajaya','2017-12-15 12:40:45','2017-12-15 12:40:45',NULL),(847,13,'Bakelalan','2017-12-15 12:40:45','2017-12-15 12:40:45',NULL),(848,13,'Balingian','2017-12-15 12:40:45','2017-12-15 12:40:45',NULL),(849,13,'Bario','2017-12-15 12:40:45','2017-12-15 12:40:45',NULL),(850,13,'Bau','2017-12-15 12:40:45','2017-12-15 12:40:45',NULL),(851,13,'Belaga','2017-12-15 12:40:45','2017-12-15 12:40:45',NULL),(852,13,'Beluru','2017-12-15 12:40:45','2017-12-15 12:40:45',NULL),(853,13,'Betong','2017-12-15 12:40:45','2017-12-15 12:40:45',NULL),(854,13,'Bintulu','2017-12-15 12:40:45','2017-12-15 12:40:45',NULL),(855,13,'Bukit Mabong','2017-12-15 12:40:45','2017-12-15 12:40:45',NULL),(856,13,'Dalat','2017-12-15 12:40:45','2017-12-15 12:40:45',NULL),(857,13,'Daro','2017-12-15 12:40:45','2017-12-15 12:40:45',NULL),(858,13,'Debak','2017-12-15 12:40:45','2017-12-15 12:40:45',NULL),(859,13,'Engkilili','2017-12-15 12:40:45','2017-12-15 12:40:45',NULL),(860,13,'Igan','2017-12-15 12:40:45','2017-12-15 12:40:45',NULL),(861,13,'Julau','2017-12-15 12:40:45','2017-12-15 12:40:45',NULL),(862,13,'Kabong','2017-12-15 12:40:45','2017-12-15 12:40:45',NULL),(863,13,'Kanowit','2017-12-15 12:40:45','2017-12-15 12:40:45',NULL),(864,13,'Kapit','2017-12-15 12:40:45','2017-12-15 12:40:45',NULL),(865,13,'Kota Samarahan','2017-12-15 12:40:45','2017-12-15 12:40:45',NULL),(866,13,'Kuching','2017-12-15 12:40:45','2017-12-15 12:40:45',NULL),(867,13,'Lawas','2017-12-15 12:40:45','2017-12-15 12:40:45',NULL),(868,13,'Limbang','2017-12-15 12:40:45','2017-12-15 12:40:45',NULL),(869,13,'Lingga','2017-12-15 12:40:45','2017-12-15 12:40:45',NULL),(870,13,'Long Bedian','2017-12-15 12:40:45','2017-12-15 12:40:45',NULL),(871,13,'Long Lama','2017-12-15 12:40:45','2017-12-15 12:40:45',NULL),(872,13,'Lubok Antu','2017-12-15 12:40:45','2017-12-15 12:40:45',NULL),(873,13,'Lundu','2017-12-15 12:40:46','2017-12-15 12:40:46',NULL),(874,13,'Maludam','2017-12-15 12:40:46','2017-12-15 12:40:46',NULL),(875,13,'Marudi','2017-12-15 12:40:46','2017-12-15 12:40:46',NULL),(876,13,'Matu','2017-12-15 12:40:46','2017-12-15 12:40:46',NULL),(877,13,'Meradong','2017-12-15 12:40:46','2017-12-15 12:40:46',NULL),(878,13,'Miri','2017-12-15 12:40:46','2017-12-15 12:40:46',NULL),(879,13,'Mukah','2017-12-15 12:40:46','2017-12-15 12:40:46',NULL),(880,13,'Mulu','2017-12-15 12:40:46','2017-12-15 12:40:46',NULL),(881,13,'Nanga Budu','2017-12-15 12:40:46','2017-12-15 12:40:46',NULL),(882,13,'Nanga Medamit','2017-12-15 12:40:46','2017-12-15 12:40:46',NULL),(883,13,'Nanga Merit','2017-12-15 12:40:46','2017-12-15 12:40:46',NULL),(884,13,'Niah-Suai','2017-12-15 12:40:46','2017-12-15 12:40:46',NULL),(885,13,'Oya','2017-12-15 12:40:46','2017-12-15 12:40:46',NULL),(886,13,'Padawan','2017-12-15 12:40:46','2017-12-15 12:40:46',NULL),(887,13,'Pakan','2017-12-15 12:40:46','2017-12-15 12:40:46',NULL),(888,13,'Pantu','2017-12-15 12:40:46','2017-12-15 12:40:46',NULL),(889,13,'Pusa','2017-12-15 12:40:46','2017-12-15 12:40:46',NULL),(890,13,'Roban','2017-12-15 12:40:46','2017-12-15 12:40:46',NULL),(891,13,'Saratok','2017-12-15 12:40:46','2017-12-15 12:40:46',NULL),(892,13,'Sarikei','2017-12-15 12:40:46','2017-12-15 12:40:46',NULL),(893,13,'Sebauh','2017-12-15 12:40:46','2017-12-15 12:40:46',NULL),(894,13,'Sebuyau','2017-12-15 12:40:46','2017-12-15 12:40:46',NULL),(895,13,'Selangau','2017-12-15 12:40:46','2017-12-15 12:40:46',NULL),(896,13,'Sematan','2017-12-15 12:40:46','2017-12-15 12:40:46',NULL),(897,13,'Serian','2017-12-15 12:40:46','2017-12-15 12:40:46',NULL),(898,13,'Sibu','2017-12-15 12:40:46','2017-12-15 12:40:46',NULL),(899,13,'Siburan','2017-12-15 12:40:46','2017-12-15 12:40:46',NULL),(900,13,'Simunjan','2017-12-15 12:40:46','2017-12-15 12:40:46',NULL),(901,13,'Song','2017-12-15 12:40:46','2017-12-15 12:40:46',NULL),(902,13,'Spaoh','2017-12-15 12:40:46','2017-12-15 12:40:46',NULL),(903,13,'Sri Aman','2017-12-15 12:40:46','2017-12-15 12:40:46',NULL),(904,13,'Subis','2017-12-15 12:40:46','2017-12-15 12:40:46',NULL),(905,13,'Sundar','2017-12-15 12:40:46','2017-12-15 12:40:46',NULL),(906,13,'Sungai Asap','2017-12-15 12:40:46','2017-12-15 12:40:46',NULL),(907,13,'Tanjung Kidurong','2017-12-15 12:40:46','2017-12-15 12:40:46',NULL),(908,13,'Tanjung Manis','2017-12-15 12:40:46','2017-12-15 12:40:46',NULL),(909,13,'Tatau','2017-12-15 12:40:46','2017-12-15 12:40:46',NULL),(910,13,'Tebedu','2017-12-15 12:40:46','2017-12-15 12:40:46',NULL),(911,13,'Telang Usan','2017-12-15 12:40:46','2017-12-15 12:40:46',NULL),(912,13,'Tinjar','2017-12-15 12:40:46','2017-12-15 12:40:46',NULL),(913,13,'Trusan','2017-12-15 12:40:46','2017-12-15 12:40:46',NULL),(914,14,'Air Kuning Selatan','2017-12-15 12:40:46','2017-12-15 12:40:46',NULL),(915,14,'Ampangan','2017-12-15 12:40:46','2017-12-15 12:40:46',NULL),(916,14,'Ayer Kuning','2017-12-15 12:40:46','2017-12-15 12:40:46',NULL),(917,14,'Bahau','2017-12-15 12:40:46','2017-12-15 12:40:46',NULL),(918,14,'Bandar Baru Nilai','2017-12-15 12:40:46','2017-12-15 12:40:46',NULL),(919,14,'Bandar Seri Jempol','2017-12-15 12:40:46','2017-12-15 12:40:46',NULL),(920,14,'Bandar Springhill','2017-12-15 12:40:46','2017-12-15 12:40:46',NULL),(921,14,'Bandar Sri Sendayan','2017-12-15 12:40:46','2017-12-15 12:40:46',NULL),(922,14,'Batang Benar','2017-12-15 12:40:46','2017-12-15 12:40:46',NULL),(923,14,'Batu Kikir','2017-12-15 12:40:46','2017-12-15 12:40:46',NULL),(924,14,'Bukit Pelanduk','2017-12-15 12:40:46','2017-12-15 12:40:46',NULL),(925,14,'Chembong','2017-12-15 12:40:46','2017-12-15 12:40:46',NULL),(926,14,'Chengkau','2017-12-15 12:40:46','2017-12-15 12:40:46',NULL),(927,14,'Chuah','2017-12-15 12:40:46','2017-12-15 12:40:46',NULL),(928,14,'Dangi','2017-12-15 12:40:46','2017-12-15 12:40:46',NULL),(929,14,'Gemas','2017-12-15 12:40:46','2017-12-15 12:40:46',NULL),(930,14,'Gemencheh','2017-12-15 12:40:46','2017-12-15 12:40:46',NULL),(931,14,'Jelebu','2017-12-15 12:40:46','2017-12-15 12:40:46',NULL),(932,14,'Jempol','2017-12-15 12:40:46','2017-12-15 12:40:46',NULL),(933,14,'Johol','2017-12-15 12:40:46','2017-12-15 12:40:46',NULL),(934,14,'Juasseh','2017-12-15 12:40:46','2017-12-15 12:40:46',NULL),(935,14,'Kota','2017-12-15 12:40:46','2017-12-15 12:40:46',NULL),(936,14,'Kuala Klawang','2017-12-15 12:40:46','2017-12-15 12:40:46',NULL),(937,14,'Kuala Pilah','2017-12-15 12:40:46','2017-12-15 12:40:46',NULL),(938,14,'Labu','2017-12-15 12:40:46','2017-12-15 12:40:46',NULL),(939,14,'Lenggeng','2017-12-15 12:40:46','2017-12-15 12:40:46',NULL),(940,14,'Linggi','2017-12-15 12:40:46','2017-12-15 12:40:46',NULL),(941,14,'Lukut','2017-12-15 12:40:46','2017-12-15 12:40:46',NULL),(942,14,'Mambau','2017-12-15 12:40:46','2017-12-15 12:40:46',NULL),(943,14,'Mantin','2017-12-15 12:40:46','2017-12-15 12:40:46',NULL),(944,14,'Melang','2017-12-15 12:40:46','2017-12-15 12:40:46',NULL),(945,14,'Nilai','2017-12-15 12:40:46','2017-12-15 12:40:46',NULL),(946,14,'Pajam','2017-12-15 12:40:46','2017-12-15 12:40:46',NULL),(947,14,'Pantai','2017-12-15 12:40:46','2017-12-15 12:40:46',NULL),(948,14,'Paroi','2017-12-15 12:40:46','2017-12-15 12:40:46',NULL),(949,14,'Pasir Panjang','2017-12-15 12:40:46','2017-12-15 12:40:46',NULL),(950,14,'Pedas','2017-12-15 12:40:46','2017-12-15 12:40:46',NULL),(951,14,'Pelangai','2017-12-15 12:40:46','2017-12-15 12:40:46',NULL),(952,14,'Pengkalan Kempas','2017-12-15 12:40:46','2017-12-15 12:40:46',NULL),(953,14,'Pertang','2017-12-15 12:40:46','2017-12-15 12:40:46',NULL),(954,14,'Port Dickson','2017-12-15 12:40:46','2017-12-15 12:40:46',NULL),(955,14,'Rantau','2017-12-15 12:40:46','2017-12-15 12:40:46',NULL),(956,14,'Rasah','2017-12-15 12:40:46','2017-12-15 12:40:46',NULL),(957,14,'Rasah Jaya','2017-12-15 12:40:46','2017-12-15 12:40:46',NULL),(958,14,'Rembau','2017-12-15 12:40:46','2017-12-15 12:40:46',NULL),(959,14,'Rompin','2017-12-15 12:40:46','2017-12-15 12:40:46',NULL),(960,14,'Senaling','2017-12-15 12:40:46','2017-12-15 12:40:46',NULL),(961,14,'Senawang','2017-12-15 12:40:46','2017-12-15 12:40:46',NULL),(962,14,'Sepang Road','2017-12-15 12:40:46','2017-12-15 12:40:46',NULL),(963,14,'Seremban','2017-12-15 12:40:46','2017-12-15 12:40:46',NULL),(964,14,'Seremban 2','2017-12-15 12:40:46','2017-12-15 12:40:46',NULL),(965,14,'Seri Menanti','2017-12-15 12:40:46','2017-12-15 12:40:46',NULL),(966,14,'Serting','2017-12-15 12:40:46','2017-12-15 12:40:46',NULL),(967,14,'Sikamat','2017-12-15 12:40:46','2017-12-15 12:40:46',NULL),(968,14,'Siliau','2017-12-15 12:40:46','2017-12-15 12:40:46',NULL),(969,14,'Simpang Pertang','2017-12-15 12:40:46','2017-12-15 12:40:46',NULL),(970,14,'Sungai Gadut','2017-12-15 12:40:46','2017-12-15 12:40:46',NULL),(971,14,'Sungai Muntoh','2017-12-15 12:40:46','2017-12-15 12:40:46',NULL),(972,14,'Tampin','2017-12-15 12:40:46','2017-12-15 12:40:46',NULL),(973,14,'Tampin Tengah','2017-12-15 12:40:46','2017-12-15 12:40:46',NULL),(974,14,'Tanah Merah','2017-12-15 12:40:46','2017-12-15 12:40:46',NULL),(975,14,'Tanjung Ipoh','2017-12-15 12:40:46','2017-12-15 12:40:46',NULL),(976,14,'Teluk Kemang','2017-12-15 12:40:46','2017-12-15 12:40:46',NULL),(977,14,'Tiroi','2017-12-15 12:40:46','2017-12-15 12:40:46',NULL),(978,15,'Alor Janggus','2017-12-15 12:40:46','2017-12-15 12:40:46',NULL),(979,15,'Alor Mengkudu','2017-12-15 12:40:46','2017-12-15 12:40:46',NULL),(980,15,'Alor Setar','2017-12-15 12:40:46','2017-12-15 12:40:46',NULL),(981,15,'Alor Tajar','2017-12-15 12:40:46','2017-12-15 12:40:46',NULL),(982,15,'Baling','2017-12-15 12:40:46','2017-12-15 12:40:46',NULL),(983,15,'Bandar Aman Jaya','2017-12-15 12:40:46','2017-12-15 12:40:46',NULL),(984,15,'Bandar Anak Bukit','2017-12-15 12:40:46','2017-12-15 12:40:46',NULL),(985,15,'Bandar Baharu','2017-12-15 12:40:46','2017-12-15 12:40:46',NULL),(986,15,'Bandar Baru Bukit Kayu Hitam','2017-12-15 12:40:46','2017-12-15 12:40:46',NULL),(987,15,'Bandar Baru Mergong','2017-12-15 12:40:46','2017-12-15 12:40:46',NULL),(988,15,'Bandar Baru Sintok','2017-12-15 12:40:46','2017-12-15 12:40:46',NULL),(989,15,'Bandar Darulaman','2017-12-15 12:40:46','2017-12-15 12:40:46',NULL),(990,15,'Bandar Laguna Merbok','2017-12-15 12:40:46','2017-12-15 12:40:46',NULL),(991,15,'Bandar Muadzam Shah','2017-12-15 12:40:46','2017-12-15 12:40:46',NULL),(992,15,'Bandar Stargate','2017-12-15 12:40:46','2017-12-15 12:40:46',NULL),(993,15,'Bandar Tunku Puteri','2017-12-15 12:40:46','2017-12-15 12:40:46',NULL),(994,15,'Bedong','2017-12-15 12:40:46','2017-12-15 12:40:46',NULL),(995,15,'Bukit Selambau','2017-12-15 12:40:46','2017-12-15 12:40:46',NULL),(996,15,'Changlun','2017-12-15 12:40:46','2017-12-15 12:40:46',NULL),(997,15,'Guar Chempedak','2017-12-15 12:40:46','2017-12-15 12:40:46',NULL),(998,15,'Gurun','2017-12-15 12:40:46','2017-12-15 12:40:46',NULL),(999,15,'Jeniang','2017-12-15 12:40:46','2017-12-15 12:40:46',NULL);

--
-- Table structure for table `master_gender`
--

CREATE TABLE `master_gender` (
  `gender_id` int(11) NOT NULL AUTO_INCREMENT,
  `gender_desc` varchar(20) NOT NULL,
  `created_at` timestamp NOT NULL DEFAULT CURRENT_TIMESTAMP,
  `updated_at` timestamp NOT NULL DEFAULT '0000-00-00 00:00:00',
  `deleted_at` timestamp NULL DEFAULT NULL,
  PRIMARY KEY (`gender_id`)
) ENGINE=InnoDB AUTO_INCREMENT=4 DEFAULT CHARSET=latin1;

--
-- Dumping data for table `master_gender`
--

INSERT INTO `master_gender` VALUES (1,'MALE','2018-04-20 07:46:31','2018-04-20 07:46:31',NULL),(2,'FEMALE','2018-04-20 07:46:39','2018-04-20 07:46:39',NULL),(3,'OTHER','2018-04-20 07:46:45','2018-04-20 07:46:45',NULL);

--
-- Table structure for table `master_salutation`
--

CREATE TABLE `master_salutation` (
  `salutation_id` int(11) NOT NULL AUTO_INCREMENT,
  `salutation_desc` varchar(100) NOT NULL,
  `created_at` timestamp NOT NULL DEFAULT CURRENT_TIMESTAMP,
  `updated_at` timestamp NOT NULL DEFAULT '0000-00-00 00:00:00',
  `deleted_at` timestamp NULL DEFAULT NULL,
  PRIMARY KEY (`salutation_id`)
) ENGINE=InnoDB AUTO_INCREMENT=11 DEFAULT CHARSET=latin1;

--
-- Dumping data for table `master_salutation`
--

INSERT INTO `master_salutation` VALUES (1,'ENCIK','2018-04-23 06:08:17','2018-04-23 06:08:17',NULL),(2,'PUAN','2018-04-23 06:08:22','2018-04-23 06:08:22',NULL),(3,'CIK','2018-04-23 06:08:25','2018-04-23 06:08:25',NULL),(4,'SIR','2018-04-23 06:08:30','2018-04-23 06:08:30',NULL),(5,'DATUK','2018-04-23 06:08:35','2018-04-23 06:08:35',NULL),(6,'DATIN','2018-04-23 06:08:47','2018-04-23 06:08:47',NULL),(7,'DATO\'','2018-04-23 06:08:55','2018-04-23 06:08:55',NULL),(8,'DATO\' SERI','2018-04-23 06:09:31','2018-04-23 06:09:31',NULL),(9,'DATIN SERI','2018-04-23 06:09:56','2018-04-23 06:09:56',NULL),(10,'TUN','2018-04-23 06:10:01','2018-04-23 06:10:01',NULL);

--
-- Table structure for table `master_state`
--

CREATE TABLE `master_state` (
  `state_id` int(10) unsigned NOT NULL AUTO_INCREMENT,
  `state_code` char(3) COLLATE utf8_unicode_ci NOT NULL,
  `state_desc` varchar(255) COLLATE utf8_unicode_ci NOT NULL,
  `area_id` int(11) NOT NULL,
  `created_at` timestamp NOT NULL DEFAULT CURRENT_TIMESTAMP,
  `updated_at` timestamp NOT NULL DEFAULT '0000-00-00 00:00:00',
  `deleted_at` timestamp NULL DEFAULT NULL,
  PRIMARY KEY (`state_id`)
) ENGINE=InnoDB AUTO_INCREMENT=17 DEFAULT CHARSET=utf8 COLLATE=utf8_unicode_ci;

--
-- Dumping data for table `master_state`
--

INSERT INTO `master_state` VALUES (1,'JHR','JOHOR',1,'2018-05-02 03:57:20','2018-05-02 03:57:20',NULL),(2,'KDH','KEDAH',1,'2018-05-02 03:57:20','2018-05-02 03:57:20',NULL),(3,'KTN','KELANTAN',1,'2018-05-02 03:57:20','2018-05-02 03:57:20',NULL),(4,'KUL','WILAYAH PERSEKUTUAN KUALA LUMPUR',1,'2018-05-02 03:57:20','2018-05-02 03:57:20',NULL),(5,'LBN','WILAYAH PERSEKUTUAN LABUAN',2,'2018-05-02 03:57:20','2018-05-02 03:57:20',NULL),(6,'MLK','MELAKA',1,'2018-05-02 03:57:20','2018-05-02 03:57:20',NULL),(7,'NSN','NEGERI SEMBILAN',1,'2018-05-02 03:57:20','2018-05-02 03:57:20',NULL),(8,'PHG','PAHANG',1,'2018-05-02 03:57:20','2018-05-02 03:57:20',NULL),(9,'PJY','WILAYAH PERSEKUTUAN PUTRA JAYA',1,'2018-05-02 03:57:20','2018-05-02 03:57:20',NULL),(10,'PLS','PERLIS',1,'2018-05-02 03:57:20','2018-05-02 03:57:20',NULL),(11,'PNG','PULAU PINANG',1,'2018-05-02 03:57:20','2018-05-02 03:57:20',NULL),(12,'PRK','PERAK',1,'2018-05-02 03:57:20','2018-05-02 03:57:20',NULL),(13,'SBH','SABAH',2,'2018-05-02 03:57:20','2018-05-02 03:57:20',NULL),(14,'SGR','SELANGOR',1,'2018-05-02 03:57:20','2018-05-02 03:57:20',NULL),(15,'SRW','SARAWAK',2,'2018-05-02 03:57:20','2018-05-02 03:57:20',NULL),(16,'TRG','TERENGGANU',1,'2018-05-02 03:57:20','2018-05-02 03:57:20',NULL);

--
-- Table structure for table `master_state_ori`
--

CREATE TABLE `master_state_ori` (
  `state_id` int(10) unsigned NOT NULL AUTO_INCREMENT,
  `state_desc` varchar(255) COLLATE utf8_unicode_ci NOT NULL,
  `created_at` timestamp NOT NULL DEFAULT CURRENT_TIMESTAMP,
  `updated_at` timestamp NOT NULL DEFAULT '0000-00-00 00:00:00',
  `deleted_at` timestamp NULL DEFAULT NULL,
  PRIMARY KEY (`state_id`)
) ENGINE=InnoDB AUTO_INCREMENT=16 DEFAULT CHARSET=utf8 COLLATE=utf8_unicode_ci;

--
-- Dumping data for table `master_state_ori`
--

INSERT INTO `master_state_ori` VALUES (1,'Perlis','2017-12-15 12:40:43','2017-12-15 12:40:43',NULL),(2,'Kelantan','2017-12-15 12:40:43','2017-12-15 12:40:43',NULL),(3,'Pulau Pinang','2017-12-15 12:40:43','2017-12-15 12:40:43',NULL),(4,'Terengganu','2017-12-15 12:40:43','2017-12-15 12:40:43',NULL),(5,'Perak','2017-12-15 12:40:43','2017-12-15 12:40:43',NULL),(6,'Pahang','2017-12-15 12:40:43','2017-12-15 12:40:43',NULL),(7,'Selangor','2017-12-15 12:40:43','2017-12-15 12:40:43',NULL),(8,'Johor','2017-12-15 12:40:43','2017-12-15 12:40:43',NULL),(9,'W.P Kuala Lumpur','2017-12-15 12:40:43','2017-12-15 12:40:43',NULL),(10,'W.P Putrajaya','2017-12-15 12:40:43','2017-12-15 12:40:43',NULL),(11,'Sabah','2017-12-15 12:40:43','2017-12-15 12:40:43',NULL),(12,'W.P Labuan','2017-12-15 12:40:43','2017-12-15 12:40:43',NULL),(13,'Sarawak','2017-12-15 12:40:43','2017-12-15 12:40:43',NULL),(14,'Negeri Sembilan','2017-12-15 12:40:43','2017-12-15 12:40:43',NULL),(15,'Kedah','2017-12-15 12:40:43','2017-12-15 12:40:43',NULL);

--
-- Table structure for table `menus`
--

CREATE TABLE `menus` (
  `id` int(10) unsigned NOT NULL AUTO_INCREMENT,
  `parent_id` int(10) unsigned DEFAULT NULL,
  `title` varchar(255) NOT NULL,
  `label` varchar(255) NOT NULL,
  `url` text NOT NULL,
  `order` int(11) NOT NULL,
  `created_at` timestamp NULL DEFAULT NULL,
  `updated_at` timestamp NOT NULL DEFAULT CURRENT_TIMESTAMP ON UPDATE CURRENT_TIMESTAMP,
  `deleted_at` timestamp NULL DEFAULT NULL,
  PRIMARY KEY (`id`)
) ENGINE=InnoDB AUTO_INCREMENT=6 DEFAULT CHARSET=latin1;

--
-- Dumping data for table `menus`
--

INSERT INTO `menus` VALUES (1,NULL,'test','test','google.com',0,NULL,'2018-07-13 04:44:08','2018-07-12 20:44:08'),(2,1,'test','ting','testing.com',0,NULL,'2018-07-13 04:44:05','2018-07-12 20:44:04'),(3,NULL,'test','ting','google.com',0,NULL,'2018-07-16 08:13:47',NULL),(4,NULL,'tang','tang','otoworkz.my',2,NULL,'2018-07-16 08:13:48',NULL),(5,NULL,'tung','tung','web.com',1,NULL,'2018-07-16 08:13:48',NULL);

--
-- Table structure for table `migrations`
--

CREATE TABLE `migrations` (
  `id` int(10) unsigned NOT NULL AUTO_INCREMENT,
  `migration` varchar(255) COLLATE utf8_unicode_ci NOT NULL,
  `batch` int(11) NOT NULL,
  PRIMARY KEY (`id`)
) ENGINE=InnoDB AUTO_INCREMENT=7 DEFAULT CHARSET=utf8 COLLATE=utf8_unicode_ci ROW_FORMAT=DYNAMIC;

--
-- Dumping data for table `migrations`
--

INSERT INTO `migrations` VALUES (1,'2014_10_12_000000_create_users_table',1),(2,'2014_10_12_100000_create_password_resets_table',1),(3,'2017_08_29_064643_create_admins_table',1),(4,'2017_09_07_041931_create_employees_table',1),(5,'2018_04_02_142137_create_permission_tables',2),(6,'2018_04_07_170349_create_audits_table',3);

--
-- Table structure for table `password_resets`
--

CREATE TABLE `password_resets` (
  `email` varchar(255) COLLATE utf8_unicode_ci NOT NULL,
  `token` varchar(255) COLLATE utf8_unicode_ci NOT NULL,
  `created_at` timestamp NULL DEFAULT NULL,
  KEY `password_resets_email_index` (`email`)
) ENGINE=InnoDB DEFAULT CHARSET=utf8 COLLATE=utf8_unicode_ci ROW_FORMAT=DYNAMIC;

--
-- Dumping data for table `password_resets`
--


--
-- Table structure for table `penerbangan`
--

CREATE TABLE `penerbangan` (
  `penerbangan_id` bigint(20) NOT NULL AUTO_INCREMENT,
  `permohonan_id` bigint(20) NOT NULL,
  `jenis_penerbangan_id` int(11) NOT NULL,
  `penerbangan_date` date NOT NULL,
  `penerbangan_berlepas` time NOT NULL,
  `penerbangan_tiba` time DEFAULT NULL,
  `flight_company_id` int(11) NOT NULL,
  `penerbangan_no` varchar(30) DEFAULT NULL COMMENT 'no pesawat',
  `from_location_id` int(11) NOT NULL,
  `to_location_id` int(11) NOT NULL,
  `created_at` timestamp NOT NULL DEFAULT CURRENT_TIMESTAMP ON UPDATE CURRENT_TIMESTAMP,
  `updated_at` timestamp NOT NULL DEFAULT CURRENT_TIMESTAMP,
  `deleted_at` timestamp NULL DEFAULT NULL,
  PRIMARY KEY (`penerbangan_id`)
) ENGINE=InnoDB AUTO_INCREMENT=15 DEFAULT CHARSET=latin1;

--
-- Dumping data for table `penerbangan`
--

INSERT INTO `penerbangan` VALUES (1,1,1,'2019-03-31','01:45:00','15:15:00',1,'4324234',1,10,'2019-03-23 08:18:41','2019-03-23 06:02:47','2019-03-23 00:18:41'),(2,1,2,'2019-04-06','01:45:00','02:45:00',3,'66677',10,1,'2019-03-23 08:18:41','2019-03-23 06:02:47','2019-03-23 00:18:41'),(3,1,1,'2019-05-06','02:45:00','05:15:00',4,'335gg',8,12,'2019-03-23 08:18:41','2019-03-23 06:02:47','2019-03-23 00:18:41'),(4,2,1,'2019-04-03','16:15:00','03:15:00',3,'43322',1,12,'2019-03-23 06:23:53','2019-03-23 06:23:53',NULL),(5,3,2,'2019-04-03','02:15:00','04:15:00',2,'646546',7,14,'2019-03-23 07:07:08','2019-03-23 06:27:53','2019-03-22 23:07:08'),(6,4,1,'2019-04-01','03:45:00','05:45:00',3,'892121',1,8,'2019-03-23 08:15:58','2019-03-23 07:58:03','2019-03-23 00:15:58'),(7,4,1,'2019-04-01','03:45:00','05:45:00',3,'892121',1,8,'2019-03-23 08:17:21','2019-03-23 08:15:58','2019-03-23 00:17:21'),(8,4,2,'2019-03-27','04:00:00','06:00:00',2,'DSADAD',1,7,'2019-03-23 08:17:21','2019-03-23 08:15:58','2019-03-23 00:17:21'),(9,4,1,'2019-04-01','03:45:00','05:45:00',3,'892121',1,8,'2019-03-23 08:17:21','2019-03-23 08:17:21',NULL),(10,4,2,'2019-03-27','04:00:00','06:00:00',2,'DSADAD',1,7,'2019-03-23 08:17:21','2019-03-23 08:17:21',NULL),(11,1,1,'2019-03-31','01:45:00','15:15:00',1,'4324234',1,10,'2019-03-23 08:18:41','2019-03-23 08:18:41',NULL),(12,1,2,'2019-04-06','01:45:00','02:45:00',3,'66677',10,1,'2019-03-23 08:18:41','2019-03-23 08:18:41',NULL),(13,1,1,'2019-05-06','02:45:00','05:15:00',4,'335GG',8,12,'2019-03-23 08:18:41','2019-03-23 08:18:41',NULL),(14,5,1,'2019-03-31','08:30:00','09:45:00',2,'AIR6677',1,8,'2019-03-23 08:49:06','2019-03-23 08:49:06',NULL);

--
-- Table structure for table `permissions`
--

CREATE TABLE `permissions` (
  `id` int(10) unsigned NOT NULL AUTO_INCREMENT,
  `name` varchar(255) COLLATE utf8_unicode_ci NOT NULL,
  `description` text COLLATE utf8_unicode_ci,
  `namespace` varchar(255) COLLATE utf8_unicode_ci DEFAULT NULL,
  `controller` varchar(100) COLLATE utf8_unicode_ci DEFAULT NULL,
  `function` varchar(100) COLLATE utf8_unicode_ci DEFAULT NULL,
  `parent_menu` int(11) NOT NULL DEFAULT '0',
  `sort` int(11) NOT NULL,
  `created_at` timestamp NULL DEFAULT NULL,
  `updated_at` timestamp NULL DEFAULT NULL,
  PRIMARY KEY (`id`),
  UNIQUE KEY `permissions_name_unique` (`name`)
) ENGINE=InnoDB AUTO_INCREMENT=133 DEFAULT CHARSET=utf8 COLLATE=utf8_unicode_ci ROW_FORMAT=DYNAMIC COMMENT='ACL related';

--
-- Dumping data for table `permissions`
--

INSERT INTO `permissions` VALUES (13,'home','Dashboard Pengguna','App\\Http\\Controllers','HomeController','index',1,0,NULL,'2018-12-17 07:02:13'),(14,'administration','Pengurusan Pentadbiran','administration','AdminController','na',1,2,NULL,NULL),(15,'admin.dashboard','Dashboard Pentadbir','App\\Modules\\Admin\\Controllers','AdminController','index',1,1,NULL,NULL),(16,'user.index','Pengurusan Pengguna','App\\Http\\Controllers\\Controller','UserController','index',0,3,NULL,'2018-04-25 05:46:50'),(17,'admin.roles','Pengurusan Peranan','App\\Modules\\Admin\\Controllers','RoleController','index',0,7,NULL,'2019-03-21 08:51:51'),(18,'admin.permission','Pengurusan Permission','App\\Http\\Controllers\\Controller','PermissionController','index',0,8,NULL,'2019-03-21 08:51:51'),(19,'admin.menus','Pengurusan Menu','App\\Modules\\Admin\\Controllers','MenuController','index',0,9,NULL,'2019-03-21 08:51:51'),(20,'admin.logs','Log Sistem','Rap2hpoutre\\LaravelLogViewer','LogViewerController','index',0,10,NULL,'2019-03-21 08:51:51'),(21,'admin.config','Konfigurasi Sistem','App\\Modules\\Admin\\Controllers','AdminController','configuration',0,11,NULL,'2019-03-21 08:51:51'),(22,'admin.auditrail','Log Aktiviti Pengguna','App\\Modules\\Admin\\Controllers','AdminController','auditTrail',0,12,NULL,'2019-03-21 08:51:51'),(29,'user.disable','Nyahaktif Pengguna','App\\Modules\\Admin\\Controllers','UserController','disableUser',0,4,'2018-04-29 22:58:17','2018-04-29 22:58:17'),(30,'user.enable','Pengaktifan Pengguna','App\\Modules\\Admin\\Controllers','UserController','enableUser',0,5,'2018-04-29 22:59:02','2018-04-29 22:59:02'),(101,'data','Pengurusan Data Rujukan','App\\Modules\\Admin\\Controllers','DataManagementController','na',1,14,'2018-11-10 05:06:34','2019-03-21 08:51:51'),(104,'data.jawatan.index','Senarai Jawatan','App\\Modules\\Admin\\Controllers','DataManagementController','jawatanindex',0,20,'2018-11-17 06:59:47','2019-03-21 08:51:51'),(108,'proses.permohonan','Pengurusan Permohonan','App\\Modules\\Permohonan\\Controllers','na','na',1,22,'2018-11-25 15:08:46','2019-03-21 17:02:13'),(110,'report.index','Laporan','App\\Modules\\Report\\Controller','ReportController','index',1,26,NULL,'2019-03-21 09:15:41'),(121,'user.changerole','Tukar Peranan Pengguna','na','na','na',0,13,'2018-12-10 17:41:13','2019-03-21 08:51:51'),(123,'data.announcement.index','Pengumuman','App\\Modules\\Admin\\Controllers','DataManagementController','announcementindex',0,21,'2019-02-26 12:34:56','2019-03-21 08:51:51'),(124,'data.cawangan.index','Senarai Cawangan','App\\Modules\\Admin\\Controllers','DataManagementController','cawanganindex',0,15,'2019-03-20 17:14:43','2019-03-21 08:51:51'),(125,'data.location.index','Senarai Destinasi Penerbangan','App\\Modules\\Admin\\Controllers','DataManagementController','locationindex',0,16,'2019-03-20 17:17:41','2019-03-21 08:51:51'),(126,'data.allocation.index','Senarai Peruntukan','App\\Modules\\Admin\\Controllers','DataManagementController','allocationindex',0,17,'2019-03-20 17:18:52','2019-03-21 08:51:51'),(127,'data.flightcompany.index','Senarai Syarikat Penerbangan','App\\Modules\\Admin\\Controllers','DataManagementController','flightcompanyindex',0,18,'2019-03-20 17:20:19','2019-03-21 08:51:51'),(128,'data.unit.index','Senarai Unit Bahagian','App\\Modules\\Admin\\Controllers','DataManagementController','unitbahagianindex',0,19,'2019-03-20 17:21:11','2019-03-21 08:51:51'),(129,'user.limitupdate','Had Kemaskini Profil','na','na','na',0,6,'2019-03-21 16:51:51','2019-03-21 16:51:51'),(130,'proses.permohonan.baru','Permohonan Tiket Baru','App\\Modules\\Permohonan\\Controllers','na','na',0,23,'2019-03-21 17:04:46','2019-03-21 17:05:04'),(131,'proses.permohonan.lulus','Melulus Permohonan','App\\Modules\\Permohonan\\Controllers','na','na',0,24,'2019-03-21 17:06:15','2019-03-21 17:08:23'),(132,'proses.permohonan.belitiket','Menguruskan Tiket','App\\Modules\\Permohonan\\Controllers','na','na',0,25,'2019-03-21 17:15:41','2019-03-21 17:16:20');

--
-- Table structure for table `permohonan`
--

CREATE TABLE `permohonan` (
  `permohonan_id` bigint(11) NOT NULL AUTO_INCREMENT,
  `pemohon_id` int(11) NOT NULL,
  `allocation_id` int(11) DEFAULT NULL,
  `pembangunan_id` int(11) DEFAULT NULL,
  `permohonan_mula_tugas` date NOT NULL,
  `permohonan_tamat_tugas` date NOT NULL,
  `permohonan_nobilbom` varchar(30) DEFAULT NULL,
  `approver_id` int(11) NOT NULL,
  `permohonan_tempat_tugasan` varchar(255) NOT NULL,
  `permohonan_tujuan` text NOT NULL,
  `permohonan_catatan` text,
  `permohonan_catatan_approver` text,
  `is_wakil` int(1) NOT NULL DEFAULT '0',
  `status` char(1) NOT NULL DEFAULT 'N' COMMENT 'N-new,A-approve,C-complete,R-reject',
  `created_by` int(11) NOT NULL,
  `approved_by` int(11) DEFAULT NULL,
  `created_at` timestamp NOT NULL DEFAULT CURRENT_TIMESTAMP ON UPDATE CURRENT_TIMESTAMP,
  `updated_at` timestamp NOT NULL DEFAULT CURRENT_TIMESTAMP,
  `deleted_at` timestamp NULL DEFAULT NULL,
  PRIMARY KEY (`permohonan_id`)
) ENGINE=InnoDB AUTO_INCREMENT=6 DEFAULT CHARSET=latin1;

--
-- Dumping data for table `permohonan`
--

INSERT INTO `permohonan` VALUES (1,515,2,3,'2019-04-01','2019-04-05','321fdfdg',320,'rumah kawan','test tujuan','test catatan',NULL,0,'N',515,NULL,'2019-03-23 08:18:41','2019-03-23 08:18:41',NULL),(2,515,1,1,'2019-04-04','2019-04-06','12345',183,'jalan kebun','xde tujuan','lepak',NULL,0,'N',515,NULL,'2019-03-23 06:23:53','2019-03-23 06:23:53',NULL),(3,515,2,2,'2019-03-31','2019-04-06','543rteer',141,'jalan kembun','dsdsd','fdsfdsfs',NULL,0,'N',515,NULL,'2019-03-23 07:10:34','2019-03-23 06:27:53','2019-03-22 23:10:34'),(4,320,1,3,'2019-03-01','2019-04-06','bom8989kemaskini',129,'subang jaya','test test kemaskini','catatan kemaskini',NULL,0,'N',320,NULL,'2019-03-23 08:17:20','2019-03-23 08:17:20',NULL),(5,205,2,1,'2019-04-01','2019-04-30','BOM15611',320,'jalan empang','UAT KB','Naik flight sorg2',NULL,0,'N',205,NULL,'2019-03-23 08:49:06','2019-03-23 08:49:06',NULL);

--
-- Table structure for table `ref_akademik`
--

CREATE TABLE `ref_akademik` (
  `akademik_id` int(11) NOT NULL AUTO_INCREMENT,
  `akademik_desc` varchar(200) NOT NULL,
  `is_active` char(1) NOT NULL DEFAULT '1',
  `created_at` timestamp NULL DEFAULT NULL,
  `updated_at` timestamp NULL DEFAULT CURRENT_TIMESTAMP,
  `deleted_at` timestamp NULL DEFAULT NULL,
  PRIMARY KEY (`akademik_id`)
) ENGINE=InnoDB DEFAULT CHARSET=latin1;

--
-- Dumping data for table `ref_akademik`
--


--
-- Table structure for table `ref_alasan`
--

CREATE TABLE `ref_alasan` (
  `alasan_id` int(11) NOT NULL AUTO_INCREMENT,
  `alasan_desc` varchar(300) NOT NULL,
  `is_active` char(1) NOT NULL DEFAULT '1',
  `created_at` timestamp NULL DEFAULT NULL,
  `updated_at` timestamp NOT NULL DEFAULT CURRENT_TIMESTAMP,
  `deleted_at` timestamp NULL DEFAULT NULL,
  PRIMARY KEY (`alasan_id`)
) ENGINE=InnoDB AUTO_INCREMENT=18 DEFAULT CHARSET=latin1;

--
-- Dumping data for table `ref_alasan`
--

INSERT INTO `ref_alasan` VALUES (1,'Cuti Rehat','0','2018-12-01 00:04:36','2018-12-01 00:04:36','2019-01-13 18:52:31'),(2,'Cuti Sakit','0','2018-12-01 00:04:36','2018-12-01 00:04:36','2019-01-13 18:52:46'),(3,'Menghadiri Mesyuarat','0','2018-12-01 00:04:36','2018-12-01 00:04:36','2019-01-13 18:59:28'),(4,'Kerja Lebih Masa','0','2018-12-01 00:04:36','2018-12-01 00:04:36','2019-01-13 18:54:14'),(5,'Cuti Bersalin','0','2018-12-01 00:04:36','2018-12-01 00:04:36','2019-01-13 18:52:59'),(6,'Menghadiri Kursus','0','2018-12-01 00:04:36','2018-12-01 00:04:36','2019-01-13 18:59:10'),(7,'Tersalah Punch','0','2018-12-01 00:04:36','2018-12-01 00:04:36','2019-01-13 18:58:31'),(8,'Cuti Tanpa Rekod','1','2018-12-01 00:04:37','2018-12-01 00:04:37','2019-01-13 18:55:00'),(9,'Cuti Tanpa Gaji','0','2018-12-01 00:04:37','2018-12-01 00:04:37','2019-01-13 18:53:39'),(10,'Mesy. Sasaran Kerja Tahunan','1','2018-12-01 00:04:37','2018-12-01 00:04:37','2019-01-13 18:53:12'),(11,'Alasan Lewat Diterima','1','2018-12-01 00:04:37','2018-12-01 00:04:37',NULL),(12,'Pelepasan Waktu Bertugas','1','2018-12-01 00:04:37','2018-12-01 00:04:37','2019-01-13 18:59:21'),(13,'Cuti Kecemasan','1','2018-12-01 00:04:37','2018-12-01 00:04:37','2019-01-13 18:53:51'),(14,'Cuti Tahunan','1','2018-12-01 00:04:37','2018-12-01 00:04:37','2019-01-13 18:54:26'),(15,'Cuti Isteri Bersalin','1','2018-12-01 00:04:37','2018-12-01 00:04:37','2019-01-13 18:54:00'),(16,'Alasan Pulang Awal Diterima','1','2018-12-01 00:04:37','2018-12-01 00:04:37',NULL),(17,'Alasan Tidak Lengkap','1','2019-01-14 02:58:50','2019-01-14 02:58:50',NULL);

--
-- Table structure for table `ref_allocation`
--

CREATE TABLE `ref_allocation` (
  `allocation_id` int(11) NOT NULL AUTO_INCREMENT,
  `allocation_desc` varchar(255) DEFAULT NULL,
  `created_at` timestamp NOT NULL DEFAULT CURRENT_TIMESTAMP,
  `updated_at` timestamp NOT NULL DEFAULT CURRENT_TIMESTAMP,
  `deleted_at` timestamp NULL DEFAULT NULL,
  PRIMARY KEY (`allocation_id`)
) ENGINE=InnoDB AUTO_INCREMENT=3 DEFAULT CHARSET=latin1;

--
-- Dumping data for table `ref_allocation`
--

INSERT INTO `ref_allocation` VALUES (1,'Operasi','2019-03-21 19:41:34','2019-03-21 19:41:34',NULL),(2,'Pembangunan','2019-03-21 19:41:45','2019-03-21 19:41:45',NULL);

--
-- Table structure for table `ref_allocation_bkup`
--

CREATE TABLE `ref_allocation_bkup` (
  `allocation_id` int(11) NOT NULL AUTO_INCREMENT,
  `allocation_desc` varchar(255) DEFAULT NULL,
  `created_at` timestamp NOT NULL DEFAULT CURRENT_TIMESTAMP,
  `updated_at` timestamp NOT NULL DEFAULT CURRENT_TIMESTAMP,
  `deleted_at` timestamp NULL DEFAULT NULL,
  PRIMARY KEY (`allocation_id`)
) ENGINE=InnoDB AUTO_INCREMENT=6 DEFAULT CHARSET=latin1;

--
-- Dumping data for table `ref_allocation_bkup`
--

INSERT INTO `ref_allocation_bkup` VALUES (1,'NPDIR','2019-03-20 13:42:38','2019-03-20 13:42:38',NULL),(2,'PPE','2019-03-20 13:42:38','2019-03-20 13:42:38',NULL),(3,'MBR','2019-03-20 13:42:38','2019-03-20 13:42:38',NULL),(4,'PTPS','2019-03-20 13:42:38','2019-03-20 13:42:38',NULL),(5,'Testone 345','2019-03-20 18:57:54','2019-03-20 18:58:10','2019-03-20 10:59:01');

--
-- Table structure for table `ref_card`
--

CREATE TABLE `ref_card` (
  `card_id` int(11) NOT NULL AUTO_INCREMENT,
  `card_desc` varchar(20) DEFAULT NULL,
  `card_color` varchar(20) NOT NULL,
  `created_at` timestamp NULL DEFAULT NULL,
  `updated_at` timestamp NOT NULL DEFAULT CURRENT_TIMESTAMP,
  `deleted_at` timestamp NULL DEFAULT NULL,
  PRIMARY KEY (`card_id`)
) ENGINE=InnoDB AUTO_INCREMENT=4 DEFAULT CHARSET=latin1;

--
-- Dumping data for table `ref_card`
--

INSERT INTO `ref_card` VALUES (1,'Kuning','#FFFF00','2018-11-25 17:16:20','2018-11-25 14:50:57',NULL),(2,'Hijau','#00FF00','2018-11-25 17:16:24','2018-11-25 14:51:07',NULL),(3,'Merah','#FF0000','2018-11-25 17:16:28','2018-11-25 14:51:15',NULL);

--
-- Table structure for table `ref_cawangan`
--

CREATE TABLE `ref_cawangan` (
  `cawangan_id` int(11) NOT NULL AUTO_INCREMENT,
  `cawangan_desc` varchar(255) NOT NULL,
  `created_at` timestamp NOT NULL DEFAULT CURRENT_TIMESTAMP,
  `updated_at` timestamp NOT NULL DEFAULT CURRENT_TIMESTAMP,
  `deleted_at` timestamp NULL DEFAULT NULL,
  PRIMARY KEY (`cawangan_id`)
) ENGINE=InnoDB AUTO_INCREMENT=9 DEFAULT CHARSET=latin1;

--
-- Dumping data for table `ref_cawangan`
--

INSERT INTO `ref_cawangan` VALUES (2,'HQ','2019-03-20 13:37:46','2019-03-20 13:37:46',NULL),(3,'SKO','2019-03-20 13:37:46','2019-03-20 13:37:46',NULL),(4,'SRO','2019-03-20 13:37:46','2019-03-20 13:37:46',NULL),(5,'NRO','2019-03-20 13:37:46','2019-03-20 13:37:46',NULL),(6,'SBO','2019-03-20 13:37:46','2019-03-20 13:37:46',NULL),(7,'ECR','2019-03-20 13:37:46','2019-03-20 13:37:46',NULL),(8,'Test123456','2019-03-20 18:37:08','2019-03-20 18:37:48','2019-03-20 10:49:24');

--
-- Table structure for table `ref_flight_company`
--

CREATE TABLE `ref_flight_company` (
  `flight_company_id` int(11) NOT NULL AUTO_INCREMENT,
  `flight_company_desc` varchar(100) NOT NULL,
  `flight_company_url` varchar(200) NOT NULL,
  `created_at` timestamp NOT NULL DEFAULT CURRENT_TIMESTAMP,
  `updated_at` timestamp NOT NULL DEFAULT CURRENT_TIMESTAMP,
  `deleted_at` timestamp NULL DEFAULT NULL,
  PRIMARY KEY (`flight_company_id`)
) ENGINE=InnoDB AUTO_INCREMENT=6 DEFAULT CHARSET=latin1;

--
-- Dumping data for table `ref_flight_company`
--

INSERT INTO `ref_flight_company` VALUES (1,'Malaysia Airline System (MAS)','https://www.malaysiaairlines.com','2019-03-20 13:34:10','2019-03-20 13:31:37',NULL),(2,'AIR ASIA','https://www.airasia.com','2019-03-20 13:34:28','2019-03-20 13:31:42',NULL),(3,'MALINDO AIR','https://www.malindoair.com/','2019-03-20 13:35:09','2019-03-20 13:31:54',NULL),(4,'FIREFLY','https://www.airpaz.com','2019-03-20 13:35:11','2019-03-20 13:32:02',NULL),(5,'Saudi Test 44','https://www.saudisauair.com.m','2019-03-20 19:17:18','2019-03-20 19:17:34','2019-03-20 11:18:02');

--
-- Table structure for table `ref_gred`
--

CREATE TABLE `ref_gred` (
  `gred_id` int(11) NOT NULL AUTO_INCREMENT,
  `gred_code` char(10) NOT NULL,
  `gred_desc` varchar(20) NOT NULL,
  `is_active` char(1) NOT NULL DEFAULT '1',
  `created_at` timestamp NULL DEFAULT NULL,
  `updated_at` timestamp NULL DEFAULT CURRENT_TIMESTAMP,
  `deleted_at` timestamp NULL DEFAULT NULL,
  PRIMARY KEY (`gred_id`)
) ENGINE=InnoDB DEFAULT CHARSET=latin1;

--
-- Dumping data for table `ref_gred`
--


--
-- Table structure for table `ref_jabatan`
--

CREATE TABLE `ref_jabatan` (
  `jabatan_id` int(11) NOT NULL AUTO_INCREMENT,
  `jabatan_desc` varchar(200) NOT NULL,
  `is_active` char(1) NOT NULL DEFAULT '1',
  `created_at` timestamp NULL DEFAULT NULL,
  `updated_at` timestamp NULL DEFAULT CURRENT_TIMESTAMP,
  `deleted_at` timestamp NULL DEFAULT NULL,
  PRIMARY KEY (`jabatan_id`)
) ENGINE=InnoDB AUTO_INCREMENT=36 DEFAULT CHARSET=latin1;

--
-- Dumping data for table `ref_jabatan`
--

INSERT INTO `ref_jabatan` VALUES (2,'JABATAN KHIDMAT PENGURUSAN','1','2019-01-01 07:48:01','2019-01-01 07:48:01',NULL),(3,'JABATAN TEKNOLOGI MAKLUMAT','1','2019-01-01 07:48:01','2019-01-01 07:48:01',NULL),(4,'BAHAGIAN PENGURUSAN HARTA','1','2019-01-01 07:48:01','2019-01-01 07:48:01',NULL),(5,'JABATAN PENILAIAN & PENGURUSAN HARTA','1','2019-01-01 07:48:01','2019-01-01 07:48:01',NULL),(6,'JABATAN PERBENDAHARAAN','1','2019-01-01 07:48:01','2019-01-01 07:48:01',NULL),(7,'JABATAN PERUNDANGAN','1','2019-01-01 07:48:01','2019-01-01 07:48:01',NULL),(8,'JABATAN KORPORAT','1','2019-01-01 07:48:01','2019-01-01 07:48:01',NULL),(9,'JABATAN PERANCANG BANDAR','1','2019-01-01 07:48:01','2019-01-01 07:48:01',NULL),(10,'JABATAN KEJURUTERAAN','1','2019-01-01 07:48:01','2019-01-01 07:48:01',NULL),(11,'JABATAN BANGUNAN','1','2019-01-01 07:48:01','2019-01-01 07:48:01',NULL),(13,'PEJABAT YANG DIPERTUA / TIMBALAN YANG DIPERTUA','1','2019-01-01 07:48:01','2019-01-01 07:48:01',NULL),(14,'BAHAGIAN KEMUDAHAN AWAM','1','2019-01-01 07:48:01','2019-01-01 07:48:01',NULL),(16,'JABATAN LANDSKAP','1','2019-01-01 07:48:01','2019-01-01 07:48:01',NULL),(17,'BAHAGIAN URUSETIA','1','2019-01-01 07:48:01','2019-01-01 07:48:01',NULL),(18,'UNIT NURSERY','1','2019-01-01 07:48:01','2019-01-01 07:48:01',NULL),(19,'JABATAN AUDIT DALAM','1','2019-01-01 07:48:01','2019-01-01 07:48:01',NULL),(20,'UNIT BENGKEL RAWANG','1','2019-01-01 07:48:01','2019-01-01 07:48:01',NULL),(22,'JABATAN PUSAT SETEMPAT (OSC)','1','2019-01-01 07:48:01','2019-01-01 07:48:01',NULL),(23,'JABATAN PENGUATKUASA & KESELAMATAN','1','2019-01-01 07:48:01','2019-01-01 07:48:01',NULL),(24,'JABATAN KONTRAK DAN UKUR BAHAN','1','2019-01-01 07:48:01','2019-01-01 07:48:01',NULL),(25,'JABATAN PELESENAN','1','2019-01-01 07:48:01','2019-01-01 07:48:01',NULL),(26,'BAHAGIAN HASIL','1','2019-01-01 07:48:01','2019-01-01 07:48:01',NULL),(29,'BAHAGIAN KESELAMATAN','1','2019-01-01 07:48:01','2019-01-01 07:48:01',NULL),(32,'UNIT URUS SELENGGARA BANGUNAN','1','2019-01-01 07:48:01','2019-01-01 07:48:01',NULL),(33,'JABATAN PEMBANGUNAN MASYARAKAT','1','2019-01-01 07:48:01','2019-01-01 07:48:01',NULL),(34,'JABATAN PENGURUSAN SISA PEPEJAL & KESIHATAN','1','2019-01-01 07:48:01','2019-01-01 07:48:01',NULL),(35,'JABATAN PESURUHJAYA BANGUNAN (COB)','1','2019-01-01 07:48:01','2019-01-01 07:48:01',NULL);

--
-- Table structure for table `ref_jawatan`
--

CREATE TABLE `ref_jawatan` (
  `jawatan_id` int(11) NOT NULL AUTO_INCREMENT,
  `jawatan_desc` varchar(255) NOT NULL,
  `role_id` int(11) NOT NULL,
  `is_active` int(1) NOT NULL DEFAULT '1',
  `created_at` timestamp NOT NULL DEFAULT CURRENT_TIMESTAMP,
  `updated_at` timestamp NOT NULL DEFAULT CURRENT_TIMESTAMP,
  `deleted_at` timestamp NULL DEFAULT NULL,
  PRIMARY KEY (`jawatan_id`)
) ENGINE=InnoDB AUTO_INCREMENT=18 DEFAULT CHARSET=latin1;

--
-- Dumping data for table `ref_jawatan`
--

INSERT INTO `ref_jawatan` VALUES (1,'Penolong Pengurus',8,1,'2019-03-20 13:47:28','2019-03-20 13:47:28',NULL),(2,'Penolong Jurutera (KUP)',8,1,'2019-03-20 13:47:28','2019-03-20 13:47:28',NULL),(3,'PEMBANTU TADBIR (P/O)',8,1,'2019-03-20 13:47:28','2019-03-21 18:24:12',NULL),(4,'Pembantu Tadbir (P/O) (KUP)',8,1,'2019-03-20 13:47:28','2019-03-20 13:47:28',NULL),(5,'Pembantu Awam',8,1,'2019-03-20 13:47:28','2019-03-20 13:47:28',NULL),(6,'Pembantu Operasi',8,1,'2019-03-20 13:47:28','2019-03-20 13:47:28',NULL),(7,'Timbalan Ketua Pengarah',7,1,'2019-03-20 13:47:28','2019-03-20 13:47:28',NULL),(8,'Pengurus',8,1,'2019-03-20 13:47:28','2019-03-20 13:47:28',NULL),(9,'Setiausaha Pejabat',8,1,'2019-03-20 13:47:28','2019-03-20 13:47:28',NULL),(10,'Pengurus Kanan',8,1,'2019-03-20 13:47:28','2019-03-20 13:47:28',NULL),(11,'Pengarah',7,1,'2019-03-20 13:47:28','2019-03-20 13:47:28',NULL),(12,'Ketua Pengarah',6,1,'2019-03-20 13:47:28','2019-03-20 13:47:28',NULL),(13,'Pentadbir Sistem',2,1,'2019-03-20 13:47:28','2019-03-20 13:47:28',NULL),(14,'TEST JAWATAN 1111',8,1,'2019-03-21 07:02:48','2019-03-21 07:03:11','2019-03-21 07:03:11'),(15,'TRY AJAX',8,1,'2019-03-21 09:42:57','2019-03-21 09:42:57','2019-03-21 10:16:23'),(16,'TRY AJAX LAGI',6,1,'2019-03-21 09:44:00','2019-03-21 09:44:00','2019-03-21 10:16:30'),(17,'PENGURUS KIRI',7,1,'2019-03-21 10:30:28','2019-03-21 10:30:28','2019-03-21 10:16:40');

--
-- Table structure for table `ref_jawatan_backup`
--

CREATE TABLE `ref_jawatan_backup` (
  `jawatan_id` int(11) NOT NULL AUTO_INCREMENT,
  `jawatan_desc` varchar(100) NOT NULL,
  `jawatan_gred` varchar(10) DEFAULT NULL,
  `jawatan_kumpulan` int(11) DEFAULT NULL,
  `is_active` char(1) NOT NULL DEFAULT '1',
  `created_at` timestamp NULL DEFAULT NULL,
  `updated_at` timestamp NOT NULL DEFAULT CURRENT_TIMESTAMP,
  `deleted_at` timestamp NULL DEFAULT NULL,
  PRIMARY KEY (`jawatan_id`)
) ENGINE=InnoDB AUTO_INCREMENT=218 DEFAULT CHARSET=latin1;

--
-- Dumping data for table `ref_jawatan_backup`
--

INSERT INTO `ref_jawatan_backup` VALUES (1,'YANG DIPERTUA',NULL,NULL,'1','2019-01-01 07:48:01','2019-01-01 07:48:01',NULL),(2,'SETIAUSAHA/TIMBALAN YDP',NULL,NULL,'1','2019-01-01 07:48:01','2019-01-01 07:48:01',NULL),(3,'JURUTERA',NULL,NULL,'1','2019-01-01 07:48:01','2019-01-01 07:48:01',NULL),(4,'ARKITEK',NULL,NULL,'1','2019-01-01 07:48:01','2019-01-01 07:48:01',NULL),(5,'PEGAWAI PERANCANG',NULL,NULL,'1','2019-01-01 07:48:01','2019-01-01 07:48:01',NULL),(6,'PEGAWAI PENERANGAN',NULL,NULL,'1','2019-01-01 07:48:01','2019-01-01 07:48:01',NULL),(7,'AKAUNTAN',NULL,NULL,'1','2019-01-01 07:48:01','2019-01-01 07:48:01',NULL),(8,'PEGAWAI KESIHATAN',NULL,NULL,'1','2019-01-01 07:48:01','2019-01-01 07:48:01',NULL),(9,'PEGAWAI UNDANG-UNDANG',NULL,NULL,'1','2019-01-01 07:48:01','2019-01-01 07:48:01',NULL),(10,'PENOLONG PEGAWAI SENIBINA',NULL,NULL,'1','2019-01-01 07:48:01','2019-01-01 07:48:01',NULL),(11,'PEN. PEGAWAI PERANCANG',NULL,NULL,'1','2019-01-01 07:48:01','2019-01-01 07:48:01',NULL),(12,'PENOLONG PEGAWAI PENERANGAN',NULL,NULL,'1','2019-01-01 07:48:01','2019-01-01 07:48:01',NULL),(13,'Pen. Pegawai Teknologi Maklumat','FA29',NULL,'1','2019-01-01 07:48:01','2019-01-10 23:45:14',NULL),(14,'PEN. PEGAWAI PENILAIAN',NULL,NULL,'1','2019-01-01 07:48:01','2019-01-01 07:48:01',NULL),(15,'PENOLONG AKAUNTAN',NULL,NULL,'1','2019-01-01 07:48:01','2019-01-01 07:48:01',NULL),(16,'PEN. PEGAWAI UNDANG-UNDANG',NULL,NULL,'1','2019-01-01 07:48:01','2019-01-01 07:48:01',NULL),(17,'PENOLONG PEGAWAI TADBIR',NULL,NULL,'1','2019-01-01 07:48:01','2019-01-01 07:48:01',NULL),(18,'PEMBANTU PENGUAT KUASA',NULL,NULL,'1','2019-01-01 07:48:01','2019-01-01 07:48:01',NULL),(19,'PEN. PEGAWAI KESIHATAN PERSEKITARAN',NULL,NULL,'1','2019-01-01 07:48:01','2019-01-01 07:48:01',NULL),(20,'PEN. PEGAWAI KESIHATAN PERSEKITARAN',NULL,NULL,'1','2019-01-01 07:48:01','2019-01-01 07:48:01',NULL),(21,'PEMBANTU TADBIR (P/O)',NULL,NULL,'1','2019-01-01 07:48:01','2019-01-01 07:48:01',NULL),(23,'PEMBANTU PENGUAT KUASA',NULL,NULL,'1','2019-01-01 07:48:01','2019-01-01 07:48:01',NULL),(24,'JURUTEKNIK BANGUNAN',NULL,NULL,'1','2019-01-01 07:48:01','2019-01-01 07:48:01',NULL),(25,'JURUTEKNIK AWAM',NULL,NULL,'1','2019-01-01 07:48:01','2019-01-01 07:48:01',NULL),(26,'JURUTEKNIK SIVIL',NULL,NULL,'1','2019-01-01 07:48:01','2019-01-01 07:48:01',NULL),(27,'JURUTEKNIK MEKANIKAL',NULL,NULL,'1','2019-01-01 07:48:01','2019-01-01 07:48:01',NULL),(28,'JURUTEKNIK PERANCANG',NULL,NULL,'1','2019-01-01 07:48:01','2019-01-01 07:48:01',NULL),(29,'JURUTRENGKAS',NULL,NULL,'1','2019-01-01 07:48:01','2019-01-01 07:48:01',NULL),(30,'PELUKIS PELAN',NULL,NULL,'1','2019-01-01 07:48:01','2019-01-01 07:48:01',NULL),(31,'PEMBANTU PENILAIAN',NULL,NULL,'1','2019-01-01 07:48:01','2019-01-01 07:48:01',NULL),(32,'PEMBANTU AKAUNTAN',NULL,NULL,'1','2019-01-01 07:48:01','2019-01-01 07:48:01',NULL),(33,'PEMBANTU PERTANIAN',NULL,NULL,'1','2019-01-01 07:48:01','2019-01-01 07:48:01',NULL),(34,'OPERATOR PROSESAN DATA',NULL,NULL,'1','2019-01-01 07:48:01','2019-01-01 07:48:01',NULL),(35,'PEMBANTU TADBIR RENDAH',NULL,NULL,'1','2019-01-01 07:48:01','2019-01-01 07:48:01',NULL),(36,'PEMBANTU TADBIR RENDAH',NULL,NULL,'1','2019-01-01 07:48:01','2019-01-01 07:48:01',NULL),(37,'PENGHANTAR NOTIS',NULL,NULL,'1','2019-01-01 07:48:01','2019-01-01 07:48:01',NULL),(38,'PEMBANTU AM PEJABAT',NULL,NULL,'1','2019-01-01 07:48:01','2019-01-01 07:48:01',NULL),(39,'PEMBANTU KESIHATAN  AWAM',NULL,NULL,'1','2019-01-01 07:48:01','2019-01-01 07:48:01',NULL),(40,'PEMUNGUT JENTIK-JENTIK',NULL,NULL,'1','2019-01-01 07:48:01','2019-01-01 07:48:01',NULL),(41,'TUKANG K3',NULL,NULL,'1','2019-01-01 07:48:01','2019-01-01 07:48:01',NULL),(42,'PEMANDU KENDERAAN',NULL,NULL,'1','2019-01-01 07:48:01','2019-01-01 07:48:01',NULL),(43,'PEMANDU KENDERAAN',NULL,NULL,'1','2019-01-01 07:48:01','2019-01-01 07:48:01',NULL),(44,'PEMBANTU AWAM',NULL,NULL,'1','2019-01-01 07:48:01','2019-01-01 07:48:01',NULL),(45,'PEMBANTU AWAM',NULL,NULL,'1','2019-01-01 07:48:01','2019-01-01 07:48:01',NULL),(46,'TUKANG K2 (JURUGEGAS)',NULL,NULL,'1','2019-01-01 07:48:01','2019-01-01 07:48:01',NULL),(47,'TUKANG K2 (JURULETRIK)',NULL,NULL,'1','2019-01-01 07:48:01','2019-01-01 07:48:01',NULL),(48,'PENYELIA TASKA',NULL,NULL,'1','2019-01-01 07:48:01','2019-01-01 07:48:01',NULL),(49,'PEMBANTU TASKA',NULL,NULL,'1','2019-01-01 07:48:01','2019-01-01 07:48:01',NULL),(50,'PENOLONG ARKITEK LANDSKAP',NULL,NULL,'1','2019-01-01 07:48:01','2019-01-01 07:48:01',NULL),(51,'Pegawai Teknologi Maklumat','F41',NULL,'1','2019-01-01 07:48:01','2019-01-10 23:45:39',NULL),(52,'PENOLONG AKAUNTAN',NULL,NULL,'1','2019-01-01 07:48:01','2019-01-01 07:48:01',NULL),(53,'JURUTEKNIK KOMPUTER',NULL,NULL,'1','2019-01-01 07:48:01','2019-01-01 07:48:01',NULL),(54,'JURUTEKNIK ELEKTRIKAL',NULL,NULL,'1','2019-01-01 07:48:01','2019-01-01 07:48:01',NULL),(55,'PEGAWAI PENILAIAN',NULL,NULL,'1','2019-01-01 07:48:01','2019-01-01 07:48:01',NULL),(56,'PENOLONG  JURU AUDIT',NULL,NULL,'1','2019-01-01 07:48:01','2019-01-01 07:48:01',NULL),(57,'PEMBANTU JURU AUDIT',NULL,NULL,'1','2019-01-01 07:48:01','2019-01-01 07:48:01',NULL),(58,'PEGAWAI KAWALAN ALAM SEKITAR',NULL,NULL,'1','2019-01-01 07:48:01','2019-01-01 07:48:01',NULL),(59,'PEGAWAI ALAM SEKITAR',NULL,NULL,'1','2019-01-01 07:48:01','2019-01-01 07:48:01',NULL),(60,'PEMBANTU PENGUAT KUASA',NULL,NULL,'1','2019-01-01 07:48:01','2019-01-01 07:48:01',NULL),(61,'JURUTEKNIK BANGUNAN/AWAM',NULL,NULL,'1','2019-01-01 07:48:01','2019-01-01 07:48:01',NULL),(62,'PEMBANTU PENILAIAN',NULL,NULL,'1','2019-01-01 07:48:01','2019-01-01 07:48:01',NULL),(63,'PEMBANTU KESIHATAN AWAM',NULL,NULL,'1','2019-01-01 07:48:01','2019-01-01 07:48:01',NULL),(64,'PEN. PEGAWAI PENILAIAN',NULL,NULL,'1','2019-01-01 07:48:01','2019-01-01 07:48:01',NULL),(65,'PEMBANTU PERTANIAN',NULL,NULL,'1','2019-01-01 07:48:01','2019-01-01 07:48:01',NULL),(66,'PEMBANTU AKAUNTAN',NULL,NULL,'1','2019-01-01 07:48:01','2019-01-01 07:48:01',NULL),(67,'PEMBANTU AM PEJABAT',NULL,NULL,'1','2019-01-01 07:48:01','2019-01-01 07:48:01',NULL),(68,'PENOLONG PEGAWAI SENIBINA',NULL,NULL,'1','2019-01-01 07:48:01','2019-01-01 07:48:01',NULL),(69,'SETIAUSAHA/ PEGAWAI TADBIR',NULL,NULL,'1','2019-01-01 07:48:01','2019-01-01 07:48:01',NULL),(70,'PEMBANTU TADBIR (KEWANGAN)',NULL,NULL,'1','2019-01-01 07:48:01','2019-01-01 07:48:01',NULL),(71,'PEMBANTU TADBIR (KESETIAUSAHAAN)',NULL,NULL,'1','2019-01-01 07:48:01','2019-01-01 07:48:01',NULL),(72,'PEMBANTU TEKNIK MEKANIKAL',NULL,NULL,'1','2019-01-01 07:48:01','2019-01-01 07:48:01',NULL),(73,'PENOLONG PEGAWAI SENIBINA',NULL,NULL,'1','2019-01-01 07:48:01','2019-01-01 07:48:01',NULL),(74,'PENGAWAL KESELAMATAN',NULL,NULL,'1','2019-01-01 07:48:01','2019-01-01 07:48:01',NULL),(75,'PEMBANTU BELIA DAN SUKAN',NULL,NULL,'1','2019-01-01 07:48:01','2019-01-01 07:48:01',NULL),(76,'PEGAWAI PENGUATKUASA',NULL,NULL,'1','2019-01-01 07:48:01','2019-01-01 07:48:01',NULL),(77,'JURU AUDIT',NULL,NULL,'1','2019-01-01 07:48:01','2019-01-01 07:48:01',NULL),(78,'PEGAWAI KHIDMAT PELANGGAN',NULL,NULL,'1','2019-01-01 07:48:01','2019-01-01 07:48:01',NULL),(79,'JURUUKUR BANGUNAN',NULL,NULL,'1','2019-01-01 07:48:01','2019-01-01 07:48:01',NULL),(80,'ARKITEK LANDSKAP',NULL,NULL,'1','2019-01-01 07:48:01','2019-01-01 07:48:01',NULL),(81,'PEN. PEGAWAI TDBIR',NULL,NULL,'1','2019-01-01 07:48:01','2019-01-01 07:48:01',NULL),(82,'PEN. PEGAWAI TADBIR',NULL,NULL,'1','2019-01-01 07:48:01','2019-01-01 07:48:01',NULL),(83,'PEMBANTU TEKNIK ELEKTRIKAL',NULL,NULL,'1','2019-01-01 07:48:01','2019-01-01 07:48:01',NULL),(84,'JURUUKUR BAHAN',NULL,NULL,'1','2019-01-01 07:48:01','2019-01-01 07:48:01',NULL),(85,'AHLI FOTOGRAFI',NULL,NULL,'1','2019-01-01 07:48:01','2019-01-01 07:48:01',NULL),(86,'PEMBANTU KESIHATAN AWAM',NULL,NULL,'1','2019-01-01 07:48:01','2019-01-01 07:48:01',NULL),(87,'JURUTERA',NULL,NULL,'1','2019-01-01 07:48:01','2019-01-01 07:48:01',NULL),(88,'AKAUNTAN',NULL,NULL,'1','2019-01-01 07:48:01','2019-01-01 07:48:01',NULL),(89,'PEGAWAI PERANCANG',NULL,NULL,'1','2019-01-01 07:48:01','2019-01-01 07:48:01',NULL),(90,'JURU AUDIO VISUAL',NULL,NULL,'1','2019-01-01 07:48:01','2019-01-01 07:48:01',NULL),(91,'AHLI FOTOGRAFI',NULL,NULL,'1','2019-01-01 07:48:01','2019-01-01 07:48:01',NULL),(92,'PEGAWAI PERUBATAN',NULL,NULL,'1','2019-01-01 07:48:01','2019-01-01 07:48:01',NULL),(93,'PEGAWAI PENILAIAN',NULL,NULL,'1','2019-01-01 07:48:01','2019-01-01 07:48:01',NULL),(94,'PEGAWAI TEKNOLOGI MAKLUMAT',NULL,NULL,'1','2019-01-01 07:48:01','2019-01-01 07:48:01',NULL),(95,'PEGAWAI TADBIR',NULL,NULL,'1','2019-01-01 07:48:01','2019-01-01 07:48:01',NULL),(96,'JURUTEKNIK LANDSKAP',NULL,NULL,'1','2019-01-01 07:48:01','2019-01-01 07:48:01',NULL),(97,'JURUTERA ELEKTRIKAL',NULL,NULL,'1','2019-01-01 07:48:01','2019-01-01 07:48:01',NULL),(98,'AKAUNTAN',NULL,NULL,'1','2019-01-01 07:48:01','2019-01-01 07:48:01',NULL),(100,'JURUTEKNIK UKUR BAHAN',NULL,NULL,'1','2019-01-01 07:48:01','2019-01-01 07:48:01',NULL),(101,'TUGAS KHAS',NULL,NULL,'1','2019-01-01 07:48:01','2019-01-01 07:48:01',NULL),(103,'PEGAWAI PENGUATKUASA',NULL,NULL,'1','2019-01-01 07:48:01','2019-01-01 07:48:01',NULL),(104,'SETIAUSAHA PEJABAT',NULL,NULL,'1','2019-01-01 07:48:01','2019-01-01 07:48:01',NULL),(105,'PEN. JURUUKUR BAHAN',NULL,NULL,'1','2019-01-01 07:48:01','2019-01-01 07:48:01',NULL),(109,'PEGAWAI PENERANGAN',NULL,NULL,'1','2019-01-01 07:48:01','2019-01-01 07:48:01',NULL),(111,'PEN. PEGAWAI PERLESENAN',NULL,NULL,'1','2019-01-01 07:48:01','2019-01-01 07:48:01',NULL),(113,'PEGAWAI BELIA DAN SUKAN',NULL,NULL,'1','2019-01-01 07:48:01','2019-01-01 07:48:01',NULL),(114,'PENOLONG PEGAWAI BELIA DAN SUKAN',NULL,NULL,'1','2019-01-01 07:48:01','2019-01-01 07:48:01',NULL),(115,'PENOLONG PEGAWAI KAWALAN ALAM SEKITAR',NULL,NULL,'1','2019-01-01 07:48:01','2019-01-01 07:48:01',NULL),(116,'SETIAUSAHA / TIMBALAN YDP',NULL,NULL,'1','2019-01-01 07:48:01','2019-01-01 07:48:01',NULL),(118,'ARKITEK LANDSKAP',NULL,NULL,'1','2019-01-01 07:48:01','2019-01-01 07:48:01',NULL),(120,'PEGAWAI TADBIR',NULL,NULL,'1','2019-01-01 07:48:01','2019-01-01 07:48:01',NULL),(124,'PEGAWAI PENGUATKUASA',NULL,NULL,'1','2019-01-01 07:48:01','2019-01-01 07:48:01',NULL),(125,'PENOLONG ARKITEK LANDSKAP',NULL,NULL,'1','2019-01-01 07:48:01','2019-01-01 07:48:01',NULL),(126,'JURUTEKNIK ALAM SEKITAR',NULL,NULL,'1','2019-01-01 07:48:01','2019-01-01 07:48:01',NULL),(127,'PENOLONG JURUTERA',NULL,NULL,'1','2019-01-01 07:48:01','2019-01-01 07:48:01',NULL),(128,'PEGAWAI PERUBATAN',NULL,NULL,'1','2019-01-01 07:48:01','2019-01-01 07:48:01',NULL),(129,'PEGAWAI VETERINAR',NULL,NULL,'1','2019-01-01 07:48:01','2019-01-01 07:48:01',NULL),(130,'JURUTEKNIK LANDSKAP',NULL,NULL,'1','2019-01-01 07:48:01','2019-01-01 07:48:01',NULL),(131,'JURUTERA',NULL,NULL,'1','2019-01-01 07:48:01','2019-01-01 07:48:01',NULL),(132,'ARKITEK',NULL,NULL,'1','2019-01-01 07:48:01','2019-01-01 07:48:01',NULL),(133,'JURURAWAT',NULL,NULL,'1','2019-01-01 07:48:01','2019-01-01 07:48:01',NULL),(134,'PEGAWAI PERUBATAN',NULL,NULL,'1','2019-01-01 07:48:01','2019-01-01 07:48:01',NULL),(135,'PEN. PEGAWAI KESIHATAN PERSEKITARAN',NULL,NULL,'1','2019-01-01 07:48:01','2019-01-01 07:48:01',NULL),(136,'PEKERJA AWAM',NULL,NULL,'1','2019-01-01 07:48:01','2019-01-01 07:48:01',NULL),(137,'PEGAWAI PENILAIAN',NULL,NULL,'1','2019-01-01 07:48:01','2019-01-01 07:48:01',NULL),(138,'JURUAUDIT',NULL,NULL,'1','2019-01-01 07:48:01','2019-01-01 07:48:01',NULL),(139,'PEN. PEGAWAI PERUBATAN',NULL,NULL,'1','2019-01-01 07:48:01','2019-01-01 07:48:01',NULL),(140,'PENOLONG PEGAWAI SENIBINA',NULL,NULL,'1','2019-01-01 07:48:01','2019-01-01 07:48:01',NULL),(142,'PENOLONG JURUTERA',NULL,NULL,'1','2019-01-01 07:48:01','2019-01-01 07:48:01',NULL),(143,'PENJAGA JENTERA ELEKTRIK',NULL,NULL,'1','2019-01-01 07:48:01','2019-01-01 07:48:01',NULL),(144,'JURUTERA',NULL,NULL,'1','2019-01-01 07:48:01','2019-01-01 07:48:01',NULL),(145,'PEGAWAI PERANCANG BANDAR DAN DESA',NULL,NULL,'1','2019-01-01 07:48:01','2019-01-01 07:48:01',NULL),(146,'PEMBANTU AWAM',NULL,NULL,'1','2019-01-01 07:48:01','2019-01-01 07:48:01',NULL),(147,'PENYELAMAT',NULL,NULL,'1','2019-01-01 07:48:01','2019-01-01 07:48:01',NULL),(148,'PEGAWAI TADBIR',NULL,NULL,'1','2019-01-01 07:48:01','2019-01-01 07:48:01',NULL),(149,'PEN. PEGAWAI PERANCANG BANDAR DAN DESA',NULL,NULL,'1','2019-01-01 07:48:01','2019-01-01 07:48:01',NULL),(150,'PEN. PEGAWAI KEBUDAYAAN',NULL,NULL,'1','2019-01-01 07:48:01','2019-01-01 07:48:01',NULL),(151,'PEMANDU KENDERAAN',NULL,NULL,'1','2019-01-01 07:48:01','2019-01-01 07:48:01',NULL),(152,'PENGHANTAR NOTIS',NULL,NULL,'1','2019-01-01 07:48:01','2019-01-01 07:48:01',NULL),(153,'PEMBANTU OPERASI',NULL,NULL,'1','2019-01-01 07:48:01','2019-01-01 07:48:01',NULL),(154,'PEMBANTU KEMAHIRAN',NULL,NULL,'1','2019-01-01 07:48:01','2019-01-01 07:48:01',NULL),(155,'PEMBANTU KEMAHIRAN',NULL,NULL,'1','2019-01-01 07:48:01','2019-01-01 07:48:01',NULL),(156,'PEMANDU KENDERAAN',NULL,NULL,'1','2019-01-01 07:48:01','2019-01-01 07:48:01',NULL),(157,'PEKERJA AWAM (KUP)',NULL,NULL,'1','2019-01-01 07:48:01','2019-01-01 07:48:01',NULL),(158,'PEMBANTU AM PEJABAT (KUP)',NULL,NULL,'1','2019-01-01 07:48:01','2019-01-01 07:48:01',NULL),(159,'TUKANG K2 (JURUGEGAS) KUP',NULL,NULL,'1','2019-01-01 07:48:01','2019-01-01 07:48:01',NULL),(160,'PENOLONG ARKITEK LANDSKAP',NULL,NULL,'1','2019-01-01 07:48:01','2019-01-01 07:48:01',NULL),(161,'PENOLONG PEGAWAI PENGUATKUASA',NULL,NULL,'1','2019-01-01 07:48:01','2019-01-01 07:48:01',NULL),(162,'PENOLONG PEGAWAI VETERINAR',NULL,NULL,'1','2019-01-01 07:48:01','2019-01-01 07:48:01',NULL),(163,'PEGAWAI UNDANG-UNDANG',NULL,NULL,'1','2019-01-01 07:48:01','2019-01-01 07:48:01',NULL),(164,'PEGAWAI KESIHATAN DAN PERSEKITARAN',NULL,NULL,'1','2019-01-01 07:48:01','2019-01-01 07:48:01',NULL),(165,'PEGAWAI PERANCANG BANDAR DAN DESA',NULL,NULL,'1','2019-01-01 07:48:01','2019-01-01 07:48:01',NULL),(166,'PEGAWAI BELIA DAN SUKAN',NULL,NULL,'1','2019-01-01 07:48:01','2019-01-01 07:48:01',NULL),(167,'JURUTERA ELEKTRIK',NULL,NULL,'1','2019-01-01 07:48:01','2019-01-01 07:48:01',NULL),(168,'PENOLONG JURUTERA',NULL,NULL,'1','2019-01-01 07:48:01','2019-01-01 07:48:01',NULL),(169,'JURUUKUR BAHAN',NULL,NULL,'1','2019-01-01 07:48:01','2019-01-01 07:48:01',NULL),(170,'PEGAWAI KESIHATAN',NULL,NULL,'1','2019-01-01 07:48:01','2019-01-01 07:48:01',NULL),(171,'YANG DIPERTUA',NULL,NULL,'1','2019-01-01 07:48:01','2019-01-01 07:48:01',NULL),(172,'PEGAWAI KAWALAN ALAM SEKITAR C48',NULL,NULL,'1','2019-01-01 07:48:01','2019-01-01 07:48:01',NULL),(173,'PEMBANTU TADBIR (P/O)',NULL,NULL,'1','2019-01-01 07:48:01','2019-01-01 07:48:01',NULL),(174,'PENOLONG JURUAUDIT',NULL,NULL,'1','2019-01-01 07:48:01','2019-01-01 07:48:01',NULL),(175,'PEGAWAI PERANCANG',NULL,NULL,'1','2019-01-01 07:48:01','2019-01-01 07:48:01',NULL),(176,'AKAUNTAN',NULL,NULL,'1','2019-01-01 07:48:01','2019-01-01 07:48:01',NULL),(177,'ARKITEK LANDSKAP',NULL,NULL,'1','2019-01-01 07:48:01','2019-01-01 07:48:01',NULL),(178,'PEGAWAI TEKNOLOGI MAKLUMAT',NULL,NULL,'1','2019-01-01 07:48:01','2019-01-01 07:48:01',NULL),(179,'PEGAWAI PENERANGAN',NULL,NULL,'1','2019-01-01 07:48:01','2019-01-01 07:48:01',NULL),(180,'JURUAUDIT',NULL,NULL,'1','2019-01-01 07:48:01','2019-01-01 07:48:01',NULL),(181,'PEGAWAI PERANCANG BANDAR DAN DESA',NULL,NULL,'1','2019-01-01 07:48:01','2019-01-01 07:48:01',NULL),(182,'PENOLONG JURUUKUR BAHAN',NULL,NULL,'1','2019-01-01 07:48:01','2019-01-01 07:48:01',NULL),(183,'PENOLONG PEGAWAI PERTANIAN',NULL,NULL,'1','2019-01-01 07:48:01','2019-01-01 07:48:01',NULL),(184,'PEGAWAI PENILAIAN',NULL,NULL,'1','2019-01-01 07:48:01','2019-01-01 07:48:01',NULL),(185,'ARKITEK',NULL,NULL,'1','2019-01-01 07:48:01','2019-01-01 07:48:01',NULL),(186,'PEMBANTU TADBIR (KEWANGAN)',NULL,NULL,'1','2019-01-01 07:48:01','2019-01-01 07:48:01',NULL),(187,'PENOLONG PEGAWAI PERTANIAN',NULL,NULL,'1','2019-01-01 07:48:01','2019-01-01 07:48:01',NULL),(188,'PENOLONG PEGAWAI PENILAIAN',NULL,NULL,'1','2019-01-01 07:48:01','2019-01-01 07:48:01',NULL),(189,'PEMBANTU BELIA DAN SUKAN',NULL,NULL,'1','2019-01-01 07:48:01','2019-01-01 07:48:01',NULL),(190,'JURUTEKNIK KOMPUTER',NULL,NULL,'1','2019-01-01 07:48:01','2019-01-01 07:48:01',NULL),(191,'PEN. PEGAWAI KAWALAN ALAM SEKITAR',NULL,NULL,'1','2019-01-01 07:48:01','2019-01-01 07:48:01',NULL),(192,'PEMBANTU AWAM',NULL,NULL,'1','2019-01-01 07:48:01','2019-01-01 07:48:01',NULL),(193,'PENOLONG JURUTERA',NULL,NULL,'1','2019-01-01 07:48:01','2019-01-01 07:48:01',NULL),(194,'PENOLONG PEGAWAI TADBIR',NULL,NULL,'1','2019-01-01 07:48:01','2019-01-01 07:48:01',NULL),(195,'PEMBANTU TADBIR (P/O)',NULL,NULL,'1','2019-01-01 07:48:01','2019-01-01 07:48:01',NULL),(196,'PEMBANTU PENILAIAN',NULL,NULL,'1','2019-01-01 07:48:01','2019-01-01 07:48:01',NULL),(197,'PEMBANTU KESIHATAN AWAM',NULL,NULL,'1','2019-01-01 07:48:01','2019-01-01 07:48:01',NULL),(199,'PENOLONG PEGAWAI BELIA & SUKAN',NULL,NULL,'1','2019-01-01 07:48:01','2019-01-01 07:48:01',NULL),(200,'PEMBANTU KENDERAAN',NULL,NULL,'1','2019-01-01 07:48:01','2019-01-01 07:48:01',NULL),(201,'PEMANDU KENDERAAN',NULL,NULL,'1','2019-01-01 07:48:01','2019-01-01 07:48:01',NULL),(202,'PENOLONG AKAUNTAN',NULL,NULL,'1','2019-01-01 07:48:01','2019-01-01 07:48:01',NULL),(203,'PENOLONG PEGAWAI UNDANG-UNDANG',NULL,NULL,'1','2019-01-01 07:48:01','2019-01-01 07:48:01',NULL),(204,'PEMBANTU TADBIR (P/O) (KUP)',NULL,NULL,'1','2019-01-01 07:48:01','2019-01-01 07:48:01',NULL),(205,'PEMANDU KENDERAAN (KUP)',NULL,NULL,'1','2019-01-01 07:48:01','2019-01-01 07:48:01',NULL),(206,'PEMBANTU OPERASI',NULL,NULL,'1','2019-01-01 07:48:01','2019-01-01 07:48:01',NULL),(207,'PEMBANTU PENGUAT KUASA',NULL,NULL,'1','2019-01-01 07:48:01','2019-01-01 07:48:01',NULL),(208,'PEMBANTU PENILAIAN (KUP)',NULL,NULL,'1','2019-01-01 07:48:01','2019-01-01 07:48:01',NULL),(209,'JURUTEKNIK KOMPUTER (KUP)',NULL,NULL,'1','2019-01-01 07:48:01','2019-01-01 07:48:01',NULL),(210,'PEMBANTU TADBIR KEWANGAN (KUP)',NULL,NULL,'1','2019-01-01 07:48:01','2019-01-01 07:48:01',NULL),(211,'PEMBANTU KESIHATAN AWAM U26',NULL,NULL,'1','2019-01-01 07:48:01','2019-01-01 07:48:01',NULL),(212,'PEMBANTU OPERASI',NULL,NULL,'1','2019-01-01 07:48:01','2019-01-01 07:48:01',NULL),(213,'PEGAWAI PENGUAT KUASA',NULL,NULL,'1','2019-01-01 07:48:01','2019-01-01 07:48:01',NULL),(214,'PENOLONG PEGAWAI KESELAMATAN',NULL,NULL,'1','2019-01-01 07:48:01','2019-01-01 07:48:01',NULL),(215,'PEN. PEGAWAI PENGUAT KUASA',NULL,NULL,'1','2019-01-01 07:48:01','2019-01-01 07:48:01',NULL),(216,'SETIAUSAHA/TIMBALAN YANG DIPERTUA',NULL,NULL,'1','2019-01-01 07:48:01','2019-01-01 07:48:01',NULL),(217,'PEMBANTU TADBIR (KEWANGAN) KUP',NULL,NULL,'1','2019-01-01 07:48:01','2019-01-01 07:48:01',NULL);

--
-- Table structure for table `ref_jawatan_old`
--

CREATE TABLE `ref_jawatan_old` (
  `jawatan_id` int(11) NOT NULL AUTO_INCREMENT,
  `jawatan_desc` varchar(100) NOT NULL,
  `jawatan_gred` varchar(10) DEFAULT NULL,
  `jawatan_kumpulan` int(11) DEFAULT NULL,
  `is_active` char(1) NOT NULL DEFAULT '1',
  `created_at` timestamp NULL DEFAULT NULL,
  `updated_at` timestamp NOT NULL DEFAULT CURRENT_TIMESTAMP,
  `deleted_at` timestamp NULL DEFAULT NULL,
  PRIMARY KEY (`jawatan_id`)
) ENGINE=InnoDB AUTO_INCREMENT=131 DEFAULT CHARSET=latin1;

--
-- Dumping data for table `ref_jawatan_old`
--

INSERT INTO `ref_jawatan_old` VALUES (1,'AKAUNTAN','WA44',NULL,'1','2019-02-17 09:30:26','2019-02-17 09:30:26',NULL),(2,'AKAUNTAN','WA52',NULL,'1','2019-02-17 09:30:26','2019-02-17 09:30:26',NULL),(3,'ARKITEK','J41',NULL,'1','2019-02-17 09:30:26','2019-02-17 09:30:26',NULL),(4,'ARKITEK','J48',NULL,'1','2019-02-17 09:30:26','2019-02-17 09:30:26',NULL),(5,'ARKITEK LANDSKAP','J44',NULL,'1','2019-02-17 09:30:26','2019-02-17 09:30:26',NULL),(6,'ARKITEK LANDSKAP','J48',NULL,'1','2019-02-17 09:30:26','2019-02-17 09:30:26',NULL),(7,'JURUAUDIO VISUAL','N19',NULL,'1','2019-02-17 09:30:26','2019-02-17 09:30:26',NULL),(8,'JURUAUDIT','W44',NULL,'1','2019-02-17 09:30:26','2019-02-17 09:30:26',NULL),(9,'JURUAUDIT','W48',NULL,'1','2019-02-17 09:30:26','2019-02-17 09:30:26',NULL),(10,'JURUFOTOGRAFI','B19',NULL,'1','2019-02-17 09:30:26','2019-02-17 09:30:26',NULL),(11,'JURURAWAT','U29',NULL,'1','2019-02-17 09:30:26','2019-02-17 09:30:26',NULL),(12,'JURUTEKNIK KOMPUTER','FT19',NULL,'1','2019-02-17 09:30:26','2019-02-17 09:30:26',NULL),(13,'JURUTEKNIK KOMPUTER (KUP)','FT22',NULL,'1','2019-02-17 09:30:26','2019-02-17 09:30:26',NULL),(14,'JURUTERA','J41',NULL,'1','2019-02-17 09:30:26','2019-02-17 09:30:26',NULL),(15,'JURUTERA','J44',NULL,'1','2019-02-17 09:30:26','2019-02-17 09:30:26',NULL),(16,'JURUTERA','J52',NULL,'1','2019-02-17 09:30:26','2019-02-17 09:30:26',NULL),(17,'JURUTERA ELEKTRIKAL','J41',NULL,'1','2019-02-17 09:30:26','2019-02-17 09:30:26',NULL),(18,'JURUTERA ELEKTRIKAL','J44',NULL,'1','2019-02-17 09:30:26','2019-02-17 09:30:26',NULL),(19,'JURUTERA GEOTEKNIKAL','J41',NULL,'1','2019-02-17 09:30:26','2019-02-17 09:30:26',NULL),(20,'JURUUKUR BAHAN','J44',NULL,'1','2019-02-17 09:30:26','2019-02-17 09:30:26',NULL),(21,'PEGAWAI BELIA DAN SUKAN','S44',NULL,'1','2019-02-17 09:30:26','2019-02-17 09:30:26',NULL),(22,'PEGAWAI KAWALAN ALAM SEKITAR','C41',NULL,'1','2019-02-17 09:30:26','2019-02-17 09:30:26',NULL),(23,'PEGAWAI KAWALAN ALAM SEKITAR','C48',NULL,'1','2019-02-17 09:30:26','2019-02-17 09:30:26',NULL),(24,'PEGAWAI KHIDMAT PELANGGAN','N19',NULL,'1','2019-02-17 09:30:26','2019-02-17 09:30:26',NULL),(25,'PEGAWAI PENERANGAN','S41',NULL,'1','2019-02-17 09:30:26','2019-02-17 09:30:26',NULL),(26,'PEGAWAI PENERANGAN','S48',NULL,'1','2019-02-17 09:30:26','2019-02-17 09:30:26',NULL),(27,'PEGAWAI PENGUAT KUASA','KP41',NULL,'1','2019-02-17 09:30:26','2019-02-17 09:30:26',NULL),(28,'PEGAWAI PENGUAT KUASA','KP44',NULL,'1','2019-02-17 09:30:26','2019-02-17 09:30:26',NULL),(29,'PEGAWAI PENGUAT KUASA','KP48',NULL,'1','2019-02-17 09:30:26','2019-02-17 09:30:26',NULL),(30,'PEGAWAI PENILAIAN','W41',NULL,'1','2019-02-17 09:30:26','2019-02-17 09:30:26',NULL),(31,'PEGAWAI PENILAIAN','W44',NULL,'1','2019-02-17 09:30:26','2019-02-17 09:30:26',NULL),(32,'PEGAWAI PENILAIAN','W52',NULL,'1','2019-02-17 09:30:26','2019-02-17 09:30:26',NULL),(33,'PEGAWAI PERANCANG','J41',NULL,'1','2019-02-17 09:30:26','2019-02-17 09:30:26',NULL),(34,'PEGAWAI PERANCANG','J44',NULL,'1','2019-02-17 09:30:26','2019-02-17 09:30:26',NULL),(35,'PEGAWAI TADBIR','N41',NULL,'1','2019-02-17 09:30:26','2019-02-17 09:30:26',NULL),(36,'PEGAWAI TADBIR','N44',NULL,'1','2019-02-17 09:30:26','2019-02-17 09:30:26',NULL),(37,'PEGAWAI TADBIR','N48',NULL,'1','2019-02-17 09:30:26','2019-02-17 09:30:26',NULL),(38,'PEGAWAI TADBIR','N52',NULL,'1','2019-02-17 09:30:26','2019-02-17 09:30:26',NULL),(39,'PEGAWAI TEKNOLOGI MAKLUMAT','F44',NULL,'1','2019-02-17 09:30:26','2019-02-17 09:30:26',NULL),(40,'PEGAWAI TEKNOLOGI MAKLUMAT','F48',NULL,'1','2019-02-17 09:30:26','2019-02-17 09:30:26',NULL),(41,'PEGAWAI UNDANG-UNDANG','L41',NULL,'1','2019-02-17 09:30:26','2019-02-17 09:30:26',NULL),(42,'PEGAWAI UNDANG-UNDANG','L44',NULL,'1','2019-02-17 09:30:26','2019-02-17 09:30:26',NULL),(43,'PEGAWAI UNDANG-UNDANG','L48',NULL,'1','2019-02-17 09:30:26','2019-02-17 09:30:26',NULL),(44,'PEKERJA  AWAM','R1',NULL,'1','2019-02-17 09:30:26','2019-02-17 09:30:26',NULL),(45,'PEKERJA AWAM (KUP)','R1',NULL,'1','2019-02-17 09:30:26','2019-02-17 09:30:26',NULL),(46,'PELUKIS PELAN','JA19',NULL,'1','2019-02-17 09:30:26','2019-02-17 09:30:26',NULL),(47,'PEMANDU KENDERAAN','H11',NULL,'1','2019-02-17 09:30:26','2019-02-17 09:30:26',NULL),(48,'PEMANDU KENDERAAN','H14',NULL,'1','2019-02-17 09:30:26','2019-02-17 09:30:26',NULL),(49,'PEMANDU KENDERAAN','R3',NULL,'1','2019-02-17 09:30:26','2019-02-17 09:30:26',NULL),(50,'PEMANDU KENDERAAN (KUP)','R3',NULL,'1','2019-02-17 09:30:26','2019-02-17 09:30:26',NULL),(51,'PEMBANTU AKAUNTAN','W19',NULL,'1','2019-02-17 09:30:26','2019-02-17 09:30:26',NULL),(52,'PEMBANTU AM PEJABAT (KUP)','N1',NULL,'1','2019-02-17 09:30:26','2019-02-17 09:30:26',NULL),(53,'PEMBANTU AM PEJABAT (KUP)','N4',NULL,'1','2019-02-17 09:30:26','2019-02-17 09:30:26',NULL),(54,'PEMBANTU AWAM','H11',NULL,'1','2019-02-17 09:30:26','2019-02-17 09:30:26',NULL),(55,'PEMBANTU AWAM','H14',NULL,'1','2019-02-17 09:30:26','2019-02-17 09:30:26',NULL),(56,'PEMBANTU BELIA DAN SUKAN','S19',NULL,'1','2019-02-17 09:30:26','2019-02-17 09:30:26',NULL),(57,'PEMBANTU JURUAUDIT','W19',NULL,'1','2019-02-17 09:30:26','2019-02-17 09:30:26',NULL),(58,'PEMBANTU KEMAHIRAN','H19',NULL,'1','2019-02-17 09:30:26','2019-02-17 09:30:26',NULL),(59,'PEMBANTU KEMAHIRAN','H22',NULL,'1','2019-02-17 09:30:26','2019-02-17 09:30:26',NULL),(60,'PEMBANTU KESIHATAN AWAM','U19',NULL,'1','2019-02-17 09:30:26','2019-02-17 09:30:26',NULL),(61,'PEMBANTU KESIHATAN AWAM','U24',NULL,'1','2019-02-17 09:30:26','2019-02-17 09:30:26',NULL),(62,'PEMBANTU KESIHATAN AWAM','U26',NULL,'1','2019-02-17 09:30:26','2019-02-17 09:30:26',NULL),(63,'PEMBANTU OPERASI','N11',NULL,'1','2019-02-17 09:30:26','2019-02-17 09:30:26',NULL),(64,'PEMBANTU OPERASI','N14',NULL,'1','2019-02-17 09:30:26','2019-02-17 09:30:26',NULL),(65,'PEMBANTU PENGUAT KUASA','KP19',NULL,'1','2019-02-17 09:30:26','2019-02-17 09:30:26',NULL),(66,'PEMBANTU PENGUAT KUASA','KP22',NULL,'1','2019-02-17 09:30:26','2019-02-17 09:30:26',NULL),(67,'PEMBANTU PENGUAT KUASA','KP26',NULL,'1','2019-02-17 09:30:26','2019-02-17 09:30:26',NULL),(68,'PEMBANTU PENGUAT KUASA (KUP)','KP22',NULL,'1','2019-02-17 09:30:26','2019-02-17 09:30:26',NULL),(69,'PEMBANTU PENILAIAN','W19',NULL,'1','2019-02-17 09:30:26','2019-02-17 09:30:26',NULL),(70,'PEMBANTU PENILAIAN','W22',NULL,'1','2019-02-17 09:30:26','2019-02-17 09:30:26',NULL),(71,'PEMBANTU PENILAIAN','W26',NULL,'1','2019-02-17 09:30:26','2019-02-17 09:30:26',NULL),(72,'PEMBANTU PENILAIAN (KUP)','W22',NULL,'1','2019-02-17 09:30:26','2019-02-17 09:30:26',NULL),(73,'PEMBANTU PERTANIAN (KUP)','G19',NULL,'1','2019-02-17 09:30:26','2019-02-17 09:30:26',NULL),(74,'PEMBANTU SETIAUSAHA PEJABAT','N19',NULL,'1','2019-02-17 09:30:26','2019-02-17 09:30:26',NULL),(75,'PEMBANTU SETIAUSAHA PEJABAT','N22',NULL,'1','2019-02-17 09:30:26','2019-02-17 09:30:26',NULL),(76,'PEMBANTU TADBIR (PERKERANIAN / OPERAS','N22',NULL,'1','2019-02-17 09:30:26','2019-02-17 09:30:26',NULL),(77,'PEMBANTU TADBIR (PERKERANIAN / OPERASI)','N22',NULL,'1','2019-02-17 09:30:26','2019-02-17 09:30:26',NULL),(78,'PEMBANTU TADBIR (PERKERANIAN/OPERASI)','N19',NULL,'1','2019-02-17 09:30:26','2019-02-17 09:30:26',NULL),(79,'PEMBANTU TADBIR (PERKERANIAN/OPERASI)','N22',NULL,'1','2019-02-17 09:30:26','2019-02-17 09:30:26',NULL),(80,'PEMBANTU TADBIR (PERKERANIAN/OPERASI)','N26',NULL,'1','2019-02-17 09:30:26','2019-02-17 09:30:26',NULL),(81,'PEMBANTU TADBIR (PERKERANIAN/OPERASI) KUP','N22',NULL,'1','2019-02-17 09:30:26','2019-02-17 09:30:26',NULL),(82,'PEMBANTU TADBIR KEWANGAN','W19',NULL,'1','2019-02-17 09:30:26','2019-02-17 09:30:26',NULL),(83,'PEMBANTU TADBIR KEWANGAN','W22',NULL,'1','2019-02-17 09:30:26','2019-02-17 09:30:26',NULL),(84,'PEMBANTU TADBIR KEWANGAN (KUP)','W22',NULL,'1','2019-02-17 09:30:26','2019-02-17 09:30:26',NULL),(85,'PENGAWAL KESELAMATAN','KP11',NULL,'1','2019-02-17 09:30:26','2019-02-17 09:30:26',NULL),(86,'PENGHANTAR NOTIS','N11',NULL,'1','2019-02-17 09:30:26','2019-02-17 09:30:26',NULL),(87,'PENJAGA JENTERA','J19',NULL,'1','2019-02-17 09:30:26','2019-02-17 09:30:26',NULL),(88,'PENOLONG AKAUNTAN','W29',NULL,'1','2019-02-17 09:30:26','2019-02-17 09:30:26',NULL),(89,'PENOLONG AKAUNTAN','W36',NULL,'1','2019-02-17 09:30:26','2019-02-17 09:30:26',NULL),(90,'PENOLONG AKAUNTAN (KUP)','W29',NULL,'1','2019-02-17 09:30:26','2019-02-17 09:30:26',NULL),(91,'PENOLONG ARKITEK LANDSKAP','JA29',NULL,'1','2019-02-17 09:30:26','2019-02-17 09:30:26',NULL),(92,'PENOLONG ARKITEK LANDSKAP','JA36',NULL,'1','2019-02-17 09:30:26','2019-02-17 09:30:26',NULL),(93,'PENOLONG JURUAUDIT','W29',NULL,'1','2019-02-17 09:30:26','2019-02-17 09:30:26',NULL),(94,'PENOLONG JURUAUDIT','W32',NULL,'1','2019-02-17 09:30:26','2019-02-17 09:30:26',NULL),(95,'PENOLONG JURUAUDIT (KUP)','W29',NULL,'1','2019-02-17 09:30:26','2019-02-17 09:30:26',NULL),(96,'PENOLONG JURUTERA','JA29',NULL,'1','2019-02-17 09:30:26','2019-02-17 09:30:26',NULL),(97,'PENOLONG JURUTERA','JA36',NULL,'1','2019-02-17 09:30:26','2019-02-17 09:30:26',NULL),(98,'PENOLONG JURUTERA','JA38',NULL,'1','2019-02-17 09:30:26','2019-02-17 09:30:26',NULL),(99,'PENOLONG JURUUKUR BAHAN','JA29',NULL,'1','2019-02-17 09:30:26','2019-02-17 09:30:26',NULL),(100,'PENOLONG JURUUKUR BAHAN','JA36',NULL,'1','2019-02-17 09:30:26','2019-02-17 09:30:26',NULL),(101,'PENOLONG PEGAWAI BELIA DAN SUKAN','S29',NULL,'1','2019-02-17 09:30:26','2019-02-17 09:30:26',NULL),(102,'PENOLONG PEGAWAI BELIA DAN SUKANAN','S29',NULL,'1','2019-02-17 09:30:26','2019-02-17 09:30:26',NULL),(103,'PENOLONG PEGAWAI KAWALAN ALAM SEKITAR','C29',NULL,'1','2019-02-17 09:30:26','2019-02-17 09:30:26',NULL),(104,'PENOLONG PEGAWAI KAWALAN ALAM SEKITAR','C32',NULL,'1','2019-02-17 09:30:26','2019-02-17 09:30:26',NULL),(105,'PENOLONG PEGAWAI KEBUDAYAAN','B29',NULL,'1','2019-02-17 09:30:26','2019-02-17 09:30:26',NULL),(106,'PENOLONG PEGAWAI KESIHATAN PERSEKITAR','U29',NULL,'1','2019-02-17 09:30:26','2019-02-17 09:30:26',NULL),(107,'PENOLONG PEGAWAI KESIHATAN PERSEKITARAN','U29',NULL,'1','2019-02-17 09:30:26','2019-02-17 09:30:26',NULL),(108,'PENOLONG PEGAWAI KESIHATAN PERSEKITARAN','U32',NULL,'1','2019-02-17 09:30:26','2019-02-17 09:30:26',NULL),(109,'PENOLONG PEGAWAI KESIHATAN PERSEKITARAN','U36',NULL,'1','2019-02-17 09:30:26','2019-02-17 09:30:26',NULL),(110,'PENOLONG PEGAWAI PENERANGAN','S29',NULL,'1','2019-02-17 09:30:26','2019-02-17 09:30:26',NULL),(111,'PENOLONG PEGAWAI PENGUAT KUASA','KP29',NULL,'1','2019-02-17 09:30:26','2019-02-17 09:30:26',NULL),(112,'PENOLONG PEGAWAI PENGUAT KUASA','KP32',NULL,'1','2019-02-17 09:30:26','2019-02-17 09:30:26',NULL),(113,'PENOLONG PEGAWAI PENILAIAN','W29',NULL,'1','2019-02-17 09:30:26','2019-02-17 09:30:26',NULL),(114,'PENOLONG PEGAWAI PENILAIAN','W32',NULL,'1','2019-02-17 09:30:26','2019-02-17 09:30:26',NULL),(115,'PENOLONG PEGAWAI PERANCANG BANDAR DAN DESA','JA29',NULL,'1','2019-02-17 09:30:26','2019-02-17 09:30:26',NULL),(116,'PENOLONG PEGAWAI PERANCANG BANDAR DAN DESA','JA36',NULL,'1','2019-02-17 09:30:26','2019-02-17 09:30:26',NULL),(117,'PENOLONG PEGAWAI PERTANIAN','G29',NULL,'1','2019-02-17 09:30:26','2019-02-17 09:30:26',NULL),(118,'PENOLONG PEGAWAI SENIBINA','JA29',NULL,'1','2019-02-17 09:30:26','2019-02-17 09:30:26',NULL),(119,'PENOLONG PEGAWAI SENIBINA','JA36',NULL,'1','2019-02-17 09:30:26','2019-02-17 09:30:26',NULL),(120,'PENOLONG PEGAWAI TADBIR','N29',NULL,'1','2019-02-17 09:30:26','2019-02-17 09:30:26',NULL),(121,'PENOLONG PEGAWAI TADBIR','N32',NULL,'1','2019-02-17 09:30:26','2019-02-17 09:30:26',NULL),(122,'PENOLONG PEGAWAI TEKNOLOGI MAKLUMAT','FA29',NULL,'1','2019-02-17 09:30:26','2019-02-17 09:30:26',NULL),(123,'PENOLONG PEGAWAI TEKNOLOGI MAKLUMAT','FA32',NULL,'1','2019-02-17 09:30:26','2019-02-17 09:30:26',NULL),(124,'PENOLONG PEGAWAI TEKNOLOGI MAKLUMAT (KUP)','FA29',NULL,'1','2019-02-17 09:30:26','2019-02-17 09:30:26',NULL),(125,'PENOLONG PEGAWAI UNDANG-UNDANG','L29',NULL,'1','2019-02-17 09:30:26','2019-02-17 09:30:26',NULL),(126,'PENOLONG PEGAWAI UNDANG-UNDANG','L32',NULL,'1','2019-02-17 09:30:26','2019-02-17 09:30:26',NULL),(127,'SETIAUSAHA','N54',NULL,'1','2019-02-17 09:30:26','2019-02-17 09:30:26',NULL),(128,'SETIAUSAHA PEJABAT','N29',NULL,'1','2019-02-17 09:30:26','2019-02-17 09:30:26',NULL),(129,'TUKANG K2 (JURUGEGAS) (KUP)','R11',NULL,'1','2019-02-17 09:30:26','2019-02-17 09:30:26',NULL),(130,'YANG DIPERTUA','VU7',NULL,'1','2019-02-17 09:30:26','2019-02-17 09:30:26',NULL);

--
-- Table structure for table `ref_jenis_penerbangan`
--

CREATE TABLE `ref_jenis_penerbangan` (
  `jenis_penerbangan_id` int(11) NOT NULL AUTO_INCREMENT,
  `jenis_penerbangan_desc` varchar(255) NOT NULL,
  `created_at` timestamp NOT NULL DEFAULT CURRENT_TIMESTAMP,
  `updated_at` timestamp NOT NULL DEFAULT CURRENT_TIMESTAMP,
  `deleted_at` timestamp NULL DEFAULT NULL,
  PRIMARY KEY (`jenis_penerbangan_id`)
) ENGINE=InnoDB AUTO_INCREMENT=4 DEFAULT CHARSET=latin1;

--
-- Dumping data for table `ref_jenis_penerbangan`
--

INSERT INTO `ref_jenis_penerbangan` VALUES (1,'PERGI','2019-03-21 19:57:17','2019-03-21 19:57:17',NULL),(2,'BALIK','2019-03-21 19:57:20','2019-03-21 19:57:20',NULL),(3,'PERGI&BALIK','2019-03-21 19:57:34','2019-03-21 19:57:34',NULL);

--
-- Table structure for table `ref_kalendar`
--

CREATE TABLE `ref_kalendar` (
  `kalendar_id` int(11) NOT NULL AUTO_INCREMENT,
  `kalendar_date` date NOT NULL COMMENT 'simpan event date dlm bentuk yyyy-mm-dd',
  `kalendar_desc` longtext NOT NULL,
  `is_active` char(1) NOT NULL DEFAULT '1',
  `created_at` timestamp NULL DEFAULT NULL,
  `updated_at` timestamp NULL DEFAULT CURRENT_TIMESTAMP,
  `deleted_at` timestamp NULL DEFAULT NULL,
  PRIMARY KEY (`kalendar_id`)
) ENGINE=InnoDB DEFAULT CHARSET=latin1;

--
-- Dumping data for table `ref_kalendar`
--


--
-- Table structure for table `ref_location`
--

CREATE TABLE `ref_location` (
  `location_id` int(11) NOT NULL AUTO_INCREMENT,
  `location_desc` varchar(255) DEFAULT NULL,
  `created_at` timestamp NOT NULL DEFAULT CURRENT_TIMESTAMP,
  `updated_at` timestamp NOT NULL DEFAULT CURRENT_TIMESTAMP,
  `deleted_at` timestamp NULL DEFAULT NULL,
  PRIMARY KEY (`location_id`)
) ENGINE=InnoDB AUTO_INCREMENT=18 DEFAULT CHARSET=latin1;

--
-- Dumping data for table `ref_location`
--

INSERT INTO `ref_location` VALUES (1,'KUALA LUMPUR (KUL)','2019-03-20 13:40:51','2019-03-20 13:40:51',NULL),(2,'LANGKAWI (LGK)','2019-03-20 13:40:51','2019-03-20 13:40:51',NULL),(3,'KUCHING (KCH)','2019-03-20 13:40:51','2019-03-20 13:40:51',NULL),(4,'PENANG (PEN)','2019-03-20 13:40:51','2019-03-20 13:40:51',NULL),(5,'KOTA KINABALU (BKI)','2019-03-20 13:40:51','2019-03-20 13:40:51',NULL),(6,'JOHOR BAHRU (JHB)','2019-03-20 13:40:51','2019-03-20 13:40:51',NULL),(7,'SUBANG (SZB)','2019-03-20 13:40:51','2019-03-20 13:40:51',NULL),(8,'ALOR SETAR (AOR)','2019-03-20 13:40:51','2019-03-20 13:40:51',NULL),(9,'KOTA BHARU (KBR)','2019-03-20 13:40:51','2019-03-20 13:40:51',NULL),(10,'KUALA TERENGGANU (TGG)','2019-03-20 13:40:51','2019-03-20 13:40:51',NULL),(11,'IPOH (IPH)','2019-03-20 13:40:51','2019-03-20 13:40:51',NULL),(12,'KUANTAN (KUA)','2019-03-20 13:40:51','2019-03-20 13:40:51',NULL),(13,'SIBU (SBW)','2019-03-20 13:40:51','2019-03-20 13:40:51',NULL),(14,'SANDAKAN (SDK)','2019-03-20 13:40:51','2019-03-20 13:40:51',NULL),(15,'TAWAU (TWU)','2019-03-20 13:40:51','2019-03-20 13:40:51',NULL),(16,'MIRI (MYY)','2019-03-20 13:40:51','2019-03-20 13:40:51',NULL),(17,'Test Lokasi 456','2019-03-20 18:48:06','2019-03-20 18:48:37','2019-03-20 10:48:52');

--
-- Table structure for table `ref_pembangunan`
--

CREATE TABLE `ref_pembangunan` (
  `pembangunan_id` int(11) NOT NULL AUTO_INCREMENT,
  `pembangunan_desc` varchar(255) DEFAULT NULL,
  `created_at` timestamp NOT NULL DEFAULT CURRENT_TIMESTAMP,
  `updated_at` timestamp NOT NULL DEFAULT CURRENT_TIMESTAMP,
  `deleted_at` timestamp NULL DEFAULT NULL,
  PRIMARY KEY (`pembangunan_id`)
) ENGINE=InnoDB AUTO_INCREMENT=5 DEFAULT CHARSET=latin1;

--
-- Dumping data for table `ref_pembangunan`
--

INSERT INTO `ref_pembangunan` VALUES (1,'NPDIR','2019-03-21 19:39:55','2019-03-21 19:39:55',NULL),(2,'PPE','2019-03-21 19:40:05','2019-03-21 19:40:05',NULL),(3,'MBR','2019-03-21 19:40:09','2019-03-21 19:40:09',NULL),(4,'PTPS','2019-03-21 19:40:22','2019-03-21 19:40:22',NULL);

--
-- Table structure for table `ref_race`
--

CREATE TABLE `ref_race` (
  `race_id` int(11) NOT NULL AUTO_INCREMENT,
  `race_desc` varchar(50) NOT NULL,
  `created_at` timestamp NULL DEFAULT NULL,
  `updated_at` timestamp NOT NULL DEFAULT CURRENT_TIMESTAMP,
  `deleted_at` timestamp NULL DEFAULT NULL,
  PRIMARY KEY (`race_id`,`updated_at`)
) ENGINE=InnoDB AUTO_INCREMENT=5 DEFAULT CHARSET=latin1;

--
-- Dumping data for table `ref_race`
--

INSERT INTO `ref_race` VALUES (1,'Melayu','2018-12-04 13:29:28','2018-12-04 13:29:07',NULL),(2,'Cina','2018-12-04 13:29:31','2018-12-04 13:29:09',NULL),(3,'India','2018-12-04 13:29:36','2018-12-04 13:29:13',NULL),(4,'Lain-lain','2018-12-04 13:29:39','2018-12-04 13:29:18',NULL);

--
-- Table structure for table `ref_religion`
--

CREATE TABLE `ref_religion` (
  `religion_id` int(11) NOT NULL AUTO_INCREMENT,
  `religion_desc` varchar(50) NOT NULL,
  `created_at` timestamp NULL DEFAULT NULL,
  `updated_at` timestamp NOT NULL DEFAULT CURRENT_TIMESTAMP,
  `deleted_at` timestamp NULL DEFAULT NULL,
  PRIMARY KEY (`religion_id`,`updated_at`)
) ENGINE=InnoDB AUTO_INCREMENT=6 DEFAULT CHARSET=latin1;

--
-- Dumping data for table `ref_religion`
--

INSERT INTO `ref_religion` VALUES (1,'Islam','2018-12-04 13:28:12','2018-12-04 13:28:12',NULL),(2,'Kristian','2018-12-04 13:28:12','2018-12-04 13:28:19',NULL),(3,'Buddha','2018-12-04 13:28:12','2018-12-04 13:28:22',NULL),(4,'Hindu','2018-12-04 13:28:12','2018-12-04 13:28:26',NULL),(5,'Lain-lain','2018-12-04 13:28:12','2018-12-04 13:28:43',NULL);

--
-- Table structure for table `ref_unit`
--

CREATE TABLE `ref_unit` (
  `unit_id` int(11) NOT NULL AUTO_INCREMENT,
  `unit_desc` varchar(200) NOT NULL,
  `is_active` char(1) NOT NULL DEFAULT '1',
  `created_at` timestamp NULL DEFAULT NULL,
  `updated_at` timestamp NULL DEFAULT CURRENT_TIMESTAMP,
  `deleted_at` timestamp NULL DEFAULT NULL,
  PRIMARY KEY (`unit_id`)
) ENGINE=InnoDB DEFAULT CHARSET=latin1;

--
-- Dumping data for table `ref_unit`
--


--
-- Table structure for table `ref_unit_bahagian`
--

CREATE TABLE `ref_unit_bahagian` (
  `unit_bahagian_id` int(11) NOT NULL AUTO_INCREMENT,
  `unit_bahagian_desc` varchar(100) NOT NULL,
  `created_at` timestamp NOT NULL DEFAULT CURRENT_TIMESTAMP,
  `updated_at` timestamp NOT NULL DEFAULT CURRENT_TIMESTAMP,
  `deleted_at` timestamp NULL DEFAULT NULL,
  PRIMARY KEY (`unit_bahagian_id`)
) ENGINE=InnoDB AUTO_INCREMENT=32 DEFAULT CHARSET=latin1;

--
-- Dumping data for table `ref_unit_bahagian`
--

INSERT INTO `ref_unit_bahagian` VALUES (1,'DGO','2019-03-20 13:27:46','2019-03-20 13:27:46',NULL),(2,'DMO','2019-03-20 13:27:57','2019-03-20 13:27:57',NULL),(3,'CPD','2019-03-20 13:28:02','2019-03-20 13:28:02',NULL),(4,'MSF','2019-03-20 13:28:06','2019-03-20 13:28:06',NULL),(5,'PCD','2019-03-20 13:28:11','2019-03-20 13:28:11',NULL),(6,'QED','2019-03-20 13:28:18','2019-03-20 13:28:18',NULL),(7,'Derfr','2019-03-20 19:23:51','2019-03-20 19:24:31','2019-03-20 11:24:46'),(8,'ADM','2019-03-21 12:27:29','2019-03-21 12:27:29',NULL),(9,'AST','2019-03-21 12:27:29','2019-03-21 12:27:29',NULL),(10,'BTI','2019-03-21 12:27:29','2019-03-21 12:27:29',NULL),(11,'CRO','2019-03-21 12:27:29','2019-03-21 12:27:29',NULL),(12,'CSU','2019-03-21 12:27:29','2019-03-21 12:27:29',NULL),(13,'ECR','2019-03-21 12:27:29','2019-03-21 12:27:29',NULL),(14,'ECRK','2019-03-21 12:27:29','2019-03-21 12:27:29',NULL),(15,'ECRT','2019-03-21 12:27:29','2019-03-21 12:27:29',NULL),(16,'HRMD','2019-03-21 12:27:29','2019-03-21 12:27:29',NULL),(17,'ITR','2019-03-21 12:27:29','2019-03-21 12:27:29',NULL),(18,'KEW','2019-03-21 12:27:29','2019-03-21 12:27:29',NULL),(19,'LIC','2019-03-21 12:27:29','2019-03-21 12:27:29',NULL),(20,'MEDIA','2019-03-21 12:27:30','2019-03-21 12:27:30',NULL),(21,'MIT','2019-03-21 12:27:30','2019-03-21 12:27:30',NULL),(22,'MKTG','2019-03-21 12:27:30','2019-03-21 12:27:30',NULL),(23,'NRO','2019-03-21 12:27:30','2019-03-21 12:27:30',NULL),(24,'PCK','2019-03-21 12:27:30','2019-03-21 12:27:30',NULL),(25,'PCT','2019-03-21 12:27:30','2019-03-21 12:27:30',NULL),(26,'PEMUDAH','2019-03-21 12:27:30','2019-03-21 12:27:30',NULL),(27,'SBO','2019-03-21 12:27:30','2019-03-21 12:27:30',NULL),(28,'SKO','2019-03-21 12:27:30','2019-03-21 12:27:30',NULL),(29,'SR','2019-03-21 12:27:30','2019-03-21 12:27:30',NULL),(30,'SRO','2019-03-21 12:27:30','2019-03-21 12:27:30',NULL),(31,'UAD','2019-03-21 12:27:30','2019-03-21 12:27:30',NULL);

--
-- Table structure for table `role_has_permissions`
--

CREATE TABLE `role_has_permissions` (
  `permission_id` int(10) unsigned NOT NULL,
  `role_id` int(10) unsigned NOT NULL,
  PRIMARY KEY (`permission_id`,`role_id`),
  KEY `role_has_permissions_role_id_foreign` (`role_id`),
  CONSTRAINT `role_has_permissions_permission_id_foreign` FOREIGN KEY (`permission_id`) REFERENCES `permissions` (`id`) ON DELETE CASCADE,
  CONSTRAINT `role_has_permissions_role_id_foreign` FOREIGN KEY (`role_id`) REFERENCES `roles` (`id`) ON DELETE CASCADE
) ENGINE=InnoDB DEFAULT CHARSET=utf8 COLLATE=utf8_unicode_ci ROW_FORMAT=DYNAMIC COMMENT='ACL related';

--
-- Dumping data for table `role_has_permissions`
--

INSERT INTO `role_has_permissions` VALUES (13,1),(13,2),(13,6),(13,7),(13,8),(14,1),(14,2),(15,1),(15,2),(16,1),(16,2),(16,6),(16,7),(16,8),(17,1),(18,1),(19,1),(20,1),(21,1),(22,1),(22,2),(29,1),(29,2),(30,1),(30,2),(101,1),(101,2),(104,1),(104,2),(108,1),(108,2),(108,6),(108,7),(108,8),(121,1),(121,2),(123,1),(123,2),(124,1),(124,2),(125,1),(125,2),(126,1),(126,2),(127,1),(127,2),(128,1),(128,2),(129,6),(129,7),(129,8),(130,1),(130,2),(130,6),(130,7),(130,8),(131,1),(131,6),(131,7),(132,1),(132,2);

--
-- Table structure for table `roles`
--

CREATE TABLE `roles` (
  `id` int(10) unsigned NOT NULL AUTO_INCREMENT,
  `name` varchar(255) COLLATE utf8_unicode_ci NOT NULL,
  `description` longtext COLLATE utf8_unicode_ci,
  `created_at` timestamp NULL DEFAULT NULL,
  `updated_at` timestamp NULL DEFAULT NULL,
  `deleted_at` timestamp NULL DEFAULT NULL,
  PRIMARY KEY (`id`),
  UNIQUE KEY `roles_name_unique` (`name`)
) ENGINE=InnoDB AUTO_INCREMENT=9 DEFAULT CHARSET=utf8 COLLATE=utf8_unicode_ci ROW_FORMAT=DYNAMIC COMMENT='ACL related';

--
-- Dumping data for table `roles`
--

INSERT INTO `roles` VALUES (1,'superadmin','Super System Administrator','2018-04-03 13:56:05','2018-04-03 13:56:05',NULL),(2,'admin','Pentadbir Sistem','2018-04-03 13:56:55','2018-04-03 13:56:55',NULL),(6,'director','Pengarah','2019-03-21 06:20:11','2019-03-21 06:20:14',NULL),(7,'approver','Pelulus','2019-03-21 06:20:14','2019-03-21 06:20:14',NULL),(8,'officer','Pegawai','2019-03-21 06:20:14','2019-03-21 06:20:14',NULL);

--
-- Table structure for table `upload`
--

CREATE TABLE `upload` (
  `upload_id` int(11) NOT NULL AUTO_INCREMENT,
  `upload_model` varchar(50) NOT NULL COMMENT '1-fromcomplaint,2-fromemergency',
  `upload_model_id` int(11) NOT NULL,
  `upload_path` varchar(50) NOT NULL,
  `upload_filename` varchar(200) NOT NULL,
  `upload_type` char(1) DEFAULT NULL COMMENT 'merchant: 1-logo,2-flyer,3-storefront,4-background,5-banner,6-CMS image,7-CMS document,8-CMS video, 9-CMS audio',
  `upload_imagetype` varchar(20) DEFAULT NULL COMMENT 'thumbnail, feature, original',
  `upload_imageid` longtext COMMENT 'this will be used during delete action. this id generate based on encrypt filename',
  `created_at` timestamp NOT NULL DEFAULT CURRENT_TIMESTAMP,
  `updated_at` timestamp NOT NULL DEFAULT '0000-00-00 00:00:00',
  `deleted_at` timestamp NULL DEFAULT NULL,
  PRIMARY KEY (`upload_id`)
) ENGINE=InnoDB AUTO_INCREMENT=10 DEFAULT CHARSET=latin1;

--
-- Dumping data for table `upload`
--

INSERT INTO `upload` VALUES (1,'UserModel',78,'/uploads/users/','78_20181227035351_users.jpg',NULL,NULL,NULL,'2018-12-27 03:53:51','2018-12-27 03:53:51',NULL),(2,'UserModel',165,'/uploads/users/','165_20190130001528_users.jpg',NULL,NULL,NULL,'2019-01-30 00:15:28','2019-01-30 00:15:28',NULL),(5,'PermohonanModel',1,'/uploads/bomfile/','1_20190323060247_failbom.pdf','1',NULL,NULL,'2019-03-23 06:02:47','2019-03-23 06:02:47',NULL),(6,'PermohonanModel',2,'/uploads/bomfile/','Permohonan_20190323062353_2.pdf','1',NULL,NULL,'2019-03-23 06:23:53','2019-03-23 06:23:53',NULL),(7,'PermohonanModel',3,'/uploads/bomfile/','Permohonan_20190323062753_3.pdf','1',NULL,NULL,'2019-03-23 06:27:53','2019-03-23 06:27:53','2019-03-22 23:07:08'),(8,'PermohonanModel',4,'/uploads/bomfile/','Permohonan_20190323075803_4.pdf','1',NULL,NULL,'2019-03-23 07:58:03','2019-03-23 07:58:03',NULL),(9,'PermohonanModel',5,'/uploads/bomfile/','Permohonan_20190323084906_5.pdf','1',NULL,NULL,'2019-03-23 08:49:06','2019-03-23 08:49:06',NULL);

--
-- Table structure for table `user_has_permissions`
--

CREATE TABLE `user_has_permissions` (
  `user_id` int(10) unsigned NOT NULL,
  `permission_id` int(10) unsigned NOT NULL,
  PRIMARY KEY (`user_id`,`permission_id`),
  KEY `user_has_permissions_permission_id_foreign` (`permission_id`),
  CONSTRAINT `user_has_permissions_permission_id_foreign` FOREIGN KEY (`permission_id`) REFERENCES `permissions` (`id`) ON DELETE CASCADE,
  CONSTRAINT `user_has_permissions_user_id_foreign` FOREIGN KEY (`user_id`) REFERENCES `users` (`id`) ON DELETE CASCADE
) ENGINE=InnoDB DEFAULT CHARSET=utf8 COLLATE=utf8_unicode_ci ROW_FORMAT=DYNAMIC COMMENT='ACL related';

--
-- Dumping data for table `user_has_permissions`
--


--
-- Table structure for table `user_has_roles`
--

CREATE TABLE `user_has_roles` (
  `role_id` int(10) unsigned NOT NULL,
  `user_id` int(10) unsigned NOT NULL,
  PRIMARY KEY (`role_id`,`user_id`),
  KEY `user_has_roles_user_id_foreign` (`user_id`),
  CONSTRAINT `user_has_roles_role_id_foreign` FOREIGN KEY (`role_id`) REFERENCES `roles` (`id`) ON DELETE CASCADE,
  CONSTRAINT `user_has_roles_user_id_foreign` FOREIGN KEY (`user_id`) REFERENCES `users` (`id`) ON DELETE CASCADE
) ENGINE=InnoDB DEFAULT CHARSET=utf8 COLLATE=utf8_unicode_ci ROW_FORMAT=DYNAMIC COMMENT='ACL related';

--
-- Dumping data for table `user_has_roles`
--

INSERT INTO `user_has_roles` VALUES (1,1),(2,1),(2,2),(2,46),(2,318),(2,515),(6,129),(7,9),(7,36),(7,319),(7,320),(8,3),(8,4),(8,5),(8,6),(8,7),(8,8),(8,10),(8,11),(8,12),(8,13),(8,14),(8,15),(8,16),(8,17),(8,18),(8,19),(8,20),(8,21),(8,22),(8,23),(8,24),(8,25),(8,26),(8,27),(8,28),(8,29),(8,30),(8,31),(8,32),(8,33),(8,34),(8,35),(8,37),(8,38),(8,39),(8,40),(8,41),(8,42),(8,43),(8,44),(8,45),(8,47),(8,48),(8,49),(8,50),(8,51),(8,52),(8,53),(8,54),(8,55),(8,56),(8,57),(8,58),(8,59),(8,60),(8,61),(8,62),(8,63),(8,64),(8,65),(8,66),(8,67),(8,68),(8,69),(8,70),(8,71),(8,72),(8,73),(8,74),(8,75),(8,76),(8,77),(8,78),(8,79),(8,80),(8,81),(8,82),(8,83),(8,84),(8,85),(8,86),(8,87),(8,88),(8,89),(8,90),(8,91),(8,92),(8,93),(8,94),(8,95),(8,96),(8,97),(8,98),(8,99),(8,100),(8,101),(8,102),(8,103),(8,104),(8,105),(8,106),(8,107),(8,108),(8,109),(8,110),(8,111),(8,112),(8,113),(8,114),(8,115),(8,116),(8,117),(8,118),(8,119),(8,120),(8,121),(8,122),(8,123),(8,124),(8,125),(8,126),(8,127),(8,128),(8,130),(8,131),(8,132),(8,133),(8,134),(8,135),(8,136),(8,137),(8,138),(8,139),(8,140),(8,141),(8,142),(8,143),(8,144),(8,145),(8,146),(8,147),(8,148),(8,149),(8,150),(8,151),(8,152),(8,153),(8,154),(8,155),(8,156),(8,157),(8,158),(8,159),(8,160),(8,161),(8,162),(8,163),(8,164),(8,165),(8,166),(8,167),(8,168),(8,169),(8,170),(8,171),(8,172),(8,173),(8,174),(8,175),(8,176),(8,177),(8,178),(8,179),(8,180),(8,181),(8,182),(8,183),(8,184),(8,185),(8,186),(8,187),(8,188),(8,189),(8,190),(8,191),(8,192),(8,193),(8,194),(8,195),(8,196),(8,197),(8,198),(8,199),(8,200),(8,201),(8,202),(8,203),(8,204),(8,205),(8,206),(8,207),(8,208),(8,209),(8,210),(8,211),(8,212),(8,213),(8,214),(8,215),(8,216),(8,217),(8,218),(8,219),(8,220),(8,221),(8,222),(8,223),(8,224),(8,225),(8,226),(8,227),(8,228),(8,229),(8,230),(8,231),(8,232),(8,233),(8,234),(8,235),(8,236),(8,237),(8,238),(8,239),(8,240),(8,241),(8,242),(8,243),(8,244),(8,245),(8,246),(8,247),(8,248),(8,249),(8,250),(8,251),(8,252),(8,253),(8,254),(8,255),(8,256),(8,257),(8,258),(8,259),(8,260),(8,261),(8,262),(8,263),(8,264),(8,265),(8,266),(8,267),(8,268),(8,269),(8,270),(8,271),(8,272),(8,273),(8,274),(8,275),(8,276),(8,277),(8,278),(8,279),(8,280),(8,281),(8,282),(8,283),(8,284),(8,285),(8,286),(8,287),(8,288),(8,289),(8,290),(8,291),(8,292),(8,293),(8,294),(8,295),(8,296),(8,297),(8,298),(8,299),(8,300),(8,301),(8,302),(8,303),(8,304),(8,305),(8,306),(8,307),(8,308),(8,309),(8,310),(8,311),(8,312),(8,313),(8,314),(8,315),(8,316),(8,317),(8,514);

--
-- Table structure for table `user_ori`
--

CREATE TABLE `user_ori` (
  `id` bigint(20) NOT NULL AUTO_INCREMENT,
  `password` varchar(255) DEFAULT NULL,
  `username` varchar(255) DEFAULT NULL,
  `email` varchar(255) DEFAULT NULL,
  `jawatan` varchar(255) DEFAULT NULL,
  `nama_pengurus` varchar(255) DEFAULT NULL,
  `nama_staff` varchar(255) DEFAULT NULL,
  `nokp` varchar(255) DEFAULT NULL,
  `no_telefon` varchar(255) DEFAULT NULL,
  `staff_no` varchar(255) DEFAULT NULL,
  `status` varchar(255) DEFAULT NULL,
  `unit` varchar(255) DEFAULT NULL,
  `password_confirm` varchar(255) DEFAULT NULL,
  `passport` varchar(255) DEFAULT NULL,
  `user_jawatan` varchar(255) DEFAULT NULL,
  `cawangan` varchar(255) DEFAULT NULL,
  `enrich_no` varchar(255) DEFAULT NULL,
  `ref_jawatan_id` bigint(20) NOT NULL,
  PRIMARY KEY (`id`)
) ENGINE=InnoDB AUTO_INCREMENT=354 DEFAULT CHARSET=latin1;

--
-- Dumping data for table `user_ori`
--

INSERT INTO `user_ori` VALUES (36,'$2a$10$2CdPzeV5WF79rPoJbXsbp.c.iQMx26caUfAuL8vWfvKlxmGOB4oB2','620310035231','razak@mpc.gov.my',NULL,'Hj. Burhanuddin Saidin','Ab. Razak Salleh','620310035231','','2112','Aktif','4',NULL,'',NULL,'2','',2),(37,'$2a$10$XjuS3owABOhkE01/HYV84uF37wEX4EwzYOAvX5TYZY8u5VlSPEhUq','881113136047',NULL,NULL,'Dato\' Hj. Abd. Latif Hj. Abu Seman','Abang Nurfadli Abang Yusuf','881113136047','','1602','Aktif','1',NULL,'',NULL,'2','',1),(38,'$2a$10$bHYNyXTyIjLz0tMmzzpHM.Rp8dOvYIl0c2ICboxUWW1GsvMB5noKO','641129055193',NULL,NULL,NULL,'Abdollah Talib','641129055193',NULL,'2113','Aktif','16',NULL,NULL,NULL,NULL,NULL,1),(39,'$2a$10$2yVM21WcSrys0TMJBegOhee3UFOlEHJWeutdr6SpSkQMBBRuK4lfC','810825045057',NULL,NULL,'Ibrahim bin Ali','Abdul Hadi Ishak','810825045057','','2971','Aktif','1',NULL,'',NULL,'3','',1),(40,'$2a$10$bHYNyXTyIjLz0tMmzzpHM.Rp8dOvYIl0c2ICboxUWW1GsvMB5noKO','840515145893',NULL,NULL,NULL,'Abdul Hakim bin Mohamad Sharif','840515145893',NULL,'3043','Aktif','25',NULL,NULL,NULL,NULL,NULL,1),(41,'$2a$10$bHYNyXTyIjLz0tMmzzpHM.Rp8dOvYIl0c2ICboxUWW1GsvMB5noKO','810328145225',NULL,NULL,NULL,'Abdul Karim Abdul Halim','810328145225',NULL,'2970','Aktif','8',NULL,NULL,NULL,NULL,NULL,1),(42,'$2a$10$veaDrK6g4CQpbJ/A./Wolu8f.YOH5RFA3FI5P8MTw2pKN35iPc8TC','610529065073','akmar@mpc.gov.my',NULL,'Dato\' Hj. Abd. Latif Hj. Abu Seman','Dato\' Hj. Abd. Latif Hj. Abu Seman','610529065073','','1179','Aktif','5',NULL,'',NULL,'2','',7),(43,'$2a$10$bHYNyXTyIjLz0tMmzzpHM.Rp8dOvYIl0c2ICboxUWW1GsvMB5noKO','600723135435',NULL,NULL,NULL,'Abdul Latif Hussein','600723135435',NULL,'2061','Aktif','28',NULL,NULL,NULL,NULL,NULL,1),(44,'$2a$10$vdGmqSoTLyg0ER4E5mJCsefUr9mD5.JylPncuVrYuqrZTTmfd4Xa2','690206045185',NULL,NULL,'Pengarah','Abdul Malek Mohamad Aripin','690206045185','','1407','Aktif','1',NULL,'',NULL,'2','',8),(45,'$2a$10$xqeQ9GGpjOLyIMEnSLPqqu.Ez0Fs/nv1WFIqNTE8nY2eYFCbrcXNu','850207065305','quyun@mpc.gov.my',NULL,'Hj. Burhanuddin Saidin','Abdul Quyun Mansor','850207065305','','3114','Aktif','4',NULL,'',NULL,'2','',6),(46,'$2a$10$bHYNyXTyIjLz0tMmzzpHM.Rp8dOvYIl0c2ICboxUWW1GsvMB5noKO','850106055140',NULL,NULL,NULL,'Abigail Subatra a/p Anbalakan','850106055140',NULL,'1589','Aktif','17',NULL,NULL,NULL,NULL,NULL,1),(47,'$2a$10$bHYNyXTyIjLz0tMmzzpHM.Rp8dOvYIl0c2ICboxUWW1GsvMB5noKO','781031075342',NULL,NULL,NULL,'Adlina Snawi','781031075342',NULL,'1434','Aktif','23',NULL,NULL,NULL,NULL,NULL,1),(48,'$2a$10$bHYNyXTyIjLz0tMmzzpHM.Rp8dOvYIl0c2ICboxUWW1GsvMB5noKO','860818355343',NULL,NULL,NULL,'Ahmad Fathan Abdul Rahim','860818355343',NULL,'1652','Aktif','23',NULL,NULL,NULL,NULL,NULL,1),(49,'$2a$10$bHYNyXTyIjLz0tMmzzpHM.Rp8dOvYIl0c2ICboxUWW1GsvMB5noKO','790805115235',NULL,NULL,NULL,'Ahmad Harris Abdullah','790805115235',NULL,'1495','Aktif','29',NULL,NULL,NULL,NULL,NULL,1),(50,'$2a$10$bHYNyXTyIjLz0tMmzzpHM.Rp8dOvYIl0c2ICboxUWW1GsvMB5noKO','891020015691',NULL,NULL,NULL,'Aiman Zakwan Zahari','891020015691',NULL,'1594','Aktif','24',NULL,NULL,NULL,NULL,NULL,1),(51,'$2a$10$bHYNyXTyIjLz0tMmzzpHM.Rp8dOvYIl0c2ICboxUWW1GsvMB5noKO','801211105313',NULL,NULL,NULL,'Aizulhisham Mat Menan','801211105313',NULL,'3013','Aktif','9',NULL,NULL,NULL,NULL,NULL,1),(52,'$2a$10$bHYNyXTyIjLz0tMmzzpHM.Rp8dOvYIl0c2ICboxUWW1GsvMB5noKO','790723075671',NULL,NULL,NULL,'Akmar Ashaari','790723075671',NULL,'2990','Aktif','8',NULL,NULL,NULL,NULL,NULL,1),(53,'$2a$10$bHYNyXTyIjLz0tMmzzpHM.Rp8dOvYIl0c2ICboxUWW1GsvMB5noKO','780407145421',NULL,NULL,NULL,'Al Hisyam Abdul Halim','780407145421',NULL,'1565','Aktif',NULL,NULL,NULL,NULL,NULL,NULL,1),(54,'$2a$10$bHYNyXTyIjLz0tMmzzpHM.Rp8dOvYIl0c2ICboxUWW1GsvMB5noKO','630805135268',NULL,NULL,NULL,'Aluyah Suhaili','630805135268',NULL,'2123','Aktif','28',NULL,NULL,NULL,NULL,NULL,1),(55,'$2a$10$bHYNyXTyIjLz0tMmzzpHM.Rp8dOvYIl0c2ICboxUWW1GsvMB5noKO','870118086399',NULL,NULL,NULL,'Amirul Qamar Zakaria','870118086399',NULL,'3113','Aktif','9',NULL,NULL,NULL,NULL,NULL,1),(56,'$2a$10$bHYNyXTyIjLz0tMmzzpHM.Rp8dOvYIl0c2ICboxUWW1GsvMB5noKO','850708145936',NULL,NULL,NULL,'Anis Marina Abd. Wahab','850708145936',NULL,'1591','Aktif','24',NULL,NULL,NULL,NULL,NULL,1),(57,'$2a$10$bHYNyXTyIjLz0tMmzzpHM.Rp8dOvYIl0c2ICboxUWW1GsvMB5noKO','730601715226',NULL,NULL,NULL,'Asmahan Othman','730601715226',NULL,'1429','Aktif',NULL,NULL,NULL,NULL,NULL,NULL,1),(58,'$2a$10$bHYNyXTyIjLz0tMmzzpHM.Rp8dOvYIl0c2ICboxUWW1GsvMB5noKO','800318035293',NULL,NULL,NULL,'Asmawadi Mohamed','800318035293',NULL,'1501','Aktif','11',NULL,NULL,NULL,NULL,NULL,1),(59,'$2a$10$bHYNyXTyIjLz0tMmzzpHM.Rp8dOvYIl0c2ICboxUWW1GsvMB5noKO','890925035094',NULL,NULL,NULL,'Athirah Ishak','890925035094',NULL,'1657','Aktif','23',NULL,NULL,NULL,NULL,NULL,1),(60,'$2a$10$bHYNyXTyIjLz0tMmzzpHM.Rp8dOvYIl0c2ICboxUWW1GsvMB5noKO','721110125470',NULL,NULL,NULL,'Ati Djam Seri Montoi','721110125470',NULL,'1433','Aktif',NULL,NULL,NULL,NULL,NULL,NULL,1),(61,'$2a$10$bHYNyXTyIjLz0tMmzzpHM.Rp8dOvYIl0c2ICboxUWW1GsvMB5noKO','620807125523',NULL,NULL,NULL,'Awang Udin Kanda','620807125523',NULL,'2124','Aktif','27',NULL,NULL,NULL,NULL,NULL,1),(62,'$2a$10$bHYNyXTyIjLz0tMmzzpHM.Rp8dOvYIl0c2ICboxUWW1GsvMB5noKO','740621715142',NULL,NULL,NULL,'Azhani Ismail','740621715142',NULL,'1424','Aktif','14',NULL,NULL,NULL,NULL,NULL,1),(63,'$2a$10$bHYNyXTyIjLz0tMmzzpHM.Rp8dOvYIl0c2ICboxUWW1GsvMB5noKO','820910105084',NULL,NULL,NULL,'Azimah Adnan','820910105084',NULL,'1531','Aktif',NULL,NULL,NULL,NULL,NULL,NULL,1),(64,'$2a$10$PAyA9XNVzX99mXMyQBhY6uRq6pZn.y0LMPejObNOL5bFoP9Hg1tKS','871121295452','azira@mpc.gov.my',NULL,'Hj. Burhanuddin Saidin','Azira Mohamed Hodzai','871121295452','0179841606','1580','Aktif','4',NULL,'A23387932',NULL,'2','',1),(65,'$2a$10$bHYNyXTyIjLz0tMmzzpHM.Rp8dOvYIl0c2ICboxUWW1GsvMB5noKO','590613055315',NULL,NULL,NULL,'Azizan Omar','590613055315',NULL,'2069','Aktif','8',NULL,NULL,NULL,NULL,NULL,1),(66,'$2a$10$bHYNyXTyIjLz0tMmzzpHM.Rp8dOvYIl0c2ICboxUWW1GsvMB5noKO','600518106299',NULL,NULL,NULL,'Azlan Kassim','600518106299',NULL,'1197','Aktif',NULL,NULL,NULL,NULL,NULL,NULL,1),(67,'$2a$10$bHYNyXTyIjLz0tMmzzpHM.Rp8dOvYIl0c2ICboxUWW1GsvMB5noKO','771102145856',NULL,NULL,NULL,'Azlin Mohd Alias','771102145856',NULL,'1462','Aktif',NULL,NULL,NULL,NULL,NULL,NULL,1),(68,'$2a$10$bHYNyXTyIjLz0tMmzzpHM.Rp8dOvYIl0c2ICboxUWW1GsvMB5noKO','591116055239',NULL,NULL,NULL,'Bahar Musa','591116055239',NULL,'2051','Aktif','11',NULL,NULL,NULL,NULL,NULL,1),(69,'$2a$10$tAdoREWFY0fvu3QDzOy3NO.eDZ6i6BVHeF.AVcxkgAHsWDyWH45jC','601103085419','suhaimi_robini@mpc.gov.my',NULL,'Dato\' Hj. Abd. Latif Hj. Abu Seman','Hj. Burhanuddin Saidin','601103085419','','1199','Aktif','4',NULL,'',NULL,'2','',11),(70,'$2a$10$bHYNyXTyIjLz0tMmzzpHM.Rp8dOvYIl0c2ICboxUWW1GsvMB5noKO','850809045416',NULL,NULL,NULL,'Cham Yin Hwa','850809045416',NULL,'1572','Aktif','25',NULL,NULL,NULL,NULL,NULL,1),(71,'$2a$10$bHYNyXTyIjLz0tMmzzpHM.Rp8dOvYIl0c2ICboxUWW1GsvMB5noKO','821110105937',NULL,NULL,NULL,'Darul Adizul Ishak','821110105937',NULL,'1556','Aktif','27',NULL,NULL,NULL,NULL,NULL,1),(72,'$2a$10$bHYNyXTyIjLz0tMmzzpHM.Rp8dOvYIl0c2ICboxUWW1GsvMB5noKO','650523015733',NULL,NULL,NULL,'Dr. Daud Talib','650523015733',NULL,'1277','Aktif',NULL,NULL,NULL,NULL,NULL,NULL,1),(73,'$2a$10$bHYNyXTyIjLz0tMmzzpHM.Rp8dOvYIl0c2ICboxUWW1GsvMB5noKO','671215106089',NULL,NULL,NULL,'Eamizan Hasim','671215106089',NULL,'1340','Aktif','31',NULL,NULL,NULL,NULL,NULL,1),(74,'$2a$10$bHYNyXTyIjLz0tMmzzpHM.Rp8dOvYIl0c2ICboxUWW1GsvMB5noKO','750707125521',NULL,NULL,NULL,'Edward Binty','750707125521',NULL,'1435','Aktif','27',NULL,NULL,NULL,NULL,NULL,1),(75,'$2a$10$Azo8ryU85bxnT9PcZ31gNedf8pegLkPwcytTQmFPXgBBXAL1vKJXW','760622145362','ellma@mpc.gov.my',NULL,'Dato\' Hj. Abd. Latif Hj. Abu Seman','Ellma Eddiahwati Musa','760622145362','','3067','Aktif','5',NULL,'',NULL,'2','',9),(76,'$2a$10$bHYNyXTyIjLz0tMmzzpHM.Rp8dOvYIl0c2ICboxUWW1GsvMB5noKO','730506015053',NULL,NULL,NULL,'Faizul Mohamed','730506015053',NULL,'2995','Aktif','30',NULL,NULL,NULL,NULL,NULL,1),(77,'$2a$10$bHYNyXTyIjLz0tMmzzpHM.Rp8dOvYIl0c2ICboxUWW1GsvMB5noKO','790904085772',NULL,NULL,NULL,'Fara Salinda Ayu Halim','790904085772',NULL,'3072','Aktif','31',NULL,NULL,NULL,NULL,NULL,1),(78,'$2a$10$bHYNyXTyIjLz0tMmzzpHM.Rp8dOvYIl0c2ICboxUWW1GsvMB5noKO','780714085668',NULL,NULL,NULL,'Fara Suraya Hani Halim','780714085668',NULL,'3014','Aktif',NULL,NULL,NULL,NULL,NULL,NULL,1),(79,'$2a$10$H/qrA1/QatpL4fY73sw3JuMiVaUGTRoYbDNMAx32HAKpuy1J2MsH.','820812105056','diyana@mpc.gov.my',NULL,'Hj. Burhanuddin Saidin','Farah Diyana Derma Dewa','820812105056','0173969800','3115','Aktif','4',NULL,'',NULL,'2','',13),(80,'$2a$10$bHYNyXTyIjLz0tMmzzpHM.Rp8dOvYIl0c2ICboxUWW1GsvMB5noKO','811203015456',NULL,NULL,NULL,'Farah Sazarina Othman','811203015456',NULL,'2964','Aktif','25',NULL,NULL,NULL,NULL,NULL,1),(81,'$2a$10$bHYNyXTyIjLz0tMmzzpHM.Rp8dOvYIl0c2ICboxUWW1GsvMB5noKO','730617105449',NULL,NULL,NULL,'Farhan Abdullah','730617105449',NULL,'3044','Aktif',NULL,NULL,NULL,NULL,NULL,NULL,1),(82,'$2a$10$bHYNyXTyIjLz0tMmzzpHM.Rp8dOvYIl0c2ICboxUWW1GsvMB5noKO','760308065380',NULL,NULL,NULL,'Faridah Taju Rahim','760308065380',NULL,'1451','Aktif','13',NULL,NULL,NULL,NULL,NULL,1),(83,'$2a$10$bHYNyXTyIjLz0tMmzzpHM.Rp8dOvYIl0c2ICboxUWW1GsvMB5noKO','790625105398',NULL,NULL,NULL,'Fauziah Ahmad Nawawi','790625105398',NULL,'2973','Aktif','9',NULL,NULL,NULL,NULL,NULL,1),(84,'$2a$10$bHYNyXTyIjLz0tMmzzpHM.Rp8dOvYIl0c2ICboxUWW1GsvMB5noKO','660107065028',NULL,NULL,NULL,'Fauziah Manaf','660107065028',NULL,'2563','Aktif',NULL,NULL,NULL,NULL,NULL,NULL,1),(85,'$2a$10$bHYNyXTyIjLz0tMmzzpHM.Rp8dOvYIl0c2ICboxUWW1GsvMB5noKO','720323015326',NULL,NULL,NULL,'Fauziah Sakiman','720323015326',NULL,'2659','Aktif','30',NULL,NULL,NULL,NULL,NULL,1),(86,'$2a$10$bHYNyXTyIjLz0tMmzzpHM.Rp8dOvYIl0c2ICboxUWW1GsvMB5noKO','810813135258',NULL,NULL,NULL,'Fizalawati Amin','810813135258',NULL,'3078','Aktif','28',NULL,NULL,NULL,NULL,NULL,1),(87,'$2a$10$bHYNyXTyIjLz0tMmzzpHM.Rp8dOvYIl0c2ICboxUWW1GsvMB5noKO','811010105092',NULL,NULL,NULL,'Hafiza Atha Ahmad','811010105092',NULL,'1496','Aktif',NULL,NULL,NULL,NULL,NULL,NULL,1),(88,'$2a$10$bHYNyXTyIjLz0tMmzzpHM.Rp8dOvYIl0c2ICboxUWW1GsvMB5noKO','790329016120',NULL,NULL,NULL,'Hafizah Sith','790329016120',NULL,'1418','Aktif',NULL,NULL,NULL,NULL,NULL,NULL,1),(89,'$2a$10$bHYNyXTyIjLz0tMmzzpHM.Rp8dOvYIl0c2ICboxUWW1GsvMB5noKO','780402025746',NULL,NULL,NULL,'Hafizoh Md. Aris','780402025746',NULL,'1497','Aktif',NULL,NULL,NULL,NULL,NULL,NULL,1),(90,'$2a$10$bHYNyXTyIjLz0tMmzzpHM.Rp8dOvYIl0c2ICboxUWW1GsvMB5noKO','770222015947',NULL,NULL,NULL,'Hj. Hairul Mizan Hamdan','770222015947',NULL,'2997','Aktif','30',NULL,NULL,NULL,NULL,NULL,1),(91,'$2a$10$bHYNyXTyIjLz0tMmzzpHM.Rp8dOvYIl0c2ICboxUWW1GsvMB5noKO','730930085368',NULL,NULL,NULL,'Halimahton Saadiah Let','730930085368',NULL,'1409','Aktif',NULL,NULL,NULL,NULL,NULL,NULL,1),(92,'$2a$10$bHYNyXTyIjLz0tMmzzpHM.Rp8dOvYIl0c2ICboxUWW1GsvMB5noKO','680617105825',NULL,NULL,NULL,'Hamzaly Zakaria','680617105825',NULL,'2998','Aktif','25',NULL,NULL,NULL,NULL,NULL,1),(93,'$2a$10$bHYNyXTyIjLz0tMmzzpHM.Rp8dOvYIl0c2ICboxUWW1GsvMB5noKO','840523105736',NULL,NULL,NULL,'Hanisah Mohd. Ramli','840523105736',NULL,'1529','Aktif',NULL,NULL,NULL,NULL,NULL,NULL,1),(94,'$2a$10$bHYNyXTyIjLz0tMmzzpHM.Rp8dOvYIl0c2ICboxUWW1GsvMB5noKO','800114025253',NULL,NULL,NULL,'Hasbullah Abdul Hamid','800114025253',NULL,'3083','Aktif','9',NULL,NULL,NULL,NULL,NULL,1),(95,'$2a$10$bHYNyXTyIjLz0tMmzzpHM.Rp8dOvYIl0c2ICboxUWW1GsvMB5noKO','810117065348',NULL,NULL,NULL,'Haslizayanti Othman','810117065348',NULL,'1526','Aktif','24',NULL,NULL,NULL,NULL,NULL,1),(96,'$2a$10$bHYNyXTyIjLz0tMmzzpHM.Rp8dOvYIl0c2ICboxUWW1GsvMB5noKO','820913035624',NULL,NULL,NULL,'Hazwani Nadiah Ismail','820913035624',NULL,'1525','Aktif','13',NULL,NULL,NULL,NULL,NULL,1),(97,'$2a$10$bHYNyXTyIjLz0tMmzzpHM.Rp8dOvYIl0c2ICboxUWW1GsvMB5noKO','760325105284',NULL,NULL,NULL,'Hillina Abdul Karim','760325105284',NULL,'1457','Aktif','18',NULL,NULL,NULL,NULL,NULL,1),(98,'$2a$10$bHYNyXTyIjLz0tMmzzpHM.Rp8dOvYIl0c2ICboxUWW1GsvMB5noKO','811203025531',NULL,NULL,NULL,'Hishamuddin Hassan','811203025531',NULL,'3037','Aktif','23',NULL,NULL,NULL,NULL,NULL,1),(99,'$2a$10$bHYNyXTyIjLz0tMmzzpHM.Rp8dOvYIl0c2ICboxUWW1GsvMB5noKO','601217035145',NULL,NULL,NULL,'Hj. Ab. Rahim Yusoff','601217035145',NULL,'1192','Aktif',NULL,NULL,NULL,NULL,NULL,NULL,1),(100,'$2a$10$bHYNyXTyIjLz0tMmzzpHM.Rp8dOvYIl0c2ICboxUWW1GsvMB5noKO','660801045393',NULL,NULL,NULL,'Hj. Ab. Rashid Omar','660801045393',NULL,'1331','Aktif',NULL,NULL,NULL,NULL,NULL,NULL,1),(101,'$2a$10$bHYNyXTyIjLz0tMmzzpHM.Rp8dOvYIl0c2ICboxUWW1GsvMB5noKO','881028015128',NULL,NULL,NULL,'Huda Atiqah Samsir','881028015128',NULL,'1644','Aktif','20',NULL,NULL,NULL,NULL,NULL,1),(102,'$2a$10$bHYNyXTyIjLz0tMmzzpHM.Rp8dOvYIl0c2ICboxUWW1GsvMB5noKO','910911035478',NULL,NULL,NULL,'Ilyana Norsaidah Ab Rahman','910911035478',NULL,'1638','Aktif','29',NULL,NULL,NULL,NULL,NULL,1),(103,'$2a$10$bHYNyXTyIjLz0tMmzzpHM.Rp8dOvYIl0c2ICboxUWW1GsvMB5noKO','871121495040',NULL,NULL,NULL,'Ingrid Ng Edy','871121495040',NULL,'1609','Aktif','27',NULL,NULL,NULL,NULL,NULL,1),(104,'$2a$10$gQNFbKhc/lhXY63pN6H/Fu0CWqdoG4ds/o6A1wm2IPmmlgip8C/2y','820324105479','isram@mpc.gov.my',NULL,'Hj. Burhanuddin Saidin','Isram Azhar','820324105479','0163900444','3047','Aktif','4',NULL,'',NULL,'2','',9),(105,'$2a$10$bHYNyXTyIjLz0tMmzzpHM.Rp8dOvYIl0c2ICboxUWW1GsvMB5noKO','630610035689',NULL,NULL,NULL,'Izani Ishak','630610035689',NULL,'1275','Aktif','27',NULL,NULL,NULL,NULL,NULL,1),(106,'$2a$10$bHYNyXTyIjLz0tMmzzpHM.Rp8dOvYIl0c2ICboxUWW1GsvMB5noKO','910610105989',NULL,NULL,NULL,'Izzul Ikhwan Ishak','910610105989',NULL,'1659','Aktif','24',NULL,NULL,NULL,NULL,NULL,1),(107,'$2a$10$bHYNyXTyIjLz0tMmzzpHM.Rp8dOvYIl0c2ICboxUWW1GsvMB5noKO','920127126324',NULL,NULL,NULL,'Jauza Juhairah Jimmy Abdullah','920127126324',NULL,'3141','Aktif',NULL,NULL,NULL,NULL,NULL,NULL,1),(108,'$2a$10$bHYNyXTyIjLz0tMmzzpHM.Rp8dOvYIl0c2ICboxUWW1GsvMB5noKO','780507025152',NULL,NULL,NULL,'Jayaletchumi Krishnan','780507025152',NULL,'1488','Aktif',NULL,NULL,NULL,NULL,NULL,NULL,1),(109,'$2a$10$bHYNyXTyIjLz0tMmzzpHM.Rp8dOvYIl0c2ICboxUWW1GsvMB5noKO','830808146065',NULL,NULL,NULL,'Jerry Shahnizal Abd. Aziz','830808146065',NULL,'1503','Aktif','28',NULL,NULL,NULL,NULL,NULL,1),(110,'$2a$10$bHYNyXTyIjLz0tMmzzpHM.Rp8dOvYIl0c2ICboxUWW1GsvMB5noKO','780215075975',NULL,NULL,NULL,'Josffa Ismail','780215075975',NULL,'1408','Aktif',NULL,NULL,NULL,NULL,NULL,NULL,1),(111,'$2a$10$bHYNyXTyIjLz0tMmzzpHM.Rp8dOvYIl0c2ICboxUWW1GsvMB5noKO','600101025303',NULL,NULL,NULL,'Kabir Ahmad Mohamad Jamil','600101025303',NULL,'1170','Aktif',NULL,NULL,NULL,NULL,NULL,NULL,1),(112,'$2a$10$bHYNyXTyIjLz0tMmzzpHM.Rp8dOvYIl0c2ICboxUWW1GsvMB5noKO','610718115105',NULL,NULL,NULL,'Kamaruddin Mohamad','610718115105',NULL,'1183','Aktif',NULL,NULL,NULL,NULL,NULL,NULL,1),(113,'$2a$10$bHYNyXTyIjLz0tMmzzpHM.Rp8dOvYIl0c2ICboxUWW1GsvMB5noKO','830308115035',NULL,NULL,NULL,'Kamaruzaman Ramli','830308115035',NULL,'3103','Aktif','13',NULL,NULL,NULL,NULL,NULL,1),(114,'$2a$10$bHYNyXTyIjLz0tMmzzpHM.Rp8dOvYIl0c2ICboxUWW1GsvMB5noKO','760304035264',NULL,NULL,NULL,'Kartin Haslinda Che Mat','760304035264',NULL,'1450','Aktif','14',NULL,NULL,NULL,NULL,NULL,1),(115,'$2a$10$bHYNyXTyIjLz0tMmzzpHM.Rp8dOvYIl0c2ICboxUWW1GsvMB5noKO','810525085890',NULL,NULL,NULL,'Kasturi Devi a/p Appanna','810525085890',NULL,'1546','Aktif','23',NULL,NULL,NULL,NULL,NULL,1),(116,'$2a$10$bHYNyXTyIjLz0tMmzzpHM.Rp8dOvYIl0c2ICboxUWW1GsvMB5noKO','871003065189',NULL,NULL,NULL,'Khairil Afi Adnan','871003065189',NULL,'3156','Aktif','16',NULL,NULL,NULL,NULL,NULL,1),(117,'$2a$10$bHYNyXTyIjLz0tMmzzpHM.Rp8dOvYIl0c2ICboxUWW1GsvMB5noKO','800112025794',NULL,NULL,NULL,'Khalidatul Asrin Abd. Aziz','800112025794',NULL,'1483','Aktif','29',NULL,NULL,NULL,NULL,NULL,1),(118,'$2a$10$bHYNyXTyIjLz0tMmzzpHM.Rp8dOvYIl0c2ICboxUWW1GsvMB5noKO','840710135404',NULL,NULL,NULL,'Khatijah Rahmat','840710135404',NULL,'1606','Aktif','28',NULL,NULL,NULL,NULL,NULL,1),(119,'$2a$10$bHYNyXTyIjLz0tMmzzpHM.Rp8dOvYIl0c2ICboxUWW1GsvMB5noKO','780830105611',NULL,NULL,NULL,'Khidzir Ahmad','780830105611',NULL,'1534','Aktif','29',NULL,NULL,NULL,NULL,NULL,1),(120,'$2a$10$bHYNyXTyIjLz0tMmzzpHM.Rp8dOvYIl0c2ICboxUWW1GsvMB5noKO','620517015246',NULL,NULL,NULL,'Datin Latchumy Prabha','620517015246',NULL,'1316','Aktif','17',NULL,NULL,NULL,NULL,NULL,1),(121,'$2a$10$bHYNyXTyIjLz0tMmzzpHM.Rp8dOvYIl0c2ICboxUWW1GsvMB5noKO','850915035756',NULL,NULL,NULL,'Lee Wan Swanee','850915035756',NULL,'1573','Aktif','29',NULL,NULL,NULL,NULL,NULL,1),(122,'$2a$10$bHYNyXTyIjLz0tMmzzpHM.Rp8dOvYIl0c2ICboxUWW1GsvMB5noKO','860814595008',NULL,NULL,NULL,'Lee Wan Wei','860814595008',NULL,'1585','Aktif',NULL,NULL,NULL,NULL,NULL,NULL,1),(123,'$2a$10$bHYNyXTyIjLz0tMmzzpHM.Rp8dOvYIl0c2ICboxUWW1GsvMB5noKO','900703137438',NULL,NULL,NULL,'Liyana Othman','900703137438',NULL,'1656','Aktif','28',NULL,NULL,NULL,NULL,NULL,1),(124,'$2a$10$bHYNyXTyIjLz0tMmzzpHM.Rp8dOvYIl0c2ICboxUWW1GsvMB5noKO','760815035303',NULL,NULL,NULL,'Mahadi Hasbullah','760815035303',NULL,'1486','Aktif','15',NULL,NULL,NULL,NULL,NULL,1),(125,'$2a$10$bHYNyXTyIjLz0tMmzzpHM.Rp8dOvYIl0c2ICboxUWW1GsvMB5noKO','750712085034',NULL,NULL,NULL,'Mariatul Af-Ida M.T. Ariffin','750712085034',NULL,'1390','Aktif',NULL,NULL,NULL,NULL,NULL,NULL,1),(126,'$2a$10$bHYNyXTyIjLz0tMmzzpHM.Rp8dOvYIl0c2ICboxUWW1GsvMB5noKO','860329145038',NULL,NULL,NULL,'Marina Maulad Ismail','860329145038',NULL,'3074','Aktif','11',NULL,NULL,NULL,NULL,NULL,1),(127,'$2a$10$bHYNyXTyIjLz0tMmzzpHM.Rp8dOvYIl0c2ICboxUWW1GsvMB5noKO','650411065218',NULL,NULL,NULL,'Marziah Ahmad','650411065218',NULL,'1349','Aktif',NULL,NULL,NULL,NULL,NULL,NULL,1),(128,'$2a$10$bHYNyXTyIjLz0tMmzzpHM.Rp8dOvYIl0c2ICboxUWW1GsvMB5noKO','761019055308',NULL,NULL,NULL,'Mashitanor Zainudin','761019055308',NULL,'3087','Aktif','8',NULL,NULL,NULL,NULL,NULL,1),(129,'$2a$10$bHYNyXTyIjLz0tMmzzpHM.Rp8dOvYIl0c2ICboxUWW1GsvMB5noKO','810316035600',NULL,NULL,NULL,'Maswani Ismail','810316035600',NULL,'3095','Aktif','14',NULL,NULL,NULL,NULL,NULL,1),(130,'$2a$10$bHYNyXTyIjLz0tMmzzpHM.Rp8dOvYIl0c2ICboxUWW1GsvMB5noKO','720731086000',NULL,NULL,NULL,'Dr. Mazlina Shafii','720731086000',NULL,'1373','Aktif',NULL,NULL,NULL,NULL,NULL,NULL,1),(131,'$2a$10$bHYNyXTyIjLz0tMmzzpHM.Rp8dOvYIl0c2ICboxUWW1GsvMB5noKO','661204115036',NULL,NULL,NULL,'Maznee Abd. Halim','661204115036',NULL,'1318','Aktif',NULL,NULL,NULL,NULL,NULL,NULL,1),(132,'$2a$10$bHYNyXTyIjLz0tMmzzpHM.Rp8dOvYIl0c2ICboxUWW1GsvMB5noKO','741207075594',NULL,NULL,NULL,'Dr. Mazrina Mohd. Ibramsah','741207075594',NULL,'1393','Aktif','16',NULL,NULL,NULL,NULL,NULL,1),(133,'$2a$10$bHYNyXTyIjLz0tMmzzpHM.Rp8dOvYIl0c2ICboxUWW1GsvMB5noKO','810105125067',NULL,NULL,NULL,'Mazuan Salleh','810105125067',NULL,'1512','Aktif','30',NULL,NULL,NULL,NULL,NULL,1),(134,'$2a$10$bHYNyXTyIjLz0tMmzzpHM.Rp8dOvYIl0c2ICboxUWW1GsvMB5noKO','790417145328',NULL,NULL,NULL,'Mazuin Dahlan','790417145328',NULL,'1445','Aktif','24',NULL,NULL,NULL,NULL,NULL,1),(135,'$2a$10$bHYNyXTyIjLz0tMmzzpHM.Rp8dOvYIl0c2ICboxUWW1GsvMB5noKO','591223075331',NULL,NULL,NULL,'Md Shubri Ismail','591223075331',NULL,'1175','Aktif','11',NULL,NULL,NULL,NULL,NULL,1),(136,'$2a$10$bHYNyXTyIjLz0tMmzzpHM.Rp8dOvYIl0c2ICboxUWW1GsvMB5noKO','741122017053',NULL,NULL,NULL,'Md Zainuri Juri','741122017053',NULL,'1404','Aktif',NULL,NULL,NULL,NULL,NULL,NULL,1),(137,'$2a$10$bHYNyXTyIjLz0tMmzzpHM.Rp8dOvYIl0c2ICboxUWW1GsvMB5noKO','820702115739',NULL,NULL,NULL,'Megat Amirul Saifulnizam Megat Kamarul Bahrin','820702115739',NULL,'1504','Aktif','30',NULL,NULL,NULL,NULL,NULL,1),(138,'$2a$10$bHYNyXTyIjLz0tMmzzpHM.Rp8dOvYIl0c2ICboxUWW1GsvMB5noKO','761210105270',NULL,NULL,NULL,'Melissa Ahmad Arshad','761210105270',NULL,'1411','Aktif','29',NULL,NULL,NULL,NULL,NULL,1),(139,'$2a$10$bHYNyXTyIjLz0tMmzzpHM.Rp8dOvYIl0c2ICboxUWW1GsvMB5noKO','761108065348',NULL,NULL,NULL,'Mimi Hasnita Ahmad','761108065348',NULL,'2994','Aktif','13',NULL,NULL,NULL,NULL,NULL,1),(140,'$2a$10$bHYNyXTyIjLz0tMmzzpHM.Rp8dOvYIl0c2ICboxUWW1GsvMB5noKO','790514145178',NULL,NULL,NULL,'Minhana Yahaya','790514145178',NULL,'3016','Aktif',NULL,NULL,NULL,NULL,NULL,NULL,1),(141,'$2a$10$bHYNyXTyIjLz0tMmzzpHM.Rp8dOvYIl0c2ICboxUWW1GsvMB5noKO','750930015683',NULL,NULL,NULL,'Mohamad Azrol Mohd. Dali','750930015683',NULL,'1423','Aktif',NULL,NULL,NULL,NULL,NULL,NULL,1),(142,'$2a$10$bHYNyXTyIjLz0tMmzzpHM.Rp8dOvYIl0c2ICboxUWW1GsvMB5noKO','880905025009',NULL,NULL,NULL,'Mohamad Hafizi Abd Rashid','880905025009',NULL,'3093','Aktif','21',NULL,NULL,NULL,NULL,NULL,1),(143,'$2a$10$bHYNyXTyIjLz0tMmzzpHM.Rp8dOvYIl0c2ICboxUWW1GsvMB5noKO','740919017603',NULL,NULL,NULL,'Mohamad Muzaffar Abdul Hamid','740919017603',NULL,'1391','Aktif','29',NULL,NULL,NULL,NULL,NULL,1),(144,'$2a$10$bHYNyXTyIjLz0tMmzzpHM.Rp8dOvYIl0c2ICboxUWW1GsvMB5noKO','790607135681',NULL,NULL,NULL,'Mohamad Nor Bolhi','790607135681',NULL,'1507','Aktif',NULL,NULL,NULL,NULL,NULL,NULL,1),(145,'$2a$10$bHYNyXTyIjLz0tMmzzpHM.Rp8dOvYIl0c2ICboxUWW1GsvMB5noKO','741205135725',NULL,NULL,NULL,'Mohamad Norjayadi Tamam','741205135725',NULL,'1421','Aktif','26',NULL,NULL,NULL,NULL,NULL,1),(146,'$2a$10$bHYNyXTyIjLz0tMmzzpHM.Rp8dOvYIl0c2ICboxUWW1GsvMB5noKO','821115085445',NULL,NULL,NULL,'Hj. Mohamad Sahril Ahmad Puzi','821115085445',NULL,'1505','Aktif',NULL,NULL,NULL,NULL,NULL,NULL,1),(147,'$2a$10$bHYNyXTyIjLz0tMmzzpHM.Rp8dOvYIl0c2ICboxUWW1GsvMB5noKO','860427565669',NULL,NULL,NULL,'Mohammad Afdhan Fauzi','860427565669',NULL,'3118','Aktif','9',NULL,NULL,NULL,NULL,NULL,1),(148,'$2a$10$bHYNyXTyIjLz0tMmzzpHM.Rp8dOvYIl0c2ICboxUWW1GsvMB5noKO','830111015487',NULL,NULL,NULL,'Mohammad Khairul Hakimin Zainoor','830111015487',NULL,'1516','Aktif','24',NULL,NULL,NULL,NULL,NULL,1),(149,'$2a$10$bHYNyXTyIjLz0tMmzzpHM.Rp8dOvYIl0c2ICboxUWW1GsvMB5noKO','790113065169',NULL,NULL,NULL,'Mohammed Alamin Rehan','790113065169',NULL,'1454','Aktif','29',NULL,NULL,NULL,NULL,NULL,1),(150,'$2a$10$bHYNyXTyIjLz0tMmzzpHM.Rp8dOvYIl0c2ICboxUWW1GsvMB5noKO','900309026107',NULL,NULL,NULL,'Mohd Amirol Md. Khair','900309026107',NULL,'1648','Aktif','16',NULL,NULL,NULL,NULL,NULL,1),(151,'$2a$10$bHYNyXTyIjLz0tMmzzpHM.Rp8dOvYIl0c2ICboxUWW1GsvMB5noKO','810110105773',NULL,NULL,NULL,'Mohd Azhar Zainuddin','810110105773',NULL,'1542','Aktif','13',NULL,NULL,NULL,NULL,NULL,1),(152,'$2a$10$bHYNyXTyIjLz0tMmzzpHM.Rp8dOvYIl0c2ICboxUWW1GsvMB5noKO','770526025423',NULL,NULL,NULL,'Mohd. Azrul Kamis','770526025423',NULL,'2782','Aktif','8',NULL,NULL,NULL,NULL,NULL,1),(153,'$2a$10$bHYNyXTyIjLz0tMmzzpHM.Rp8dOvYIl0c2ICboxUWW1GsvMB5noKO','730926075271',NULL,NULL,NULL,'Mohd. Azwan Mohd. Salleh','730926075271',NULL,'1453','Aktif','25',NULL,NULL,NULL,NULL,NULL,1),(154,'$2a$10$bHYNyXTyIjLz0tMmzzpHM.Rp8dOvYIl0c2ICboxUWW1GsvMB5noKO','841110115033',NULL,NULL,NULL,'Mohd Faizol Abd. Rahman','841110115033',NULL,'1593','Aktif','11',NULL,NULL,NULL,NULL,NULL,1),(155,'$2a$10$bHYNyXTyIjLz0tMmzzpHM.Rp8dOvYIl0c2ICboxUWW1GsvMB5noKO','860917436181',NULL,NULL,NULL,'Mohd Faizzul Shahir','860917436181',NULL,'3110','Aktif','9',NULL,NULL,NULL,NULL,NULL,1),(156,'$2a$10$bHYNyXTyIjLz0tMmzzpHM.Rp8dOvYIl0c2ICboxUWW1GsvMB5noKO','790308105095',NULL,NULL,NULL,'Mohd. Hilmi Mohd. Idris','790308105095',NULL,'1489','Aktif','13',NULL,NULL,NULL,NULL,NULL,1),(157,'$2a$10$bHYNyXTyIjLz0tMmzzpHM.Rp8dOvYIl0c2ICboxUWW1GsvMB5noKO','780321105277',NULL,NULL,NULL,'Mohd. Hisyam Hatimtai','780321105277',NULL,'1406','Aktif','29',NULL,NULL,NULL,NULL,NULL,1),(158,'$2a$10$bHYNyXTyIjLz0tMmzzpHM.Rp8dOvYIl0c2ICboxUWW1GsvMB5noKO','840225025017',NULL,NULL,NULL,'Mohd. Khairil Anuar Amir Hamzah','840225025017',NULL,'1513','Aktif','23',NULL,NULL,NULL,NULL,NULL,1),(159,'$2a$10$yx1yxxJpN.v3HNBHrlc6H.bxbuYcc3bcV5Cub.6SaBx6gCpFggup.','830405055353','khairizal@mpc.gov.my',NULL,'Hj. Burhanuddin Saidin','Mohd. Khairizal Khahidir','830405055353','0122988721','1508','Aktif','4',NULL,'',NULL,'2','',8),(160,'$2a$10$bHYNyXTyIjLz0tMmzzpHM.Rp8dOvYIl0c2ICboxUWW1GsvMB5noKO','770220025957',NULL,NULL,NULL,'Mohd. Khairul Nazir Nawi','770220025957',NULL,'1456','Aktif','11',NULL,NULL,NULL,NULL,NULL,1),(161,'$2a$10$bHYNyXTyIjLz0tMmzzpHM.Rp8dOvYIl0c2ICboxUWW1GsvMB5noKO','791128145297',NULL,NULL,NULL,'Mohd Nizam Ali','791128145297',NULL,'3056','Aktif','18',NULL,NULL,NULL,NULL,NULL,1),(162,'$2a$10$nV8aoH3HjXjpW1vp82F5.eItdQXftwegm8mpoGW0LzrcjEgXhtOB2','590826115385','isram2@mpc.gov.my',NULL,'Dato\' Hj. Abd. Latif Hj. Abu Seman','Dato\' Mohd Razali Hussain','590826115385','','1176','Aktif','1',NULL,'',NULL,'2','',12),(163,'$2a$10$bHYNyXTyIjLz0tMmzzpHM.Rp8dOvYIl0c2ICboxUWW1GsvMB5noKO','770212105551',NULL,NULL,NULL,'Mohd. Wafi Hj. Arip','770212105551',NULL,'1473','Aktif',NULL,NULL,NULL,NULL,NULL,NULL,1),(164,'$2a$10$bHYNyXTyIjLz0tMmzzpHM.Rp8dOvYIl0c2ICboxUWW1GsvMB5noKO','790310105537',NULL,NULL,NULL,'Mohd Yazid Abdul Majid','790310105537',NULL,'1455','Aktif',NULL,NULL,NULL,NULL,NULL,NULL,1),(165,'$2a$10$bHYNyXTyIjLz0tMmzzpHM.Rp8dOvYIl0c2ICboxUWW1GsvMB5noKO','830910035265',NULL,NULL,NULL,'Mohd Zulkifly Che Mohd Rawawi','830910035265',NULL,'1613','Aktif','29',NULL,NULL,NULL,NULL,NULL,1),(166,'$2a$10$bHYNyXTyIjLz0tMmzzpHM.Rp8dOvYIl0c2ICboxUWW1GsvMB5noKO','750514105065',NULL,NULL,NULL,'Mohd. Azuar Md. Sidek','750514105065',NULL,'2989','Aktif','8',NULL,NULL,NULL,NULL,NULL,1),(167,'$2a$10$bHYNyXTyIjLz0tMmzzpHM.Rp8dOvYIl0c2ICboxUWW1GsvMB5noKO','840528115511',NULL,NULL,NULL,'Mohd. Hosni Mamat @ Ariffin','840528115511',NULL,'1577','Aktif','15',NULL,NULL,NULL,NULL,NULL,1),(168,'$2a$10$bHYNyXTyIjLz0tMmzzpHM.Rp8dOvYIl0c2ICboxUWW1GsvMB5noKO','840415015223',NULL,NULL,NULL,'Mohd. Hykal Mohd. Halim','840415015223',NULL,'3071','Aktif','25',NULL,NULL,NULL,NULL,NULL,1),(169,'$2a$10$bHYNyXTyIjLz0tMmzzpHM.Rp8dOvYIl0c2ICboxUWW1GsvMB5noKO','830906045057',NULL,NULL,NULL,'Mohd. Riduan Daud','830906045057',NULL,'3007','Aktif','25',NULL,NULL,NULL,NULL,NULL,1),(170,'$2a$10$bHYNyXTyIjLz0tMmzzpHM.Rp8dOvYIl0c2ICboxUWW1GsvMB5noKO','750423035989',NULL,NULL,NULL,'Mohd. Rosdi Mohd Kauzi','750423035989',NULL,'3046','Aktif','8',NULL,NULL,NULL,NULL,NULL,1),(171,'$2a$10$bHYNyXTyIjLz0tMmzzpHM.Rp8dOvYIl0c2ICboxUWW1GsvMB5noKO','600813085945',NULL,NULL,NULL,'Mohd. Shapri Ismail','600813085945',NULL,'2054','Aktif','8',NULL,NULL,NULL,NULL,NULL,1),(172,'$2a$10$slX/ccgkKYixWpLLrMBPf.yWIDglY55EwPVGFBpIjqBnhL4Q/.xKq','781219125145','suzlezan@mpc.gov.my',NULL,'Hj. Burhanuddin Saidin','Mohd. Suzlezan Supu','781219125145','0193168136','1443','Aktif','4',NULL,'',NULL,'2','',10),(173,'$2a$10$bHYNyXTyIjLz0tMmzzpHM.Rp8dOvYIl0c2ICboxUWW1GsvMB5noKO','800305075173',NULL,NULL,NULL,'Mohd. Syarif Samsudin','800305075173',NULL,'2967','Aktif','23',NULL,NULL,NULL,NULL,NULL,1),(174,'$2a$10$bHYNyXTyIjLz0tMmzzpHM.Rp8dOvYIl0c2ICboxUWW1GsvMB5noKO','610119035197',NULL,NULL,NULL,'Hj. Mohd. Zaki Bin Ibrahim','610119035197',NULL,'1319','Aktif','30',NULL,NULL,NULL,NULL,NULL,1),(175,'$2a$10$bHYNyXTyIjLz0tMmzzpHM.Rp8dOvYIl0c2ICboxUWW1GsvMB5noKO','670705055347',NULL,NULL,NULL,'Mohd. Zamros Yusof','670705055347',NULL,'2132','Aktif','28',NULL,NULL,NULL,NULL,NULL,1),(176,'$2a$10$bHYNyXTyIjLz0tMmzzpHM.Rp8dOvYIl0c2ICboxUWW1GsvMB5noKO','730308105015',NULL,NULL,NULL,'Mokhzani Aris Mohd. Yusoff','730308105015',NULL,'1397','Aktif',NULL,NULL,NULL,NULL,NULL,NULL,1),(177,'$2a$10$bHYNyXTyIjLz0tMmzzpHM.Rp8dOvYIl0c2ICboxUWW1GsvMB5noKO','901211036379',NULL,NULL,NULL,'Muhamad Afiq Piramli','901211036379',NULL,'1653','Aktif',NULL,NULL,NULL,NULL,NULL,NULL,1),(178,'$2a$10$bHYNyXTyIjLz0tMmzzpHM.Rp8dOvYIl0c2ICboxUWW1GsvMB5noKO','860512465355',NULL,NULL,NULL,'Muhamad Rizuwan Abu Bakar','860512465355',NULL,'3132','Aktif','8',NULL,NULL,NULL,NULL,NULL,1),(179,'$2a$10$bHYNyXTyIjLz0tMmzzpHM.Rp8dOvYIl0c2ICboxUWW1GsvMB5noKO','780218025869',NULL,NULL,NULL,'Mohammad Shahaizal Abu Talib','780218025869',NULL,'3004','Aktif',NULL,NULL,NULL,NULL,NULL,NULL,1),(180,'$2a$10$bHYNyXTyIjLz0tMmzzpHM.Rp8dOvYIl0c2ICboxUWW1GsvMB5noKO','611224055477',NULL,NULL,NULL,'Muhamad Zain Musa','611224055477',NULL,'2068','Aktif','20',NULL,NULL,NULL,NULL,NULL,1),(181,'$2a$10$bHYNyXTyIjLz0tMmzzpHM.Rp8dOvYIl0c2ICboxUWW1GsvMB5noKO','690427075433',NULL,NULL,NULL,'Muhamad Zamri Zainol','690427075433',NULL,'2991','Aktif','23',NULL,NULL,NULL,NULL,NULL,1),(182,'$2a$10$bHYNyXTyIjLz0tMmzzpHM.Rp8dOvYIl0c2ICboxUWW1GsvMB5noKO','811125145705',NULL,NULL,NULL,'Muhammad Afzani Ahmad','811125145705',NULL,'3003','Aktif','9',NULL,NULL,NULL,NULL,NULL,1),(183,'$2a$10$bHYNyXTyIjLz0tMmzzpHM.Rp8dOvYIl0c2ICboxUWW1GsvMB5noKO','910418035597',NULL,NULL,NULL,'Muhammaad Aidil Razak','910418035597',NULL,'3159','Aktif','8',NULL,NULL,NULL,NULL,NULL,1),(184,'$2a$10$bHYNyXTyIjLz0tMmzzpHM.Rp8dOvYIl0c2ICboxUWW1GsvMB5noKO','881014566439',NULL,NULL,NULL,'Muhammad Fazre Zulhelmi Fizwan','881014566439',NULL,'1595','Aktif',NULL,NULL,NULL,NULL,NULL,NULL,1),(185,'$2a$10$bHYNyXTyIjLz0tMmzzpHM.Rp8dOvYIl0c2ICboxUWW1GsvMB5noKO','830408065477',NULL,NULL,NULL,'Mohammad Hafiz Sabaruddin','830408065477',NULL,'1517','Aktif','30',NULL,NULL,NULL,NULL,NULL,1),(186,'$2a$10$bHYNyXTyIjLz0tMmzzpHM.Rp8dOvYIl0c2ICboxUWW1GsvMB5noKO','881113565247',NULL,NULL,NULL,'Muhammad Hisham Nordin','881113565247',NULL,'1598','Aktif',NULL,NULL,NULL,NULL,NULL,NULL,1),(187,'$2a$10$bHYNyXTyIjLz0tMmzzpHM.Rp8dOvYIl0c2ICboxUWW1GsvMB5noKO','731006035511',NULL,NULL,NULL,'Muhammad Idham Mohd Zain','731006035511',NULL,'1405','Aktif','11',NULL,NULL,NULL,NULL,NULL,1),(188,'$2a$10$bHYNyXTyIjLz0tMmzzpHM.Rp8dOvYIl0c2ICboxUWW1GsvMB5noKO','910330036237',NULL,NULL,NULL,'Muhammad Muizzuddin Muhamad','910330036237',NULL,'3157','Aktif','9',NULL,NULL,NULL,NULL,NULL,1),(189,'$2a$10$bHYNyXTyIjLz0tMmzzpHM.Rp8dOvYIl0c2ICboxUWW1GsvMB5noKO','790617145859',NULL,NULL,NULL,'Muhammad Suffian Ahmad','790617145859',NULL,'1447','Aktif',NULL,NULL,NULL,NULL,NULL,NULL,1),(190,'$2a$10$bHYNyXTyIjLz0tMmzzpHM.Rp8dOvYIl0c2ICboxUWW1GsvMB5noKO','820619035746',NULL,NULL,NULL,'Muhaslizawati Mohd Bakri','820619035746',NULL,'1547','Aktif','15',NULL,NULL,NULL,NULL,NULL,1),(191,'$2a$10$bHYNyXTyIjLz0tMmzzpHM.Rp8dOvYIl0c2ICboxUWW1GsvMB5noKO','830918105555',NULL,NULL,NULL,'Muhd. Adha Abd. Hamid','830918105555',NULL,'1523','Aktif','29',NULL,NULL,NULL,NULL,NULL,1),(192,'$2a$10$bHYNyXTyIjLz0tMmzzpHM.Rp8dOvYIl0c2ICboxUWW1GsvMB5noKO','901028015094',NULL,NULL,NULL,'Nahdatul Faeizin Norman','901028015094',NULL,'1631','Aktif','30',NULL,NULL,NULL,NULL,NULL,1),(193,'$2a$10$bHYNyXTyIjLz0tMmzzpHM.Rp8dOvYIl0c2ICboxUWW1GsvMB5noKO','790525075056',NULL,NULL,NULL,'Nazahiah Mohamad','790525075056',NULL,'1475','Aktif','29',NULL,NULL,NULL,NULL,NULL,1),(194,'$2a$10$bHYNyXTyIjLz0tMmzzpHM.Rp8dOvYIl0c2ICboxUWW1GsvMB5noKO','860804235965',NULL,NULL,NULL,'Nazeri Ariffin Madon','860804235965',NULL,'1633','Aktif','13',NULL,NULL,NULL,NULL,NULL,1),(195,'$2a$10$bHYNyXTyIjLz0tMmzzpHM.Rp8dOvYIl0c2ICboxUWW1GsvMB5noKO','830710016190',NULL,NULL,NULL,'Nazilah Ahmad','830710016190',NULL,'1530','Aktif','30',NULL,NULL,NULL,NULL,NULL,1),(196,'$2a$10$bHYNyXTyIjLz0tMmzzpHM.Rp8dOvYIl0c2ICboxUWW1GsvMB5noKO','690320035423',NULL,NULL,NULL,'Nik Faizal Nik Ahmad','690320035423',NULL,'1414','Aktif','14',NULL,NULL,NULL,NULL,NULL,1),(197,'$2a$10$bHYNyXTyIjLz0tMmzzpHM.Rp8dOvYIl0c2ICboxUWW1GsvMB5noKO','891121146332',NULL,NULL,NULL,'Nik Nazarina Nek Mohamed','891121146332',NULL,'1651','Aktif',NULL,NULL,NULL,NULL,NULL,NULL,1),(198,'$2a$10$bHYNyXTyIjLz0tMmzzpHM.Rp8dOvYIl0c2ICboxUWW1GsvMB5noKO','591022035333',NULL,NULL,NULL,'Hj. Nik Rosdi Nik Yusoff','591022035333',NULL,'1165','Aktif',NULL,NULL,NULL,NULL,NULL,NULL,1),(199,'$2a$10$bHYNyXTyIjLz0tMmzzpHM.Rp8dOvYIl0c2ICboxUWW1GsvMB5noKO','781121145260',NULL,NULL,NULL,'Noor Aishah Hj. Hassan','781121145260',NULL,'1461','Aktif','29',NULL,NULL,NULL,NULL,NULL,1),(200,'$2a$10$bHYNyXTyIjLz0tMmzzpHM.Rp8dOvYIl0c2ICboxUWW1GsvMB5noKO','760121075060',NULL,NULL,NULL,'Noor Anariza Hassan','760121075060',NULL,'2968','Aktif','19',NULL,NULL,NULL,NULL,NULL,1),(201,'$2a$10$bHYNyXTyIjLz0tMmzzpHM.Rp8dOvYIl0c2ICboxUWW1GsvMB5noKO','820725085480',NULL,NULL,NULL,'Noor Asmawati Hussin','820725085480',NULL,'3041','Aktif','26',NULL,NULL,NULL,NULL,NULL,1),(202,'$2a$10$bHYNyXTyIjLz0tMmzzpHM.Rp8dOvYIl0c2ICboxUWW1GsvMB5noKO','790928075448',NULL,NULL,NULL,'Noor Aziah Othman','790928075448',NULL,'2945','Aktif','11',NULL,NULL,NULL,NULL,NULL,1),(203,'$2a$10$bHYNyXTyIjLz0tMmzzpHM.Rp8dOvYIl0c2ICboxUWW1GsvMB5noKO','770211036515',NULL,NULL,NULL,'Noor Azman Hassan','770211036515',NULL,'2957','Aktif','21',NULL,NULL,NULL,NULL,NULL,1),(204,'$2a$10$bHYNyXTyIjLz0tMmzzpHM.Rp8dOvYIl0c2ICboxUWW1GsvMB5noKO','820318035814',NULL,NULL,NULL,'Noor Hazilah Abdullah','820318035814',NULL,'3069','Aktif','13',NULL,NULL,NULL,NULL,NULL,1),(205,'$2a$10$bHYNyXTyIjLz0tMmzzpHM.Rp8dOvYIl0c2ICboxUWW1GsvMB5noKO','900629145658',NULL,NULL,NULL,'Noor Izzati Kamis','900629145658',NULL,'1620','Aktif','20',NULL,NULL,NULL,NULL,NULL,1),(206,'$2a$10$bHYNyXTyIjLz0tMmzzpHM.Rp8dOvYIl0c2ICboxUWW1GsvMB5noKO','881216566111',NULL,NULL,NULL,'Noor Mohammad Farhan Nor Azman','881216566111',NULL,'3124','Aktif','21',NULL,NULL,NULL,NULL,NULL,1),(207,'$2a$10$bHYNyXTyIjLz0tMmzzpHM.Rp8dOvYIl0c2ICboxUWW1GsvMB5noKO','830505045048',NULL,NULL,NULL,'Noor Rahidah Abdul Razak','830505045048',NULL,'3057','Aktif','18',NULL,NULL,NULL,NULL,NULL,1),(208,'$2a$10$bHYNyXTyIjLz0tMmzzpHM.Rp8dOvYIl0c2ICboxUWW1GsvMB5noKO','830202045278',NULL,NULL,NULL,'Noor Salfarina Jamaludin','830202045278',NULL,'1532','Aktif','24',NULL,NULL,NULL,NULL,NULL,1),(209,'$2a$10$bHYNyXTyIjLz0tMmzzpHM.Rp8dOvYIl0c2ICboxUWW1GsvMB5noKO','610608105088',NULL,NULL,NULL,'Noorsamsinar Sum Abdullah','610608105088',NULL,'2075','Aktif','11',NULL,NULL,NULL,NULL,NULL,1),(210,'$2a$10$bHYNyXTyIjLz0tMmzzpHM.Rp8dOvYIl0c2ICboxUWW1GsvMB5noKO','870504295260',NULL,NULL,NULL,'Nor Adira Adnan','870504295260',NULL,'1627','Aktif','27',NULL,NULL,NULL,NULL,NULL,1),(211,'$2a$10$bHYNyXTyIjLz0tMmzzpHM.Rp8dOvYIl0c2ICboxUWW1GsvMB5noKO','740928085894',NULL,NULL,NULL,'Nor Aishah Hassan','740928085894',NULL,'1399','Aktif',NULL,NULL,NULL,NULL,NULL,NULL,1),(212,'$2a$10$bHYNyXTyIjLz0tMmzzpHM.Rp8dOvYIl0c2ICboxUWW1GsvMB5noKO','890101035104',NULL,NULL,NULL,'Nor Akma Che Wan Naman','890101035104',NULL,'1645','Aktif','24',NULL,NULL,NULL,NULL,NULL,1),(213,'$2a$10$bHYNyXTyIjLz0tMmzzpHM.Rp8dOvYIl0c2ICboxUWW1GsvMB5noKO','600102065139',NULL,NULL,NULL,'Nor Azmi Yahaya','600102065139',NULL,'2139','Aktif','18',NULL,NULL,NULL,NULL,NULL,1),(214,'$2a$10$bHYNyXTyIjLz0tMmzzpHM.Rp8dOvYIl0c2ICboxUWW1GsvMB5noKO','620113065052',NULL,NULL,NULL,'Nor Eshah Abd. Raman','620113065052',NULL,'2134','Aktif','16',NULL,NULL,NULL,NULL,NULL,1),(215,'$2a$10$bHYNyXTyIjLz0tMmzzpHM.Rp8dOvYIl0c2ICboxUWW1GsvMB5noKO','941219036070',NULL,NULL,NULL,'Nor Fadilah Zulkifli Muhamad','941219036070',NULL,'3158','Aktif','8',NULL,NULL,NULL,NULL,NULL,1),(216,'$2a$10$bHYNyXTyIjLz0tMmzzpHM.Rp8dOvYIl0c2ICboxUWW1GsvMB5noKO','660129086196',NULL,NULL,NULL,'Hjh. Nor Fazila Hashim','660129086196',NULL,'1351','Aktif',NULL,NULL,NULL,NULL,NULL,NULL,1),(217,'$2a$10$bHYNyXTyIjLz0tMmzzpHM.Rp8dOvYIl0c2ICboxUWW1GsvMB5noKO','681203105352',NULL,NULL,NULL,'Hjh. Nor Hafizah Mohd Arop','681203105352',NULL,'1329','Aktif',NULL,NULL,NULL,NULL,NULL,NULL,1),(218,'$2a$10$bHYNyXTyIjLz0tMmzzpHM.Rp8dOvYIl0c2ICboxUWW1GsvMB5noKO','730228125374',NULL,NULL,NULL,'Nor Halisa Mohamad Halil','730228125374',NULL,'1386','Aktif',NULL,NULL,NULL,NULL,NULL,NULL,1),(219,'$2a$10$bHYNyXTyIjLz0tMmzzpHM.Rp8dOvYIl0c2ICboxUWW1GsvMB5noKO','610823105654',NULL,NULL,NULL,'Nor Hasimah Ab. Rahman','610823105654',NULL,'2074','Aktif','11',NULL,NULL,NULL,NULL,NULL,1),(220,'$2a$10$bHYNyXTyIjLz0tMmzzpHM.Rp8dOvYIl0c2ICboxUWW1GsvMB5noKO','781012145720',NULL,NULL,NULL,'Nor Idayuniza Rahmat','781012145720',NULL,'1419','Aktif','11',NULL,NULL,NULL,NULL,NULL,1),(221,'$2a$10$bHYNyXTyIjLz0tMmzzpHM.Rp8dOvYIl0c2ICboxUWW1GsvMB5noKO','850514105100',NULL,NULL,NULL,'Nor Izzati Norhisam','850514105100',NULL,'1538','Aktif',NULL,NULL,NULL,NULL,NULL,NULL,1),(222,'$2a$10$bHYNyXTyIjLz0tMmzzpHM.Rp8dOvYIl0c2ICboxUWW1GsvMB5noKO','660915085430',NULL,NULL,NULL,'Hjh. Nor Robaayah Mohd. Noor','660915085430',NULL,'1290','Aktif',NULL,NULL,NULL,NULL,NULL,NULL,1),(223,'$2a$10$bHYNyXTyIjLz0tMmzzpHM.Rp8dOvYIl0c2ICboxUWW1GsvMB5noKO','751119145758',NULL,NULL,NULL,'Nor Surayya Abd. Samad','751119145758',NULL,'1385','Aktif','29',NULL,NULL,NULL,NULL,NULL,1),(224,'$2a$10$bHYNyXTyIjLz0tMmzzpHM.Rp8dOvYIl0c2ICboxUWW1GsvMB5noKO','681118015811',NULL,NULL,NULL,'Norzairisham Zakaria','681118015811',NULL,'2668','Aktif','8',NULL,NULL,NULL,NULL,NULL,1),(225,'$2a$10$bHYNyXTyIjLz0tMmzzpHM.Rp8dOvYIl0c2ICboxUWW1GsvMB5noKO','690916016290',NULL,NULL,NULL,'Nora\'in Ahmad Kamil','690916016290',NULL,'1367','Aktif','24',NULL,NULL,NULL,NULL,NULL,1),(226,'$2a$10$bHYNyXTyIjLz0tMmzzpHM.Rp8dOvYIl0c2ICboxUWW1GsvMB5noKO','770815016494',NULL,NULL,NULL,'Norafidah Ramli','770815016494',NULL,'2951','Aktif','11',NULL,NULL,NULL,NULL,NULL,1),(227,'$2a$10$bHYNyXTyIjLz0tMmzzpHM.Rp8dOvYIl0c2ICboxUWW1GsvMB5noKO','821008065262',NULL,NULL,NULL,'Noraniza Daud','821008065262',NULL,'2987','Aktif','10',NULL,NULL,NULL,NULL,NULL,1),(228,'$2a$10$bHYNyXTyIjLz0tMmzzpHM.Rp8dOvYIl0c2ICboxUWW1GsvMB5noKO','820722086154',NULL,NULL,NULL,'Norashikin Abdul Shukor','820722086154',NULL,'3051','Aktif','27',NULL,NULL,NULL,NULL,NULL,1),(229,'$2a$10$bHYNyXTyIjLz0tMmzzpHM.Rp8dOvYIl0c2ICboxUWW1GsvMB5noKO','771210115582',NULL,NULL,NULL,'Norashima Hamzah','771210115582',NULL,'1533','Aktif',NULL,NULL,NULL,NULL,NULL,NULL,1),(230,'$2a$10$bHYNyXTyIjLz0tMmzzpHM.Rp8dOvYIl0c2ICboxUWW1GsvMB5noKO','800222145850',NULL,NULL,NULL,'Norazlina Tun Ibrahim','800222145850',NULL,'1518','Aktif','9',NULL,NULL,NULL,NULL,NULL,1),(231,'$2a$10$bHYNyXTyIjLz0tMmzzpHM.Rp8dOvYIl0c2ICboxUWW1GsvMB5noKO','790206105078',NULL,NULL,NULL,'Nordieana Nordin','790206105078',NULL,'2955','Aktif',NULL,NULL,NULL,NULL,NULL,NULL,1),(232,'$2a$10$bHYNyXTyIjLz0tMmzzpHM.Rp8dOvYIl0c2ICboxUWW1GsvMB5noKO','720531065416',NULL,NULL,NULL,'Norfaizah Abdul Rahman','720531065416',NULL,'1358','Aktif',NULL,NULL,NULL,NULL,NULL,NULL,1),(233,'$2a$10$bHYNyXTyIjLz0tMmzzpHM.Rp8dOvYIl0c2ICboxUWW1GsvMB5noKO','830513035616',NULL,NULL,NULL,'Norhaida Roslan','830513035616',NULL,'3094','Aktif','15',NULL,NULL,NULL,NULL,NULL,1),(234,'$2a$10$bHYNyXTyIjLz0tMmzzpHM.Rp8dOvYIl0c2ICboxUWW1GsvMB5noKO','800929085038',NULL,NULL,NULL,'Norhanida Ahmad Puad','800929085038',NULL,'2954','Aktif','18',NULL,NULL,NULL,NULL,NULL,1),(235,'$2a$10$bHYNyXTyIjLz0tMmzzpHM.Rp8dOvYIl0c2ICboxUWW1GsvMB5noKO','790131086326',NULL,NULL,NULL,'Norhaniza Hamir','790131086326',NULL,'1436','Aktif','22',NULL,NULL,NULL,NULL,NULL,1),(236,'$2a$10$bHYNyXTyIjLz0tMmzzpHM.Rp8dOvYIl0c2ICboxUWW1GsvMB5noKO','750420105494',NULL,NULL,NULL,'Norhasimah Ibrahim','750420105494',NULL,'1422','Aktif','11',NULL,NULL,NULL,NULL,NULL,1),(237,'$2a$10$bHYNyXTyIjLz0tMmzzpHM.Rp8dOvYIl0c2ICboxUWW1GsvMB5noKO','741211025426',NULL,NULL,NULL,'Norhayati Harun','741211025426',NULL,'2823','Aktif','23',NULL,NULL,NULL,NULL,NULL,1),(238,'$2a$10$bHYNyXTyIjLz0tMmzzpHM.Rp8dOvYIl0c2ICboxUWW1GsvMB5noKO','590121085147',NULL,NULL,NULL,'Norhisam Ahmad','590121085147',NULL,'2066','Aktif','21',NULL,NULL,NULL,NULL,NULL,1),(239,'$2a$10$bHYNyXTyIjLz0tMmzzpHM.Rp8dOvYIl0c2ICboxUWW1GsvMB5noKO','810924075016',NULL,NULL,NULL,'Norhuda Abdullah','810924075016',NULL,'3000','Aktif','23',NULL,NULL,NULL,NULL,NULL,1),(240,'$2a$10$bHYNyXTyIjLz0tMmzzpHM.Rp8dOvYIl0c2ICboxUWW1GsvMB5noKO','760715135972',NULL,NULL,NULL,'Norijah Juen','760715135972',NULL,'3009','Aktif','28',NULL,NULL,NULL,NULL,NULL,1),(241,'$2a$10$bHYNyXTyIjLz0tMmzzpHM.Rp8dOvYIl0c2ICboxUWW1GsvMB5noKO','810301106066',NULL,NULL,NULL,'Norkamila Shahrudin','810301106066',NULL,'3018','Aktif','30',NULL,NULL,NULL,NULL,NULL,1),(242,'$2a$10$bHYNyXTyIjLz0tMmzzpHM.Rp8dOvYIl0c2ICboxUWW1GsvMB5noKO','770521075034',NULL,NULL,NULL,'Norliana Mahmud','770521075034',NULL,'1466','Aktif','11',NULL,NULL,NULL,NULL,NULL,1),(243,'$2a$10$bHYNyXTyIjLz0tMmzzpHM.Rp8dOvYIl0c2ICboxUWW1GsvMB5noKO','761213035482',NULL,NULL,NULL,'Norliza Ahmad','761213035482',NULL,'1460','Aktif','29',NULL,NULL,NULL,NULL,NULL,1),(244,'$2a$10$bHYNyXTyIjLz0tMmzzpHM.Rp8dOvYIl0c2ICboxUWW1GsvMB5noKO','850306055196',NULL,NULL,NULL,'Norliza Rosli','850306055196',NULL,'3075','Aktif','8',NULL,NULL,NULL,NULL,NULL,1),(245,'$2a$10$bHYNyXTyIjLz0tMmzzpHM.Rp8dOvYIl0c2ICboxUWW1GsvMB5noKO','830714065344',NULL,NULL,NULL,'Norul Hasila Abdullah','830714065344',NULL,'1548','Aktif','17',NULL,NULL,NULL,NULL,NULL,1),(246,'$2a$10$bHYNyXTyIjLz0tMmzzpHM.Rp8dOvYIl0c2ICboxUWW1GsvMB5noKO','800603035364',NULL,NULL,NULL,'Norwahidah Abdullah','800603035364',NULL,'3006','Aktif','30',NULL,NULL,NULL,NULL,NULL,1),(247,'$2a$10$bHYNyXTyIjLz0tMmzzpHM.Rp8dOvYIl0c2ICboxUWW1GsvMB5noKO','781117035608',NULL,NULL,NULL,'Norwahizan bt Mohamed','781117035608',NULL,'3008','Aktif','25',NULL,NULL,NULL,NULL,NULL,1),(248,'$2a$10$bHYNyXTyIjLz0tMmzzpHM.Rp8dOvYIl0c2ICboxUWW1GsvMB5noKO','741111135206',NULL,NULL,NULL,'Norziah Kabil','741111135206',NULL,'3022','Aktif','28',NULL,NULL,NULL,NULL,NULL,1),(249,'$2a$10$bHYNyXTyIjLz0tMmzzpHM.Rp8dOvYIl0c2ICboxUWW1GsvMB5noKO','640927075362',NULL,NULL,NULL,'Norzirin Ariffin','640927075362',NULL,'1291','Aktif',NULL,NULL,NULL,NULL,NULL,NULL,1),(250,'$2a$10$bHYNyXTyIjLz0tMmzzpHM.Rp8dOvYIl0c2ICboxUWW1GsvMB5noKO','820215065332',NULL,NULL,NULL,'Nur Jihan Ramli','820215065332',NULL,'3024','Aktif','13',NULL,NULL,NULL,NULL,NULL,1),(251,'$2a$10$bHYNyXTyIjLz0tMmzzpHM.Rp8dOvYIl0c2ICboxUWW1GsvMB5noKO','911229075316',NULL,NULL,NULL,'Nur \'Amirah Shaaban','911229075316',NULL,'3146','Aktif','16',NULL,NULL,NULL,NULL,NULL,1),(252,'$2a$10$bHYNyXTyIjLz0tMmzzpHM.Rp8dOvYIl0c2ICboxUWW1GsvMB5noKO','820719015320',NULL,NULL,NULL,'Nur Faizah Tasman','820719015320',NULL,'1554','Aktif','31',NULL,NULL,NULL,NULL,NULL,1),(253,'$2a$10$bHYNyXTyIjLz0tMmzzpHM.Rp8dOvYIl0c2ICboxUWW1GsvMB5noKO','890703085766',NULL,NULL,NULL,'Nur Fatimah Mohd Zaki','890703085766',NULL,'1588','Aktif',NULL,NULL,NULL,NULL,NULL,NULL,1),(254,'$2a$10$bHYNyXTyIjLz0tMmzzpHM.Rp8dOvYIl0c2ICboxUWW1GsvMB5noKO','830829145870',NULL,NULL,NULL,'Nur Hafizah Halimuddin','830829145870',NULL,'3038','Aktif','30',NULL,NULL,NULL,NULL,NULL,1),(255,'$2a$10$bHYNyXTyIjLz0tMmzzpHM.Rp8dOvYIl0c2ICboxUWW1GsvMB5noKO','760301145732',NULL,NULL,NULL,'Nur Hanim Abd Ghani','760301145732',NULL,'1463','Aktif','19',NULL,NULL,NULL,NULL,NULL,1),(256,'$2a$10$bHYNyXTyIjLz0tMmzzpHM.Rp8dOvYIl0c2ICboxUWW1GsvMB5noKO','880707086492',NULL,NULL,NULL,'Nur Rafidah Zulkifl','880707086492',NULL,'1615','Aktif',NULL,NULL,NULL,NULL,NULL,NULL,1),(257,'$2a$10$bHYNyXTyIjLz0tMmzzpHM.Rp8dOvYIl0c2ICboxUWW1GsvMB5noKO','830512145776',NULL,NULL,NULL,'Nur Sulia Saari','830512145776',NULL,'1502','Aktif','16',NULL,NULL,NULL,NULL,NULL,1),(258,'$2a$10$bHYNyXTyIjLz0tMmzzpHM.Rp8dOvYIl0c2ICboxUWW1GsvMB5noKO','830628105688',NULL,NULL,NULL,'Nur Syafina Anuar','830628105688',NULL,'1522','Aktif',NULL,NULL,NULL,NULL,NULL,NULL,1),(259,'$2a$10$bHYNyXTyIjLz0tMmzzpHM.Rp8dOvYIl0c2ICboxUWW1GsvMB5noKO','830726146360',NULL,NULL,NULL,'Nur Syahrina Muhamad Nor','830726146360',NULL,'1557','Aktif',NULL,NULL,NULL,NULL,NULL,NULL,1),(260,'$2a$10$bHYNyXTyIjLz0tMmzzpHM.Rp8dOvYIl0c2ICboxUWW1GsvMB5noKO','831217015586',NULL,NULL,NULL,'Nuraizah Harun @ Harron','831217015586',NULL,'1578','Aktif','24',NULL,NULL,NULL,NULL,NULL,1),(261,'$2a$10$bHYNyXTyIjLz0tMmzzpHM.Rp8dOvYIl0c2ICboxUWW1GsvMB5noKO','880219145668',NULL,NULL,NULL,'Nurfayunie Pakhrururzi','880219145668',NULL,'1647','Aktif','16',NULL,NULL,NULL,NULL,NULL,1),(262,'$2a$10$bHYNyXTyIjLz0tMmzzpHM.Rp8dOvYIl0c2ICboxUWW1GsvMB5noKO','900802136836',NULL,NULL,NULL,'Nurfazila Haji Zulaihi','900802136836',NULL,'1605','Aktif','28',NULL,NULL,NULL,NULL,NULL,1),(263,'$2a$10$bHYNyXTyIjLz0tMmzzpHM.Rp8dOvYIl0c2ICboxUWW1GsvMB5noKO','890921146168',NULL,NULL,NULL,'Nursyahida Muhamad Aszahari','890921146168',NULL,'3121','Aktif','23',NULL,NULL,NULL,NULL,NULL,1),(264,'$2a$10$bHYNyXTyIjLz0tMmzzpHM.Rp8dOvYIl0c2ICboxUWW1GsvMB5noKO','860805435694',NULL,NULL,NULL,'Nurul Ain Alia  Abdullah Zawawi','860805435694',NULL,'1583','Aktif','24',NULL,NULL,NULL,NULL,NULL,1),(265,'$2a$10$bHYNyXTyIjLz0tMmzzpHM.Rp8dOvYIl0c2ICboxUWW1GsvMB5noKO','900430115822',NULL,NULL,NULL,'Nurul Farahaton Najihan Jusoh','900430115822',NULL,'1634','Aktif','29',NULL,NULL,NULL,NULL,NULL,1),(266,'$2a$10$bHYNyXTyIjLz0tMmzzpHM.Rp8dOvYIl0c2ICboxUWW1GsvMB5noKO','860509295922',NULL,NULL,NULL,'Nurul Fatihah Mohd Azlan','860509295922',NULL,'1576','Aktif','29',NULL,NULL,NULL,NULL,NULL,1),(267,'$2a$10$bHYNyXTyIjLz0tMmzzpHM.Rp8dOvYIl0c2ICboxUWW1GsvMB5noKO','870825565508',NULL,NULL,NULL,'Nurul Nadia Zainal Adnan','870825565508',NULL,'3133','Aktif',NULL,NULL,NULL,NULL,NULL,NULL,1),(268,'$2a$10$bHYNyXTyIjLz0tMmzzpHM.Rp8dOvYIl0c2ICboxUWW1GsvMB5noKO','830322105028',NULL,NULL,NULL,'Nurul Sazrina Mohd Shukor','830322105028',NULL,'1520','Aktif','19',NULL,NULL,NULL,NULL,NULL,1),(269,'$2a$10$bHYNyXTyIjLz0tMmzzpHM.Rp8dOvYIl0c2ICboxUWW1GsvMB5noKO','850926035516',NULL,NULL,NULL,'Nurul Syamimi Ismail','850926035516',NULL,'1574','Aktif','24',NULL,NULL,NULL,NULL,NULL,1),(270,'$2a$10$bHYNyXTyIjLz0tMmzzpHM.Rp8dOvYIl0c2ICboxUWW1GsvMB5noKO','800509075538',NULL,NULL,NULL,'Nurzarina Jaafar','800509075538',NULL,'2992','Aktif','23',NULL,NULL,NULL,NULL,NULL,1),(271,'$2a$10$bHYNyXTyIjLz0tMmzzpHM.Rp8dOvYIl0c2ICboxUWW1GsvMB5noKO','590905085292',NULL,NULL,NULL,'Omi Kalsom Hj. Osman','590905085292',NULL,'2060','Aktif','8',NULL,NULL,NULL,NULL,NULL,1),(272,'$2a$10$bHYNyXTyIjLz0tMmzzpHM.Rp8dOvYIl0c2ICboxUWW1GsvMB5noKO','680925135225',NULL,NULL,NULL,'Osman Zaidan','680925135225',NULL,'2996','Aktif','28',NULL,NULL,NULL,NULL,NULL,1),(273,'$2a$10$bHYNyXTyIjLz0tMmzzpHM.Rp8dOvYIl0c2ICboxUWW1GsvMB5noKO','821114115518',NULL,NULL,NULL,'Rahayu Abd. Rahman','821114115518',NULL,'3085','Aktif','13',NULL,NULL,NULL,NULL,NULL,1),(274,'$2a$10$bHYNyXTyIjLz0tMmzzpHM.Rp8dOvYIl0c2ICboxUWW1GsvMB5noKO','600302045271',NULL,NULL,NULL,'Dr. Rahmat Hj. Md. Smail','600302045271',NULL,'1186','Aktif','11',NULL,NULL,NULL,NULL,NULL,1),(275,'$2a$10$bHYNyXTyIjLz0tMmzzpHM.Rp8dOvYIl0c2ICboxUWW1GsvMB5noKO','731111125252',NULL,NULL,NULL,'Rainah Osman','731111125252',NULL,'3020','Aktif','27',NULL,NULL,NULL,NULL,NULL,1),(276,'$2a$10$bHYNyXTyIjLz0tMmzzpHM.Rp8dOvYIl0c2ICboxUWW1GsvMB5noKO','831026086234',NULL,NULL,NULL,'Raja Ainul Bismi Raja Abd. Hadi','831026086234',NULL,'1509','Aktif','10',NULL,NULL,NULL,NULL,NULL,1),(277,'$2a$10$bHYNyXTyIjLz0tMmzzpHM.Rp8dOvYIl0c2ICboxUWW1GsvMB5noKO','640510035445',NULL,NULL,NULL,'Ramale Yusoff','640510035445',NULL,'2146','Aktif','18',NULL,NULL,NULL,NULL,NULL,1),(278,'$2a$10$bHYNyXTyIjLz0tMmzzpHM.Rp8dOvYIl0c2ICboxUWW1GsvMB5noKO','610228105027',NULL,NULL,NULL,'Ramlan Sainan','610228105027',NULL,'2067','Aktif','11',NULL,NULL,NULL,NULL,NULL,1),(279,'$2a$10$bHYNyXTyIjLz0tMmzzpHM.Rp8dOvYIl0c2ICboxUWW1GsvMB5noKO','650318035284',NULL,NULL,NULL,'Hjh. Roseleena Hashim','650318035284',NULL,'1306','Aktif','12',NULL,NULL,NULL,NULL,NULL,1),(280,'$2a$10$bHYNyXTyIjLz0tMmzzpHM.Rp8dOvYIl0c2ICboxUWW1GsvMB5noKO','610210105328',NULL,NULL,NULL,'Roslah Md Yusof','610210105328',NULL,'2105','Aktif',NULL,NULL,NULL,NULL,NULL,NULL,1),(281,'$2a$10$bHYNyXTyIjLz0tMmzzpHM.Rp8dOvYIl0c2ICboxUWW1GsvMB5noKO','610314055177',NULL,NULL,NULL,'Rosli Mat Dom','610314055177',NULL,'2098','Aktif','26',NULL,NULL,NULL,NULL,NULL,1),(282,'$2a$10$bHYNyXTyIjLz0tMmzzpHM.Rp8dOvYIl0c2ICboxUWW1GsvMB5noKO','770706065860',NULL,NULL,NULL,'Roslinda Abdul Hamid','770706065860',NULL,'1493','Aktif',NULL,NULL,NULL,NULL,NULL,NULL,1),(283,'$2a$10$bHYNyXTyIjLz0tMmzzpHM.Rp8dOvYIl0c2ICboxUWW1GsvMB5noKO','780922105002',NULL,NULL,NULL,'Roslinda Ahmad','780922105002',NULL,'2977','Aktif',NULL,NULL,NULL,NULL,NULL,NULL,1),(284,'$2a$10$bHYNyXTyIjLz0tMmzzpHM.Rp8dOvYIl0c2ICboxUWW1GsvMB5noKO','630525035473',NULL,NULL,NULL,'Hj. Rosmi  Abdullah','630525035473',NULL,'1274','Aktif','11',NULL,NULL,NULL,NULL,NULL,1),(285,'$2a$10$bHYNyXTyIjLz0tMmzzpHM.Rp8dOvYIl0c2ICboxUWW1GsvMB5noKO','721031065086',NULL,NULL,NULL,'Rosmiza Rosly','721031065086',NULL,'1374','Aktif',NULL,NULL,NULL,NULL,NULL,NULL,1),(286,'$2a$10$bHYNyXTyIjLz0tMmzzpHM.Rp8dOvYIl0c2ICboxUWW1GsvMB5noKO','760405075492',NULL,NULL,NULL,'Rosniwati Abdullah','760405075492',NULL,'2783','Aktif','22',NULL,NULL,NULL,NULL,NULL,1),(287,'$2a$10$bHYNyXTyIjLz0tMmzzpHM.Rp8dOvYIl0c2ICboxUWW1GsvMB5noKO','660928015060',NULL,NULL,NULL,'Roziana Hj. Othman','660928015060',NULL,'1289','Aktif',NULL,NULL,NULL,NULL,NULL,NULL,1),(288,'$2a$10$bHYNyXTyIjLz0tMmzzpHM.Rp8dOvYIl0c2ICboxUWW1GsvMB5noKO','730323145672',NULL,NULL,NULL,'Rozitah Ma\'al','730323145672',NULL,'1400','Aktif',NULL,NULL,NULL,NULL,NULL,NULL,1),(289,'$2a$10$bHYNyXTyIjLz0tMmzzpHM.Rp8dOvYIl0c2ICboxUWW1GsvMB5noKO','650803035157',NULL,NULL,NULL,'Rusdi Muda','650803035157',NULL,'1312','Aktif','11',NULL,NULL,NULL,NULL,NULL,1),(290,'$2a$10$bHYNyXTyIjLz0tMmzzpHM.Rp8dOvYIl0c2ICboxUWW1GsvMB5noKO','750708035595',NULL,NULL,NULL,'Sabri Hasan','750708035595',NULL,'1458','Aktif','11',NULL,NULL,NULL,NULL,NULL,1),(291,'$2a$10$bHYNyXTyIjLz0tMmzzpHM.Rp8dOvYIl0c2ICboxUWW1GsvMB5noKO','890306146107',NULL,NULL,NULL,'Safarwan Mohd. Suhaimi','890306146107',NULL,'1596','Aktif','28',NULL,NULL,NULL,NULL,NULL,1),(292,'$2a$10$bHYNyXTyIjLz0tMmzzpHM.Rp8dOvYIl0c2ICboxUWW1GsvMB5noKO','830413125884',NULL,NULL,NULL,'Safiah Mitri','830413125884',NULL,'3080','Aktif','16',NULL,NULL,NULL,NULL,NULL,1),(293,'$2a$10$bHYNyXTyIjLz0tMmzzpHM.Rp8dOvYIl0c2ICboxUWW1GsvMB5noKO','760217715026',NULL,NULL,NULL,'Safniwati Jasri','760217715026',NULL,'1392','Aktif',NULL,NULL,NULL,NULL,NULL,NULL,1),(294,'$2a$10$bHYNyXTyIjLz0tMmzzpHM.Rp8dOvYIl0c2ICboxUWW1GsvMB5noKO','860904525900',NULL,NULL,NULL,'Safura Abdul Malek','860904525900',NULL,'1579','Aktif',NULL,NULL,NULL,NULL,NULL,NULL,1),(295,'$2a$10$bHYNyXTyIjLz0tMmzzpHM.Rp8dOvYIl0c2ICboxUWW1GsvMB5noKO','770801066220',NULL,NULL,NULL,'Saliza Saari','770801066220',NULL,'1415','Aktif','11',NULL,NULL,NULL,NULL,NULL,1),(296,'$2a$10$bHYNyXTyIjLz0tMmzzpHM.Rp8dOvYIl0c2ICboxUWW1GsvMB5noKO','640414107066',NULL,NULL,NULL,'Hjh. Sarimah Misman','640414107066',NULL,'1311','Aktif',NULL,NULL,NULL,NULL,NULL,NULL,1),(297,'$2a$10$bHYNyXTyIjLz0tMmzzpHM.Rp8dOvYIl0c2ICboxUWW1GsvMB5noKO','680101045120',NULL,NULL,NULL,'Hjh. Sawiah Abdul Samad','680101045120',NULL,'1339','Aktif',NULL,NULL,NULL,NULL,NULL,NULL,1),(298,'$2a$10$bHYNyXTyIjLz0tMmzzpHM.Rp8dOvYIl0c2ICboxUWW1GsvMB5noKO','630328085527',NULL,NULL,NULL,'Semawi Zakaria','630328085527',NULL,'1370','Aktif','11',NULL,NULL,NULL,NULL,NULL,1),(299,'$2a$10$bHYNyXTyIjLz0tMmzzpHM.Rp8dOvYIl0c2ICboxUWW1GsvMB5noKO','810418025235',NULL,NULL,NULL,'Shafirul Izwar Saad','810418025235',NULL,'2999','Aktif','23',NULL,NULL,NULL,NULL,NULL,1),(300,'$2a$10$bHYNyXTyIjLz0tMmzzpHM.Rp8dOvYIl0c2ICboxUWW1GsvMB5noKO','820526145858',NULL,NULL,NULL,'Shahidah Samsudin','820526145858',NULL,'1558','Aktif',NULL,NULL,NULL,NULL,NULL,NULL,1),(301,'$2a$10$bHYNyXTyIjLz0tMmzzpHM.Rp8dOvYIl0c2ICboxUWW1GsvMB5noKO','751226145016',NULL,NULL,NULL,'Shahriza Bahari','751226145016',NULL,'1428','Aktif','29',NULL,NULL,NULL,NULL,NULL,1),(302,'$2a$10$bHYNyXTyIjLz0tMmzzpHM.Rp8dOvYIl0c2ICboxUWW1GsvMB5noKO','630619106404',NULL,NULL,NULL,'Dr. Shaik Roslinah Bux','630619106404',NULL,'1320','Aktif',NULL,NULL,NULL,NULL,NULL,NULL,1),(303,'$2a$10$bHYNyXTyIjLz0tMmzzpHM.Rp8dOvYIl0c2ICboxUWW1GsvMB5noKO','800528145896',NULL,NULL,NULL,'Shanthini Tamadoram','800528145896',NULL,'1592','Aktif','24',NULL,NULL,NULL,NULL,NULL,1),(304,'$2a$10$bHYNyXTyIjLz0tMmzzpHM.Rp8dOvYIl0c2ICboxUWW1GsvMB5noKO','660228035028',NULL,NULL,NULL,'Hjh. Sharipah Mazina Syed Mohammed','660228035028',NULL,'1322','Aktif','22',NULL,NULL,NULL,NULL,NULL,1),(305,'$2a$10$bHYNyXTyIjLz0tMmzzpHM.Rp8dOvYIl0c2ICboxUWW1GsvMB5noKO','800809085025',NULL,NULL,NULL,'Sharizal Samsudin','800809085025',NULL,'2978','Aktif','8',NULL,NULL,NULL,NULL,NULL,1),(306,'$2a$10$bHYNyXTyIjLz0tMmzzpHM.Rp8dOvYIl0c2ICboxUWW1GsvMB5noKO','720408025822',NULL,NULL,NULL,'Shezlina Zakaria','720408025822',NULL,'1377','Aktif','20',NULL,NULL,NULL,NULL,NULL,1),(307,'$2a$10$bHYNyXTyIjLz0tMmzzpHM.Rp8dOvYIl0c2ICboxUWW1GsvMB5noKO','830813125234',NULL,NULL,NULL,'Siti Aslindah Ahmad','830813125234',NULL,'3054','Aktif','22',NULL,NULL,NULL,NULL,NULL,1),(308,'$2a$10$bHYNyXTyIjLz0tMmzzpHM.Rp8dOvYIl0c2ICboxUWW1GsvMB5noKO','750514075062',NULL,NULL,NULL,'Siti Rahayu Md. Desa','750514075062',NULL,'3052','Aktif','18',NULL,NULL,NULL,NULL,NULL,1),(309,'$2a$10$bHYNyXTyIjLz0tMmzzpHM.Rp8dOvYIl0c2ICboxUWW1GsvMB5noKO','840604075284',NULL,NULL,NULL,'Siti Rawaida Shariff','840604075284',NULL,'3076','Aktif','18',NULL,NULL,NULL,NULL,NULL,1),(310,'$2a$10$bHYNyXTyIjLz0tMmzzpHM.Rp8dOvYIl0c2ICboxUWW1GsvMB5noKO','890129035608',NULL,NULL,NULL,'Siti Sakinah Mohd Zaki','890129035608',NULL,'1654','Aktif','30',NULL,NULL,NULL,NULL,NULL,1),(311,'$2a$10$bHYNyXTyIjLz0tMmzzpHM.Rp8dOvYIl0c2ICboxUWW1GsvMB5noKO','770502025592',NULL,NULL,NULL,'Siti Salia Azizan','770502025592',NULL,'1562','Aktif','18',NULL,NULL,NULL,NULL,NULL,1),(312,'$2a$10$bHYNyXTyIjLz0tMmzzpHM.Rp8dOvYIl0c2ICboxUWW1GsvMB5noKO','641101065170',NULL,NULL,NULL,'Siti Salmiah Yahaya','641101065170',NULL,'2135','Aktif','25',NULL,NULL,NULL,NULL,NULL,1),(313,'$2a$10$bHYNyXTyIjLz0tMmzzpHM.Rp8dOvYIl0c2ICboxUWW1GsvMB5noKO','891122146000',NULL,NULL,NULL,'Siti Syafiqah Ahmad','891122146000',NULL,'1586','Aktif','12',NULL,NULL,NULL,NULL,NULL,1),(314,'$2a$10$bHYNyXTyIjLz0tMmzzpHM.Rp8dOvYIl0c2ICboxUWW1GsvMB5noKO','860913235390',NULL,NULL,NULL,'Siti Zaharah Mohamed','860913235390',NULL,'3039','Aktif','8',NULL,NULL,NULL,NULL,NULL,1),(315,'$2a$10$bHYNyXTyIjLz0tMmzzpHM.Rp8dOvYIl0c2ICboxUWW1GsvMB5noKO','780808045202',NULL,NULL,NULL,'Siti Zurianah Othman','780808045202',NULL,'1528','Aktif','29',NULL,NULL,NULL,NULL,NULL,1),(316,'$2a$10$bHYNyXTyIjLz0tMmzzpHM.Rp8dOvYIl0c2ICboxUWW1GsvMB5noKO','650711025373',NULL,NULL,NULL,'Sugumar a/l Saminathan','650711025373',NULL,'1353','Aktif',NULL,NULL,NULL,NULL,NULL,NULL,1),(317,'$2a$10$bHYNyXTyIjLz0tMmzzpHM.Rp8dOvYIl0c2ICboxUWW1GsvMB5noKO','610920035475',NULL,NULL,NULL,'Suhaimi Hamad','610920035475',NULL,'1209','Aktif',NULL,NULL,NULL,NULL,NULL,NULL,1),(318,'$2a$10$bHYNyXTyIjLz0tMmzzpHM.Rp8dOvYIl0c2ICboxUWW1GsvMB5noKO','821006015819',NULL,NULL,NULL,'Suhaimi Robini','821006015819',NULL,'2988','Aktif','8',NULL,NULL,NULL,NULL,NULL,1),(319,'$2a$10$bHYNyXTyIjLz0tMmzzpHM.Rp8dOvYIl0c2ICboxUWW1GsvMB5noKO','720615045084',NULL,NULL,NULL,'Dr. Suriati Zainal Abidin','720615045084',NULL,'1378','Aktif','23',NULL,NULL,NULL,NULL,NULL,1),(320,'$2a$10$bHYNyXTyIjLz0tMmzzpHM.Rp8dOvYIl0c2ICboxUWW1GsvMB5noKO','730505035706',NULL,NULL,NULL,'Suzana Ismail','730505035706',NULL,'2941','Aktif','11',NULL,NULL,NULL,NULL,NULL,1),(321,'$2a$10$bHYNyXTyIjLz0tMmzzpHM.Rp8dOvYIl0c2ICboxUWW1GsvMB5noKO','860504387326',NULL,NULL,NULL,'Syairah Zaimah Shafiee','860504387326',NULL,'3143','Aktif','23',NULL,NULL,NULL,NULL,NULL,1),(322,'$2a$10$bHYNyXTyIjLz0tMmzzpHM.Rp8dOvYIl0c2ICboxUWW1GsvMB5noKO','780905065205',NULL,NULL,NULL,'Syed Mohammad Fitri Syed Abdul Rahim','780905065205',NULL,'2979','Aktif','21',NULL,NULL,NULL,NULL,NULL,1),(323,'$2a$10$7EztGH7fHkBYORDEKH9O7OFjzJwZAZvpmQfnwwVbo00FEwKvT0g8y','800531145133','syed@mpc.gov.my',NULL,'Hj. Burhanuddin Saidin','Syed Mohd. Al-Khafiez Syed Mohd. Azam Shah','800531145133','0104006236','2966','Aktif','4',NULL,'',NULL,'2','',1),(324,'$2a$10$bHYNyXTyIjLz0tMmzzpHM.Rp8dOvYIl0c2ICboxUWW1GsvMB5noKO','611123125392',NULL,NULL,NULL,'Thea Juminita Cheong Kiam','611123125392',NULL,'2119','Aktif','27',NULL,NULL,NULL,NULL,NULL,1),(325,'$2a$10$bHYNyXTyIjLz0tMmzzpHM.Rp8dOvYIl0c2ICboxUWW1GsvMB5noKO','610102045102v',NULL,NULL,NULL,'Hjh. Umi Kalsom Osman','610102045102',NULL,'2082','Aktif',NULL,NULL,NULL,NULL,NULL,NULL,1),(326,'$2a$10$bHYNyXTyIjLz0tMmzzpHM.Rp8dOvYIl0c2ICboxUWW1GsvMB5noKO','830708146260',NULL,NULL,NULL,'Vimala a/p R.Muniandy','830708146260',NULL,'1567','Aktif','20',NULL,NULL,NULL,NULL,NULL,1),(327,'$2a$10$bHYNyXTyIjLz0tMmzzpHM.Rp8dOvYIl0c2ICboxUWW1GsvMB5noKO','730621106022',NULL,NULL,NULL,'Waila Mohd. Nasir','730621106022',NULL,'1381','Aktif','28',NULL,NULL,NULL,NULL,NULL,1),(328,'$2a$10$bHYNyXTyIjLz0tMmzzpHM.Rp8dOvYIl0c2ICboxUWW1GsvMB5noKO','791024105661',NULL,NULL,NULL,'Wan Farid Wan Hamad @ Wan Ahmad','791024105661',NULL,'1587','Aktif',NULL,NULL,NULL,NULL,NULL,NULL,1),(329,'$2a$10$bHYNyXTyIjLz0tMmzzpHM.Rp8dOvYIl0c2ICboxUWW1GsvMB5noKO','791126015974',NULL,NULL,NULL,'Wan Fazlin Nadia Wan Osman','791126015974',NULL,'1417','Aktif',NULL,NULL,NULL,NULL,NULL,NULL,1),(330,'$2a$10$bHYNyXTyIjLz0tMmzzpHM.Rp8dOvYIl0c2ICboxUWW1GsvMB5noKO','860225295576',NULL,NULL,NULL,'Wan Khairunnisa Azmi','860225295576',NULL,'1569','Aktif','25',NULL,NULL,NULL,NULL,NULL,1),(331,'$2a$10$bHYNyXTyIjLz0tMmzzpHM.Rp8dOvYIl0c2ICboxUWW1GsvMB5noKO','640706115164',NULL,NULL,NULL,'Hjh. Wan Norhani Wan Khalid','640706115164',NULL,'1536','Aktif','18',NULL,NULL,NULL,NULL,NULL,1),(332,'$2a$10$bHYNyXTyIjLz0tMmzzpHM.Rp8dOvYIl0c2ICboxUWW1GsvMB5noKO','770518065820',NULL,NULL,NULL,'Wan Rozita Hussain','770518065820',NULL,'2959','Aktif',NULL,NULL,NULL,NULL,NULL,NULL,1),(333,'$2a$10$bHYNyXTyIjLz0tMmzzpHM.Rp8dOvYIl0c2ICboxUWW1GsvMB5noKO','710502035534',NULL,NULL,NULL,'Wan Yusnaini Wan Yaacob','710502035534',NULL,'1403','Aktif',NULL,NULL,NULL,NULL,NULL,NULL,1),(334,'$2a$10$bHYNyXTyIjLz0tMmzzpHM.Rp8dOvYIl0c2ICboxUWW1GsvMB5noKO','710129035076',NULL,NULL,NULL,'Wan Zainulhaq Thaniah Che Haron','710129035076',NULL,'3091','Aktif','8',NULL,NULL,NULL,NULL,NULL,1),(335,'$2a$10$bHYNyXTyIjLz0tMmzzpHM.Rp8dOvYIl0c2ICboxUWW1GsvMB5noKO','691003035395',NULL,NULL,NULL,'Zaffrulla Hussein','691003035395',NULL,'1379','Aktif',NULL,NULL,NULL,NULL,NULL,NULL,1),(336,'$2a$10$bHYNyXTyIjLz0tMmzzpHM.Rp8dOvYIl0c2ICboxUWW1GsvMB5noKO','660320075225',NULL,NULL,NULL,'Zahid Ismail','660320075225',NULL,'1315','Aktif',NULL,NULL,NULL,NULL,NULL,NULL,1),(337,'$2a$10$bHYNyXTyIjLz0tMmzzpHM.Rp8dOvYIl0c2ICboxUWW1GsvMB5noKO','810614065568',NULL,NULL,NULL,'Zaidah Hassan','810614065568',NULL,'3017','Aktif',NULL,NULL,NULL,NULL,NULL,NULL,1),(338,'$2a$10$bHYNyXTyIjLz0tMmzzpHM.Rp8dOvYIl0c2ICboxUWW1GsvMB5noKO','830119105073',NULL,NULL,NULL,'Zaini Haron','830119105073',NULL,'2993','Aktif','13',NULL,NULL,NULL,NULL,NULL,1),(339,'$2a$10$bHYNyXTyIjLz0tMmzzpHM.Rp8dOvYIl0c2ICboxUWW1GsvMB5noKO','630524106620',NULL,NULL,NULL,'Zainon Bakar','630524106620',NULL,'1280','Aktif',NULL,NULL,NULL,NULL,NULL,NULL,1),(340,'$2a$10$bHYNyXTyIjLz0tMmzzpHM.Rp8dOvYIl0c2ICboxUWW1GsvMB5noKO','650322015235',NULL,NULL,NULL,'Hj. Zainudin Hj. Elias','650322015235',NULL,'1296','Aktif','11',NULL,NULL,NULL,NULL,NULL,1),(341,'$2a$10$bHYNyXTyIjLz0tMmzzpHM.Rp8dOvYIl0c2ICboxUWW1GsvMB5noKO','621101065316',NULL,NULL,NULL,'Zaiton Nordin','621101065316',NULL,'2136','Aktif','16',NULL,NULL,NULL,NULL,NULL,1),(342,'$2a$10$bHYNyXTyIjLz0tMmzzpHM.Rp8dOvYIl0c2ICboxUWW1GsvMB5noKO','670719035611',NULL,NULL,NULL,'Tn. Hj. Zaki Jaafar','670719035611',NULL,'1341','Aktif','30',NULL,NULL,NULL,NULL,NULL,1),(343,'$2a$10$bHYNyXTyIjLz0tMmzzpHM.Rp8dOvYIl0c2ICboxUWW1GsvMB5noKO','871012235530',NULL,NULL,NULL,'Zawiyah Abd Manaf','871012235530',NULL,'3111','Aktif','18',NULL,NULL,NULL,NULL,NULL,1),(344,'$2a$10$bHYNyXTyIjLz0tMmzzpHM.Rp8dOvYIl0c2ICboxUWW1GsvMB5noKO','720327055077',NULL,NULL,NULL,'Hj. Zubir Zainuddin','720327055077',NULL,'2283','Aktif','8',NULL,NULL,NULL,NULL,NULL,1),(345,'$2a$10$bHYNyXTyIjLz0tMmzzpHM.Rp8dOvYIl0c2ICboxUWW1GsvMB5noKO','810122015257',NULL,NULL,NULL,'Zul Ezwan Muhamad','810122015257',NULL,'1511','Aktif','30',NULL,NULL,NULL,NULL,NULL,1),(346,'$2a$10$bHYNyXTyIjLz0tMmzzpHM.Rp8dOvYIl0c2ICboxUWW1GsvMB5noKO','631016015006',NULL,NULL,NULL,'Zulaifah Omar','631016015006',NULL,'1307','Aktif',NULL,NULL,NULL,NULL,NULL,NULL,1),(347,'$2a$10$bHYNyXTyIjLz0tMmzzpHM.Rp8dOvYIl0c2ICboxUWW1GsvMB5noKO','820911035882',NULL,NULL,NULL,'Zunaidah Awang Nawi','820911035882',NULL,'2972','Aktif','25',NULL,NULL,NULL,NULL,NULL,1),(348,'$2a$10$lbU6q7njv3DAQLMD.QQO/eTPVG03lNfQzbG8FrrnhNdLcf/RRL5Zu','830428095219','zuraidi@mpc.gov.my',NULL,'Hj. Burhanuddin Saidin','Zuraidi Zainol','830428095219','','1500','Aktif','4',NULL,'',NULL,'2','',8),(349,'$2a$10$bHYNyXTyIjLz0tMmzzpHM.Rp8dOvYIl0c2ICboxUWW1GsvMB5noKO','820829035744',NULL,NULL,NULL,'Zuraini Subki','820829035744',NULL,'1658','Aktif','28',NULL,NULL,NULL,NULL,NULL,1),(350,'$2a$10$bHYNyXTyIjLz0tMmzzpHM.Rp8dOvYIl0c2ICboxUWW1GsvMB5noKO','880229065872',NULL,NULL,NULL,'Zurianti Nor Azian Mohd. Nafi','880229065872',NULL,'3148','Aktif','18',NULL,NULL,NULL,NULL,NULL,1),(351,'$2a$10$ldMgXOWl5OmtMZ1deAQ1O.sLOmNpjrk3Md9M1Y4KzqpqWNsSARWje','950928055375','izacbrandon@gmail.com',NULL,'Amirul Asraf bin razali','MOHAMAD SAUFI BIN MOHAMAD RASID','950928055375','0173452238','7676','Aktif','1',NULL,'ABC12345',NULL,'2','AI140001',13),(352,'$2a$10$ijZTrmHB252WxH2XtnshruHNdPp7fiBkRhCMHyyx3/Ja3CzkxBegm','amirul','izacbrandon2@gmail.com',NULL,'Dato\' Hj. Abd. Latif Hj. Abu Seman','Amirul Asraf bin razali','950928055375','0173452238','6688','Aktif','1',NULL,'ABC12345',NULL,'2','ai140220',7),(353,'$2a$10$BqeFzLn2D5/GUcyUkaP9dOow.SWD6H3Fw6slth5ft2Ib3rTs.Q61y','Aizam','izacbrandon3@gmail.com',NULL,'Amirul Asraf bin razali','Aizam Badron','740102015937','0123691597','1982','Aktif','2',NULL,'A2669892',NULL,'2','210120',1);

--
-- Table structure for table `users`
--

CREATE TABLE `users` (
  `id` int(10) unsigned NOT NULL AUTO_INCREMENT,
  `name` varchar(255) COLLATE utf8_unicode_ci NOT NULL,
  `email` varchar(255) COLLATE utf8_unicode_ci DEFAULT NULL,
  `username` varchar(100) COLLATE utf8_unicode_ci NOT NULL,
  `password` varchar(255) COLLATE utf8_unicode_ci NOT NULL,
  `status` char(1) COLLATE utf8_unicode_ci NOT NULL DEFAULT '0',
  `approve_status` char(1) COLLATE utf8_unicode_ci NOT NULL DEFAULT '0',
  `remember_token` varchar(100) COLLATE utf8_unicode_ci DEFAULT NULL,
  `locale` varchar(20) COLLATE utf8_unicode_ci DEFAULT NULL,
  `picture` longtext COLLATE utf8_unicode_ci,
  `type` char(1) COLLATE utf8_unicode_ci NOT NULL DEFAULT '0',
  `jabatan_id` int(11) DEFAULT NULL,
  `created_at` timestamp NULL DEFAULT NULL,
  `updated_at` timestamp NULL DEFAULT NULL ON UPDATE CURRENT_TIMESTAMP,
  `deleted_at` timestamp NULL DEFAULT NULL,
  PRIMARY KEY (`id`),
  UNIQUE KEY `users_email_unique` (`email`)
) ENGINE=InnoDB AUTO_INCREMENT=516 DEFAULT CHARSET=utf8 COLLATE=utf8_unicode_ci ROW_FORMAT=DYNAMIC;

--
-- Dumping data for table `users`
--

INSERT INTO `users` VALUES (1,'SUPERADMIN','superadmin@gmail.com','superadmin','$2y$10$0RAFylWX1G873UO9D/fldeNogv5.53XE778qhH.VzH2XUA2FWtu8i','1','1','Rga35q5W7Nq46h4ZeSsW5xHTD3yH9PlgRHBnfDBzsyGqheImcJTofR141jUf','en',NULL,'0',NULL,'2018-03-13 06:12:25','2019-03-23 08:44:14',NULL),(2,'ADMIN','admin@gmail.com','admin','$2y$10$0RAFylWX1G873UO9D/fldeNogv5.53XE778qhH.VzH2XUA2FWtu8i','1','1','r0Fpd4grgBpxPALtYhIyFQOQHwwlrMezUXTrYpZCttnswhwQDeP1CCTgTcaQ','en',NULL,'0',NULL,'2018-04-17 18:31:06','2019-03-21 16:40:13',NULL),(3,'Ab. Razak Salleh','razak@mpc.gov.my','620310035231','$2y$10$RNA7FjPWELpxnTVRXqI1Se4oBynTobFkAn1.Ugt2jCPpaL/buiHSS','1','1',NULL,'en',NULL,'0',NULL,'2019-03-21 12:46:45','2019-03-21 16:37:04',NULL),(4,'Abang Nurfadli Abang Yusuf',NULL,'881113136047','$2y$10$BgKkOLDuBS2r45gYSWHlkOu4qENGD7MkZJ9Y4gqkTVPHfxn.3vLPi','1','1',NULL,'en',NULL,'0',NULL,'2019-03-21 12:46:45','2019-03-21 16:37:04',NULL),(5,'Abdollah Talib',NULL,'641129055193','$2y$10$JJybUD6v9TEf7j3XDmgqre4je5eOko.HAqSfhzeJCfVcYRCXhq19q','1','1',NULL,'en',NULL,'0',NULL,'2019-03-21 12:46:45','2019-03-21 16:37:04',NULL),(6,'Abdul Hadi Ishak',NULL,'810825045057','$2y$10$Y/mNO7Cinpbd5gzi50xuEOvKw.vPViFeYkvhMcsBwLsFuO/gyIEZm','1','1',NULL,'en',NULL,'0',NULL,'2019-03-21 12:46:45','2019-03-21 16:37:04',NULL),(7,'Abdul Hakim bin Mohamad Sharif',NULL,'840515145893','$2y$10$1QkmO/4YbjoIxD1Nmj3jR.dzLD4fRwnhQDXbVwr1DLC4shbrAtEVq','1','1',NULL,'en',NULL,'0',NULL,'2019-03-21 12:46:45','2019-03-21 16:37:04',NULL),(8,'Abdul Karim Abdul Halim',NULL,'810328145225','$2y$10$a8YCuSsct4ZoVkrlP./CSOMj5befwe4uJRZsQDbWS5zR1mjD4206a','1','1',NULL,'en',NULL,'0',NULL,'2019-03-21 12:46:45','2019-03-21 16:37:04',NULL),(9,'Dato\' Hj. Abd. Latif Hj. Abu Seman','akmar@mpc.gov.my','610529065073','$2y$10$c7NZtFSGmygr7dJcXwY5ZuoS18dcymcRKdW/chKIqBkLxe3VaalWy','1','1',NULL,'en',NULL,'0',NULL,'2019-03-21 12:46:45','2019-03-21 16:37:04',NULL),(10,'Abdul Latif Hussein',NULL,'600723135435','$2y$10$femoRYU14/E0AaA8q7WTBuQ5XPCADt2TqSFqSYWZrkbIp1mDv1mIK','1','1',NULL,'en',NULL,'0',NULL,'2019-03-21 12:46:45','2019-03-21 16:37:04',NULL),(11,'Abdul Malek Mohamad Aripin',NULL,'690206045185','$2y$10$1YUnKY48PjTez/y8HmpTfexkoSPzwSpeFanF1sNsXGMVj9LGez/bu','1','1',NULL,'en',NULL,'0',NULL,'2019-03-21 12:46:45','2019-03-21 16:37:04',NULL),(12,'Abdul Quyun Mansor','quyun@mpc.gov.my','850207065305','$2y$10$xhe9RFJC6ZaMcRRks5..w..oDHHvq/0qeKo19Uct.8tlVq8Zcl0VW','1','1',NULL,'en',NULL,'0',NULL,'2019-03-21 12:46:45','2019-03-21 16:37:04',NULL),(13,'Abigail Subatra a/p Anbalakan',NULL,'850106055140','$2y$10$yv2eLm5WWrzMkuRIpLRtC.EeE0mZrRJvOXf9B419Oqj5UIRwK7Bzu','1','1',NULL,'en',NULL,'0',NULL,'2019-03-21 12:46:45','2019-03-21 16:37:04',NULL),(14,'Adlina Snawi',NULL,'781031075342','$2y$10$texprF9Oi.99rpl.ZSScPu.uvi83NNM8IvvYCRdREgPTQ3H/0fboq','1','1',NULL,'en',NULL,'0',NULL,'2019-03-21 12:46:45','2019-03-21 16:37:04',NULL),(15,'Ahmad Fathan Abdul Rahim',NULL,'860818355343','$2y$10$SHjBIfEBDyTXbLz0TIoe3ePnZBa/t1b6.P8PNlBdod6mryu7CBHuO','1','1',NULL,'en',NULL,'0',NULL,'2019-03-21 12:46:45','2019-03-21 16:37:04',NULL),(16,'Ahmad Harris Abdullah',NULL,'790805115235','$2y$10$8ZLUI9XALaCaalGD2KuSNuMdq0p5XGIVhodu.UU8S4TE5iyO2gIVO','1','1',NULL,'en',NULL,'0',NULL,'2019-03-21 12:46:45','2019-03-21 16:37:04',NULL),(17,'Aiman Zakwan Zahari',NULL,'891020015691','$2y$10$8EZDJvVewVkbjJaODXUXKuFBrNC/aFEAZWyb1wH9lF8QGA.yizsC.','1','1',NULL,'en',NULL,'0',NULL,'2019-03-21 12:46:45','2019-03-21 16:37:05',NULL),(18,'Aizulhisham Mat Menan',NULL,'801211105313','$2y$10$JEAHrT1LIigqgQ0lLnxGK.vngk5Lr2zkbbMzlBaMjiIeasFHU0Dqa','1','1',NULL,'en',NULL,'0',NULL,'2019-03-21 12:46:45','2019-03-21 16:37:05',NULL),(19,'Akmar Ashaari',NULL,'790723075671','$2y$10$DcJuoyQH0wSXzS19tI/6TOh12JRxdcASZHVzXbk6/u7hNE3YlJRUm','1','1',NULL,'en',NULL,'0',NULL,'2019-03-21 12:46:45','2019-03-21 16:37:05',NULL),(20,'Al Hisyam Abdul Halim',NULL,'780407145421','$2y$10$gHBEJn4Jyykdm4zvGr.EG.aqkSO/zrrTgEpffgm4LMzrD4R75Ne/O','1','1',NULL,'en',NULL,'0',NULL,'2019-03-21 12:46:45','2019-03-21 16:37:05',NULL),(21,'Aluyah Suhaili',NULL,'630805135268','$2y$10$Q1c4WNpGGEU/67uSaQ3CCeP7QHA.PaRL/3couPSVmLXIWOUQ/cck2','1','1',NULL,'en',NULL,'0',NULL,'2019-03-21 12:46:45','2019-03-21 16:37:05',NULL),(22,'Amirul Qamar Zakaria',NULL,'870118086399','$2y$10$ZCyuliA793/TD5Ii8n9ZkODrUTtIPRw74DNwkCBpZpTmlBWTuoP/C','1','1',NULL,'en',NULL,'0',NULL,'2019-03-21 12:46:45','2019-03-21 16:37:05',NULL),(23,'Anis Marina Abd. Wahab',NULL,'850708145936','$2y$10$wdwE.QRIQO.pD81UN6iCJucDGQVwTgdBUL/F1xREyCkhoUl6akU3.','1','1',NULL,'en',NULL,'0',NULL,'2019-03-21 12:46:45','2019-03-21 16:37:05',NULL),(24,'Asmahan Othman',NULL,'730601715226','$2y$10$L6wF3s9BC.1AzWDAnqpnE.HZ0B0Av4LLjJ6xn2Cfm5.PHIiaIaDyW','1','1',NULL,'en',NULL,'0',NULL,'2019-03-21 12:46:45','2019-03-21 16:37:05',NULL),(25,'Asmawadi Mohamed',NULL,'800318035293','$2y$10$wwqOHeBIZyBHKHBJhU2/BeQLg2H6s.2mFrur9PlS5dqp2wP0/V1We','1','1',NULL,'en',NULL,'0',NULL,'2019-03-21 12:46:45','2019-03-21 16:37:05',NULL),(26,'Athirah Ishak',NULL,'890925035094','$2y$10$RskEvdvsUnWJE558h8Bi.eg.gb2RenE1IKA2DVqiE5TaF1WDBoqMO','1','1',NULL,'en',NULL,'0',NULL,'2019-03-21 12:46:45','2019-03-21 16:37:05',NULL),(27,'Ati Djam Seri Montoi',NULL,'721110125470','$2y$10$SAjEoPfUZJ93zuUIQTYH4uvdLxV.hgIy3SJILcxwYb5J6Oo5T3o12','1','1',NULL,'en',NULL,'0',NULL,'2019-03-21 12:46:45','2019-03-21 16:37:05',NULL),(28,'Awang Udin Kanda',NULL,'620807125523','$2y$10$icrIgfvkxStO5dS3cPRjDuD4pupYmzzMAcDhfESqzqVQt88g4ACgu','1','1',NULL,'en',NULL,'0',NULL,'2019-03-21 12:46:45','2019-03-21 16:37:06',NULL),(29,'Azhani Ismail',NULL,'740621715142','$2y$10$tLtoRT2Dtn7.Ao8oM71nHOKS8Nmc23Xv6WrGNZmMzFCZ0igoOtsKa','1','1',NULL,'en',NULL,'0',NULL,'2019-03-21 12:46:45','2019-03-21 16:37:06',NULL),(30,'Azimah Adnan',NULL,'820910105084','$2y$10$edaz/bUs9igZ1X13CnHd5eE5Sg11.TUVElKIC2yuBB//pITrkPtQS','1','1',NULL,'en',NULL,'0',NULL,'2019-03-21 12:46:45','2019-03-21 16:37:06',NULL),(31,'Azira Mohamed Hodzai','azira@mpc.gov.my','871121295452','$2y$10$Exb7t0wcOGskvfdeW3EgneJSfEmxYLiLhM.6dT/PVt.Z0cETT25am','1','1',NULL,'en',NULL,'0',NULL,'2019-03-21 12:46:45','2019-03-21 16:37:06',NULL),(32,'Azizan Omar',NULL,'590613055315','$2y$10$VbDds2PnwD9njSvzumwSHOOGfzuWBT.2863KlAvNgOdF.sTvJvy2S','1','1',NULL,'en',NULL,'0',NULL,'2019-03-21 12:46:45','2019-03-21 16:37:06',NULL),(33,'Azlan Kassim',NULL,'600518106299','$2y$10$18g0TOzAloTFyDOKx4MQmeo1q7YwcJk7JT4EaYN/Q5cmtDBJeXPlS','1','1',NULL,'en',NULL,'0',NULL,'2019-03-21 12:46:45','2019-03-21 16:37:06',NULL),(34,'Azlin Mohd Alias',NULL,'771102145856','$2y$10$q7A.V.TSZZPW2MKXDXIF9uJt9GriPcU4VNurg4C6N5wjjLaqTLzk6','1','1',NULL,'en',NULL,'0',NULL,'2019-03-21 12:46:45','2019-03-21 16:37:07',NULL),(35,'Bahar Musa',NULL,'591116055239','$2y$10$s7W3HL6cS7B/E9tLSPK6nuj6h15v5qzicLUgwJVFMsGT6EmDMreE6','1','1',NULL,'en',NULL,'0',NULL,'2019-03-21 12:46:45','2019-03-21 16:37:07',NULL),(36,'Hj. Burhanuddin Saidin','suhaimi_robini@mpc.gov.my','601103085419','$2y$10$xJ4Yu6RqcJITBkt3l7F9UOFfr26te2qep1iFyYgRUJnhIIsPbBUFa','1','1',NULL,'en',NULL,'0',NULL,'2019-03-21 12:46:45','2019-03-21 16:37:07',NULL),(37,'Cham Yin Hwa',NULL,'850809045416','$2y$10$sUuyEDy.OFMAgNl2kZXz.e9kBnq8EMocYkxLUyNISMg5.Z.yIITsm','1','1',NULL,'en',NULL,'0',NULL,'2019-03-21 12:46:45','2019-03-21 16:37:07',NULL),(38,'Darul Adizul Ishak',NULL,'821110105937','$2y$10$5j7kluCMLARMiXIGJaEqQ..BM1EkiJqTjK7.mCWDG7sALhesaz9EK','1','1',NULL,'en',NULL,'0',NULL,'2019-03-21 12:46:45','2019-03-21 16:37:07',NULL),(39,'Dr. Daud Talib',NULL,'650523015733','$2y$10$VcXU4X28kXBi4z2pWyJnS.Q7tzodBImCDpaSxJeBQKRb2s9DH9Xem','1','1',NULL,'en',NULL,'0',NULL,'2019-03-21 12:46:45','2019-03-21 16:37:07',NULL),(40,'Eamizan Hasim',NULL,'671215106089','$2y$10$Kvo/UF9K00CzpBObMYQoIOQAR1kXIwJHIIw6ya2Abe4w2fB4nMota','1','1',NULL,'en',NULL,'0',NULL,'2019-03-21 12:46:45','2019-03-21 16:37:07',NULL),(41,'Edward Binty',NULL,'750707125521','$2y$10$DdVIiafILq8Gqe.Ny4OPJOs4QWYOkWlN6Pipi1wEvxHn1ds3HtX/O','1','1',NULL,'en',NULL,'0',NULL,'2019-03-21 12:46:45','2019-03-21 16:37:08',NULL),(42,'Ellma Eddiahwati Musa','ellma@mpc.gov.my','760622145362','$2y$10$9X/rY9AWeSUOBjFT9no59eTnulZau8ZbZr7O16juBqFjmfQ2aUWIm','1','1',NULL,'en',NULL,'0',NULL,'2019-03-21 12:46:45','2019-03-21 16:37:08',NULL),(43,'Faizul Mohamed',NULL,'730506015053','$2y$10$zNSjaAuxyJfjG1G/LQgr/eDfmukfaGn3APgcaW.QVvdUVYF9KFy26','1','1',NULL,'en',NULL,'0',NULL,'2019-03-21 12:46:45','2019-03-21 16:37:08',NULL),(44,'Fara Salinda Ayu Halim',NULL,'790904085772','$2y$10$4xyKFEGqbvjm9BcHSp5y3eN1RlT/f9uTMd7X2lX.i/nqtL5k5n8Au','1','1',NULL,'en',NULL,'0',NULL,'2019-03-21 12:46:45','2019-03-21 16:37:08',NULL),(45,'Fara Suraya Hani Halim',NULL,'780714085668','$2y$10$DU2aFHXGPYWkRTh3xqjOJuKmI0nlFxH/1qerTl1IBSWYmBkmL/EX.','1','1',NULL,'en',NULL,'0',NULL,'2019-03-21 12:46:45','2019-03-21 16:37:08',NULL),(46,'Farah Diyana Derma Dewa','diyana@mpc.gov.my','820812105056','$2y$10$5brH6nHGzF6umoqi/NpMkeENrc0bZii/EUoi8Mo1k3/TWDPhiPKV6','1','1',NULL,'en',NULL,'0',NULL,'2019-03-21 12:46:45','2019-03-21 16:37:08',NULL),(47,'Farah Sazarina Othman',NULL,'811203015456','$2y$10$vMEmlZT5NVaSfZGtNCEBIeGwxTDlGTBa1XM5mj6k/ffYETnLXdUF.','1','1',NULL,'en',NULL,'0',NULL,'2019-03-21 12:46:45','2019-03-21 16:37:09',NULL),(48,'Farhan Abdullah',NULL,'730617105449','$2y$10$Tw8i1D.ENyIHvPdNE2wPGeeA/V1fvvsKhYSBrVM8I7F9PTMuo.7ka','1','1',NULL,'en',NULL,'0',NULL,'2019-03-21 12:46:45','2019-03-21 16:37:09',NULL),(49,'Faridah Taju Rahim',NULL,'760308065380','$2y$10$kWNWxtgpROspw/EG/V/orOWxufv1laUXVjcjnYBsbdYJ53UeP5noy','1','1',NULL,'en',NULL,'0',NULL,'2019-03-21 12:46:45','2019-03-21 16:37:09',NULL),(50,'Fauziah Ahmad Nawawi',NULL,'790625105398','$2y$10$Awp5.dfdDBUI9us8M51LzO6rTQ.E1/VpXfxdkdhg/E3Q/wdFIBGTC','1','1',NULL,'en',NULL,'0',NULL,'2019-03-21 12:46:45','2019-03-21 16:37:09',NULL),(51,'Fauziah Manaf',NULL,'660107065028','$2y$10$hH5sFaA0zEMN5/DPZkhAsexJNSldAUX2hPe5g.ZoqX8l8FKRLgqpa','1','1',NULL,'en',NULL,'0',NULL,'2019-03-21 12:46:45','2019-03-21 16:37:09',NULL),(52,'Fauziah Sakiman',NULL,'720323015326','$2y$10$zjdAulwyie/Cnhvp0yrNQeAbLsxSsoPyZhoK34DMA0KCXBvhM7VdK','1','1',NULL,'en',NULL,'0',NULL,'2019-03-21 12:46:45','2019-03-21 16:37:09',NULL),(53,'Fizalawati Amin',NULL,'810813135258','$2y$10$7QbdGp.EQ/e7tBnjMhuZFus3mMyBykX5Ii23krpHIpuZWnPtCOZZi','1','1',NULL,'en',NULL,'0',NULL,'2019-03-21 12:46:45','2019-03-21 16:37:09',NULL),(54,'Hafiza Atha Ahmad',NULL,'811010105092','$2y$10$7wT9RBqV4xgnlQPgtcDsLeCon9heqOwn1B20Q3V.JtEMZ.lRfIVD2','1','1',NULL,'en',NULL,'0',NULL,'2019-03-21 12:46:45','2019-03-21 16:37:10',NULL),(55,'Hafizah Sith',NULL,'790329016120','$2y$10$u1PHqS5dDLpil849KtclzuB0KciusRDOOqcJp1diivC1LGaoPkWie','1','1',NULL,'en',NULL,'0',NULL,'2019-03-21 12:46:45','2019-03-21 16:37:10',NULL),(56,'Hafizoh Md. Aris',NULL,'780402025746','$2y$10$oHo0YAQLmeU5gyCVVQDbw.l8wtmcEuro.SXH/jNjgCb0YyP2nDaYe','1','1',NULL,'en',NULL,'0',NULL,'2019-03-21 12:46:45','2019-03-21 16:37:10',NULL),(57,'Hj. Hairul Mizan Hamdan',NULL,'770222015947','$2y$10$Ez5ZGJcUPO0Z6VrQw8yBMe4gVLqtFzehrIwxC/b6ur9THfqa0neaG','1','1',NULL,'en',NULL,'0',NULL,'2019-03-21 12:46:45','2019-03-21 16:37:10',NULL),(58,'Halimahton Saadiah Let',NULL,'730930085368','$2y$10$mEQ4X6QSpzV/tqDNu8ng3uz7XPoM.tgwxj4nQ3u6.k7lfoDskSihq','1','1',NULL,'en',NULL,'0',NULL,'2019-03-21 12:46:45','2019-03-21 16:37:10',NULL),(59,'Hamzaly Zakaria',NULL,'680617105825','$2y$10$20U5eF48RBGhp617n6kWPO.5zKamzaRlY6KBAACr87aXUXbOtr7nG','1','1',NULL,'en',NULL,'0',NULL,'2019-03-21 12:46:45','2019-03-21 16:37:10',NULL),(60,'Hanisah Mohd. Ramli',NULL,'840523105736','$2y$10$MHGs8rg2lUviJZYMBXgW4OHrfAXk5MTx2SkD/4UuWB0PfTWobFara','1','1',NULL,'en',NULL,'0',NULL,'2019-03-21 12:46:45','2019-03-21 16:37:10',NULL),(61,'Hasbullah Abdul Hamid',NULL,'800114025253','$2y$10$oeMfOza40DCo83ywTB5zaef.YcpZH3Pw1TS1bsvilqflEGX.U.61m','1','1',NULL,'en',NULL,'0',NULL,'2019-03-21 12:46:45','2019-03-21 16:37:11',NULL),(62,'Haslizayanti Othman',NULL,'810117065348','$2y$10$uDqB.MfvnodlZ0pRVR8nhu5hXAOUIcfQI/RP6gGXOVAeVfo53gX/2','1','1',NULL,'en',NULL,'0',NULL,'2019-03-21 12:46:45','2019-03-21 16:37:11',NULL),(63,'Hazwani Nadiah Ismail',NULL,'820913035624','$2y$10$hYxM.7t.iKggeYfT0TnFMuC2N.n.DBOF.DWrb2OHvE48RxCXmmB8i','1','1',NULL,'en',NULL,'0',NULL,'2019-03-21 12:46:45','2019-03-21 16:37:11',NULL),(64,'Hillina Abdul Karim',NULL,'760325105284','$2y$10$f66GURNXtAv.PwNIOlX24uEWiL1piKrhsZo0tJSga.zUPzUBtqt.K','1','1',NULL,'en',NULL,'0',NULL,'2019-03-21 12:46:45','2019-03-21 16:37:11',NULL),(65,'Hishamuddin Hassan',NULL,'811203025531','$2y$10$x0E6JTCtS8PvRC4PLJuXROw6f9KL3nghR93SNcGaWmchfcVvP02fW','1','1',NULL,'en',NULL,'0',NULL,'2019-03-21 12:46:45','2019-03-21 16:37:11',NULL),(66,'Hj. Ab. Rahim Yusoff',NULL,'601217035145','$2y$10$qHZmR6/Dc/BnilXDht4dU.VaKH.6hFTjKc3OSDV30NvPuNkuv3JZ.','1','1',NULL,'en',NULL,'0',NULL,'2019-03-21 12:46:45','2019-03-21 16:37:11',NULL),(67,'Hj. Ab. Rashid Omar',NULL,'660801045393','$2y$10$rD4VbHPlkYYvqA9rDN5SJePhU1Mwo/TkqWurtf9/t6lrSVkmQhqpu','1','1',NULL,'en',NULL,'0',NULL,'2019-03-21 12:46:45','2019-03-21 16:37:12',NULL),(68,'Huda Atiqah Samsir',NULL,'881028015128','$2y$10$6ywe9I3rZg1eVPsTLYr0tekLgQJ7L0AR7VcR18O4Gts98j/IXkNh.','1','1',NULL,'en',NULL,'0',NULL,'2019-03-21 12:46:45','2019-03-21 16:37:12',NULL),(69,'Ilyana Norsaidah Ab Rahman',NULL,'910911035478','$2y$10$rlwNui0eeFmFedKScvyUcOOVJJn16ThNw7KzPqQntrDUqnBKWWh6q','1','1',NULL,'en',NULL,'0',NULL,'2019-03-21 12:46:45','2019-03-21 16:37:12',NULL),(70,'Ingrid Ng Edy',NULL,'871121495040','$2y$10$jBc.DxYecBYOhV2TOG8fG.GvrLrRC56jQMrw3P8LjzKdXF4BVVpfu','1','1',NULL,'en',NULL,'0',NULL,'2019-03-21 12:46:45','2019-03-21 16:37:12',NULL),(71,'Isram Azhar','isram@mpc.gov.my','820324105479','$2y$10$u5pRi8Rk/zUKth6oyQWIcujmF92PNEtLmrlm14F0Sqw/lLEqmpFby','1','1',NULL,'en',NULL,'0',NULL,'2019-03-21 12:46:45','2019-03-21 16:37:12',NULL),(72,'Izani Ishak',NULL,'630610035689','$2y$10$49Gm.87gWpLVYW6kxq7fJ.kdT6WD5DA.mh0TIa.A35RocaYwJQ5OK','1','1',NULL,'en',NULL,'0',NULL,'2019-03-21 12:46:45','2019-03-21 16:37:12',NULL),(73,'Izzul Ikhwan Ishak',NULL,'910610105989','$2y$10$id/OcEU9/s503zUwPfZa.uK3X9nJlfQE.7F79HSqXGmBtkHCC5zBe','1','1',NULL,'en',NULL,'0',NULL,'2019-03-21 12:46:45','2019-03-21 16:37:13',NULL),(74,'Jauza Juhairah Jimmy Abdullah',NULL,'920127126324','$2y$10$/OKGTpyje2MPmnfpkIzWy.utzgqIAJ1hSxgvEfzMEc1pXYa9wKlhu','1','1',NULL,'en',NULL,'0',NULL,'2019-03-21 12:46:45','2019-03-21 16:37:13',NULL),(75,'Jayaletchumi Krishnan',NULL,'780507025152','$2y$10$NvjOgLQbdcGrfx4Esm84yO46rmTQ6o.kv6Q9jAFq8fxk7xne8wOAa','1','1',NULL,'en',NULL,'0',NULL,'2019-03-21 12:46:45','2019-03-21 16:37:13',NULL),(76,'Jerry Shahnizal Abd. Aziz',NULL,'830808146065','$2y$10$MnmYJgnI1doo1F66caHFPeKTP37eJK8nWrf612ssfx1RfNbV5YykS','1','1',NULL,'en',NULL,'0',NULL,'2019-03-21 12:46:45','2019-03-21 16:37:13',NULL),(77,'Josffa Ismail',NULL,'780215075975','$2y$10$raSb7xY6KV5hsJgy7U0c5OR7BbSk5c8pQd43y1wYQ6aQnqFJA.jRK','1','1',NULL,'en',NULL,'0',NULL,'2019-03-21 12:46:45','2019-03-21 16:37:13',NULL),(78,'Kabir Ahmad Mohamad Jamil',NULL,'600101025303','$2y$10$R2f1ckLtldIzlM8FURm7fue2DsMtV1iw/Ej7f9gnckv6ttHLcfgYK','1','1',NULL,'en',NULL,'0',NULL,'2019-03-21 12:46:45','2019-03-21 16:37:13',NULL),(79,'Kamaruddin Mohamad',NULL,'610718115105','$2y$10$5fSEi4fnuUkNYA.pfXTjhep9SFZcUX2FGs4ZHV4JnSmOYDErrxYwe','1','1',NULL,'en',NULL,'0',NULL,'2019-03-21 12:46:45','2019-03-21 16:37:14',NULL),(80,'Kamaruzaman Ramli',NULL,'830308115035','$2y$10$hNIw4lDweSq91lyGp8JKtezft73mK43Wr/CyB4Rg2u3.Mdv2tNWOu','1','1',NULL,'en',NULL,'0',NULL,'2019-03-21 12:46:45','2019-03-21 16:37:14',NULL),(81,'Kartin Haslinda Che Mat',NULL,'760304035264','$2y$10$riwqV2P4FNnRu7nTUBUqX..s81sikI844XQvjvlPyeploytET.m2a','1','1',NULL,'en',NULL,'0',NULL,'2019-03-21 12:46:45','2019-03-21 16:37:14',NULL),(82,'Kasturi Devi a/p Appanna',NULL,'810525085890','$2y$10$4fDuMrH5VguYarNqnjg3uOn/r5KUN4qoYStgHVe2dWRBo2atsMLgi','1','1',NULL,'en',NULL,'0',NULL,'2019-03-21 12:46:45','2019-03-21 16:37:14',NULL),(83,'Khairil Afi Adnan',NULL,'871003065189','$2y$10$aOjlojf5IFaW7C0cuvG2DuWlMhcAcamIeau.wfMXPWE9m1zPionw.','1','1',NULL,'en',NULL,'0',NULL,'2019-03-21 12:46:45','2019-03-21 16:37:14',NULL),(84,'Khalidatul Asrin Abd. Aziz',NULL,'800112025794','$2y$10$9Ds7PfbuKBnPUQLCw9fGMeppIl3veYt7ACdun7nsXAhkFWz43XVuK','1','1',NULL,'en',NULL,'0',NULL,'2019-03-21 12:46:45','2019-03-21 16:37:14',NULL),(85,'Khatijah Rahmat',NULL,'840710135404','$2y$10$TpU0NcLX7DDAU5SF3FuGv.7dVeK/vKxLyypQeNqw8M/hcktQEEQvu','1','1',NULL,'en',NULL,'0',NULL,'2019-03-21 12:46:45','2019-03-21 16:37:15',NULL),(86,'Khidzir Ahmad',NULL,'780830105611','$2y$10$YLgujN9CwP2o9L/HcVDMZO2sR005yEUAYGk2SLE5I0XcgC/GEK9X.','1','1',NULL,'en',NULL,'0',NULL,'2019-03-21 12:46:45','2019-03-21 16:37:15',NULL),(87,'Datin Latchumy Prabha',NULL,'620517015246','$2y$10$lGlr/gArNwgGcKK338N98.EzIQ5C/1seWGCRogFuwNNWf7hx3z.be','1','1',NULL,'en',NULL,'0',NULL,'2019-03-21 12:46:45','2019-03-21 16:37:15',NULL),(88,'Lee Wan Swanee',NULL,'850915035756','$2y$10$CwFcYiXhJcVrjMpexaK5SeJylpL8l8sx4S8YBU//2o9zMg/3rTUIC','1','1',NULL,'en',NULL,'0',NULL,'2019-03-21 12:46:45','2019-03-21 16:37:15',NULL),(89,'Lee Wan Wei',NULL,'860814595008','$2y$10$BUkSAXEK2vrTchkETHM1HODep7nimxiSPYb8sSTY7bto84ngM0tre','1','1',NULL,'en',NULL,'0',NULL,'2019-03-21 12:46:45','2019-03-21 16:37:15',NULL),(90,'Liyana Othman',NULL,'900703137438','$2y$10$YOd1uFA4.BuJMIi.iq.LAeVq0HfRP86f7JATQTWBctPcQpLuxorL2','1','1',NULL,'en',NULL,'0',NULL,'2019-03-21 12:46:45','2019-03-21 16:37:15',NULL),(91,'Mahadi Hasbullah',NULL,'760815035303','$2y$10$aHJbj7cNCtU0gM4c3ccLoeyzsauTvfx18dX0NNuoqeN3vm2OUepu.','1','1',NULL,'en',NULL,'0',NULL,'2019-03-21 12:46:45','2019-03-21 16:37:15',NULL),(92,'Mariatul Af-Ida M.T. Ariffin',NULL,'750712085034','$2y$10$/1IDG78SWytMoKl.ikEc9OSLkhZWL42hJfgL5YP4OR.JFgORZCIIW','1','1',NULL,'en',NULL,'0',NULL,'2019-03-21 12:46:45','2019-03-21 16:37:16',NULL),(93,'Marina Maulad Ismail',NULL,'860329145038','$2y$10$F3xCvDFHk5xOoKoCI6xhSexVpEmjL9cnJgM3H2VGmWnLX6DcCDc.m','1','1',NULL,'en',NULL,'0',NULL,'2019-03-21 12:46:45','2019-03-21 16:37:16',NULL),(94,'Marziah Ahmad',NULL,'650411065218','$2y$10$gD.EkPe8z3O/7XjWAW1KbejHzyigQ4C5h61Gix7tAeU9UBL7/Whgy','1','1',NULL,'en',NULL,'0',NULL,'2019-03-21 12:46:45','2019-03-21 16:37:16',NULL),(95,'Mashitanor Zainudin',NULL,'761019055308','$2y$10$LmG9xoSEgVxaw.k1qrDVwuQ/te3WXoX9p//8MTFEeqKThqwDkAEOy','1','1',NULL,'en',NULL,'0',NULL,'2019-03-21 12:46:45','2019-03-21 16:37:16',NULL),(96,'Maswani Ismail',NULL,'810316035600','$2y$10$wwX/yoCLbMzPU242.gYLDO12/uwEgXyIHcpK/SwRvmRYXuMEewsWi','1','1',NULL,'en',NULL,'0',NULL,'2019-03-21 12:46:45','2019-03-21 16:37:16',NULL),(97,'Dr. Mazlina Shafii',NULL,'720731086000','$2y$10$onl2C/kar9JB/n0Z.TB2m.LAgBrp2QagIc/g6FBvSJUU1NKG14ziu','1','1',NULL,'en',NULL,'0',NULL,'2019-03-21 12:46:45','2019-03-21 16:37:16',NULL),(98,'Maznee Abd. Halim',NULL,'661204115036','$2y$10$BU4CD919WVm7qvQh00Fxxeter7pmebTcWlKyQ0UUZoSIKe07d/Dee','1','1',NULL,'en',NULL,'0',NULL,'2019-03-21 12:46:45','2019-03-21 16:37:17',NULL),(99,'Dr. Mazrina Mohd. Ibramsah',NULL,'741207075594','$2y$10$5EEa5Gw4LPdZB4P9B7KpYeDzrbixwJlpZRINws/UCVCF2Nr74XPGe','1','1',NULL,'en',NULL,'0',NULL,'2019-03-21 12:46:45','2019-03-21 16:37:17',NULL),(100,'Mazuan Salleh',NULL,'810105125067','$2y$10$IsAhDtUuy9FqEsPE64efbeun4K8/ZcRESUfLAXDArBBhZvZrZdRWe','1','1',NULL,'en',NULL,'0',NULL,'2019-03-21 12:46:45','2019-03-21 16:37:17',NULL),(101,'Mazuin Dahlan',NULL,'790417145328','$2y$10$jjKdpTqCeC4DyKqIv5hr6uAeBzGDRa/Ir3kPmT.mw36QFyw2hg1me','1','1',NULL,'en',NULL,'0',NULL,'2019-03-21 12:46:45','2019-03-21 16:37:17',NULL),(102,'Md Shubri Ismail',NULL,'591223075331','$2y$10$APCIoEJHz/JriuxDl9w64OnU0oD/YsaIdI.psJlvEvhYszrT9pC/W','1','1',NULL,'en',NULL,'0',NULL,'2019-03-21 12:46:45','2019-03-21 16:37:17',NULL),(103,'Md Zainuri Juri',NULL,'741122017053','$2y$10$Ic9uEuQseg9/g4KvkQmyOu25mzlaFWr9vLMYxYCyJGZavuhSqDK0m','1','1',NULL,'en',NULL,'0',NULL,'2019-03-21 12:46:45','2019-03-21 16:37:17',NULL),(104,'Megat Amirul Saifulnizam Megat Kamarul Bahrin',NULL,'820702115739','$2y$10$ei/1m2mcBtFV2oOmRoSxTOwB967qy9nbfUwEyG4zVu.sw45FIS8ra','1','1',NULL,'en',NULL,'0',NULL,'2019-03-21 12:46:45','2019-03-21 16:37:17',NULL),(105,'Melissa Ahmad Arshad',NULL,'761210105270','$2y$10$5tZTY.iB7e/EMjMRXoyqZuQPO6AG4AGRSY7EPnyF4MnQ33W/kAb5u','1','1',NULL,'en',NULL,'0',NULL,'2019-03-21 12:46:45','2019-03-21 16:37:17',NULL),(106,'Mimi Hasnita Ahmad',NULL,'761108065348','$2y$10$JCnA2p4c14BcI01Nr3iSxOpT6fRZjL6rhdFcegFa4t3hikZq.WAqa','1','1',NULL,'en',NULL,'0',NULL,'2019-03-21 12:46:45','2019-03-21 16:37:17',NULL),(107,'Minhana Yahaya',NULL,'790514145178','$2y$10$SfpLFAjjLnAlX7qXZ4FLoe7Cq8fYSmhCvYKgjJMNigqhi1sMNfrne','1','1',NULL,'en',NULL,'0',NULL,'2019-03-21 12:46:45','2019-03-21 16:37:18',NULL),(108,'Mohamad Azrol Mohd. Dali',NULL,'750930015683','$2y$10$5OfFYX20ZzuiqeGItcL4QuVmL3JUzD/9MDTdTSQowoC8G6fpNBZIe','1','1',NULL,'en',NULL,'0',NULL,'2019-03-21 12:46:45','2019-03-21 16:37:18',NULL),(109,'Mohamad Hafizi Abd Rashid',NULL,'880905025009','$2y$10$pbU5vMbO6A9fgFLa7huVTuIL0tRyeUWUAJNBI5SY.LVzhn2m8jlpO','1','1',NULL,'en',NULL,'0',NULL,'2019-03-21 12:46:45','2019-03-21 16:37:18',NULL),(110,'Mohamad Muzaffar Abdul Hamid',NULL,'740919017603','$2y$10$sWovw1Wdy5ccAPx2DoijNuiktt15jI5EZwpliYwFTaQGcisnJmRsS','1','1',NULL,'en',NULL,'0',NULL,'2019-03-21 12:46:45','2019-03-21 16:37:18',NULL),(111,'Mohamad Nor Bolhi',NULL,'790607135681','$2y$10$4ta7LgxIpWBJaC/wTmVYPefgJpUTqUGMxkwzePc1krzstX6EE9ewa','1','1',NULL,'en',NULL,'0',NULL,'2019-03-21 12:46:45','2019-03-21 16:37:18',NULL),(112,'Mohamad Norjayadi Tamam',NULL,'741205135725','$2y$10$JDHD2IKnEi0aXfhpVNH1DOZol/6UcEZoCKRpj8sKAo9Mvi2B2x1eW','1','1',NULL,'en',NULL,'0',NULL,'2019-03-21 12:46:45','2019-03-21 16:37:18',NULL),(113,'Hj. Mohamad Sahril Ahmad Puzi',NULL,'821115085445','$2y$10$axLlPpy.WYwf5adPu7stkeO4bi2nVv28WtMEXWrh69JpDrkQXkIHG','1','1',NULL,'en',NULL,'0',NULL,'2019-03-21 12:46:45','2019-03-21 16:37:18',NULL),(114,'Mohammad Afdhan Fauzi',NULL,'860427565669','$2y$10$Gv4CGufDJN9zzEnwdTd2w.3/2MsVfMnp52.o1rqv2jZQaw7v60Bna','1','1',NULL,'en',NULL,'0',NULL,'2019-03-21 12:46:45','2019-03-21 16:37:18',NULL),(115,'Mohammad Khairul Hakimin Zainoor',NULL,'830111015487','$2y$10$/YExRHHxqkfvAPQkkYhb9.1WiodsLj2SN/TxBirLIhSy3VyxFk6.O','1','1',NULL,'en',NULL,'0',NULL,'2019-03-21 12:46:45','2019-03-21 16:37:18',NULL),(116,'Mohammed Alamin Rehan',NULL,'790113065169','$2y$10$if3HIN5hQxCZboXSyLjh2uesvJ7xeKihBuDLTwVqe5wrwd9kCEodO','1','1',NULL,'en',NULL,'0',NULL,'2019-03-21 12:46:45','2019-03-21 16:37:18',NULL),(117,'Mohd Amirol Md. Khair',NULL,'900309026107','$2y$10$Q3jL4iT6BbG8y4knJAVHLOU5kYE52/BXMgk0yWtOu04oFih/LTK26','1','1',NULL,'en',NULL,'0',NULL,'2019-03-21 12:46:45','2019-03-21 16:37:18',NULL),(118,'Mohd Azhar Zainuddin',NULL,'810110105773','$2y$10$T3nHQNmGsiBF8P7De9ErfOqzQlIYl4Y6yjUHu0.9tN/VDqJ7XmOYK','1','1',NULL,'en',NULL,'0',NULL,'2019-03-21 12:46:45','2019-03-21 16:37:19',NULL),(119,'Mohd. Azrul Kamis',NULL,'770526025423','$2y$10$szSAYJSNmpHfXrUu29qWEOGeSn8stTsFVskyyfe0Zatj6y3V9m3ZC','1','1',NULL,'en',NULL,'0',NULL,'2019-03-21 12:46:45','2019-03-21 16:37:19',NULL),(120,'Mohd. Azwan Mohd. Salleh',NULL,'730926075271','$2y$10$O/7CO00/.ERVYYKkfX/a4erPITtHzoI2JsQKoS4j6G3hGbDhza73G','1','1',NULL,'en',NULL,'0',NULL,'2019-03-21 12:46:45','2019-03-21 16:37:19',NULL),(121,'Mohd Faizol Abd. Rahman',NULL,'841110115033','$2y$10$e2Ic3U5ueT45NIBdXkxyoeAHhiOu7JEK9Mn8WWrYuswI9qFpcqKUC','1','1',NULL,'en',NULL,'0',NULL,'2019-03-21 12:46:45','2019-03-21 16:37:19',NULL),(122,'Mohd Faizzul Shahir',NULL,'860917436181','$2y$10$RxUhRE6U2.hr8qSjAe0vfOaRLcXgxLj6Au3BPKqy2GNSZQqB.scHW','1','1',NULL,'en',NULL,'0',NULL,'2019-03-21 12:46:45','2019-03-21 16:37:19',NULL),(123,'Mohd. Hilmi Mohd. Idris',NULL,'790308105095','$2y$10$QSJgaTGSo2YPrkenQ41HZeD9ceGOutUWy3T.Z4Z0wNqzTQEjPTWBe','1','1',NULL,'en',NULL,'0',NULL,'2019-03-21 12:46:45','2019-03-21 16:37:19',NULL),(124,'Mohd. Hisyam Hatimtai',NULL,'780321105277','$2y$10$7/ADYyDl0eTxglaPGLHjEeqbB2C8nzkm2.6wUBbf0vFC0ydjOpTwi','1','1',NULL,'en',NULL,'0',NULL,'2019-03-21 12:46:45','2019-03-21 16:37:19',NULL),(125,'Mohd. Khairil Anuar Amir Hamzah',NULL,'840225025017','$2y$10$06f4J9nhlKkNanx1G8J8R.WntrOTojZbMBvfBXXlZNoZUhu.Yqnom','1','1',NULL,'en',NULL,'0',NULL,'2019-03-21 12:46:45','2019-03-21 16:37:19',NULL),(126,'Mohd. Khairizal Khahidir','khairizal@mpc.gov.my','830405055353','$2y$10$KAKyCMRuJZ2TFV6yf3bdc.yadtVAe.JR8lSWmPHv.6Rq5Ynx0k3zi','1','1',NULL,'en',NULL,'0',NULL,'2019-03-21 12:46:45','2019-03-21 16:37:19',NULL),(127,'Mohd. Khairul Nazir Nawi',NULL,'770220025957','$2y$10$33zLRydw7mjQaP.ZVVLcCeO/uCAmIpki4.P4hmZf9/Ix6Yo1KDa2O','1','1',NULL,'en',NULL,'0',NULL,'2019-03-21 12:46:45','2019-03-21 16:37:19',NULL),(128,'Mohd Nizam Ali',NULL,'791128145297','$2y$10$4hgcwQ..u/oLCEAsedPoGeK/hWYS8QItTtA.0UM.Q2ezQor5/D4l2','1','1',NULL,'en',NULL,'0',NULL,'2019-03-21 12:46:45','2019-03-21 16:37:19',NULL),(129,'Dato\' Mohd Razali Hussain','isram2@mpc.gov.my','590826115385','$2y$10$HG6D56V9InAmKyakr0IMrO250OwmmNcegUxAv3fF7/EVwIawewzbS','1','1',NULL,'en',NULL,'0',NULL,'2019-03-21 12:46:45','2019-03-21 16:37:19',NULL),(130,'Mohd. Wafi Hj. Arip',NULL,'770212105551','$2y$10$Ij/HRTQClWQosSh5Cmuk6eH72gj7AVgeBOi6k6gjhIAkLkIgEV8NW','1','1',NULL,'en',NULL,'0',NULL,'2019-03-21 12:46:45','2019-03-21 16:37:19',NULL),(131,'Mohd Yazid Abdul Majid',NULL,'790310105537','$2y$10$egSDYDviAypf0.HyQx5F2uFxlZaVa3b207XemB6hveV5Du.LUq.Oi','1','1',NULL,'en',NULL,'0',NULL,'2019-03-21 12:46:45','2019-03-21 16:37:20',NULL),(132,'Mohd Zulkifly Che Mohd Rawawi',NULL,'830910035265','$2y$10$m.00EaZOVacFM/MPrxmWlu7Bw3o.64ETbP4t0P4p5Ko2nRLrWjcN6','1','1',NULL,'en',NULL,'0',NULL,'2019-03-21 12:46:45','2019-03-21 16:37:20',NULL),(133,'Mohd. Azuar Md. Sidek',NULL,'750514105065','$2y$10$H8Tf.G1rpHUcJWSBSO22PeIQc91zXq7YXoV2bQP9Itx/CFEct2Wqi','1','1',NULL,'en',NULL,'0',NULL,'2019-03-21 12:46:45','2019-03-21 16:37:20',NULL),(134,'Mohd. Hosni Mamat @ Ariffin',NULL,'840528115511','$2y$10$c78b2xrv88NuVQ.8vQQlCuXh7rI.vEJsizrF7AYZViPVmM.fUcuuC','1','1',NULL,'en',NULL,'0',NULL,'2019-03-21 12:46:45','2019-03-21 16:37:20',NULL),(135,'Mohd. Hykal Mohd. Halim',NULL,'840415015223','$2y$10$.GayVOqjYIct6mQalnB4TOZm6r65bzK9Y78Oj6K.Oo04rY.mMPq7m','1','1',NULL,'en',NULL,'0',NULL,'2019-03-21 12:46:45','2019-03-21 16:37:20',NULL),(136,'Mohd. Riduan Daud',NULL,'830906045057','$2y$10$ES3RgwpSU8x8/gDkFNsnkuAP6qvriXHs/gRXsQ2Fg7GYKc6LbzK9W','1','1',NULL,'en',NULL,'0',NULL,'2019-03-21 12:46:45','2019-03-21 16:37:20',NULL),(137,'Mohd. Rosdi Mohd Kauzi',NULL,'750423035989','$2y$10$mDDZafohTjGNGgovu6mgAuSzUy8BRLBuaX1ife6GYzeK5okQTsY1.','1','1',NULL,'en',NULL,'0',NULL,'2019-03-21 12:46:45','2019-03-21 16:37:20',NULL),(138,'Mohd. Shapri Ismail',NULL,'600813085945','$2y$10$5kzSPcxT6eYonZ/ghLKDNe4dfT90R1TLSzt0r7MH5FeeW0Jm5huse','1','1',NULL,'en',NULL,'0',NULL,'2019-03-21 12:46:45','2019-03-21 16:37:20',NULL),(139,'Mohd. Suzlezan Supu','suzlezan@mpc.gov.my','781219125145','$2y$10$YA9a18kXw5W2cdfbQP1f5.ILeAAQHwUKP2c9MDvgocScqfI9aAmMC','1','1',NULL,'en',NULL,'0',NULL,'2019-03-21 12:46:45','2019-03-21 16:37:20',NULL),(140,'Mohd. Syarif Samsudin',NULL,'800305075173','$2y$10$KhrKrfNDTzBmUWdeaW9Hsukb1CzDWT.pYMdId9UUq5q18EJ7.HnyC','1','1',NULL,'en',NULL,'0',NULL,'2019-03-21 12:46:45','2019-03-21 16:37:20',NULL),(141,'Hj. Mohd. Zaki Bin Ibrahim',NULL,'610119035197','$2y$10$i12f8EPXecBv.hc8bpw.d.E5wBAZn18UFNvsvJUFlruZ6P5MpTI3S','1','1',NULL,'en',NULL,'0',NULL,'2019-03-21 12:46:45','2019-03-21 16:37:21',NULL),(142,'Mohd. Zamros Yusof',NULL,'670705055347','$2y$10$1HH3hbE/3UVWAKgEkw1StuH8kpINq0evFVdAvUDRMLKB5SVb19u46','1','1',NULL,'en',NULL,'0',NULL,'2019-03-21 12:46:45','2019-03-21 16:37:21',NULL),(143,'Mokhzani Aris Mohd. Yusoff',NULL,'730308105015','$2y$10$.Bz6wTgj0CIMO0N3.wWgEeO/K8DIQsErsKLiQwnGY32QdftW/B.fS','1','1',NULL,'en',NULL,'0',NULL,'2019-03-21 12:46:45','2019-03-21 16:37:21',NULL),(144,'Muhamad Afiq Piramli',NULL,'901211036379','$2y$10$hDKLE5lL4qsn704BX8i/NeLS59n9cKjAbqSPrDv4tNoMRmoHmT5CO','1','1',NULL,'en',NULL,'0',NULL,'2019-03-21 12:46:45','2019-03-21 16:37:21',NULL),(145,'Muhamad Rizuwan Abu Bakar',NULL,'860512465355','$2y$10$Hgl6TdKPeqnz7.GdRgwb9OrKny5xi2RxUj6RHXPrjp4LQXllWlgQS','1','1',NULL,'en',NULL,'0',NULL,'2019-03-21 12:46:45','2019-03-21 16:37:21',NULL),(146,'Mohammad Shahaizal Abu Talib',NULL,'780218025869','$2y$10$l4bF2cJg3BNUx3ePP2CLn..DljLGJN6D1XuWOGNZX7Mj.Y79ZvGmK','1','1',NULL,'en',NULL,'0',NULL,'2019-03-21 12:46:45','2019-03-21 16:37:21',NULL),(147,'Muhamad Zain Musa',NULL,'611224055477','$2y$10$O7Lt6DgrUcOPsq7BYbJIHeKgzfXzqhTz.gXebNKA.kbBC/2OzRYBS','1','1',NULL,'en',NULL,'0',NULL,'2019-03-21 12:46:45','2019-03-21 16:37:22',NULL),(148,'Muhamad Zamri Zainol',NULL,'690427075433','$2y$10$5OLaHllwI7H8xCg30EQL.epWWmNueHMGmttz0feAuD7CHRoyhJDDC','1','1',NULL,'en',NULL,'0',NULL,'2019-03-21 12:46:45','2019-03-21 16:37:22',NULL),(149,'Muhammad Afzani Ahmad',NULL,'811125145705','$2y$10$J7AncB6X6R0bAqkHdXbGc.YSCCnVGnPVEMUuwByyPr3wkHsBd6r4G','1','1',NULL,'en',NULL,'0',NULL,'2019-03-21 12:46:45','2019-03-21 16:37:22',NULL),(150,'Muhammaad Aidil Razak',NULL,'910418035597','$2y$10$RQBgiThgTR1qIIjjrjy70OjdMBPxsSXA6NKdm2009m1StHblbKmYO','1','1',NULL,'en',NULL,'0',NULL,'2019-03-21 12:46:45','2019-03-21 16:37:22',NULL),(151,'Muhammad Fazre Zulhelmi Fizwan',NULL,'881014566439','$2y$10$9WndxYY.ZGFD3rTvEOPm0O.Vuf5kv9Pt4pS2wbVtF8/z4GIimxCJO','1','1',NULL,'en',NULL,'0',NULL,'2019-03-21 12:46:45','2019-03-21 16:37:22',NULL),(152,'Mohammad Hafiz Sabaruddin',NULL,'830408065477','$2y$10$/1midX6fqvfyfoQ743d1sOabeudQM2uC3YFYlmhFryUIo15eFbRlG','1','1',NULL,'en',NULL,'0',NULL,'2019-03-21 12:46:45','2019-03-21 16:37:22',NULL),(153,'Muhammad Hisham Nordin',NULL,'881113565247','$2y$10$m44gloM/eu8WbMplIwB17uwtYufpbFzpXLdpDjWQhy2b8Xpc1qe5K','1','1',NULL,'en',NULL,'0',NULL,'2019-03-21 12:46:45','2019-03-21 16:37:22',NULL),(154,'Muhammad Idham Mohd Zain',NULL,'731006035511','$2y$10$/Ttd3UzUeL3T3kszrGP8EOE30GETUrg3Og2198ixiE9X4sZ.ElyTG','1','1',NULL,'en',NULL,'0',NULL,'2019-03-21 12:46:45','2019-03-21 16:37:22',NULL),(155,'Muhammad Muizzuddin Muhamad',NULL,'910330036237','$2y$10$8llfLVrMoyyZMMGkgs2S2OwxpvMCRhF8gAF0bY3bya5/94lWrploq','1','1',NULL,'en',NULL,'0',NULL,'2019-03-21 12:46:45','2019-03-21 16:37:22',NULL),(156,'Muhammad Suffian Ahmad',NULL,'790617145859','$2y$10$5hXy4ZW/1WbqEGYL7vDQnOR3NruLoWSjqy2Miir4xsfxoJs/5nZcO','1','1',NULL,'en',NULL,'0',NULL,'2019-03-21 12:46:45','2019-03-21 16:37:22',NULL),(157,'Muhaslizawati Mohd Bakri',NULL,'820619035746','$2y$10$7FyEqGSz017W2RjetdMQ1.8KojT62E4D.tVedrzimfh7BnsFP5lFO','1','1',NULL,'en',NULL,'0',NULL,'2019-03-21 12:46:45','2019-03-21 16:37:22',NULL),(158,'Muhd. Adha Abd. Hamid',NULL,'830918105555','$2y$10$kOpHQ7qRh6UXXjhKpDZfxet/gMS8ch015lPDt7vERSXuMq4ley9E2','1','1',NULL,'en',NULL,'0',NULL,'2019-03-21 12:46:45','2019-03-21 16:37:22',NULL),(159,'Nahdatul Faeizin Norman',NULL,'901028015094','$2y$10$MORrAhxYgKygHdF1lOdAx.hKIs1JBYC3NhTn/TBZsudQBcIzQ9CVa','1','1',NULL,'en',NULL,'0',NULL,'2019-03-21 12:46:45','2019-03-21 16:37:22',NULL),(160,'Nazahiah Mohamad',NULL,'790525075056','$2y$10$dnQh.U5KSo50o6DMlD0DZ.n/sYfZXxsbBOm.mUHJSvssQ2JGPYrQO','1','1',NULL,'en',NULL,'0',NULL,'2019-03-21 12:46:45','2019-03-21 16:37:22',NULL),(161,'Nazeri Ariffin Madon',NULL,'860804235965','$2y$10$uzzmnXFhco6m9KDhBlyXpOn/5jqGrZZw0NU2ISh0mWb5MyufM/Ba6','1','1',NULL,'en',NULL,'0',NULL,'2019-03-21 12:46:45','2019-03-21 16:37:23',NULL),(162,'Nazilah Ahmad',NULL,'830710016190','$2y$10$tRihmRcwaRZmBAdCzgRJfexa/KA6QwxjFJhsjlXBiiSFFhtK7jN5K','1','1',NULL,'en',NULL,'0',NULL,'2019-03-21 12:46:45','2019-03-21 16:37:23',NULL),(163,'Nik Faizal Nik Ahmad',NULL,'690320035423','$2y$10$3m6DbYY6R98sD0MVK9nVRO69lqHFjG22sqJjIXAiEXMtWW10wD68i','1','1',NULL,'en',NULL,'0',NULL,'2019-03-21 12:46:45','2019-03-21 16:37:23',NULL),(164,'Nik Nazarina Nek Mohamed',NULL,'891121146332','$2y$10$hPibjnquW.8OrfVXcPaQ5uQG6zgvSD42dpYqjGTTvL2rHWGeniOGW','1','1',NULL,'en',NULL,'0',NULL,'2019-03-21 12:46:45','2019-03-21 16:37:23',NULL),(165,'Hj. Nik Rosdi Nik Yusoff',NULL,'591022035333','$2y$10$n2/9h77BC5HUxNLxHrExWuGCIylsMyCGsAK58g3iD.kvJ/s9NQAgO','1','1',NULL,'en',NULL,'0',NULL,'2019-03-21 12:46:45','2019-03-21 16:37:23',NULL),(166,'Noor Aishah Hj. Hassan',NULL,'781121145260','$2y$10$TFJ.8GENLNy3QL7dgf1j0uU/NkUlPkFwJ676rp3sluOdLWVPWMLna','1','1',NULL,'en',NULL,'0',NULL,'2019-03-21 12:46:45','2019-03-21 16:37:23',NULL),(167,'Noor Anariza Hassan',NULL,'760121075060','$2y$10$aLM0FqfKVylsRyO.bKTH3ev4QwNgk1vzUlkx8nc0GpwLK5T8L5I1a','1','1',NULL,'en',NULL,'0',NULL,'2019-03-21 12:46:45','2019-03-21 16:37:23',NULL),(168,'Noor Asmawati Hussin',NULL,'820725085480','$2y$10$GV8/CCDmKinhkIlqh/nege03i3eT4Fv5hDURdt7SMJzKptzq8.xAa','1','1',NULL,'en',NULL,'0',NULL,'2019-03-21 12:46:45','2019-03-21 16:37:23',NULL),(169,'Noor Aziah Othman',NULL,'790928075448','$2y$10$LGOUH/m6QhVk2kCUifjdS.ANyUdWUHx288sHDD6BEopyWi0d732Qy','1','1',NULL,'en',NULL,'0',NULL,'2019-03-21 12:46:45','2019-03-21 16:37:23',NULL),(170,'Noor Azman Hassan',NULL,'770211036515','$2y$10$NUcDt8MqV5KkxkUdvk4gWeFZxQjZPcL7yQQ17yi.V/59/ybqG1z3G','1','1',NULL,'en',NULL,'0',NULL,'2019-03-21 12:46:45','2019-03-21 16:37:23',NULL),(171,'Noor Hazilah Abdullah',NULL,'820318035814','$2y$10$/vHFEaUq/m6CW.EpY0VVL.gl5SHDSUvRy4pHacyc6wsygpvom1cHW','1','1',NULL,'en',NULL,'0',NULL,'2019-03-21 12:46:45','2019-03-21 16:37:23',NULL),(172,'Noor Izzati Kamis',NULL,'900629145658','$2y$10$KF/3R5EX8SuiSqejqpiqA.x06XEal2pF8jgP42BoqpdD..kTEmXYG','1','1',NULL,'en',NULL,'0',NULL,'2019-03-21 12:46:45','2019-03-21 16:37:23',NULL),(173,'Noor Mohammad Farhan Nor Azman',NULL,'881216566111','$2y$10$c5BE6WzK1DQIg7H1gDCKt.eVJ1u6z1wyLIzHgsyNb7hYEz7Rj4jSi','1','1',NULL,'en',NULL,'0',NULL,'2019-03-21 12:46:45','2019-03-21 16:37:24',NULL),(174,'Noor Rahidah Abdul Razak',NULL,'830505045048','$2y$10$98bw5Fd/EsvRBz4/fWh8aekK3GfUjg30dOh4AmJnPvqdy.MPuY.dm','1','1',NULL,'en',NULL,'0',NULL,'2019-03-21 12:46:45','2019-03-21 16:37:24',NULL),(175,'Noor Salfarina Jamaludin',NULL,'830202045278','$2y$10$aOntMXdtZk47PHz9axVCxuTJ32F3chTcfLAVE4482L0OF7Hd5Uds2','1','1',NULL,'en',NULL,'0',NULL,'2019-03-21 12:46:45','2019-03-21 16:37:24',NULL),(176,'Noorsamsinar Sum Abdullah',NULL,'610608105088','$2y$10$d/JekulHlrCG40ZCRgTJNOlCiWmODmtR4jwaEy2Z1UcPMsvsKUbQS','1','1',NULL,'en',NULL,'0',NULL,'2019-03-21 12:46:45','2019-03-21 16:37:24',NULL),(177,'Nor Adira Adnan',NULL,'870504295260','$2y$10$0I6/WmK5YuwLSL2qkVEAmOHJu/h1z.uVy5ckoiUqHvkUXqcm.C2jq','1','1',NULL,'en',NULL,'0',NULL,'2019-03-21 12:46:45','2019-03-21 16:37:24',NULL),(178,'Nor Aishah Hassan',NULL,'740928085894','$2y$10$LeTW/2NiumNmVGYSwVe9VOASZPLYg.5/pYsmdUgfWpav0PVCrvV2K','1','1',NULL,'en',NULL,'0',NULL,'2019-03-21 12:46:45','2019-03-21 16:37:24',NULL),(179,'Nor Akma Che Wan Naman',NULL,'890101035104','$2y$10$LENO/LsOkzn/9oKuYlidpeY5626P12Lv0GNBamf2HySQlWcQHg6Gy','1','1',NULL,'en',NULL,'0',NULL,'2019-03-21 12:46:45','2019-03-21 16:37:24',NULL),(180,'Nor Azmi Yahaya',NULL,'600102065139','$2y$10$yps1.4CplJtMCJ3/lPZCfuHVpImX6B1F2qm1u35OgF3GGVbB7dp1O','1','1',NULL,'en',NULL,'0',NULL,'2019-03-21 12:46:45','2019-03-21 16:37:24',NULL),(181,'Nor Eshah Abd. Raman',NULL,'620113065052','$2y$10$yV8SxQL3Ec.fLTM08YGGf.ZOCGq.1UAklLRqZpknQnrEcaawSYZtG','1','1',NULL,'en',NULL,'0',NULL,'2019-03-21 12:46:45','2019-03-21 16:37:24',NULL),(182,'Nor Fadilah Zulkifli Muhamad',NULL,'941219036070','$2y$10$dAesBt7Kz44vtpXp1VQVbehXLNt9CsCp0WNgc.acIa4QviWFbYf5K','1','1',NULL,'en',NULL,'0',NULL,'2019-03-21 12:46:45','2019-03-21 16:37:24',NULL),(183,'Hjh. Nor Fazila Hashim',NULL,'660129086196','$2y$10$bXnOCqyItOoPWOhKuCPA8eemg.PQdveuB9FwLRVEqXD6PvHIC0/lu','1','1',NULL,'en',NULL,'0',NULL,'2019-03-21 12:46:45','2019-03-21 16:37:24',NULL),(184,'Hjh. Nor Hafizah Mohd Arop',NULL,'681203105352','$2y$10$4X1C3F61z20sf9U.OK2jEe1d3wDCS8kaXfAfcnM7yCqtE1ubHvw/e','1','1',NULL,'en',NULL,'0',NULL,'2019-03-21 12:46:45','2019-03-21 16:37:25',NULL),(185,'Nor Halisa Mohamad Halil',NULL,'730228125374','$2y$10$37p0HfPJWrjj8woBoTXHten3pSH2Z4.dt39cy/wjFgFLrh0b2yYDS','1','1',NULL,'en',NULL,'0',NULL,'2019-03-21 12:46:45','2019-03-21 16:37:25',NULL),(186,'Nor Hasimah Ab. Rahman',NULL,'610823105654','$2y$10$TSkpKiLwwyv9xr7TkuyDSuXzCvOqfUZBa34e4aOJiXU.j8n.h3q86','1','1',NULL,'en',NULL,'0',NULL,'2019-03-21 12:46:45','2019-03-21 16:37:25',NULL),(187,'Nor Idayuniza Rahmat',NULL,'781012145720','$2y$10$lFCdJB/U8ZGU4iosha231.L9eIYjgGVV302q65E7kGY5YeaJxaOfG','1','1',NULL,'en',NULL,'0',NULL,'2019-03-21 12:46:45','2019-03-21 16:37:25',NULL),(188,'Nor Izzati Norhisam',NULL,'850514105100','$2y$10$M4Pe8..yMLXwSeNJOLxk6eOCqMnZxKS7YevKj.BEsd1auGgHpVtSa','1','1',NULL,'en',NULL,'0',NULL,'2019-03-21 12:46:45','2019-03-21 16:37:25',NULL),(189,'Hjh. Nor Robaayah Mohd. Noor',NULL,'660915085430','$2y$10$jEVqc2lam1VRLUYW65xCS.SyGfhQ2ZnzlNlh58We75ivnKMqOxtzW','1','1',NULL,'en',NULL,'0',NULL,'2019-03-21 12:46:45','2019-03-21 16:37:25',NULL),(190,'Nor Surayya Abd. Samad',NULL,'751119145758','$2y$10$ZBSu3hWoGjrp.KXq7cCsAOKWqVPVwngXCOtOqVICbhkLkAjwiw6T2','1','1',NULL,'en',NULL,'0',NULL,'2019-03-21 12:46:45','2019-03-21 16:37:25',NULL),(191,'Norzairisham Zakaria',NULL,'681118015811','$2y$10$DU1CByqfyDTGvXWJILbF7./K9WWTLH5Qu6tEnXqsoykbKa7XmPxr2','1','1',NULL,'en',NULL,'0',NULL,'2019-03-21 12:46:45','2019-03-21 16:37:25',NULL),(192,'Nora\'in Ahmad Kamil',NULL,'690916016290','$2y$10$wBSYRft0WAkCIY.comgenezMGBGGyVvVV/WEtLu3csVoOmOmGfyNG','1','1',NULL,'en',NULL,'0',NULL,'2019-03-21 12:46:45','2019-03-21 16:37:25',NULL),(193,'Norafidah Ramli',NULL,'770815016494','$2y$10$7Y2HwHv0Gg3gsz2kHtb16ud9.1vb9boE0QYLMokpOZ1qZsuwN7wVm','1','1',NULL,'en',NULL,'0',NULL,'2019-03-21 12:46:45','2019-03-21 16:37:25',NULL),(194,'Noraniza Daud',NULL,'821008065262','$2y$10$yDyoxH9RHeOVSuuR.6DHVOdK1pHO3pG7x4taKNvtfdKdVVWRWTe5u','1','1',NULL,'en',NULL,'0',NULL,'2019-03-21 12:46:45','2019-03-21 16:37:25',NULL),(195,'Norashikin Abdul Shukor',NULL,'820722086154','$2y$10$uJVEvF/DNgq.M50yf5yGMeqiGxy528BiJz/WIt.kx0eyMbIw/skH.','1','1',NULL,'en',NULL,'0',NULL,'2019-03-21 12:46:45','2019-03-21 16:37:25',NULL),(196,'Norashima Hamzah',NULL,'771210115582','$2y$10$XRPzQtKaQCAygYLMl96HsOR5dYvZgsEAcAK7ssHv5PAzBU.SGfljm','1','1',NULL,'en',NULL,'0',NULL,'2019-03-21 12:46:45','2019-03-21 16:37:26',NULL),(197,'Norazlina Tun Ibrahim',NULL,'800222145850','$2y$10$UKv8P9aZugRgNPzl.DVt4.3s0JBvn1CCCAP6Bw.tb3pdyKeqzJtHe','1','1',NULL,'en',NULL,'0',NULL,'2019-03-21 12:46:45','2019-03-21 16:37:26',NULL),(198,'Nordieana Nordin',NULL,'790206105078','$2y$10$8al535mpEeNNv1CDuWBe1uiwwwVqP.vp3IoQUYzknf2fWr7lyg7Di','1','1',NULL,'en',NULL,'0',NULL,'2019-03-21 12:46:45','2019-03-21 16:37:26',NULL),(199,'Norfaizah Abdul Rahman',NULL,'720531065416','$2y$10$xM/7csPOW7qAQnKlCU1Cje4H3vA9h6joTvjbt1e/MhmcQP1wtKdk.','1','1',NULL,'en',NULL,'0',NULL,'2019-03-21 12:46:45','2019-03-21 16:37:26',NULL),(200,'Norhaida Roslan',NULL,'830513035616','$2y$10$LIsD0XvSoo/9I4LKlKhQ5OOETpTOBkwS5UvMmWWxSqt5WW2oeLm86','1','1',NULL,'en',NULL,'0',NULL,'2019-03-21 12:46:45','2019-03-21 16:37:26',NULL),(201,'Norhanida Ahmad Puad',NULL,'800929085038','$2y$10$V4rA9cldUTmPGL.UD/x/mOz8GGkEB4BcZBLwwGztC7iHG91vGMPOO','1','1',NULL,'en',NULL,'0',NULL,'2019-03-21 12:46:45','2019-03-21 16:37:26',NULL),(202,'Norhaniza Hamir',NULL,'790131086326','$2y$10$8DNvkYsYEuD3Y0YoeL3v1.HQEWAE6UD/n/QfjTtM/YfCRip2xpO2G','1','1',NULL,'en',NULL,'0',NULL,'2019-03-21 12:46:45','2019-03-21 16:37:26',NULL),(203,'Norhasimah Ibrahim',NULL,'750420105494','$2y$10$ciyFCyMknubCcUW8aN/i1OAre1iH94W0XQ71P0M5Tfx8HfDo29Nru','1','1',NULL,'en',NULL,'0',NULL,'2019-03-21 12:46:45','2019-03-21 16:37:26',NULL),(204,'Norhayati Harun',NULL,'741211025426','$2y$10$eE0eI5Lj4KC/HTTU5nruKOJqK8HVPiusqLYncM8ZLlP2n0ZFRtihW','1','1',NULL,'en',NULL,'0',NULL,'2019-03-21 12:46:45','2019-03-21 16:37:26',NULL),(205,'NORHISAM AHMAD','norhisam@mps.gov.my','590121085147','$2y$10$1N5sN53NziLG4VXl4sx3teRUFr0//K8cV/8HNEw92qW/u6Yft7Wpq','1','1','6JXCukAt1Xq5HH7h8Ci2S4U728OBIOzgqn4pO0cFsO3uhureGF5Rv6JjJptr','en',NULL,'0',NULL,'2019-03-21 12:46:45','2019-03-23 08:49:33',NULL),(206,'Norhuda Abdullah',NULL,'810924075016','$2y$10$yUl.5rlSBki4FO8rSd8ssugRxs8n5Xk9LbeJjtDjsPiLufkaB/Wce','1','1',NULL,'en',NULL,'0',NULL,'2019-03-21 12:46:45','2019-03-21 16:37:27',NULL),(207,'Norijah Juen',NULL,'760715135972','$2y$10$yBhlUEXxHSndl6dQ01BDru931AJmm6LezBvI59DhFq7OgGqXQSNUq','1','1',NULL,'en',NULL,'0',NULL,'2019-03-21 12:46:45','2019-03-21 16:37:27',NULL),(208,'Norkamila Shahrudin',NULL,'810301106066','$2y$10$zJ21AvHLgVlLVZQXJVMb3ex6P78Dv9bPsJC1M.GbbhjLJuQcKBdAi','1','1',NULL,'en',NULL,'0',NULL,'2019-03-21 12:46:45','2019-03-21 16:37:27',NULL),(209,'Norliana Mahmud',NULL,'770521075034','$2y$10$mp.Bq74fTS2kS0rNnA9U2.wmkIXY.AOGpAas5Oa/HIweVmJcA8l02','1','1',NULL,'en',NULL,'0',NULL,'2019-03-21 12:46:45','2019-03-21 16:37:27',NULL),(210,'Norliza Ahmad',NULL,'761213035482','$2y$10$m01c/T52E1ebbR.lVqA.8Ocp18pNuJ4jOhHoBSs62lh3jT1nFBso.','1','1',NULL,'en',NULL,'0',NULL,'2019-03-21 12:46:45','2019-03-21 16:37:27',NULL),(211,'Norliza Rosli',NULL,'850306055196','$2y$10$8u8DMHxC6lpb2BtXLpcRIunDKmvEV4E4FNULQkaWyWGmXCAAKrRBu','1','1',NULL,'en',NULL,'0',NULL,'2019-03-21 12:46:45','2019-03-21 16:37:28',NULL),(212,'Norul Hasila Abdullah',NULL,'830714065344','$2y$10$f/RfprKrscCL.C11VvNzmOtnjDlKdzX3ExpOIjKAjOl2RJsixDy2G','1','1',NULL,'en',NULL,'0',NULL,'2019-03-21 12:46:45','2019-03-21 16:37:28',NULL),(213,'Norwahidah Abdullah',NULL,'800603035364','$2y$10$FmvEN4gJkWfTOysESuVYaeisbrdWcxjhpaoWogL6f43xYv9/x/Dkm','1','1',NULL,'en',NULL,'0',NULL,'2019-03-21 12:46:45','2019-03-21 16:37:28',NULL),(214,'Norwahizan bt Mohamed',NULL,'781117035608','$2y$10$CwCYLXXX8TaGYGVckeIuGOBccRhDMmdvZ4Z2cU0HbWeINhWgcY6ym','1','1',NULL,'en',NULL,'0',NULL,'2019-03-21 12:46:45','2019-03-21 16:37:28',NULL),(215,'Norziah Kabil',NULL,'741111135206','$2y$10$9ctyYjKId9Bl8S9IVCCykexvmw4EBMJoXFza9XQNP39AMdfsoYfTW','1','1',NULL,'en',NULL,'0',NULL,'2019-03-21 12:46:45','2019-03-21 16:37:28',NULL),(216,'Norzirin Ariffin',NULL,'640927075362','$2y$10$p6FixL5JN4utSQB7JAUz4uVj1Nm08b7s1WEQpqRu3CINLjNc5BnOy','1','1',NULL,'en',NULL,'0',NULL,'2019-03-21 12:46:45','2019-03-21 16:37:28',NULL),(217,'Nur Jihan Ramli',NULL,'820215065332','$2y$10$yWsG6yJPPUaEYFBjvkPu5uVma8j2CjRQbYCtY9x98oAzTZ0a7ZcPy','1','1',NULL,'en',NULL,'0',NULL,'2019-03-21 12:46:45','2019-03-21 16:37:28',NULL),(218,'Nur \'Amirah Shaaban',NULL,'911229075316','$2y$10$nHVyQl7jN7H8JWinrJP5Ee3w4zOZRF7kqRaRSbVjJua5.yWq.wID2','1','1',NULL,'en',NULL,'0',NULL,'2019-03-21 12:46:45','2019-03-21 16:37:29',NULL),(219,'Nur Faizah Tasman',NULL,'820719015320','$2y$10$yTaQ4/xgIwq9QlRbguJR4eEOqUXx.x7l6mP1yPtWtOJdiVtLI/7zq','1','1',NULL,'en',NULL,'0',NULL,'2019-03-21 12:46:45','2019-03-21 16:37:29',NULL),(220,'Nur Fatimah Mohd Zaki',NULL,'890703085766','$2y$10$zUiQxI5bfwhdHELTYJapWOl9cKkk50M5NScuS5Tb.DsrLNaawl99e','1','1',NULL,'en',NULL,'0',NULL,'2019-03-21 12:46:45','2019-03-21 16:37:29',NULL),(221,'Nur Hafizah Halimuddin',NULL,'830829145870','$2y$10$gkJNt/YXuWIVK5GgruL10OWZGRWy1cozHt5liPblmkGXgwBMWrkpm','1','1',NULL,'en',NULL,'0',NULL,'2019-03-21 12:46:45','2019-03-21 16:37:29',NULL),(222,'Nur Hanim Abd Ghani',NULL,'760301145732','$2y$10$We3TFCeDwSz1Gzj.uFLVZOlLCRIhobmE1Fclsb63QAQLOx6fEY3Zq','1','1',NULL,'en',NULL,'0',NULL,'2019-03-21 12:46:45','2019-03-21 16:37:29',NULL),(223,'Nur Rafidah Zulkifl',NULL,'880707086492','$2y$10$F83MhYCTxadNFUeE9y2yquSbOA8dEyUi/40R78NFFIim.7kZNPwKS','1','1',NULL,'en',NULL,'0',NULL,'2019-03-21 12:46:45','2019-03-21 16:37:29',NULL),(224,'Nur Sulia Saari',NULL,'830512145776','$2y$10$EWouEz0mJnPJRhBIVEPO9.42bTehfgJ89rgty69UqCr53IM5kgoWu','1','1',NULL,'en',NULL,'0',NULL,'2019-03-21 12:46:45','2019-03-21 16:37:29',NULL),(225,'Nur Syafina Anuar',NULL,'830628105688','$2y$10$db2ZxOlBqapPTOzUEjHPDO77X2DZtTBZgCA8HXcyRe7.IdWEYCDGq','1','1',NULL,'en',NULL,'0',NULL,'2019-03-21 12:46:45','2019-03-21 16:37:30',NULL),(226,'Nur Syahrina Muhamad Nor',NULL,'830726146360','$2y$10$MRfpa8HXIZL5aEj5L4EzKeXAAr10HPMuC0FaVWTyk3qIPDZadqNaC','1','1',NULL,'en',NULL,'0',NULL,'2019-03-21 12:46:45','2019-03-21 16:37:30',NULL),(227,'Nuraizah Harun @ Harron',NULL,'831217015586','$2y$10$QlUehwp0Ws5V7I.IPIxVfukfwP6kSPtsphrH4pN/WkoN.cKpHEPZC','1','1',NULL,'en',NULL,'0',NULL,'2019-03-21 12:46:45','2019-03-21 16:37:30',NULL),(228,'Nurfayunie Pakhrururzi',NULL,'880219145668','$2y$10$AvhysjhUBWbRrLeJSRdTXe2LCzuNYpCAHOZrtxoZOv6858B7roVBe','1','1',NULL,'en',NULL,'0',NULL,'2019-03-21 12:46:45','2019-03-21 16:37:30',NULL),(229,'Nurfazila Haji Zulaihi',NULL,'900802136836','$2y$10$y/u7JhJD2liccXaNMLguzupolC3M.1ncu4Dt2S0eE.BgkwRNh4af6','1','1',NULL,'en',NULL,'0',NULL,'2019-03-21 12:46:45','2019-03-21 16:37:30',NULL),(230,'Nursyahida Muhamad Aszahari',NULL,'890921146168','$2y$10$LogExfR.iA0p6g4hPnSIQuS2iEjuxdV1JJgOdcperFMwEGIMvBiw6','1','1',NULL,'en',NULL,'0',NULL,'2019-03-21 12:46:45','2019-03-21 16:37:30',NULL),(231,'Nurul Ain Alia  Abdullah Zawawi',NULL,'860805435694','$2y$10$d82.iU2iNu.MOyDE9M2e2Oe6be7u1hGixc4ZLTIdwsS/PBuMLUNDO','1','1',NULL,'en',NULL,'0',NULL,'2019-03-21 12:46:45','2019-03-21 16:37:31',NULL),(232,'Nurul Farahaton Najihan Jusoh',NULL,'900430115822','$2y$10$HT38D0gTu3SMMjvkIKyLIOLmE3nDhZMrP15b3OT/okYUXPmktWTAS','1','1',NULL,'en',NULL,'0',NULL,'2019-03-21 12:46:45','2019-03-21 16:37:31',NULL),(233,'Nurul Fatihah Mohd Azlan',NULL,'860509295922','$2y$10$vBoE/B4XmNXAffjfxNd19uIPNe.OZ0Y/F34MTAUeJSyjP2BczIcaa','1','1',NULL,'en',NULL,'0',NULL,'2019-03-21 12:46:45','2019-03-21 16:37:31',NULL),(234,'Nurul Nadia Zainal Adnan',NULL,'870825565508','$2y$10$5Ja35tEsQhNMguyV1snamuiqe5f79Wc2RGaQgE896dZA3qVhmpJxi','1','1',NULL,'en',NULL,'0',NULL,'2019-03-21 12:46:45','2019-03-21 16:37:31',NULL),(235,'Nurul Sazrina Mohd Shukor',NULL,'830322105028','$2y$10$IUpIOHqLOdrIQBrfpEAa2OD8YszRr16ewc1.TW45XAhDO0aw9Ns5q','1','1',NULL,'en',NULL,'0',NULL,'2019-03-21 12:46:45','2019-03-21 16:37:31',NULL),(236,'Nurul Syamimi Ismail',NULL,'850926035516','$2y$10$hIY/OOBVNeOqF98GX2W5luJMUxh6IvwzlBo2VX7/bnKOfo48cA44i','1','1',NULL,'en',NULL,'0',NULL,'2019-03-21 12:46:45','2019-03-21 16:37:31',NULL),(237,'Nurzarina Jaafar',NULL,'800509075538','$2y$10$oNaxXFZrBnrjO4vQNCCEV.NuBa1qYeh6JX2o8hbOVSraUMp2VNiXu','1','1',NULL,'en',NULL,'0',NULL,'2019-03-21 12:46:45','2019-03-21 16:37:31',NULL),(238,'Omi Kalsom Hj. Osman',NULL,'590905085292','$2y$10$Ly4EGBpPatscJDS2s1ZIB.6oZ6tD84ZfFxMKculNbfsKglGFCpSj.','1','1',NULL,'en',NULL,'0',NULL,'2019-03-21 12:46:45','2019-03-21 16:37:32',NULL),(239,'Osman Zaidan',NULL,'680925135225','$2y$10$mfW2p1aDwc9qkKZC/NijSOQ/GY4rSzNS4ZHxzJb0b/eQZVilA0H.y','1','1',NULL,'en',NULL,'0',NULL,'2019-03-21 12:46:45','2019-03-21 16:37:32',NULL),(240,'Rahayu Abd. Rahman',NULL,'821114115518','$2y$10$EZLXpAl9Olq2b0pe/0Ut3eo7kXBPtEHjP2oIgz8slsXLlz5TWIQMK','1','1',NULL,'en',NULL,'0',NULL,'2019-03-21 12:46:45','2019-03-21 16:37:32',NULL),(241,'Dr. Rahmat Hj. Md. Smail',NULL,'600302045271','$2y$10$x6m4m56QIT9q3GGN.pYsy.XNFAFA0WH3/1cQNsbo0XmqhU68jZXqy','1','1',NULL,'en',NULL,'0',NULL,'2019-03-21 12:46:45','2019-03-21 16:37:32',NULL),(242,'Rainah Osman',NULL,'731111125252','$2y$10$w2JZAHb2k0wpA2rHAAL2GekeRu7QzJ9KEaro0NriWaba7amgBODD.','1','1',NULL,'en',NULL,'0',NULL,'2019-03-21 12:46:45','2019-03-21 16:37:32',NULL),(243,'Raja Ainul Bismi Raja Abd. Hadi',NULL,'831026086234','$2y$10$YsugA6xRRwTvBeUw8rjHt.6SKsNqEbe0uUlcMYOjricjyAm1X11vu','1','1',NULL,'en',NULL,'0',NULL,'2019-03-21 12:46:45','2019-03-21 16:37:33',NULL),(244,'Ramale Yusoff',NULL,'640510035445','$2y$10$BdP/NgDhzE5YYLPIT1tDgep4KZDGKVmrdzGfLKFARuNISssAlni5e','1','1',NULL,'en',NULL,'0',NULL,'2019-03-21 12:46:45','2019-03-21 16:37:33',NULL),(245,'Ramlan Sainan',NULL,'610228105027','$2y$10$zl7IazJCzgch6YX68eJFkePA6VevBVuPCuDg8kPLVrd0sRnmo3O92','1','1',NULL,'en',NULL,'0',NULL,'2019-03-21 12:46:45','2019-03-21 16:37:33',NULL),(246,'Hjh. Roseleena Hashim',NULL,'650318035284','$2y$10$q50rtvHBLy/nWf8F/JdrP./m5LIV2NFjJ6bn96JNLsGYVUb81XvgO','1','1',NULL,'en',NULL,'0',NULL,'2019-03-21 12:46:45','2019-03-21 16:37:33',NULL),(247,'Roslah Md Yusof',NULL,'610210105328','$2y$10$abPIiOabqc/TiRj.LDR8l.FaTnsKQMqfFy99RSCl6nF4REDt0sdzq','1','1',NULL,'en',NULL,'0',NULL,'2019-03-21 12:46:45','2019-03-21 16:37:33',NULL),(248,'Rosli Mat Dom',NULL,'610314055177','$2y$10$/tq5r9tTKaX2SeyI9rJlAe40QOfMIQQbbDcIQdow.exYHKkq8qnwa','1','1',NULL,'en',NULL,'0',NULL,'2019-03-21 12:46:45','2019-03-21 16:37:33',NULL),(249,'Roslinda Abdul Hamid',NULL,'770706065860','$2y$10$ZwcXY7fVpJ/eVHCQWoWGeODnSVhMujZ/mDNWt7CcAVS9qnNJT2tpm','1','1',NULL,'en',NULL,'0',NULL,'2019-03-21 12:46:45','2019-03-21 16:37:33',NULL),(250,'Roslinda Ahmad',NULL,'780922105002','$2y$10$lcNEaCH.NtWdqCvBfDvi/OSjbu59QG7ndpDKR8h3/LoWkyZPX.aoS','1','1',NULL,'en',NULL,'0',NULL,'2019-03-21 12:46:45','2019-03-21 16:37:34',NULL),(251,'Hj. Rosmi  Abdullah',NULL,'630525035473','$2y$10$1kli2UUxE9i/XusD69qOiONhbgO3Ik8nrdlOWG8kaSEMqffVrnhPS','1','1',NULL,'en',NULL,'0',NULL,'2019-03-21 12:46:45','2019-03-21 16:37:34',NULL),(252,'Rosmiza Rosly',NULL,'721031065086','$2y$10$1COw2ng8Q2pzaomqkOhsxuFeqn1niYL/VU43tU/tiYQQNuFKmfQtG','1','1',NULL,'en',NULL,'0',NULL,'2019-03-21 12:46:45','2019-03-21 16:37:34',NULL),(253,'Rosniwati Abdullah',NULL,'760405075492','$2y$10$MBf4aHwq4E/R2T14YR7m/Oc/7b4nqWCNqCjoFy5EosyhuGdwCaBVW','1','1',NULL,'en',NULL,'0',NULL,'2019-03-21 12:46:45','2019-03-21 16:37:34',NULL),(254,'Roziana Hj. Othman',NULL,'660928015060','$2y$10$Ak1A7bbS2coJQdrCi1.F6.cx8skya5rdGJkS8Pf0n9M5v9jhHy1xm','1','1',NULL,'en',NULL,'0',NULL,'2019-03-21 12:46:45','2019-03-21 16:37:34',NULL),(255,'Rozitah Ma\'al',NULL,'730323145672','$2y$10$ry4C/tzL5KFGdFnDLlVPK.OzvHDIFxuOD3O9wZzJh3PMS1.o0SqPu','1','1',NULL,'en',NULL,'0',NULL,'2019-03-21 12:46:45','2019-03-21 16:37:34',NULL),(256,'Rusdi Muda',NULL,'650803035157','$2y$10$W8vGi7bPiGPZGiuV5xl02eKhGXFl68jw.E2zKvy8zKvTZ.0tu3D3K','1','1',NULL,'en',NULL,'0',NULL,'2019-03-21 12:46:45','2019-03-21 16:37:35',NULL),(257,'Sabri Hasan',NULL,'750708035595','$2y$10$yGW54FTEXSxqnspQ1QDDDucmeBSA/rDWrvTX3OF3P2EaFSI4f5lci','1','1',NULL,'en',NULL,'0',NULL,'2019-03-21 12:46:45','2019-03-21 16:37:35',NULL),(258,'Safarwan Mohd. Suhaimi',NULL,'890306146107','$2y$10$xgo0DSzeSNYisO53.46Fw.r9RrQB3qiMBYf21otUQKv6zXJESLqoG','1','1',NULL,'en',NULL,'0',NULL,'2019-03-21 12:46:45','2019-03-21 16:37:35',NULL),(259,'Safiah Mitri',NULL,'830413125884','$2y$10$DhmvmqzKoSg8K4vbg9BJoOrKpffNWw6kTPlMNQGa.X/8.4ee7hGZ2','1','1',NULL,'en',NULL,'0',NULL,'2019-03-21 12:46:45','2019-03-21 16:37:35',NULL),(260,'Safniwati Jasri',NULL,'760217715026','$2y$10$Rlv29hm62A0VIuCXGp8NHewP8oyA9B2K3oXzvjCw0eE7iwkx5ksHW','1','1',NULL,'en',NULL,'0',NULL,'2019-03-21 12:46:45','2019-03-21 16:37:35',NULL),(261,'Safura Abdul Malek',NULL,'860904525900','$2y$10$fgibTJn3RgIa0572rsI1qeGdDInDbqTeiDxs8Q5DAtciCnvIKPd8u','1','1',NULL,'en',NULL,'0',NULL,'2019-03-21 12:46:45','2019-03-21 16:37:35',NULL),(262,'Saliza Saari',NULL,'770801066220','$2y$10$7jnbF8x8bmAHsX0TGlufG.7DWW6XLFbJGgInIISxT0bQitEXxX0ga','1','1',NULL,'en',NULL,'0',NULL,'2019-03-21 12:46:45','2019-03-21 16:37:35',NULL),(263,'Hjh. Sarimah Misman',NULL,'640414107066','$2y$10$FE.4Iy0T/JknLF15GzXIauAyT6cdrjWcsjAJr/Am.Lq/a9qKLpmpq','1','1',NULL,'en',NULL,'0',NULL,'2019-03-21 12:46:45','2019-03-21 16:37:36',NULL),(264,'Hjh. Sawiah Abdul Samad',NULL,'680101045120','$2y$10$d184kNP6Qc4agKxbK7sLM.IlfSiJ04O1Mp.CMt/pXIO1l47OybFpy','1','1',NULL,'en',NULL,'0',NULL,'2019-03-21 12:46:45','2019-03-21 16:37:36',NULL),(265,'Semawi Zakaria',NULL,'630328085527','$2y$10$z2FVvkGx3CXmI4fR1NcgfuwxTrfY3EN2D1jWE/QC/4tJDprXwG32y','1','1',NULL,'en',NULL,'0',NULL,'2019-03-21 12:46:45','2019-03-21 16:37:36',NULL),(266,'Shafirul Izwar Saad',NULL,'810418025235','$2y$10$tkUmUgdVjI7FXgkANrNAUuh2Hd/A7kZubuMU8Kr/TBNUcJtl8sZdu','1','1',NULL,'en',NULL,'0',NULL,'2019-03-21 12:46:45','2019-03-21 16:37:36',NULL),(267,'Shahidah Samsudin',NULL,'820526145858','$2y$10$GDT.3Q198VdWISD7SU4Fgujst..wkxOASl5rJEYIhYjreKJEtOoTe','1','1',NULL,'en',NULL,'0',NULL,'2019-03-21 12:46:45','2019-03-21 16:37:36',NULL),(268,'Shahriza Bahari',NULL,'751226145016','$2y$10$eSrHr7iS3ambuz68ZmGruuFjwJ9XYvhU/N0/rQTkdDSoJyw0OY3HO','1','1',NULL,'en',NULL,'0',NULL,'2019-03-21 12:46:45','2019-03-21 16:37:36',NULL),(269,'Dr. Shaik Roslinah Bux',NULL,'630619106404','$2y$10$7Up9RzqyhEpgHt35p5aXnOJrkuoCzpa5Kr8onxHmBw4wk/.ZYfRiO','1','1',NULL,'en',NULL,'0',NULL,'2019-03-21 12:46:45','2019-03-21 16:37:37',NULL),(270,'Shanthini Tamadoram',NULL,'800528145896','$2y$10$eXiRTDmwo.qZs/g9Zt2DNuWUaMtaoVJkwBTzOC.4QfI8MsPDt47g.','1','1',NULL,'en',NULL,'0',NULL,'2019-03-21 12:46:45','2019-03-21 16:37:37',NULL),(271,'Hjh. Sharipah Mazina Syed Mohammed',NULL,'660228035028','$2y$10$BLe4qoqySeUIqcsbfoL0oOHQ6y/ZihY6HKcy5is3IcR.LzhFa0hn6','1','1',NULL,'en',NULL,'0',NULL,'2019-03-21 12:46:45','2019-03-21 16:37:37',NULL),(272,'Sharizal Samsudin',NULL,'800809085025','$2y$10$15l6ODTDWwxKUodHcglmOOCl1H/J9FIMdpei7v6OPpB3bp6s71d2m','1','1',NULL,'en',NULL,'0',NULL,'2019-03-21 12:46:45','2019-03-21 16:37:37',NULL),(273,'Shezlina Zakaria',NULL,'720408025822','$2y$10$ULY2wRWwXptqa80wpbY4hOtu4cIg97w0piZSDRkcJAq8LJ6kcGcai','1','1',NULL,'en',NULL,'0',NULL,'2019-03-21 12:46:45','2019-03-21 16:37:37',NULL),(274,'Siti Aslindah Ahmad',NULL,'830813125234','$2y$10$IP0wXb1JACo8dkRA71nQIOGf/vKj8u4h6WdlhX9l8JTZwEFGsrFZC','1','1',NULL,'en',NULL,'0',NULL,'2019-03-21 12:46:45','2019-03-21 16:37:37',NULL),(275,'Siti Rahayu Md. Desa',NULL,'750514075062','$2y$10$04YhITpbnaPBNpC76pDJduR/EddiFB.MHR5hXw4YQmKAG9JqxCs2a','1','1',NULL,'en',NULL,'0',NULL,'2019-03-21 12:46:45','2019-03-21 16:37:38',NULL),(276,'Siti Rawaida Shariff',NULL,'840604075284','$2y$10$MvMY2MOjt1.v4G1uiiQhvO7OX1w0x2kkjdSUkNk5ayojCsDh9bRBi','1','1',NULL,'en',NULL,'0',NULL,'2019-03-21 12:46:45','2019-03-21 16:37:38',NULL),(277,'Siti Sakinah Mohd Zaki',NULL,'890129035608','$2y$10$zccYO6NtZE1d80qBrizN9.kih8L2o.4PHQ6iGj8rHqUc/V7neSXlm','1','1',NULL,'en',NULL,'0',NULL,'2019-03-21 12:46:45','2019-03-21 16:37:38',NULL),(278,'Siti Salia Azizan',NULL,'770502025592','$2y$10$sKhHuy4Waqrw.sX6JAeVw.IoFBKH/gfZrv3RgHGSEDcqKATQj4y46','1','1',NULL,'en',NULL,'0',NULL,'2019-03-21 12:46:45','2019-03-21 16:37:38',NULL),(279,'Siti Salmiah Yahaya',NULL,'641101065170','$2y$10$3SlcUlZ7CExTP0hYl3x.qe3qMPNXTgwPNhdxdBii48fsyHgJWIQ/W','1','1',NULL,'en',NULL,'0',NULL,'2019-03-21 12:46:45','2019-03-21 16:37:38',NULL),(280,'Siti Syafiqah Ahmad',NULL,'891122146000','$2y$10$c20ZxqwJjlDLqSMoadLMkuK4OdX1D.gWZwV1RIhcbvO4hSIeNOPq.','1','1',NULL,'en',NULL,'0',NULL,'2019-03-21 12:46:45','2019-03-21 16:37:38',NULL),(281,'Siti Zaharah Mohamed',NULL,'860913235390','$2y$10$W/Insqq4/KfpQPW44hHfgO7v3h6cy8afC4X1VObb6exWzBoW1GmFm','1','1',NULL,'en',NULL,'0',NULL,'2019-03-21 12:46:45','2019-03-21 16:37:38',NULL),(282,'Siti Zurianah Othman',NULL,'780808045202','$2y$10$1AOtL1WSz0qUXYg7X.q9k.zUZol68uFSBerKA/y9hoU2K5GvT9zC.','1','1',NULL,'en',NULL,'0',NULL,'2019-03-21 12:46:45','2019-03-21 16:37:39',NULL),(283,'Sugumar a/l Saminathan',NULL,'650711025373','$2y$10$WFTvTk5Prh3A4LG1kJND4e4awIv6h65NE0ZtQ5M/qINtd6/1HtEwq','1','1',NULL,'en',NULL,'0',NULL,'2019-03-21 12:46:45','2019-03-21 16:37:39',NULL),(284,'Suhaimi Hamad',NULL,'610920035475','$2y$10$4vYP7aetdrGivfyZ1QQlze1gvVASlKjx89TTqS2H9.KU3vcRG15Ge','1','1',NULL,'en',NULL,'0',NULL,'2019-03-21 12:46:45','2019-03-21 16:37:39',NULL),(285,'Suhaimi Robini',NULL,'821006015819','$2y$10$tfAvM.pbebhYSYLr/JD1YOLicBwnm0oBUyBVAqR0Ylmiq/3NRZE1e','1','1',NULL,'en',NULL,'0',NULL,'2019-03-21 12:46:45','2019-03-21 16:37:39',NULL),(286,'Dr. Suriati Zainal Abidin',NULL,'720615045084','$2y$10$6y2z3G5AGgmMnxBFUSS8dOdM5ZnYX9G9IBmj5iqTNlHQaEXGHVy8i','1','1',NULL,'en',NULL,'0',NULL,'2019-03-21 12:46:45','2019-03-21 16:37:39',NULL),(287,'Suzana Ismail',NULL,'730505035706','$2y$10$mNBdcyuLugk7p6.1OPkulOXLFwKFXY2Yy.M6YN9rooh/vg7iAKhRW','1','1',NULL,'en',NULL,'0',NULL,'2019-03-21 12:46:45','2019-03-21 16:37:39',NULL),(288,'Syairah Zaimah Shafiee',NULL,'860504387326','$2y$10$C6xx/2v7APYw4LnKbly.heZb/LMJqnI7CDWfumcn7LoN/V8FfjL5e','1','1',NULL,'en',NULL,'0',NULL,'2019-03-21 12:46:45','2019-03-21 16:37:40',NULL),(289,'Syed Mohammad Fitri Syed Abdul Rahim',NULL,'780905065205','$2y$10$iYL1hnFhsLKbWpXxzCUn8ecoTm2gG3TVm.pgyJNuRhWSozhJYBwMy','1','1',NULL,'en',NULL,'0',NULL,'2019-03-21 12:46:45','2019-03-21 16:37:40',NULL),(290,'Syed Mohd. Al-Khafiez Syed Mohd. Azam Shah','syed@mpc.gov.my','800531145133','$2y$10$fMfxMF2b/yQ0BH5c33iO8OSAD.1IRcJzMShfuXvwICBko3IB/EcUu','1','1',NULL,'en',NULL,'0',NULL,'2019-03-21 12:46:45','2019-03-21 16:37:40',NULL),(291,'Thea Juminita Cheong Kiam',NULL,'611123125392','$2y$10$pfkHkStGHJ8n7BP4YtZwoe5GoWlEP73b3igqsBHpJljaeVRMYUveG','1','1',NULL,'en',NULL,'0',NULL,'2019-03-21 12:46:45','2019-03-21 16:37:40',NULL),(292,'Hjh. Umi Kalsom Osman',NULL,'610102045102','$2y$10$OsinlOZ7TERqqy3WHhgnl.zUjuaXry/MtBFMJYzmSxQWUI61qQjzK','1','1',NULL,'en',NULL,'0',NULL,'2019-03-21 12:46:45','2019-03-21 16:37:40',NULL),(293,'Vimala a/p R.Muniandy',NULL,'830708146260','$2y$10$1RUZ1gJVmYwISTmzPqx5MelB.gw3/NU4XR8GKQSDufUVDamQupM72','1','1',NULL,'en',NULL,'0',NULL,'2019-03-21 12:46:45','2019-03-21 16:37:40',NULL),(294,'Waila Mohd. Nasir',NULL,'730621106022','$2y$10$1oJgxI9F8qIKdbnVA.y/IuVkAI1DXmma.kP9abFI/ws68xvQRt9Ua','1','1',NULL,'en',NULL,'0',NULL,'2019-03-21 12:46:45','2019-03-21 16:37:40',NULL),(295,'Wan Farid Wan Hamad @ Wan Ahmad',NULL,'791024105661','$2y$10$/pJjHYD6LIHwlnsFVF19X.KOzaU1FEFmtFagT/pmt/GHfI.fV5fPi','1','1',NULL,'en',NULL,'0',NULL,'2019-03-21 12:46:45','2019-03-21 16:37:41',NULL),(296,'Wan Fazlin Nadia Wan Osman',NULL,'791126015974','$2y$10$HtcyCKn/pNnaMYMatroWBuHCg7nQ1DX46lA9wYrhP19C3u1.joBiG','1','1',NULL,'en',NULL,'0',NULL,'2019-03-21 12:46:45','2019-03-21 16:37:41',NULL),(297,'Wan Khairunnisa Azmi',NULL,'860225295576','$2y$10$J0XtErM2gsoR8oZuid/raOnfXgsBwubclZTlotGEUYdOnICP/F9eO','1','1',NULL,'en',NULL,'0',NULL,'2019-03-21 12:46:45','2019-03-21 16:37:41',NULL),(298,'Hjh. Wan Norhani Wan Khalid',NULL,'640706115164','$2y$10$BJ1TMruWZyB1MyniEZdS8.Mt71CvZC0oXfjMQNNZEkN1Oq1XmBFiK','1','1',NULL,'en',NULL,'0',NULL,'2019-03-21 12:46:45','2019-03-21 16:37:41',NULL),(299,'Wan Rozita Hussain',NULL,'770518065820','$2y$10$Wh1q0defsK63nrm6H6k7nu4jgulcPmAdwv.7BasaknKkpd6u5ceIe','1','1',NULL,'en',NULL,'0',NULL,'2019-03-21 12:46:45','2019-03-21 16:37:41',NULL),(300,'Wan Yusnaini Wan Yaacob',NULL,'710502035534','$2y$10$IozYqb5qnQNobfU/nhQIv.keqX2DHXyrIMxYXTywWFBm4c038uwWm','1','1',NULL,'en',NULL,'0',NULL,'2019-03-21 12:46:45','2019-03-21 16:37:41',NULL),(301,'Wan Zainulhaq Thaniah Che Haron',NULL,'710129035076','$2y$10$xlMfbyiwR9.weYJ7Be3nzenPzCseccV4Z5.nbf3dA5esYzRuuZU4K','1','1',NULL,'en',NULL,'0',NULL,'2019-03-21 12:46:45','2019-03-21 16:37:42',NULL),(302,'Zaffrulla Hussein',NULL,'691003035395','$2y$10$uZ99dKjmZw61wPoaFUM47eieDpUTlHuLR9gVOVMOtNgV8dp0SKHeq','1','1',NULL,'en',NULL,'0',NULL,'2019-03-21 12:46:45','2019-03-21 16:37:42',NULL),(303,'Zahid Ismail',NULL,'660320075225','$2y$10$qV2WoclZhcIu/K5qgF7HPuMZIo1g.2dzH31A4dUrHjPTHeLIl7.de','1','1',NULL,'en',NULL,'0',NULL,'2019-03-21 12:46:45','2019-03-21 16:37:42',NULL),(304,'Zaidah Hassan',NULL,'810614065568','$2y$10$Gh4FTSv60kubPAwfliWcZOIPrceyF8Gu6iF81SZJSNvWyLO6vL9/a','1','1',NULL,'en',NULL,'0',NULL,'2019-03-21 12:46:45','2019-03-21 16:37:42',NULL),(305,'Zaini Haron',NULL,'830119105073','$2y$10$B7gbuM35eeWh6WT4u2Wt1.pYpSSH1/izX2QHSDKvvG0D5YkNlcAHu','1','1',NULL,'en',NULL,'0',NULL,'2019-03-21 12:46:45','2019-03-21 16:37:42',NULL),(306,'Zainon Bakar',NULL,'630524106620','$2y$10$SICLf0.73I3uhVTmP/1UleQ2pp7DXGlTeSgFkws3o3ycpsiaGl7ua','1','1',NULL,'en',NULL,'0',NULL,'2019-03-21 12:46:45','2019-03-21 16:37:42',NULL),(307,'Hj. Zainudin Hj. Elias',NULL,'650322015235','$2y$10$UgCU9M8ix4jgCx4rF2lsUOKZ3x2MywCiJbTPMYIdQVvFO/OCcOJkO','1','1',NULL,'en',NULL,'0',NULL,'2019-03-21 12:46:45','2019-03-21 16:37:43',NULL),(308,'Zaiton Nordin',NULL,'621101065316','$2y$10$4jpxDxjoK9GBr.pHVcI32O/LRsk7zxV4uPP8s6b7nF8k9c/bWZUIK','1','1',NULL,'en',NULL,'0',NULL,'2019-03-21 12:46:45','2019-03-21 16:37:43',NULL),(309,'Tn. Hj. Zaki Jaafar',NULL,'670719035611','$2y$10$r.7cNRu3ZgAJPGwfn7YAGecI.NPIE0Ic5dhSGcVBSz42XAuCQ2Ryq','1','1',NULL,'en',NULL,'0',NULL,'2019-03-21 12:46:45','2019-03-21 16:37:43',NULL),(310,'Zawiyah Abd Manaf',NULL,'871012235530','$2y$10$aG33jUNxkBID4Apv4TfmdufUmd98bzj20j9/LF56DozsaC5NAgGS6','1','1',NULL,'en',NULL,'0',NULL,'2019-03-21 12:46:45','2019-03-21 16:37:43',NULL),(311,'Hj. Zubir Zainuddin',NULL,'720327055077','$2y$10$tI9mvQc1pwZGIfrjDRqSleP3gXV/hNz8il5/b5HRnK6k.hF7rE4OK','1','1',NULL,'en',NULL,'0',NULL,'2019-03-21 12:46:45','2019-03-21 16:37:43',NULL),(312,'Zul Ezwan Muhamad',NULL,'810122015257','$2y$10$n2sDUXvhmVTOnS7gEnEbWOuL8D54dS/.XGip1DI4DTc11WMkvhyh6','1','1',NULL,'en',NULL,'0',NULL,'2019-03-21 12:46:45','2019-03-21 16:37:43',NULL),(313,'Zulaifah Omar',NULL,'631016015006','$2y$10$5mi9qRzEfofTj5EIOIi0WeqFcbmfF1nbzNKoVJVjUcHbMCBuxQ5lG','1','1',NULL,'en',NULL,'0',NULL,'2019-03-21 12:46:45','2019-03-21 16:37:43',NULL),(314,'Zunaidah Awang Nawi',NULL,'820911035882','$2y$10$e69WMfElGNgDbJBJc9zEXeWP57qpPlkcd9LS92t3hIkntLYOx.8RW','1','1',NULL,'en',NULL,'0',NULL,'2019-03-21 12:46:45','2019-03-21 16:37:44',NULL),(315,'Zuraidi Zainol','zuraidi@mpc.gov.my','830428095219','$2y$10$W0g/iVUkLQfOEUDhko/n0unQ5V4YoTZqFhRVR5uQO3RUu8kUj/jvy','1','1',NULL,'en',NULL,'0',NULL,'2019-03-21 12:46:45','2019-03-21 16:37:44',NULL),(316,'Zuraini Subki',NULL,'820829035744','$2y$10$rAQ2NcJRNTrPGN9MBkh6Pe5I3JS0Kl0SCCfXkuDuCEwkgs96UYzYu','1','1',NULL,'en',NULL,'0',NULL,'2019-03-21 12:46:45','2019-03-21 16:37:44',NULL),(317,'Zurianti Nor Azian Mohd. Nafi',NULL,'880229065872','$2y$10$sFLdlIRvgGCIp4JgfBEIyOtOJnMc9ePWD5BJAA.Jtgdlp9NNjM6Lq','1','1',NULL,'en',NULL,'0',NULL,'2019-03-21 12:46:45','2019-03-21 16:37:44',NULL),(318,'MOHAMAD SAUFI BIN MOHAMAD RASID','izacbrandon4@gmail.com','950928055375','$2y$10$UB2ypxrNfQgcwnecEuJBUe3JUojMH9xfJ3OrbXzq4slQ6Yb4lE446','1','1',NULL,'en',NULL,'0',NULL,'2019-03-21 12:46:45','2019-03-23 07:39:22',NULL),(319,'Amirul Asraf bin razali','izacbrandon2@gmail.com','950928055375','$2y$10$RNr5w3x95ORGVdJ6QYXLfeQHqW/omo0suyjstSD/7xOkDBrsVInvq','1','1',NULL,'en',NULL,'0',NULL,'2019-03-21 12:46:45','2019-03-21 16:37:44',NULL),(320,'AIZAM BADRON','izacbrandon@gmail.com','740102015937','$2y$10$qmTivWT6htPraYZu5gmX0.F/FfpFgwiZecw3w.othzOtyFo3xVRRi','1','1','XkxpPLpUSIH1j3Z62iQbeEEocuJY6GNa9V3sJgQba7lyBAvVfvsZs7AxVhEc','en',NULL,'0',NULL,'2019-03-21 12:46:45','2019-03-23 08:34:16',NULL),(514,'ABU HANAN BIN ABU','abuhanan66@gmail.com','881026112066','$2y$10$aYS64c3DUxN7FVZ1yoalT.N8y1KJOA2GVmQ14nHUjODipeBOBZNcW','1','1','I5VBiZiFijgqgk2KfPpveL4c1djGVi0giRj2BZJ0DwuNEElIpGqgS2oZQUDm',NULL,NULL,'0',NULL,'2019-03-21 15:13:34','2019-03-21 19:16:47',NULL),(515,'AHMAD SYAFIQ IDRUS','syafiqidrus@gmail.com','860716335317','$2y$10$.EAWieVWNzTFbmiSbJt0EukvuSyhzu8NAxRDfGBM7sFp1O5G3kkVi','1','1','eqdoshTqQeV2X8kzE1bwhGGdYDid1vpidNQP30EobRdq8aws7TMQNIVjS7f8',NULL,NULL,'0',NULL,'2019-03-22 15:56:28','2019-03-23 08:40:49',NULL);

--
-- Table structure for table `users_detail`
--

CREATE TABLE `users_detail` (
  `users_detail_id` int(11) NOT NULL AUTO_INCREMENT,
  `user_id` int(11) NOT NULL,
  `salutation_id` int(11) DEFAULT '1',
  `gender_id` int(11) DEFAULT '1',
  `users_detail_name` varchar(100) NOT NULL,
  `users_detail_staffno` varchar(20) NOT NULL,
  `users_detail_fileno` varchar(20) DEFAULT NULL COMMENT 'enrich no',
  `users_detail_idno` varchar(16) NOT NULL,
  `users_detail_passport` varchar(20) DEFAULT NULL,
  `users_detail_address1` varchar(100) DEFAULT NULL,
  `users_detail_address2` varchar(100) DEFAULT NULL,
  `users_detail_address3` varchar(100) DEFAULT NULL,
  `users_detail_postcode` char(5) DEFAULT NULL,
  `district_id` int(11) DEFAULT NULL,
  `state_id` int(11) DEFAULT NULL,
  `users_detail_mobileno` varchar(12) DEFAULT NULL,
  `users_detail_homeno` varchar(12) DEFAULT NULL,
  `users_detail_workno` varchar(12) DEFAULT NULL,
  `users_detail_email` varchar(100) DEFAULT NULL,
  `users_detail_isinternal` char(1) NOT NULL DEFAULT '0',
  `cawangan_id` int(11) DEFAULT NULL,
  `unit_bahagian_id` int(11) DEFAULT NULL,
  `jawatan_id` int(11) DEFAULT NULL,
  `manager_id` int(11) DEFAULT NULL COMMENT 'user_id',
  `race_id` int(11) DEFAULT '1',
  `religion_id` int(11) DEFAULT '1',
  `created_at` timestamp NOT NULL DEFAULT CURRENT_TIMESTAMP ON UPDATE CURRENT_TIMESTAMP,
  `updated_at` timestamp NOT NULL DEFAULT CURRENT_TIMESTAMP,
  `deleted_at` timestamp NULL DEFAULT NULL,
  PRIMARY KEY (`users_detail_id`)
) ENGINE=InnoDB AUTO_INCREMENT=516 DEFAULT CHARSET=latin1;

--
-- Dumping data for table `users_detail`
--

INSERT INTO `users_detail` VALUES (3,3,1,1,'Ab. Razak Salleh','2112','','620310035231','',NULL,NULL,NULL,NULL,NULL,NULL,'',NULL,NULL,'razak@mpc.gov.my','0',2,4,2,NULL,1,1,'2019-03-21 12:57:54','2019-03-21 12:53:47',NULL),(4,4,1,1,'Abang Nurfadli Abang Yusuf','1602','','881113136047','',NULL,NULL,NULL,NULL,NULL,NULL,'',NULL,NULL,NULL,'0',2,1,1,NULL,1,1,'2019-03-21 12:57:54','2019-03-21 12:53:47',NULL),(5,5,1,1,'Abdollah Talib','2113',NULL,'641129055193',NULL,NULL,NULL,NULL,NULL,NULL,NULL,NULL,NULL,NULL,NULL,'0',NULL,16,1,NULL,1,1,'2019-03-21 12:57:54','2019-03-21 12:53:47',NULL),(6,6,1,1,'Abdul Hadi Ishak','2971','','810825045057','',NULL,NULL,NULL,NULL,NULL,NULL,'',NULL,NULL,NULL,'0',3,1,1,NULL,1,1,'2019-03-21 12:57:54','2019-03-21 12:53:47',NULL),(7,7,1,1,'Abdul Hakim bin Mohamad Sharif','3043',NULL,'840515145893',NULL,NULL,NULL,NULL,NULL,NULL,NULL,NULL,NULL,NULL,NULL,'0',NULL,25,1,NULL,1,1,'2019-03-21 12:57:54','2019-03-21 12:53:47',NULL),(8,8,1,1,'Abdul Karim Abdul Halim','2970',NULL,'810328145225',NULL,NULL,NULL,NULL,NULL,NULL,NULL,NULL,NULL,NULL,NULL,'0',NULL,8,1,NULL,1,1,'2019-03-21 12:57:54','2019-03-21 12:53:47',NULL),(9,9,1,1,'Dato\' Hj. Abd. Latif Hj. Abu Seman','1179','','610529065073','',NULL,NULL,NULL,NULL,NULL,NULL,'',NULL,NULL,'akmar@mpc.gov.my','0',2,5,7,NULL,1,1,'2019-03-21 12:57:54','2019-03-21 12:53:47',NULL),(10,10,1,1,'Abdul Latif Hussein','2061',NULL,'600723135435',NULL,NULL,NULL,NULL,NULL,NULL,NULL,NULL,NULL,NULL,NULL,'0',NULL,28,1,NULL,1,1,'2019-03-21 12:57:54','2019-03-21 12:53:47',NULL),(11,11,1,1,'Abdul Malek Mohamad Aripin','1407','','690206045185','',NULL,NULL,NULL,NULL,NULL,NULL,'',NULL,NULL,NULL,'0',2,1,8,NULL,1,1,'2019-03-21 12:57:54','2019-03-21 12:53:47',NULL),(12,12,1,1,'Abdul Quyun Mansor','3114','','850207065305','',NULL,NULL,NULL,NULL,NULL,NULL,'',NULL,NULL,'quyun@mpc.gov.my','0',2,4,6,NULL,1,1,'2019-03-21 12:57:55','2019-03-21 12:53:47',NULL),(13,13,1,1,'Abigail Subatra a/p Anbalakan','1589',NULL,'850106055140',NULL,NULL,NULL,NULL,NULL,NULL,NULL,NULL,NULL,NULL,NULL,'0',NULL,17,1,NULL,1,1,'2019-03-21 12:57:55','2019-03-21 12:53:47',NULL),(14,14,1,1,'Adlina Snawi','1434',NULL,'781031075342',NULL,NULL,NULL,NULL,NULL,NULL,NULL,NULL,NULL,NULL,NULL,'0',NULL,23,1,NULL,1,1,'2019-03-21 12:57:55','2019-03-21 12:53:47',NULL),(15,15,1,1,'Ahmad Fathan Abdul Rahim','1652',NULL,'860818355343',NULL,NULL,NULL,NULL,NULL,NULL,NULL,NULL,NULL,NULL,NULL,'0',NULL,23,1,NULL,1,1,'2019-03-21 12:57:55','2019-03-21 12:53:47',NULL),(16,16,1,1,'Ahmad Harris Abdullah','1495',NULL,'790805115235',NULL,NULL,NULL,NULL,NULL,NULL,NULL,NULL,NULL,NULL,NULL,'0',NULL,29,1,NULL,1,1,'2019-03-21 12:57:55','2019-03-21 12:53:47',NULL),(17,17,1,1,'Aiman Zakwan Zahari','1594',NULL,'891020015691',NULL,NULL,NULL,NULL,NULL,NULL,NULL,NULL,NULL,NULL,NULL,'0',NULL,24,1,NULL,1,1,'2019-03-21 12:57:55','2019-03-21 12:53:47',NULL),(18,18,1,1,'Aizulhisham Mat Menan','3013',NULL,'801211105313',NULL,NULL,NULL,NULL,NULL,NULL,NULL,NULL,NULL,NULL,NULL,'0',NULL,9,1,NULL,1,1,'2019-03-21 12:57:55','2019-03-21 12:53:47',NULL),(19,19,1,1,'Akmar Ashaari','2990',NULL,'790723075671',NULL,NULL,NULL,NULL,NULL,NULL,NULL,NULL,NULL,NULL,NULL,'0',NULL,8,1,NULL,1,1,'2019-03-21 12:57:55','2019-03-21 12:53:47',NULL),(20,20,1,1,'Al Hisyam Abdul Halim','1565',NULL,'780407145421',NULL,NULL,NULL,NULL,NULL,NULL,NULL,NULL,NULL,NULL,NULL,'0',NULL,NULL,1,NULL,1,1,'2019-03-21 12:57:55','2019-03-21 12:53:47',NULL),(21,21,1,1,'Aluyah Suhaili','2123',NULL,'630805135268',NULL,NULL,NULL,NULL,NULL,NULL,NULL,NULL,NULL,NULL,NULL,'0',NULL,28,1,NULL,1,1,'2019-03-21 12:57:55','2019-03-21 12:53:47',NULL),(22,22,1,1,'Amirul Qamar Zakaria','3113',NULL,'870118086399',NULL,NULL,NULL,NULL,NULL,NULL,NULL,NULL,NULL,NULL,NULL,'0',NULL,9,1,NULL,1,1,'2019-03-21 12:57:55','2019-03-21 12:53:47',NULL),(23,23,1,1,'Anis Marina Abd. Wahab','1591',NULL,'850708145936',NULL,NULL,NULL,NULL,NULL,NULL,NULL,NULL,NULL,NULL,NULL,'0',NULL,24,1,NULL,1,1,'2019-03-21 12:57:55','2019-03-21 12:53:47',NULL),(24,24,1,1,'Asmahan Othman','1429',NULL,'730601715226',NULL,NULL,NULL,NULL,NULL,NULL,NULL,NULL,NULL,NULL,NULL,'0',NULL,NULL,1,NULL,1,1,'2019-03-21 12:57:55','2019-03-21 12:53:47',NULL),(25,25,1,1,'Asmawadi Mohamed','1501',NULL,'800318035293',NULL,NULL,NULL,NULL,NULL,NULL,NULL,NULL,NULL,NULL,NULL,'0',NULL,11,1,NULL,1,1,'2019-03-21 12:57:55','2019-03-21 12:53:47',NULL),(26,26,1,1,'Athirah Ishak','1657',NULL,'890925035094',NULL,NULL,NULL,NULL,NULL,NULL,NULL,NULL,NULL,NULL,NULL,'0',NULL,23,1,NULL,1,1,'2019-03-21 12:57:55','2019-03-21 12:53:47',NULL),(27,27,1,1,'Ati Djam Seri Montoi','1433',NULL,'721110125470',NULL,NULL,NULL,NULL,NULL,NULL,NULL,NULL,NULL,NULL,NULL,'0',NULL,NULL,1,NULL,1,1,'2019-03-21 12:57:55','2019-03-21 12:53:47',NULL),(28,28,1,1,'Awang Udin Kanda','2124',NULL,'620807125523',NULL,NULL,NULL,NULL,NULL,NULL,NULL,NULL,NULL,NULL,NULL,'0',NULL,27,1,NULL,1,1,'2019-03-21 12:57:55','2019-03-21 12:53:47',NULL),(29,29,1,1,'Azhani Ismail','1424',NULL,'740621715142',NULL,NULL,NULL,NULL,NULL,NULL,NULL,NULL,NULL,NULL,NULL,'0',NULL,14,1,NULL,1,1,'2019-03-21 12:57:55','2019-03-21 12:53:47',NULL),(30,30,1,1,'Azimah Adnan','1531',NULL,'820910105084',NULL,NULL,NULL,NULL,NULL,NULL,NULL,NULL,NULL,NULL,NULL,'0',NULL,NULL,1,NULL,1,1,'2019-03-21 12:57:55','2019-03-21 12:53:47',NULL),(31,31,1,1,'Azira Mohamed Hodzai','1580','','871121295452','A23387932',NULL,NULL,NULL,NULL,NULL,NULL,'0179841606',NULL,NULL,'azira@mpc.gov.my','0',2,4,1,NULL,1,1,'2019-03-21 12:57:55','2019-03-21 12:53:47',NULL),(32,32,1,1,'Azizan Omar','2069',NULL,'590613055315',NULL,NULL,NULL,NULL,NULL,NULL,NULL,NULL,NULL,NULL,NULL,'0',NULL,8,1,NULL,1,1,'2019-03-21 12:57:55','2019-03-21 12:53:47',NULL),(33,33,1,1,'Azlan Kassim','1197',NULL,'600518106299',NULL,NULL,NULL,NULL,NULL,NULL,NULL,NULL,NULL,NULL,NULL,'0',NULL,NULL,1,NULL,1,1,'2019-03-21 12:57:55','2019-03-21 12:53:47',NULL),(34,34,1,1,'Azlin Mohd Alias','1462',NULL,'771102145856',NULL,NULL,NULL,NULL,NULL,NULL,NULL,NULL,NULL,NULL,NULL,'0',NULL,NULL,1,NULL,1,1,'2019-03-21 12:57:55','2019-03-21 12:53:47',NULL),(35,35,1,1,'Bahar Musa','2051',NULL,'591116055239',NULL,NULL,NULL,NULL,NULL,NULL,NULL,NULL,NULL,NULL,NULL,'0',NULL,11,1,NULL,1,1,'2019-03-21 12:57:55','2019-03-21 12:53:47',NULL),(36,36,1,1,'Hj. Burhanuddin Saidin','1199','','601103085419','',NULL,NULL,NULL,NULL,NULL,NULL,'',NULL,NULL,'suhaimi_robini@mpc.gov.my','0',2,4,11,NULL,1,1,'2019-03-21 12:57:55','2019-03-21 12:53:47',NULL),(37,37,1,1,'Cham Yin Hwa','1572',NULL,'850809045416',NULL,NULL,NULL,NULL,NULL,NULL,NULL,NULL,NULL,NULL,NULL,'0',NULL,25,1,NULL,1,1,'2019-03-21 12:57:55','2019-03-21 12:53:47',NULL),(38,38,1,1,'Darul Adizul Ishak','1556',NULL,'821110105937',NULL,NULL,NULL,NULL,NULL,NULL,NULL,NULL,NULL,NULL,NULL,'0',NULL,27,1,NULL,1,1,'2019-03-21 12:57:55','2019-03-21 12:53:47',NULL),(39,39,1,1,'Dr. Daud Talib','1277',NULL,'650523015733',NULL,NULL,NULL,NULL,NULL,NULL,NULL,NULL,NULL,NULL,NULL,'0',NULL,NULL,1,NULL,1,1,'2019-03-21 12:57:55','2019-03-21 12:53:47',NULL),(40,40,1,1,'Eamizan Hasim','1340',NULL,'671215106089',NULL,NULL,NULL,NULL,NULL,NULL,NULL,NULL,NULL,NULL,NULL,'0',NULL,31,1,NULL,1,1,'2019-03-21 12:57:55','2019-03-21 12:53:47',NULL),(41,41,1,1,'Edward Binty','1435',NULL,'750707125521',NULL,NULL,NULL,NULL,NULL,NULL,NULL,NULL,NULL,NULL,NULL,'0',NULL,27,1,NULL,1,1,'2019-03-21 12:57:55','2019-03-21 12:53:47',NULL),(42,42,1,1,'Ellma Eddiahwati Musa','3067','','760622145362','',NULL,NULL,NULL,NULL,NULL,NULL,'',NULL,NULL,'ellma@mpc.gov.my','0',2,5,9,NULL,1,1,'2019-03-21 12:57:55','2019-03-21 12:53:47',NULL),(43,43,1,1,'Faizul Mohamed','2995',NULL,'730506015053',NULL,NULL,NULL,NULL,NULL,NULL,NULL,NULL,NULL,NULL,NULL,'0',NULL,30,1,NULL,1,1,'2019-03-21 12:57:56','2019-03-21 12:53:47',NULL),(44,44,1,1,'Fara Salinda Ayu Halim','3072',NULL,'790904085772',NULL,NULL,NULL,NULL,NULL,NULL,NULL,NULL,NULL,NULL,NULL,'0',NULL,31,1,NULL,1,1,'2019-03-21 12:57:56','2019-03-21 12:53:47',NULL),(45,45,1,1,'Fara Suraya Hani Halim','3014',NULL,'780714085668',NULL,NULL,NULL,NULL,NULL,NULL,NULL,NULL,NULL,NULL,NULL,'0',NULL,NULL,1,NULL,1,1,'2019-03-21 12:57:56','2019-03-21 12:53:47',NULL),(46,46,1,1,'Farah Diyana Derma Dewa','3115','','820812105056','',NULL,NULL,NULL,NULL,NULL,NULL,'0173969800',NULL,NULL,'diyana@mpc.gov.my','0',2,4,13,NULL,1,1,'2019-03-21 12:57:56','2019-03-21 12:53:47',NULL),(47,47,1,1,'Farah Sazarina Othman','2964',NULL,'811203015456',NULL,NULL,NULL,NULL,NULL,NULL,NULL,NULL,NULL,NULL,NULL,'0',NULL,25,1,NULL,1,1,'2019-03-21 12:57:56','2019-03-21 12:53:47',NULL),(48,48,1,1,'Farhan Abdullah','3044',NULL,'730617105449',NULL,NULL,NULL,NULL,NULL,NULL,NULL,NULL,NULL,NULL,NULL,'0',NULL,NULL,1,NULL,1,1,'2019-03-21 12:57:56','2019-03-21 12:53:47',NULL),(49,49,1,1,'Faridah Taju Rahim','1451',NULL,'760308065380',NULL,NULL,NULL,NULL,NULL,NULL,NULL,NULL,NULL,NULL,NULL,'0',NULL,13,1,NULL,1,1,'2019-03-21 12:57:56','2019-03-21 12:53:47',NULL),(50,50,1,1,'Fauziah Ahmad Nawawi','2973',NULL,'790625105398',NULL,NULL,NULL,NULL,NULL,NULL,NULL,NULL,NULL,NULL,NULL,'0',NULL,9,1,NULL,1,1,'2019-03-21 12:57:56','2019-03-21 12:53:47',NULL),(51,51,1,1,'Fauziah Manaf','2563',NULL,'660107065028',NULL,NULL,NULL,NULL,NULL,NULL,NULL,NULL,NULL,NULL,NULL,'0',NULL,NULL,1,NULL,1,1,'2019-03-21 12:57:56','2019-03-21 12:53:47',NULL),(52,52,1,1,'Fauziah Sakiman','2659',NULL,'720323015326',NULL,NULL,NULL,NULL,NULL,NULL,NULL,NULL,NULL,NULL,NULL,'0',NULL,30,1,NULL,1,1,'2019-03-21 12:57:56','2019-03-21 12:53:47',NULL),(53,53,1,1,'Fizalawati Amin','3078',NULL,'810813135258',NULL,NULL,NULL,NULL,NULL,NULL,NULL,NULL,NULL,NULL,NULL,'0',NULL,28,1,NULL,1,1,'2019-03-21 12:57:56','2019-03-21 12:53:47',NULL),(54,54,1,1,'Hafiza Atha Ahmad','1496',NULL,'811010105092',NULL,NULL,NULL,NULL,NULL,NULL,NULL,NULL,NULL,NULL,NULL,'0',NULL,NULL,1,NULL,1,1,'2019-03-21 12:57:56','2019-03-21 12:53:47',NULL),(55,55,1,1,'Hafizah Sith','1418',NULL,'790329016120',NULL,NULL,NULL,NULL,NULL,NULL,NULL,NULL,NULL,NULL,NULL,'0',NULL,NULL,1,NULL,1,1,'2019-03-21 12:57:56','2019-03-21 12:53:47',NULL),(56,56,1,1,'Hafizoh Md. Aris','1497',NULL,'780402025746',NULL,NULL,NULL,NULL,NULL,NULL,NULL,NULL,NULL,NULL,NULL,'0',NULL,NULL,1,NULL,1,1,'2019-03-21 12:57:56','2019-03-21 12:53:47',NULL),(57,57,1,1,'Hj. Hairul Mizan Hamdan','2997',NULL,'770222015947',NULL,NULL,NULL,NULL,NULL,NULL,NULL,NULL,NULL,NULL,NULL,'0',NULL,30,1,NULL,1,1,'2019-03-21 12:57:56','2019-03-21 12:53:47',NULL),(58,58,1,1,'Halimahton Saadiah Let','1409',NULL,'730930085368',NULL,NULL,NULL,NULL,NULL,NULL,NULL,NULL,NULL,NULL,NULL,'0',NULL,NULL,1,NULL,1,1,'2019-03-21 12:57:56','2019-03-21 12:53:47',NULL),(59,59,1,1,'Hamzaly Zakaria','2998',NULL,'680617105825',NULL,NULL,NULL,NULL,NULL,NULL,NULL,NULL,NULL,NULL,NULL,'0',NULL,25,1,NULL,1,1,'2019-03-21 12:57:56','2019-03-21 12:53:47',NULL),(60,60,1,1,'Hanisah Mohd. Ramli','1529',NULL,'840523105736',NULL,NULL,NULL,NULL,NULL,NULL,NULL,NULL,NULL,NULL,NULL,'0',NULL,NULL,1,NULL,1,1,'2019-03-21 12:57:56','2019-03-21 12:53:47',NULL),(61,61,1,1,'Hasbullah Abdul Hamid','3083',NULL,'800114025253',NULL,NULL,NULL,NULL,NULL,NULL,NULL,NULL,NULL,NULL,NULL,'0',NULL,9,1,NULL,1,1,'2019-03-21 12:57:56','2019-03-21 12:53:47',NULL),(62,62,1,1,'Haslizayanti Othman','1526',NULL,'810117065348',NULL,NULL,NULL,NULL,NULL,NULL,NULL,NULL,NULL,NULL,NULL,'0',NULL,24,1,NULL,1,1,'2019-03-21 12:57:56','2019-03-21 12:53:47',NULL),(63,63,1,1,'Hazwani Nadiah Ismail','1525',NULL,'820913035624',NULL,NULL,NULL,NULL,NULL,NULL,NULL,NULL,NULL,NULL,NULL,'0',NULL,13,1,NULL,1,1,'2019-03-21 12:57:56','2019-03-21 12:53:47',NULL),(64,64,1,1,'Hillina Abdul Karim','1457',NULL,'760325105284',NULL,NULL,NULL,NULL,NULL,NULL,NULL,NULL,NULL,NULL,NULL,'0',NULL,18,1,NULL,1,1,'2019-03-21 12:57:56','2019-03-21 12:53:47',NULL),(65,65,1,1,'Hishamuddin Hassan','3037',NULL,'811203025531',NULL,NULL,NULL,NULL,NULL,NULL,NULL,NULL,NULL,NULL,NULL,'0',NULL,23,1,NULL,1,1,'2019-03-21 12:57:56','2019-03-21 12:53:47',NULL),(66,66,1,1,'Hj. Ab. Rahim Yusoff','1192',NULL,'601217035145',NULL,NULL,NULL,NULL,NULL,NULL,NULL,NULL,NULL,NULL,NULL,'0',NULL,NULL,1,NULL,1,1,'2019-03-21 12:57:56','2019-03-21 12:53:47',NULL),(67,67,1,1,'Hj. Ab. Rashid Omar','1331',NULL,'660801045393',NULL,NULL,NULL,NULL,NULL,NULL,NULL,NULL,NULL,NULL,NULL,'0',NULL,NULL,1,NULL,1,1,'2019-03-21 12:57:56','2019-03-21 12:53:47',NULL),(68,68,1,1,'Huda Atiqah Samsir','1644',NULL,'881028015128',NULL,NULL,NULL,NULL,NULL,NULL,NULL,NULL,NULL,NULL,NULL,'0',NULL,20,1,NULL,1,1,'2019-03-21 12:57:56','2019-03-21 12:53:47',NULL),(69,69,1,1,'Ilyana Norsaidah Ab Rahman','1638',NULL,'910911035478',NULL,NULL,NULL,NULL,NULL,NULL,NULL,NULL,NULL,NULL,NULL,'0',NULL,29,1,NULL,1,1,'2019-03-21 12:57:56','2019-03-21 12:53:47',NULL),(70,70,1,1,'Ingrid Ng Edy','1609',NULL,'871121495040',NULL,NULL,NULL,NULL,NULL,NULL,NULL,NULL,NULL,NULL,NULL,'0',NULL,27,1,NULL,1,1,'2019-03-21 12:57:56','2019-03-21 12:53:47',NULL),(71,71,1,1,'Isram Azhar','3047','','820324105479','',NULL,NULL,NULL,NULL,NULL,NULL,'0163900444',NULL,NULL,'isram@mpc.gov.my','0',2,4,9,NULL,1,1,'2019-03-21 12:57:57','2019-03-21 12:53:47',NULL),(72,72,1,1,'Izani Ishak','1275',NULL,'630610035689',NULL,NULL,NULL,NULL,NULL,NULL,NULL,NULL,NULL,NULL,NULL,'0',NULL,27,1,NULL,1,1,'2019-03-21 12:57:57','2019-03-21 12:53:47',NULL),(73,73,1,1,'Izzul Ikhwan Ishak','1659',NULL,'910610105989',NULL,NULL,NULL,NULL,NULL,NULL,NULL,NULL,NULL,NULL,NULL,'0',NULL,24,1,NULL,1,1,'2019-03-21 12:57:57','2019-03-21 12:53:47',NULL),(74,74,1,1,'Jauza Juhairah Jimmy Abdullah','3141',NULL,'920127126324',NULL,NULL,NULL,NULL,NULL,NULL,NULL,NULL,NULL,NULL,NULL,'0',NULL,NULL,1,NULL,1,1,'2019-03-21 12:57:57','2019-03-21 12:53:47',NULL),(75,75,1,1,'Jayaletchumi Krishnan','1488',NULL,'780507025152',NULL,NULL,NULL,NULL,NULL,NULL,NULL,NULL,NULL,NULL,NULL,'0',NULL,NULL,1,NULL,1,1,'2019-03-21 12:57:57','2019-03-21 12:53:47',NULL),(76,76,1,1,'Jerry Shahnizal Abd. Aziz','1503',NULL,'830808146065',NULL,NULL,NULL,NULL,NULL,NULL,NULL,NULL,NULL,NULL,NULL,'0',NULL,28,1,NULL,1,1,'2019-03-21 12:57:57','2019-03-21 12:53:47',NULL),(77,77,1,1,'Josffa Ismail','1408',NULL,'780215075975',NULL,NULL,NULL,NULL,NULL,NULL,NULL,NULL,NULL,NULL,NULL,'0',NULL,NULL,1,NULL,1,1,'2019-03-21 12:57:57','2019-03-21 12:53:47',NULL),(78,78,1,1,'Kabir Ahmad Mohamad Jamil','1170',NULL,'600101025303',NULL,NULL,NULL,NULL,NULL,NULL,NULL,NULL,NULL,NULL,NULL,'0',NULL,NULL,1,NULL,1,1,'2019-03-21 12:57:57','2019-03-21 12:53:47',NULL),(79,79,1,1,'Kamaruddin Mohamad','1183',NULL,'610718115105',NULL,NULL,NULL,NULL,NULL,NULL,NULL,NULL,NULL,NULL,NULL,'0',NULL,NULL,1,NULL,1,1,'2019-03-21 12:57:57','2019-03-21 12:53:47',NULL),(80,80,1,1,'Kamaruzaman Ramli','3103',NULL,'830308115035',NULL,NULL,NULL,NULL,NULL,NULL,NULL,NULL,NULL,NULL,NULL,'0',NULL,13,1,NULL,1,1,'2019-03-21 12:57:57','2019-03-21 12:53:47',NULL),(81,81,1,1,'Kartin Haslinda Che Mat','1450',NULL,'760304035264',NULL,NULL,NULL,NULL,NULL,NULL,NULL,NULL,NULL,NULL,NULL,'0',NULL,14,1,NULL,1,1,'2019-03-21 12:57:57','2019-03-21 12:53:47',NULL),(82,82,1,1,'Kasturi Devi a/p Appanna','1546',NULL,'810525085890',NULL,NULL,NULL,NULL,NULL,NULL,NULL,NULL,NULL,NULL,NULL,'0',NULL,23,1,NULL,1,1,'2019-03-21 12:57:57','2019-03-21 12:53:47',NULL),(83,83,1,1,'Khairil Afi Adnan','3156',NULL,'871003065189',NULL,NULL,NULL,NULL,NULL,NULL,NULL,NULL,NULL,NULL,NULL,'0',NULL,16,1,NULL,1,1,'2019-03-21 12:57:57','2019-03-21 12:53:47',NULL),(84,84,1,1,'Khalidatul Asrin Abd. Aziz','1483',NULL,'800112025794',NULL,NULL,NULL,NULL,NULL,NULL,NULL,NULL,NULL,NULL,NULL,'0',NULL,29,1,NULL,1,1,'2019-03-21 12:57:57','2019-03-21 12:53:47',NULL),(85,85,1,1,'Khatijah Rahmat','1606',NULL,'840710135404',NULL,NULL,NULL,NULL,NULL,NULL,NULL,NULL,NULL,NULL,NULL,'0',NULL,28,1,NULL,1,1,'2019-03-21 12:57:57','2019-03-21 12:53:47',NULL),(86,86,1,1,'Khidzir Ahmad','1534',NULL,'780830105611',NULL,NULL,NULL,NULL,NULL,NULL,NULL,NULL,NULL,NULL,NULL,'0',NULL,29,1,NULL,1,1,'2019-03-21 12:57:57','2019-03-21 12:53:47',NULL),(87,87,1,1,'Datin Latchumy Prabha','1316',NULL,'620517015246',NULL,NULL,NULL,NULL,NULL,NULL,NULL,NULL,NULL,NULL,NULL,'0',NULL,17,1,NULL,1,1,'2019-03-21 12:57:57','2019-03-21 12:53:47',NULL),(88,88,1,1,'Lee Wan Swanee','1573',NULL,'850915035756',NULL,NULL,NULL,NULL,NULL,NULL,NULL,NULL,NULL,NULL,NULL,'0',NULL,29,1,NULL,1,1,'2019-03-21 12:57:57','2019-03-21 12:53:47',NULL),(89,89,1,1,'Lee Wan Wei','1585',NULL,'860814595008',NULL,NULL,NULL,NULL,NULL,NULL,NULL,NULL,NULL,NULL,NULL,'0',NULL,NULL,1,NULL,1,1,'2019-03-21 12:57:57','2019-03-21 12:53:47',NULL),(90,90,1,1,'Liyana Othman','1656',NULL,'900703137438',NULL,NULL,NULL,NULL,NULL,NULL,NULL,NULL,NULL,NULL,NULL,'0',NULL,28,1,NULL,1,1,'2019-03-21 12:57:57','2019-03-21 12:53:47',NULL),(91,91,1,1,'Mahadi Hasbullah','1486',NULL,'760815035303',NULL,NULL,NULL,NULL,NULL,NULL,NULL,NULL,NULL,NULL,NULL,'0',NULL,15,1,NULL,1,1,'2019-03-21 12:57:57','2019-03-21 12:53:47',NULL),(92,92,1,1,'Mariatul Af-Ida M.T. Ariffin','1390',NULL,'750712085034',NULL,NULL,NULL,NULL,NULL,NULL,NULL,NULL,NULL,NULL,NULL,'0',NULL,NULL,1,NULL,1,1,'2019-03-21 12:57:57','2019-03-21 12:53:47',NULL),(93,93,1,1,'Marina Maulad Ismail','3074',NULL,'860329145038',NULL,NULL,NULL,NULL,NULL,NULL,NULL,NULL,NULL,NULL,NULL,'0',NULL,11,1,NULL,1,1,'2019-03-21 12:57:57','2019-03-21 12:53:47',NULL),(94,94,1,1,'Marziah Ahmad','1349',NULL,'650411065218',NULL,NULL,NULL,NULL,NULL,NULL,NULL,NULL,NULL,NULL,NULL,'0',NULL,NULL,1,NULL,1,1,'2019-03-21 12:57:57','2019-03-21 12:53:47',NULL),(95,95,1,1,'Mashitanor Zainudin','3087',NULL,'761019055308',NULL,NULL,NULL,NULL,NULL,NULL,NULL,NULL,NULL,NULL,NULL,'0',NULL,8,1,NULL,1,1,'2019-03-21 12:57:57','2019-03-21 12:53:47',NULL),(96,96,1,1,'Maswani Ismail','3095',NULL,'810316035600',NULL,NULL,NULL,NULL,NULL,NULL,NULL,NULL,NULL,NULL,NULL,'0',NULL,14,1,NULL,1,1,'2019-03-21 12:57:57','2019-03-21 12:53:47',NULL),(97,97,1,1,'Dr. Mazlina Shafii','1373',NULL,'720731086000',NULL,NULL,NULL,NULL,NULL,NULL,NULL,NULL,NULL,NULL,NULL,'0',NULL,NULL,1,NULL,1,1,'2019-03-21 12:57:57','2019-03-21 12:53:47',NULL),(98,98,1,1,'Maznee Abd. Halim','1318',NULL,'661204115036',NULL,NULL,NULL,NULL,NULL,NULL,NULL,NULL,NULL,NULL,NULL,'0',NULL,NULL,1,NULL,1,1,'2019-03-21 12:57:58','2019-03-21 12:53:47',NULL),(99,99,1,1,'Dr. Mazrina Mohd. Ibramsah','1393',NULL,'741207075594',NULL,NULL,NULL,NULL,NULL,NULL,NULL,NULL,NULL,NULL,NULL,'0',NULL,16,1,NULL,1,1,'2019-03-21 12:57:58','2019-03-21 12:53:47',NULL),(100,100,1,1,'Mazuan Salleh','1512',NULL,'810105125067',NULL,NULL,NULL,NULL,NULL,NULL,NULL,NULL,NULL,NULL,NULL,'0',NULL,30,1,NULL,1,1,'2019-03-21 12:57:58','2019-03-21 12:53:47',NULL),(101,101,1,1,'Mazuin Dahlan','1445',NULL,'790417145328',NULL,NULL,NULL,NULL,NULL,NULL,NULL,NULL,NULL,NULL,NULL,'0',NULL,24,1,NULL,1,1,'2019-03-21 12:57:58','2019-03-21 12:53:47',NULL),(102,102,1,1,'Md Shubri Ismail','1175',NULL,'591223075331',NULL,NULL,NULL,NULL,NULL,NULL,NULL,NULL,NULL,NULL,NULL,'0',NULL,11,1,NULL,1,1,'2019-03-21 12:57:58','2019-03-21 12:53:47',NULL),(103,103,1,1,'Md Zainuri Juri','1404',NULL,'741122017053',NULL,NULL,NULL,NULL,NULL,NULL,NULL,NULL,NULL,NULL,NULL,'0',NULL,NULL,1,NULL,1,1,'2019-03-21 12:57:58','2019-03-21 12:53:47',NULL),(104,104,1,1,'Megat Amirul Saifulnizam Megat Kamarul Bahrin','1504',NULL,'820702115739',NULL,NULL,NULL,NULL,NULL,NULL,NULL,NULL,NULL,NULL,NULL,'0',NULL,30,1,NULL,1,1,'2019-03-21 12:57:58','2019-03-21 12:53:47',NULL),(105,105,1,1,'Melissa Ahmad Arshad','1411',NULL,'761210105270',NULL,NULL,NULL,NULL,NULL,NULL,NULL,NULL,NULL,NULL,NULL,'0',NULL,29,1,NULL,1,1,'2019-03-21 12:57:58','2019-03-21 12:53:47',NULL),(106,106,1,1,'Mimi Hasnita Ahmad','2994',NULL,'761108065348',NULL,NULL,NULL,NULL,NULL,NULL,NULL,NULL,NULL,NULL,NULL,'0',NULL,13,1,NULL,1,1,'2019-03-21 12:57:58','2019-03-21 12:53:47',NULL),(107,107,1,1,'Minhana Yahaya','3016',NULL,'790514145178',NULL,NULL,NULL,NULL,NULL,NULL,NULL,NULL,NULL,NULL,NULL,'0',NULL,NULL,1,NULL,1,1,'2019-03-21 12:57:58','2019-03-21 12:53:47',NULL),(108,108,1,1,'Mohamad Azrol Mohd. Dali','1423',NULL,'750930015683',NULL,NULL,NULL,NULL,NULL,NULL,NULL,NULL,NULL,NULL,NULL,'0',NULL,NULL,1,NULL,1,1,'2019-03-21 12:57:58','2019-03-21 12:53:47',NULL),(109,109,1,1,'Mohamad Hafizi Abd Rashid','3093',NULL,'880905025009',NULL,NULL,NULL,NULL,NULL,NULL,NULL,NULL,NULL,NULL,NULL,'0',NULL,21,1,NULL,1,1,'2019-03-21 12:57:58','2019-03-21 12:53:47',NULL),(110,110,1,1,'Mohamad Muzaffar Abdul Hamid','1391',NULL,'740919017603',NULL,NULL,NULL,NULL,NULL,NULL,NULL,NULL,NULL,NULL,NULL,'0',NULL,29,1,NULL,1,1,'2019-03-21 12:57:58','2019-03-21 12:53:47',NULL),(111,111,1,1,'Mohamad Nor Bolhi','1507',NULL,'790607135681',NULL,NULL,NULL,NULL,NULL,NULL,NULL,NULL,NULL,NULL,NULL,'0',NULL,NULL,1,NULL,1,1,'2019-03-21 12:57:58','2019-03-21 12:53:47',NULL),(112,112,1,1,'Mohamad Norjayadi Tamam','1421',NULL,'741205135725',NULL,NULL,NULL,NULL,NULL,NULL,NULL,NULL,NULL,NULL,NULL,'0',NULL,26,1,NULL,1,1,'2019-03-21 12:57:58','2019-03-21 12:53:47',NULL),(113,113,1,1,'Hj. Mohamad Sahril Ahmad Puzi','1505',NULL,'821115085445',NULL,NULL,NULL,NULL,NULL,NULL,NULL,NULL,NULL,NULL,NULL,'0',NULL,NULL,1,NULL,1,1,'2019-03-21 12:57:58','2019-03-21 12:53:47',NULL),(114,114,1,1,'Mohammad Afdhan Fauzi','3118',NULL,'860427565669',NULL,NULL,NULL,NULL,NULL,NULL,NULL,NULL,NULL,NULL,NULL,'0',NULL,9,1,NULL,1,1,'2019-03-21 12:57:58','2019-03-21 12:53:47',NULL),(115,115,1,1,'Mohammad Khairul Hakimin Zainoor','1516',NULL,'830111015487',NULL,NULL,NULL,NULL,NULL,NULL,NULL,NULL,NULL,NULL,NULL,'0',NULL,24,1,NULL,1,1,'2019-03-21 12:57:58','2019-03-21 12:53:47',NULL),(116,116,1,1,'Mohammed Alamin Rehan','1454',NULL,'790113065169',NULL,NULL,NULL,NULL,NULL,NULL,NULL,NULL,NULL,NULL,NULL,'0',NULL,29,1,NULL,1,1,'2019-03-21 12:57:58','2019-03-21 12:53:47',NULL),(117,117,1,1,'Mohd Amirol Md. Khair','1648',NULL,'900309026107',NULL,NULL,NULL,NULL,NULL,NULL,NULL,NULL,NULL,NULL,NULL,'0',NULL,16,1,NULL,1,1,'2019-03-21 12:57:58','2019-03-21 12:53:47',NULL),(118,118,1,1,'Mohd Azhar Zainuddin','1542',NULL,'810110105773',NULL,NULL,NULL,NULL,NULL,NULL,NULL,NULL,NULL,NULL,NULL,'0',NULL,13,1,NULL,1,1,'2019-03-21 12:57:58','2019-03-21 12:53:47',NULL),(119,119,1,1,'Mohd. Azrul Kamis','2782',NULL,'770526025423',NULL,NULL,NULL,NULL,NULL,NULL,NULL,NULL,NULL,NULL,NULL,'0',NULL,8,1,NULL,1,1,'2019-03-21 12:57:58','2019-03-21 12:53:47',NULL),(120,120,1,1,'Mohd. Azwan Mohd. Salleh','1453',NULL,'730926075271',NULL,NULL,NULL,NULL,NULL,NULL,NULL,NULL,NULL,NULL,NULL,'0',NULL,25,1,NULL,1,1,'2019-03-21 12:57:58','2019-03-21 12:53:47',NULL),(121,121,1,1,'Mohd Faizol Abd. Rahman','1593',NULL,'841110115033',NULL,NULL,NULL,NULL,NULL,NULL,NULL,NULL,NULL,NULL,NULL,'0',NULL,11,1,NULL,1,1,'2019-03-21 12:57:58','2019-03-21 12:53:47',NULL),(122,122,1,1,'Mohd Faizzul Shahir','3110',NULL,'860917436181',NULL,NULL,NULL,NULL,NULL,NULL,NULL,NULL,NULL,NULL,NULL,'0',NULL,9,1,NULL,1,1,'2019-03-21 12:57:59','2019-03-21 12:53:47',NULL),(123,123,1,1,'Mohd. Hilmi Mohd. Idris','1489',NULL,'790308105095',NULL,NULL,NULL,NULL,NULL,NULL,NULL,NULL,NULL,NULL,NULL,'0',NULL,13,1,NULL,1,1,'2019-03-21 12:57:59','2019-03-21 12:53:47',NULL),(124,124,1,1,'Mohd. Hisyam Hatimtai','1406',NULL,'780321105277',NULL,NULL,NULL,NULL,NULL,NULL,NULL,NULL,NULL,NULL,NULL,'0',NULL,29,1,NULL,1,1,'2019-03-21 12:57:59','2019-03-21 12:53:47',NULL),(125,125,1,1,'Mohd. Khairil Anuar Amir Hamzah','1513',NULL,'840225025017',NULL,NULL,NULL,NULL,NULL,NULL,NULL,NULL,NULL,NULL,NULL,'0',NULL,23,1,NULL,1,1,'2019-03-21 12:57:59','2019-03-21 12:53:47',NULL),(126,126,1,1,'Mohd. Khairizal Khahidir','1508','','830405055353','',NULL,NULL,NULL,NULL,NULL,NULL,'0122988721',NULL,NULL,'khairizal@mpc.gov.my','0',2,4,8,NULL,1,1,'2019-03-21 12:57:59','2019-03-21 12:53:47',NULL),(127,127,1,1,'Mohd. Khairul Nazir Nawi','1456',NULL,'770220025957',NULL,NULL,NULL,NULL,NULL,NULL,NULL,NULL,NULL,NULL,NULL,'0',NULL,11,1,NULL,1,1,'2019-03-21 12:57:59','2019-03-21 12:53:47',NULL),(128,128,1,1,'Mohd Nizam Ali','3056',NULL,'791128145297',NULL,NULL,NULL,NULL,NULL,NULL,NULL,NULL,NULL,NULL,NULL,'0',NULL,18,1,NULL,1,1,'2019-03-21 12:57:59','2019-03-21 12:53:47',NULL),(129,129,1,1,'Dato\' Mohd Razali Hussain','1176','','590826115385','',NULL,NULL,NULL,NULL,NULL,NULL,'',NULL,NULL,'isram2@mpc.gov.my','0',2,1,12,NULL,1,1,'2019-03-21 12:57:59','2019-03-21 12:53:47',NULL),(130,130,1,1,'Mohd. Wafi Hj. Arip','1473',NULL,'770212105551',NULL,NULL,NULL,NULL,NULL,NULL,NULL,NULL,NULL,NULL,NULL,'0',NULL,NULL,1,NULL,1,1,'2019-03-21 12:57:59','2019-03-21 12:53:47',NULL),(131,131,1,1,'Mohd Yazid Abdul Majid','1455',NULL,'790310105537',NULL,NULL,NULL,NULL,NULL,NULL,NULL,NULL,NULL,NULL,NULL,'0',NULL,NULL,1,NULL,1,1,'2019-03-21 12:57:59','2019-03-21 12:53:47',NULL),(132,132,1,1,'Mohd Zulkifly Che Mohd Rawawi','1613',NULL,'830910035265',NULL,NULL,NULL,NULL,NULL,NULL,NULL,NULL,NULL,NULL,NULL,'0',NULL,29,1,NULL,1,1,'2019-03-21 12:57:59','2019-03-21 12:53:47',NULL),(133,133,1,1,'Mohd. Azuar Md. Sidek','2989',NULL,'750514105065',NULL,NULL,NULL,NULL,NULL,NULL,NULL,NULL,NULL,NULL,NULL,'0',NULL,8,1,NULL,1,1,'2019-03-21 12:57:59','2019-03-21 12:53:47',NULL),(134,134,1,1,'Mohd. Hosni Mamat @ Ariffin','1577',NULL,'840528115511',NULL,NULL,NULL,NULL,NULL,NULL,NULL,NULL,NULL,NULL,NULL,'0',NULL,15,1,NULL,1,1,'2019-03-21 12:57:59','2019-03-21 12:53:47',NULL),(135,135,1,1,'Mohd. Hykal Mohd. Halim','3071',NULL,'840415015223',NULL,NULL,NULL,NULL,NULL,NULL,NULL,NULL,NULL,NULL,NULL,'0',NULL,25,1,NULL,1,1,'2019-03-21 12:57:59','2019-03-21 12:53:47',NULL),(136,136,1,1,'Mohd. Riduan Daud','3007',NULL,'830906045057',NULL,NULL,NULL,NULL,NULL,NULL,NULL,NULL,NULL,NULL,NULL,'0',NULL,25,1,NULL,1,1,'2019-03-21 12:57:59','2019-03-21 12:53:47',NULL),(137,137,1,1,'Mohd. Rosdi Mohd Kauzi','3046',NULL,'750423035989',NULL,NULL,NULL,NULL,NULL,NULL,NULL,NULL,NULL,NULL,NULL,'0',NULL,8,1,NULL,1,1,'2019-03-21 12:57:59','2019-03-21 12:53:47',NULL),(138,138,1,1,'Mohd. Shapri Ismail','2054',NULL,'600813085945',NULL,NULL,NULL,NULL,NULL,NULL,NULL,NULL,NULL,NULL,NULL,'0',NULL,8,1,NULL,1,1,'2019-03-21 12:57:59','2019-03-21 12:53:47',NULL),(139,139,1,1,'Mohd. Suzlezan Supu','1443','','781219125145','',NULL,NULL,NULL,NULL,NULL,NULL,'0193168136',NULL,NULL,'suzlezan@mpc.gov.my','0',2,4,10,NULL,1,1,'2019-03-21 12:57:59','2019-03-21 12:53:47',NULL),(140,140,1,1,'Mohd. Syarif Samsudin','2967',NULL,'800305075173',NULL,NULL,NULL,NULL,NULL,NULL,NULL,NULL,NULL,NULL,NULL,'0',NULL,23,1,NULL,1,1,'2019-03-21 12:57:59','2019-03-21 12:53:47',NULL),(141,141,1,1,'Hj. Mohd. Zaki Bin Ibrahim','1319',NULL,'610119035197',NULL,NULL,NULL,NULL,NULL,NULL,NULL,NULL,NULL,NULL,NULL,'0',NULL,30,1,NULL,1,1,'2019-03-21 12:57:59','2019-03-21 12:53:47',NULL),(142,142,1,1,'Mohd. Zamros Yusof','2132',NULL,'670705055347',NULL,NULL,NULL,NULL,NULL,NULL,NULL,NULL,NULL,NULL,NULL,'0',NULL,28,1,NULL,1,1,'2019-03-21 12:57:59','2019-03-21 12:53:47',NULL),(143,143,1,1,'Mokhzani Aris Mohd. Yusoff','1397',NULL,'730308105015',NULL,NULL,NULL,NULL,NULL,NULL,NULL,NULL,NULL,NULL,NULL,'0',NULL,NULL,1,NULL,1,1,'2019-03-21 12:57:59','2019-03-21 12:53:47',NULL),(144,144,1,1,'Muhamad Afiq Piramli','1653',NULL,'901211036379',NULL,NULL,NULL,NULL,NULL,NULL,NULL,NULL,NULL,NULL,NULL,'0',NULL,NULL,1,NULL,1,1,'2019-03-21 12:57:59','2019-03-21 12:53:47',NULL),(145,145,1,1,'Muhamad Rizuwan Abu Bakar','3132',NULL,'860512465355',NULL,NULL,NULL,NULL,NULL,NULL,NULL,NULL,NULL,NULL,NULL,'0',NULL,8,1,NULL,1,1,'2019-03-21 12:57:59','2019-03-21 12:53:47',NULL),(146,146,1,1,'Mohammad Shahaizal Abu Talib','3004',NULL,'780218025869',NULL,NULL,NULL,NULL,NULL,NULL,NULL,NULL,NULL,NULL,NULL,'0',NULL,NULL,1,NULL,1,1,'2019-03-21 12:58:00','2019-03-21 12:53:47',NULL),(147,147,1,1,'Muhamad Zain Musa','2068',NULL,'611224055477',NULL,NULL,NULL,NULL,NULL,NULL,NULL,NULL,NULL,NULL,NULL,'0',NULL,20,1,NULL,1,1,'2019-03-21 12:58:00','2019-03-21 12:53:47',NULL),(148,148,1,1,'Muhamad Zamri Zainol','2991',NULL,'690427075433',NULL,NULL,NULL,NULL,NULL,NULL,NULL,NULL,NULL,NULL,NULL,'0',NULL,23,1,NULL,1,1,'2019-03-21 12:58:00','2019-03-21 12:53:47',NULL),(149,149,1,1,'Muhammad Afzani Ahmad','3003',NULL,'811125145705',NULL,NULL,NULL,NULL,NULL,NULL,NULL,NULL,NULL,NULL,NULL,'0',NULL,9,1,NULL,1,1,'2019-03-21 12:58:00','2019-03-21 12:53:47',NULL),(150,150,1,1,'Muhammaad Aidil Razak','3159',NULL,'910418035597',NULL,NULL,NULL,NULL,NULL,NULL,NULL,NULL,NULL,NULL,NULL,'0',NULL,8,1,NULL,1,1,'2019-03-21 12:58:00','2019-03-21 12:53:47',NULL),(151,151,1,1,'Muhammad Fazre Zulhelmi Fizwan','1595',NULL,'881014566439',NULL,NULL,NULL,NULL,NULL,NULL,NULL,NULL,NULL,NULL,NULL,'0',NULL,NULL,1,NULL,1,1,'2019-03-21 12:58:00','2019-03-21 12:53:47',NULL),(152,152,1,1,'Mohammad Hafiz Sabaruddin','1517',NULL,'830408065477',NULL,NULL,NULL,NULL,NULL,NULL,NULL,NULL,NULL,NULL,NULL,'0',NULL,30,1,NULL,1,1,'2019-03-21 12:58:00','2019-03-21 12:53:47',NULL),(153,153,1,1,'Muhammad Hisham Nordin','1598',NULL,'881113565247',NULL,NULL,NULL,NULL,NULL,NULL,NULL,NULL,NULL,NULL,NULL,'0',NULL,NULL,1,NULL,1,1,'2019-03-21 12:58:00','2019-03-21 12:53:47',NULL),(154,154,1,1,'Muhammad Idham Mohd Zain','1405',NULL,'731006035511',NULL,NULL,NULL,NULL,NULL,NULL,NULL,NULL,NULL,NULL,NULL,'0',NULL,11,1,NULL,1,1,'2019-03-21 12:58:00','2019-03-21 12:53:47',NULL),(155,155,1,1,'Muhammad Muizzuddin Muhamad','3157',NULL,'910330036237',NULL,NULL,NULL,NULL,NULL,NULL,NULL,NULL,NULL,NULL,NULL,'0',NULL,9,1,NULL,1,1,'2019-03-21 12:58:00','2019-03-21 12:53:47',NULL),(156,156,1,1,'Muhammad Suffian Ahmad','1447',NULL,'790617145859',NULL,NULL,NULL,NULL,NULL,NULL,NULL,NULL,NULL,NULL,NULL,'0',NULL,NULL,1,NULL,1,1,'2019-03-21 12:58:00','2019-03-21 12:53:47',NULL),(157,157,1,1,'Muhaslizawati Mohd Bakri','1547',NULL,'820619035746',NULL,NULL,NULL,NULL,NULL,NULL,NULL,NULL,NULL,NULL,NULL,'0',NULL,15,1,NULL,1,1,'2019-03-21 12:58:00','2019-03-21 12:53:47',NULL),(158,158,1,1,'Muhd. Adha Abd. Hamid','1523',NULL,'830918105555',NULL,NULL,NULL,NULL,NULL,NULL,NULL,NULL,NULL,NULL,NULL,'0',NULL,29,1,NULL,1,1,'2019-03-21 12:58:00','2019-03-21 12:53:47',NULL),(159,159,1,1,'Nahdatul Faeizin Norman','1631',NULL,'901028015094',NULL,NULL,NULL,NULL,NULL,NULL,NULL,NULL,NULL,NULL,NULL,'0',NULL,30,1,NULL,1,1,'2019-03-21 12:58:00','2019-03-21 12:53:47',NULL),(160,160,1,1,'Nazahiah Mohamad','1475',NULL,'790525075056',NULL,NULL,NULL,NULL,NULL,NULL,NULL,NULL,NULL,NULL,NULL,'0',NULL,29,1,NULL,1,1,'2019-03-21 12:58:00','2019-03-21 12:53:47',NULL),(161,161,1,1,'Nazeri Ariffin Madon','1633',NULL,'860804235965',NULL,NULL,NULL,NULL,NULL,NULL,NULL,NULL,NULL,NULL,NULL,'0',NULL,13,1,NULL,1,1,'2019-03-21 12:58:00','2019-03-21 12:53:47',NULL),(162,162,1,1,'Nazilah Ahmad','1530',NULL,'830710016190',NULL,NULL,NULL,NULL,NULL,NULL,NULL,NULL,NULL,NULL,NULL,'0',NULL,30,1,NULL,1,1,'2019-03-21 12:58:00','2019-03-21 12:53:47',NULL),(163,163,1,1,'Nik Faizal Nik Ahmad','1414',NULL,'690320035423',NULL,NULL,NULL,NULL,NULL,NULL,NULL,NULL,NULL,NULL,NULL,'0',NULL,14,1,NULL,1,1,'2019-03-21 12:58:00','2019-03-21 12:53:47',NULL),(164,164,1,1,'Nik Nazarina Nek Mohamed','1651',NULL,'891121146332',NULL,NULL,NULL,NULL,NULL,NULL,NULL,NULL,NULL,NULL,NULL,'0',NULL,NULL,1,NULL,1,1,'2019-03-21 12:58:00','2019-03-21 12:53:47',NULL),(165,165,1,1,'Hj. Nik Rosdi Nik Yusoff','1165',NULL,'591022035333',NULL,NULL,NULL,NULL,NULL,NULL,NULL,NULL,NULL,NULL,NULL,'0',NULL,NULL,1,NULL,1,1,'2019-03-21 12:58:00','2019-03-21 12:53:47',NULL),(166,166,1,1,'Noor Aishah Hj. Hassan','1461',NULL,'781121145260',NULL,NULL,NULL,NULL,NULL,NULL,NULL,NULL,NULL,NULL,NULL,'0',NULL,29,1,NULL,1,1,'2019-03-21 12:58:00','2019-03-21 12:53:47',NULL),(167,167,1,1,'Noor Anariza Hassan','2968',NULL,'760121075060',NULL,NULL,NULL,NULL,NULL,NULL,NULL,NULL,NULL,NULL,NULL,'0',NULL,19,1,NULL,1,1,'2019-03-21 12:58:00','2019-03-21 12:53:47',NULL),(168,168,1,1,'Noor Asmawati Hussin','3041',NULL,'820725085480',NULL,NULL,NULL,NULL,NULL,NULL,NULL,NULL,NULL,NULL,NULL,'0',NULL,26,1,NULL,1,1,'2019-03-21 12:58:01','2019-03-21 12:53:47',NULL),(169,169,1,1,'Noor Aziah Othman','2945',NULL,'790928075448',NULL,NULL,NULL,NULL,NULL,NULL,NULL,NULL,NULL,NULL,NULL,'0',NULL,11,1,NULL,1,1,'2019-03-21 12:58:01','2019-03-21 12:53:47',NULL),(170,170,1,1,'Noor Azman Hassan','2957',NULL,'770211036515',NULL,NULL,NULL,NULL,NULL,NULL,NULL,NULL,NULL,NULL,NULL,'0',NULL,21,1,NULL,1,1,'2019-03-21 12:58:01','2019-03-21 12:53:47',NULL),(171,171,1,1,'Noor Hazilah Abdullah','3069',NULL,'820318035814',NULL,NULL,NULL,NULL,NULL,NULL,NULL,NULL,NULL,NULL,NULL,'0',NULL,13,1,NULL,1,1,'2019-03-21 12:58:01','2019-03-21 12:53:47',NULL),(172,172,1,1,'Noor Izzati Kamis','1620',NULL,'900629145658',NULL,NULL,NULL,NULL,NULL,NULL,NULL,NULL,NULL,NULL,NULL,'0',NULL,20,1,NULL,1,1,'2019-03-21 12:58:01','2019-03-21 12:53:47',NULL),(173,173,1,1,'Noor Mohammad Farhan Nor Azman','3124',NULL,'881216566111',NULL,NULL,NULL,NULL,NULL,NULL,NULL,NULL,NULL,NULL,NULL,'0',NULL,21,1,NULL,1,1,'2019-03-21 12:58:01','2019-03-21 12:53:47',NULL),(174,174,1,1,'Noor Rahidah Abdul Razak','3057',NULL,'830505045048',NULL,NULL,NULL,NULL,NULL,NULL,NULL,NULL,NULL,NULL,NULL,'0',NULL,18,1,NULL,1,1,'2019-03-21 12:58:01','2019-03-21 12:53:47',NULL),(175,175,1,1,'Noor Salfarina Jamaludin','1532',NULL,'830202045278',NULL,NULL,NULL,NULL,NULL,NULL,NULL,NULL,NULL,NULL,NULL,'0',NULL,24,1,NULL,1,1,'2019-03-21 12:58:01','2019-03-21 12:53:47',NULL),(176,176,1,1,'Noorsamsinar Sum Abdullah','2075',NULL,'610608105088',NULL,NULL,NULL,NULL,NULL,NULL,NULL,NULL,NULL,NULL,NULL,'0',NULL,11,1,NULL,1,1,'2019-03-21 12:58:01','2019-03-21 12:53:47',NULL),(177,177,1,1,'Nor Adira Adnan','1627',NULL,'870504295260',NULL,NULL,NULL,NULL,NULL,NULL,NULL,NULL,NULL,NULL,NULL,'0',NULL,27,1,NULL,1,1,'2019-03-21 12:58:01','2019-03-21 12:53:47',NULL),(178,178,1,1,'Nor Aishah Hassan','1399',NULL,'740928085894',NULL,NULL,NULL,NULL,NULL,NULL,NULL,NULL,NULL,NULL,NULL,'0',NULL,NULL,1,NULL,1,1,'2019-03-21 12:58:01','2019-03-21 12:53:47',NULL),(179,179,1,1,'Nor Akma Che Wan Naman','1645',NULL,'890101035104',NULL,NULL,NULL,NULL,NULL,NULL,NULL,NULL,NULL,NULL,NULL,'0',NULL,24,1,NULL,1,1,'2019-03-21 12:58:01','2019-03-21 12:53:47',NULL),(180,180,1,1,'Nor Azmi Yahaya','2139',NULL,'600102065139',NULL,NULL,NULL,NULL,NULL,NULL,NULL,NULL,NULL,NULL,NULL,'0',NULL,18,1,NULL,1,1,'2019-03-21 12:58:01','2019-03-21 12:53:47',NULL),(181,181,1,1,'Nor Eshah Abd. Raman','2134',NULL,'620113065052',NULL,NULL,NULL,NULL,NULL,NULL,NULL,NULL,NULL,NULL,NULL,'0',NULL,16,1,NULL,1,1,'2019-03-21 12:58:01','2019-03-21 12:53:47',NULL),(182,182,1,1,'Nor Fadilah Zulkifli Muhamad','3158',NULL,'941219036070',NULL,NULL,NULL,NULL,NULL,NULL,NULL,NULL,NULL,NULL,NULL,'0',NULL,8,1,NULL,1,1,'2019-03-21 12:58:01','2019-03-21 12:53:47',NULL),(183,183,1,1,'Hjh. Nor Fazila Hashim','1351',NULL,'660129086196',NULL,NULL,NULL,NULL,NULL,NULL,NULL,NULL,NULL,NULL,NULL,'0',NULL,NULL,1,NULL,1,1,'2019-03-21 12:58:01','2019-03-21 12:53:47',NULL),(184,184,1,1,'Hjh. Nor Hafizah Mohd Arop','1329',NULL,'681203105352',NULL,NULL,NULL,NULL,NULL,NULL,NULL,NULL,NULL,NULL,NULL,'0',NULL,NULL,1,NULL,1,1,'2019-03-21 12:58:01','2019-03-21 12:53:47',NULL),(185,185,1,1,'Nor Halisa Mohamad Halil','1386',NULL,'730228125374',NULL,NULL,NULL,NULL,NULL,NULL,NULL,NULL,NULL,NULL,NULL,'0',NULL,NULL,1,NULL,1,1,'2019-03-21 12:58:01','2019-03-21 12:53:47',NULL),(186,186,1,1,'Nor Hasimah Ab. Rahman','2074',NULL,'610823105654',NULL,NULL,NULL,NULL,NULL,NULL,NULL,NULL,NULL,NULL,NULL,'0',NULL,11,1,NULL,1,1,'2019-03-21 12:58:01','2019-03-21 12:53:47',NULL),(187,187,1,1,'Nor Idayuniza Rahmat','1419',NULL,'781012145720',NULL,NULL,NULL,NULL,NULL,NULL,NULL,NULL,NULL,NULL,NULL,'0',NULL,11,1,NULL,1,1,'2019-03-21 12:58:01','2019-03-21 12:53:47',NULL),(188,188,1,1,'Nor Izzati Norhisam','1538',NULL,'850514105100',NULL,NULL,NULL,NULL,NULL,NULL,NULL,NULL,NULL,NULL,NULL,'0',NULL,NULL,1,NULL,1,1,'2019-03-21 12:58:01','2019-03-21 12:53:47',NULL),(189,189,1,1,'Hjh. Nor Robaayah Mohd. Noor','1290',NULL,'660915085430',NULL,NULL,NULL,NULL,NULL,NULL,NULL,NULL,NULL,NULL,NULL,'0',NULL,NULL,1,NULL,1,1,'2019-03-21 12:58:01','2019-03-21 12:53:47',NULL),(190,190,1,1,'Nor Surayya Abd. Samad','1385',NULL,'751119145758',NULL,NULL,NULL,NULL,NULL,NULL,NULL,NULL,NULL,NULL,NULL,'0',NULL,29,1,NULL,1,1,'2019-03-21 12:58:01','2019-03-21 12:53:47',NULL),(191,191,1,1,'Norzairisham Zakaria','2668',NULL,'681118015811',NULL,NULL,NULL,NULL,NULL,NULL,NULL,NULL,NULL,NULL,NULL,'0',NULL,8,1,NULL,1,1,'2019-03-21 12:58:01','2019-03-21 12:53:47',NULL),(192,192,1,1,'Nora\'in Ahmad Kamil','1367',NULL,'690916016290',NULL,NULL,NULL,NULL,NULL,NULL,NULL,NULL,NULL,NULL,NULL,'0',NULL,24,1,NULL,1,1,'2019-03-21 12:58:01','2019-03-21 12:53:47',NULL),(193,193,1,1,'Norafidah Ramli','2951',NULL,'770815016494',NULL,NULL,NULL,NULL,NULL,NULL,NULL,NULL,NULL,NULL,NULL,'0',NULL,11,1,NULL,1,1,'2019-03-21 12:58:01','2019-03-21 12:53:47',NULL),(194,194,1,1,'Noraniza Daud','2987',NULL,'821008065262',NULL,NULL,NULL,NULL,NULL,NULL,NULL,NULL,NULL,NULL,NULL,'0',NULL,10,1,NULL,1,1,'2019-03-21 12:58:01','2019-03-21 12:53:47',NULL),(195,195,1,1,'Norashikin Abdul Shukor','3051',NULL,'820722086154',NULL,NULL,NULL,NULL,NULL,NULL,NULL,NULL,NULL,NULL,NULL,'0',NULL,27,1,NULL,1,1,'2019-03-21 12:58:02','2019-03-21 12:53:47',NULL),(196,196,1,1,'Norashima Hamzah','1533',NULL,'771210115582',NULL,NULL,NULL,NULL,NULL,NULL,NULL,NULL,NULL,NULL,NULL,'0',NULL,NULL,1,NULL,1,1,'2019-03-21 12:58:02','2019-03-21 12:53:47',NULL),(197,197,1,1,'Norazlina Tun Ibrahim','1518',NULL,'800222145850',NULL,NULL,NULL,NULL,NULL,NULL,NULL,NULL,NULL,NULL,NULL,'0',NULL,9,1,NULL,1,1,'2019-03-21 12:58:02','2019-03-21 12:53:47',NULL),(198,198,1,1,'Nordieana Nordin','2955',NULL,'790206105078',NULL,NULL,NULL,NULL,NULL,NULL,NULL,NULL,NULL,NULL,NULL,'0',NULL,NULL,1,NULL,1,1,'2019-03-21 12:58:02','2019-03-21 12:53:47',NULL),(199,199,1,1,'Norfaizah Abdul Rahman','1358',NULL,'720531065416',NULL,NULL,NULL,NULL,NULL,NULL,NULL,NULL,NULL,NULL,NULL,'0',NULL,NULL,1,NULL,1,1,'2019-03-21 12:58:02','2019-03-21 12:53:47',NULL),(200,200,1,1,'Norhaida Roslan','3094',NULL,'830513035616',NULL,NULL,NULL,NULL,NULL,NULL,NULL,NULL,NULL,NULL,NULL,'0',NULL,15,1,NULL,1,1,'2019-03-21 12:58:02','2019-03-21 12:53:47',NULL),(201,201,1,1,'Norhanida Ahmad Puad','2954',NULL,'800929085038',NULL,NULL,NULL,NULL,NULL,NULL,NULL,NULL,NULL,NULL,NULL,'0',NULL,18,1,NULL,1,1,'2019-03-21 12:58:02','2019-03-21 12:53:47',NULL),(202,202,1,1,'Norhaniza Hamir','1436',NULL,'790131086326',NULL,NULL,NULL,NULL,NULL,NULL,NULL,NULL,NULL,NULL,NULL,'0',NULL,22,1,NULL,1,1,'2019-03-21 12:58:02','2019-03-21 12:53:47',NULL),(203,203,1,1,'Norhasimah Ibrahim','1422',NULL,'750420105494',NULL,NULL,NULL,NULL,NULL,NULL,NULL,NULL,NULL,NULL,NULL,'0',NULL,11,1,NULL,1,1,'2019-03-21 12:58:02','2019-03-21 12:53:47',NULL),(204,204,1,1,'Norhayati Harun','2823',NULL,'741211025426',NULL,NULL,NULL,NULL,NULL,NULL,NULL,NULL,NULL,NULL,NULL,'0',NULL,23,1,NULL,1,1,'2019-03-21 12:58:02','2019-03-21 12:53:47',NULL),(205,205,1,1,'NORHISAM AHMAD','2066','ENNO1899','590121085147','PASS6567','','','',NULL,NULL,NULL,NULL,NULL,NULL,'norhisam@mps.gov.my','0',4,21,1,320,1,1,'2019-03-23 08:45:49','2019-03-23 08:45:49',NULL),(206,206,1,1,'Norhuda Abdullah','3000',NULL,'810924075016',NULL,NULL,NULL,NULL,NULL,NULL,NULL,NULL,NULL,NULL,NULL,'0',NULL,23,1,NULL,1,1,'2019-03-21 12:58:02','2019-03-21 12:53:47',NULL),(207,207,1,1,'Norijah Juen','3009',NULL,'760715135972',NULL,NULL,NULL,NULL,NULL,NULL,NULL,NULL,NULL,NULL,NULL,'0',NULL,28,1,NULL,1,1,'2019-03-21 12:58:02','2019-03-21 12:53:47',NULL),(208,208,1,1,'Norkamila Shahrudin','3018',NULL,'810301106066',NULL,NULL,NULL,NULL,NULL,NULL,NULL,NULL,NULL,NULL,NULL,'0',NULL,30,1,NULL,1,1,'2019-03-21 12:58:02','2019-03-21 12:53:47',NULL),(209,209,1,1,'Norliana Mahmud','1466',NULL,'770521075034',NULL,NULL,NULL,NULL,NULL,NULL,NULL,NULL,NULL,NULL,NULL,'0',NULL,11,1,NULL,1,1,'2019-03-21 12:58:02','2019-03-21 12:53:47',NULL),(210,210,1,1,'Norliza Ahmad','1460',NULL,'761213035482',NULL,NULL,NULL,NULL,NULL,NULL,NULL,NULL,NULL,NULL,NULL,'0',NULL,29,1,NULL,1,1,'2019-03-21 12:58:02','2019-03-21 12:53:47',NULL),(211,211,1,1,'Norliza Rosli','3075',NULL,'850306055196',NULL,NULL,NULL,NULL,NULL,NULL,NULL,NULL,NULL,NULL,NULL,'0',NULL,8,1,NULL,1,1,'2019-03-21 12:58:02','2019-03-21 12:53:47',NULL),(212,212,1,1,'Norul Hasila Abdullah','1548',NULL,'830714065344',NULL,NULL,NULL,NULL,NULL,NULL,NULL,NULL,NULL,NULL,NULL,'0',NULL,17,1,NULL,1,1,'2019-03-21 12:58:02','2019-03-21 12:53:47',NULL),(213,213,1,1,'Norwahidah Abdullah','3006',NULL,'800603035364',NULL,NULL,NULL,NULL,NULL,NULL,NULL,NULL,NULL,NULL,NULL,'0',NULL,30,1,NULL,1,1,'2019-03-21 12:58:02','2019-03-21 12:53:47',NULL),(214,214,1,1,'Norwahizan bt Mohamed','3008',NULL,'781117035608',NULL,NULL,NULL,NULL,NULL,NULL,NULL,NULL,NULL,NULL,NULL,'0',NULL,25,1,NULL,1,1,'2019-03-21 12:58:02','2019-03-21 12:53:47',NULL),(215,215,1,1,'Norziah Kabil','3022',NULL,'741111135206',NULL,NULL,NULL,NULL,NULL,NULL,NULL,NULL,NULL,NULL,NULL,'0',NULL,28,1,NULL,1,1,'2019-03-21 12:58:02','2019-03-21 12:53:47',NULL),(216,216,1,1,'Norzirin Ariffin','1291',NULL,'640927075362',NULL,NULL,NULL,NULL,NULL,NULL,NULL,NULL,NULL,NULL,NULL,'0',NULL,NULL,1,NULL,1,1,'2019-03-21 12:58:02','2019-03-21 12:53:47',NULL),(217,217,1,1,'Nur Jihan Ramli','3024',NULL,'820215065332',NULL,NULL,NULL,NULL,NULL,NULL,NULL,NULL,NULL,NULL,NULL,'0',NULL,13,1,NULL,1,1,'2019-03-21 12:58:02','2019-03-21 12:53:47',NULL),(218,218,1,1,'Nur \'Amirah Shaaban','3146',NULL,'911229075316',NULL,NULL,NULL,NULL,NULL,NULL,NULL,NULL,NULL,NULL,NULL,'0',NULL,16,1,NULL,1,1,'2019-03-21 12:58:02','2019-03-21 12:53:47',NULL),(219,219,1,1,'Nur Faizah Tasman','1554',NULL,'820719015320',NULL,NULL,NULL,NULL,NULL,NULL,NULL,NULL,NULL,NULL,NULL,'0',NULL,31,1,NULL,1,1,'2019-03-21 12:58:02','2019-03-21 12:53:47',NULL),(220,220,1,1,'Nur Fatimah Mohd Zaki','1588',NULL,'890703085766',NULL,NULL,NULL,NULL,NULL,NULL,NULL,NULL,NULL,NULL,NULL,'0',NULL,NULL,1,NULL,1,1,'2019-03-21 12:58:02','2019-03-21 12:53:47',NULL),(221,221,1,1,'Nur Hafizah Halimuddin','3038',NULL,'830829145870',NULL,NULL,NULL,NULL,NULL,NULL,NULL,NULL,NULL,NULL,NULL,'0',NULL,30,1,NULL,1,1,'2019-03-21 12:58:03','2019-03-21 12:53:47',NULL),(222,222,1,1,'Nur Hanim Abd Ghani','1463',NULL,'760301145732',NULL,NULL,NULL,NULL,NULL,NULL,NULL,NULL,NULL,NULL,NULL,'0',NULL,19,1,NULL,1,1,'2019-03-21 12:58:03','2019-03-21 12:53:47',NULL),(223,223,1,1,'Nur Rafidah Zulkifl','1615',NULL,'880707086492',NULL,NULL,NULL,NULL,NULL,NULL,NULL,NULL,NULL,NULL,NULL,'0',NULL,NULL,1,NULL,1,1,'2019-03-21 12:58:03','2019-03-21 12:53:47',NULL),(224,224,1,1,'Nur Sulia Saari','1502',NULL,'830512145776',NULL,NULL,NULL,NULL,NULL,NULL,NULL,NULL,NULL,NULL,NULL,'0',NULL,16,1,NULL,1,1,'2019-03-21 12:58:03','2019-03-21 12:53:47',NULL),(225,225,1,1,'Nur Syafina Anuar','1522',NULL,'830628105688',NULL,NULL,NULL,NULL,NULL,NULL,NULL,NULL,NULL,NULL,NULL,'0',NULL,NULL,1,NULL,1,1,'2019-03-21 12:58:03','2019-03-21 12:53:47',NULL),(226,226,1,1,'Nur Syahrina Muhamad Nor','1557',NULL,'830726146360',NULL,NULL,NULL,NULL,NULL,NULL,NULL,NULL,NULL,NULL,NULL,'0',NULL,NULL,1,NULL,1,1,'2019-03-21 12:58:03','2019-03-21 12:53:47',NULL),(227,227,1,1,'Nuraizah Harun @ Harron','1578',NULL,'831217015586',NULL,NULL,NULL,NULL,NULL,NULL,NULL,NULL,NULL,NULL,NULL,'0',NULL,24,1,NULL,1,1,'2019-03-21 12:58:03','2019-03-21 12:53:47',NULL),(228,228,1,1,'Nurfayunie Pakhrururzi','1647',NULL,'880219145668',NULL,NULL,NULL,NULL,NULL,NULL,NULL,NULL,NULL,NULL,NULL,'0',NULL,16,1,NULL,1,1,'2019-03-21 12:58:03','2019-03-21 12:53:47',NULL),(229,229,1,1,'Nurfazila Haji Zulaihi','1605',NULL,'900802136836',NULL,NULL,NULL,NULL,NULL,NULL,NULL,NULL,NULL,NULL,NULL,'0',NULL,28,1,NULL,1,1,'2019-03-21 12:58:03','2019-03-21 12:53:47',NULL),(230,230,1,1,'Nursyahida Muhamad Aszahari','3121',NULL,'890921146168',NULL,NULL,NULL,NULL,NULL,NULL,NULL,NULL,NULL,NULL,NULL,'0',NULL,23,1,NULL,1,1,'2019-03-21 12:58:03','2019-03-21 12:53:47',NULL),(231,231,1,1,'Nurul Ain Alia  Abdullah Zawawi','1583',NULL,'860805435694',NULL,NULL,NULL,NULL,NULL,NULL,NULL,NULL,NULL,NULL,NULL,'0',NULL,24,1,NULL,1,1,'2019-03-21 12:58:03','2019-03-21 12:53:47',NULL),(232,232,1,1,'Nurul Farahaton Najihan Jusoh','1634',NULL,'900430115822',NULL,NULL,NULL,NULL,NULL,NULL,NULL,NULL,NULL,NULL,NULL,'0',NULL,29,1,NULL,1,1,'2019-03-21 12:58:03','2019-03-21 12:53:47',NULL),(233,233,1,1,'Nurul Fatihah Mohd Azlan','1576',NULL,'860509295922',NULL,NULL,NULL,NULL,NULL,NULL,NULL,NULL,NULL,NULL,NULL,'0',NULL,29,1,NULL,1,1,'2019-03-21 12:58:03','2019-03-21 12:53:47',NULL),(234,234,1,1,'Nurul Nadia Zainal Adnan','3133',NULL,'870825565508',NULL,NULL,NULL,NULL,NULL,NULL,NULL,NULL,NULL,NULL,NULL,'0',NULL,NULL,1,NULL,1,1,'2019-03-21 12:58:03','2019-03-21 12:53:47',NULL),(235,235,1,1,'Nurul Sazrina Mohd Shukor','1520',NULL,'830322105028',NULL,NULL,NULL,NULL,NULL,NULL,NULL,NULL,NULL,NULL,NULL,'0',NULL,19,1,NULL,1,1,'2019-03-21 12:58:03','2019-03-21 12:53:47',NULL),(236,236,1,1,'Nurul Syamimi Ismail','1574',NULL,'850926035516',NULL,NULL,NULL,NULL,NULL,NULL,NULL,NULL,NULL,NULL,NULL,'0',NULL,24,1,NULL,1,1,'2019-03-21 12:58:03','2019-03-21 12:53:47',NULL),(237,237,1,1,'Nurzarina Jaafar','2992',NULL,'800509075538',NULL,NULL,NULL,NULL,NULL,NULL,NULL,NULL,NULL,NULL,NULL,'0',NULL,23,1,NULL,1,1,'2019-03-21 12:58:03','2019-03-21 12:53:47',NULL),(238,238,1,1,'Omi Kalsom Hj. Osman','2060',NULL,'590905085292',NULL,NULL,NULL,NULL,NULL,NULL,NULL,NULL,NULL,NULL,NULL,'0',NULL,8,1,NULL,1,1,'2019-03-21 12:58:03','2019-03-21 12:53:47',NULL),(239,239,1,1,'Osman Zaidan','2996',NULL,'680925135225',NULL,NULL,NULL,NULL,NULL,NULL,NULL,NULL,NULL,NULL,NULL,'0',NULL,28,1,NULL,1,1,'2019-03-21 12:58:03','2019-03-21 12:53:47',NULL),(240,240,1,1,'Rahayu Abd. Rahman','3085',NULL,'821114115518',NULL,NULL,NULL,NULL,NULL,NULL,NULL,NULL,NULL,NULL,NULL,'0',NULL,13,1,NULL,1,1,'2019-03-21 12:58:03','2019-03-21 12:53:47',NULL),(241,241,1,1,'Dr. Rahmat Hj. Md. Smail','1186',NULL,'600302045271',NULL,NULL,NULL,NULL,NULL,NULL,NULL,NULL,NULL,NULL,NULL,'0',NULL,11,1,NULL,1,1,'2019-03-21 12:58:04','2019-03-21 12:53:47',NULL),(242,242,1,1,'Rainah Osman','3020',NULL,'731111125252',NULL,NULL,NULL,NULL,NULL,NULL,NULL,NULL,NULL,NULL,NULL,'0',NULL,27,1,NULL,1,1,'2019-03-21 12:58:04','2019-03-21 12:53:47',NULL),(243,243,1,1,'Raja Ainul Bismi Raja Abd. Hadi','1509',NULL,'831026086234',NULL,NULL,NULL,NULL,NULL,NULL,NULL,NULL,NULL,NULL,NULL,'0',NULL,10,1,NULL,1,1,'2019-03-21 12:58:04','2019-03-21 12:53:47',NULL),(244,244,1,1,'Ramale Yusoff','2146',NULL,'640510035445',NULL,NULL,NULL,NULL,NULL,NULL,NULL,NULL,NULL,NULL,NULL,'0',NULL,18,1,NULL,1,1,'2019-03-21 12:58:04','2019-03-21 12:53:47',NULL),(245,245,1,1,'Ramlan Sainan','2067',NULL,'610228105027',NULL,NULL,NULL,NULL,NULL,NULL,NULL,NULL,NULL,NULL,NULL,'0',NULL,11,1,NULL,1,1,'2019-03-21 12:58:04','2019-03-21 12:53:47',NULL),(246,246,1,1,'Hjh. Roseleena Hashim','1306',NULL,'650318035284',NULL,NULL,NULL,NULL,NULL,NULL,NULL,NULL,NULL,NULL,NULL,'0',NULL,12,1,NULL,1,1,'2019-03-21 12:58:04','2019-03-21 12:53:47',NULL),(247,247,1,1,'Roslah Md Yusof','2105',NULL,'610210105328',NULL,NULL,NULL,NULL,NULL,NULL,NULL,NULL,NULL,NULL,NULL,'0',NULL,NULL,1,NULL,1,1,'2019-03-21 12:58:04','2019-03-21 12:53:47',NULL),(248,248,1,1,'Rosli Mat Dom','2098',NULL,'610314055177',NULL,NULL,NULL,NULL,NULL,NULL,NULL,NULL,NULL,NULL,NULL,'0',NULL,26,1,NULL,1,1,'2019-03-21 12:58:04','2019-03-21 12:53:47',NULL),(249,249,1,1,'Roslinda Abdul Hamid','1493',NULL,'770706065860',NULL,NULL,NULL,NULL,NULL,NULL,NULL,NULL,NULL,NULL,NULL,'0',NULL,NULL,1,NULL,1,1,'2019-03-21 12:58:04','2019-03-21 12:53:47',NULL),(250,250,1,1,'Roslinda Ahmad','2977',NULL,'780922105002',NULL,NULL,NULL,NULL,NULL,NULL,NULL,NULL,NULL,NULL,NULL,'0',NULL,NULL,1,NULL,1,1,'2019-03-21 12:58:04','2019-03-21 12:53:47',NULL),(251,251,1,1,'Hj. Rosmi  Abdullah','1274',NULL,'630525035473',NULL,NULL,NULL,NULL,NULL,NULL,NULL,NULL,NULL,NULL,NULL,'0',NULL,11,1,NULL,1,1,'2019-03-21 12:58:04','2019-03-21 12:53:47',NULL),(252,252,1,1,'Rosmiza Rosly','1374',NULL,'721031065086',NULL,NULL,NULL,NULL,NULL,NULL,NULL,NULL,NULL,NULL,NULL,'0',NULL,NULL,1,NULL,1,1,'2019-03-21 12:58:04','2019-03-21 12:53:47',NULL),(253,253,1,1,'Rosniwati Abdullah','2783',NULL,'760405075492',NULL,NULL,NULL,NULL,NULL,NULL,NULL,NULL,NULL,NULL,NULL,'0',NULL,22,1,NULL,1,1,'2019-03-21 12:58:04','2019-03-21 12:53:47',NULL),(254,254,1,1,'Roziana Hj. Othman','1289',NULL,'660928015060',NULL,NULL,NULL,NULL,NULL,NULL,NULL,NULL,NULL,NULL,NULL,'0',NULL,NULL,1,NULL,1,1,'2019-03-21 12:58:04','2019-03-21 12:53:47',NULL),(255,255,1,1,'Rozitah Ma\'al','1400',NULL,'730323145672',NULL,NULL,NULL,NULL,NULL,NULL,NULL,NULL,NULL,NULL,NULL,'0',NULL,NULL,1,NULL,1,1,'2019-03-21 12:58:04','2019-03-21 12:53:47',NULL),(256,256,1,1,'Rusdi Muda','1312',NULL,'650803035157',NULL,NULL,NULL,NULL,NULL,NULL,NULL,NULL,NULL,NULL,NULL,'0',NULL,11,1,NULL,1,1,'2019-03-21 12:58:04','2019-03-21 12:53:47',NULL),(257,257,1,1,'Sabri Hasan','1458',NULL,'750708035595',NULL,NULL,NULL,NULL,NULL,NULL,NULL,NULL,NULL,NULL,NULL,'0',NULL,11,1,NULL,1,1,'2019-03-21 12:58:04','2019-03-21 12:53:47',NULL),(258,258,1,1,'Safarwan Mohd. Suhaimi','1596',NULL,'890306146107',NULL,NULL,NULL,NULL,NULL,NULL,NULL,NULL,NULL,NULL,NULL,'0',NULL,28,1,NULL,1,1,'2019-03-21 12:58:04','2019-03-21 12:53:47',NULL),(259,259,1,1,'Safiah Mitri','3080',NULL,'830413125884',NULL,NULL,NULL,NULL,NULL,NULL,NULL,NULL,NULL,NULL,NULL,'0',NULL,16,1,NULL,1,1,'2019-03-21 12:58:04','2019-03-21 12:53:47',NULL),(260,260,1,1,'Safniwati Jasri','1392',NULL,'760217715026',NULL,NULL,NULL,NULL,NULL,NULL,NULL,NULL,NULL,NULL,NULL,'0',NULL,NULL,1,NULL,1,1,'2019-03-21 12:58:04','2019-03-21 12:53:47',NULL),(261,261,1,1,'Safura Abdul Malek','1579',NULL,'860904525900',NULL,NULL,NULL,NULL,NULL,NULL,NULL,NULL,NULL,NULL,NULL,'0',NULL,NULL,1,NULL,1,1,'2019-03-21 12:58:04','2019-03-21 12:53:47',NULL),(262,262,1,1,'Saliza Saari','1415',NULL,'770801066220',NULL,NULL,NULL,NULL,NULL,NULL,NULL,NULL,NULL,NULL,NULL,'0',NULL,11,1,NULL,1,1,'2019-03-21 12:58:04','2019-03-21 12:53:47',NULL),(263,263,1,1,'Hjh. Sarimah Misman','1311',NULL,'640414107066',NULL,NULL,NULL,NULL,NULL,NULL,NULL,NULL,NULL,NULL,NULL,'0',NULL,NULL,1,NULL,1,1,'2019-03-21 12:58:05','2019-03-21 12:53:47',NULL),(264,264,1,1,'Hjh. Sawiah Abdul Samad','1339',NULL,'680101045120',NULL,NULL,NULL,NULL,NULL,NULL,NULL,NULL,NULL,NULL,NULL,'0',NULL,NULL,1,NULL,1,1,'2019-03-21 12:58:05','2019-03-21 12:53:47',NULL),(265,265,1,1,'Semawi Zakaria','1370',NULL,'630328085527',NULL,NULL,NULL,NULL,NULL,NULL,NULL,NULL,NULL,NULL,NULL,'0',NULL,11,1,NULL,1,1,'2019-03-21 12:58:05','2019-03-21 12:53:47',NULL),(266,266,1,1,'Shafirul Izwar Saad','2999',NULL,'810418025235',NULL,NULL,NULL,NULL,NULL,NULL,NULL,NULL,NULL,NULL,NULL,'0',NULL,23,1,NULL,1,1,'2019-03-21 12:58:05','2019-03-21 12:53:47',NULL),(267,267,1,1,'Shahidah Samsudin','1558',NULL,'820526145858',NULL,NULL,NULL,NULL,NULL,NULL,NULL,NULL,NULL,NULL,NULL,'0',NULL,NULL,1,NULL,1,1,'2019-03-21 12:58:05','2019-03-21 12:53:47',NULL),(268,268,1,1,'Shahriza Bahari','1428',NULL,'751226145016',NULL,NULL,NULL,NULL,NULL,NULL,NULL,NULL,NULL,NULL,NULL,'0',NULL,29,1,NULL,1,1,'2019-03-21 12:58:05','2019-03-21 12:53:47',NULL),(269,269,1,1,'Dr. Shaik Roslinah Bux','1320',NULL,'630619106404',NULL,NULL,NULL,NULL,NULL,NULL,NULL,NULL,NULL,NULL,NULL,'0',NULL,NULL,1,NULL,1,1,'2019-03-21 12:58:05','2019-03-21 12:53:47',NULL),(270,270,1,1,'Shanthini Tamadoram','1592',NULL,'800528145896',NULL,NULL,NULL,NULL,NULL,NULL,NULL,NULL,NULL,NULL,NULL,'0',NULL,24,1,NULL,1,1,'2019-03-21 12:58:05','2019-03-21 12:53:47',NULL),(271,271,1,1,'Hjh. Sharipah Mazina Syed Mohammed','1322',NULL,'660228035028',NULL,NULL,NULL,NULL,NULL,NULL,NULL,NULL,NULL,NULL,NULL,'0',NULL,22,1,NULL,1,1,'2019-03-21 12:58:05','2019-03-21 12:53:47',NULL),(272,272,1,1,'Sharizal Samsudin','2978',NULL,'800809085025',NULL,NULL,NULL,NULL,NULL,NULL,NULL,NULL,NULL,NULL,NULL,'0',NULL,8,1,NULL,1,1,'2019-03-21 12:58:05','2019-03-21 12:53:47',NULL),(273,273,1,1,'Shezlina Zakaria','1377',NULL,'720408025822',NULL,NULL,NULL,NULL,NULL,NULL,NULL,NULL,NULL,NULL,NULL,'0',NULL,20,1,NULL,1,1,'2019-03-21 12:58:05','2019-03-21 12:53:47',NULL),(274,274,1,1,'Siti Aslindah Ahmad','3054',NULL,'830813125234',NULL,NULL,NULL,NULL,NULL,NULL,NULL,NULL,NULL,NULL,NULL,'0',NULL,22,1,NULL,1,1,'2019-03-21 12:58:05','2019-03-21 12:53:47',NULL),(275,275,1,1,'Siti Rahayu Md. Desa','3052',NULL,'750514075062',NULL,NULL,NULL,NULL,NULL,NULL,NULL,NULL,NULL,NULL,NULL,'0',NULL,18,1,NULL,1,1,'2019-03-21 12:58:05','2019-03-21 12:53:47',NULL),(276,276,1,1,'Siti Rawaida Shariff','3076',NULL,'840604075284',NULL,NULL,NULL,NULL,NULL,NULL,NULL,NULL,NULL,NULL,NULL,'0',NULL,18,1,NULL,1,1,'2019-03-21 12:58:05','2019-03-21 12:53:47',NULL),(277,277,1,1,'Siti Sakinah Mohd Zaki','1654',NULL,'890129035608',NULL,NULL,NULL,NULL,NULL,NULL,NULL,NULL,NULL,NULL,NULL,'0',NULL,30,1,NULL,1,1,'2019-03-21 12:58:05','2019-03-21 12:53:47',NULL),(278,278,1,1,'Siti Salia Azizan','1562',NULL,'770502025592',NULL,NULL,NULL,NULL,NULL,NULL,NULL,NULL,NULL,NULL,NULL,'0',NULL,18,1,NULL,1,1,'2019-03-21 12:58:05','2019-03-21 12:53:47',NULL),(279,279,1,1,'Siti Salmiah Yahaya','2135',NULL,'641101065170',NULL,NULL,NULL,NULL,NULL,NULL,NULL,NULL,NULL,NULL,NULL,'0',NULL,25,1,NULL,1,1,'2019-03-21 12:58:05','2019-03-21 12:53:47',NULL),(280,280,1,1,'Siti Syafiqah Ahmad','1586',NULL,'891122146000',NULL,NULL,NULL,NULL,NULL,NULL,NULL,NULL,NULL,NULL,NULL,'0',NULL,12,1,NULL,1,1,'2019-03-21 12:58:05','2019-03-21 12:53:47',NULL),(281,281,1,1,'Siti Zaharah Mohamed','3039',NULL,'860913235390',NULL,NULL,NULL,NULL,NULL,NULL,NULL,NULL,NULL,NULL,NULL,'0',NULL,8,1,NULL,1,1,'2019-03-21 12:58:05','2019-03-21 12:53:47',NULL),(282,282,1,1,'Siti Zurianah Othman','1528',NULL,'780808045202',NULL,NULL,NULL,NULL,NULL,NULL,NULL,NULL,NULL,NULL,NULL,'0',NULL,29,1,NULL,1,1,'2019-03-21 12:58:05','2019-03-21 12:53:47',NULL),(283,283,1,1,'Sugumar a/l Saminathan','1353',NULL,'650711025373',NULL,NULL,NULL,NULL,NULL,NULL,NULL,NULL,NULL,NULL,NULL,'0',NULL,NULL,1,NULL,1,1,'2019-03-21 12:58:05','2019-03-21 12:53:47',NULL),(284,284,1,1,'Suhaimi Hamad','1209',NULL,'610920035475',NULL,NULL,NULL,NULL,NULL,NULL,NULL,NULL,NULL,NULL,NULL,'0',NULL,NULL,1,NULL,1,1,'2019-03-21 12:58:05','2019-03-21 12:53:47',NULL),(285,285,1,1,'Suhaimi Robini','2988',NULL,'821006015819',NULL,NULL,NULL,NULL,NULL,NULL,NULL,NULL,NULL,NULL,NULL,'0',NULL,8,1,NULL,1,1,'2019-03-21 12:58:05','2019-03-21 12:53:47',NULL),(286,286,1,1,'Dr. Suriati Zainal Abidin','1378',NULL,'720615045084',NULL,NULL,NULL,NULL,NULL,NULL,NULL,NULL,NULL,NULL,NULL,'0',NULL,23,1,NULL,1,1,'2019-03-21 12:58:06','2019-03-21 12:53:47',NULL),(287,287,1,1,'Suzana Ismail','2941',NULL,'730505035706',NULL,NULL,NULL,NULL,NULL,NULL,NULL,NULL,NULL,NULL,NULL,'0',NULL,11,1,NULL,1,1,'2019-03-21 12:58:06','2019-03-21 12:53:47',NULL),(288,288,1,1,'Syairah Zaimah Shafiee','3143',NULL,'860504387326',NULL,NULL,NULL,NULL,NULL,NULL,NULL,NULL,NULL,NULL,NULL,'0',NULL,23,1,NULL,1,1,'2019-03-21 12:58:06','2019-03-21 12:53:47',NULL),(289,289,1,1,'Syed Mohammad Fitri Syed Abdul Rahim','2979',NULL,'780905065205',NULL,NULL,NULL,NULL,NULL,NULL,NULL,NULL,NULL,NULL,NULL,'0',NULL,21,1,NULL,1,1,'2019-03-21 12:58:06','2019-03-21 12:53:47',NULL),(290,290,1,1,'Syed Mohd. Al-Khafiez Syed Mohd. Azam Shah','2966','','800531145133','',NULL,NULL,NULL,NULL,NULL,NULL,'0104006236',NULL,NULL,'syed@mpc.gov.my','0',2,4,1,NULL,1,1,'2019-03-21 12:58:06','2019-03-21 12:53:47',NULL),(291,291,1,1,'Thea Juminita Cheong Kiam','2119',NULL,'611123125392',NULL,NULL,NULL,NULL,NULL,NULL,NULL,NULL,NULL,NULL,NULL,'0',NULL,27,1,NULL,1,1,'2019-03-21 12:58:06','2019-03-21 12:53:47',NULL),(292,292,1,1,'Hjh. Umi Kalsom Osman','2082',NULL,'610102045102',NULL,NULL,NULL,NULL,NULL,NULL,NULL,NULL,NULL,NULL,NULL,'0',NULL,NULL,1,NULL,1,1,'2019-03-21 12:58:06','2019-03-21 12:53:47',NULL),(293,293,1,1,'Vimala a/p R.Muniandy','1567',NULL,'830708146260',NULL,NULL,NULL,NULL,NULL,NULL,NULL,NULL,NULL,NULL,NULL,'0',NULL,20,1,NULL,1,1,'2019-03-21 12:58:06','2019-03-21 12:53:47',NULL),(294,294,1,1,'Waila Mohd. Nasir','1381',NULL,'730621106022',NULL,NULL,NULL,NULL,NULL,NULL,NULL,NULL,NULL,NULL,NULL,'0',NULL,28,1,NULL,1,1,'2019-03-21 12:58:06','2019-03-21 12:53:47',NULL),(295,295,1,1,'Wan Farid Wan Hamad @ Wan Ahmad','1587',NULL,'791024105661',NULL,NULL,NULL,NULL,NULL,NULL,NULL,NULL,NULL,NULL,NULL,'0',NULL,NULL,1,NULL,1,1,'2019-03-21 12:58:06','2019-03-21 12:53:47',NULL),(296,296,1,1,'Wan Fazlin Nadia Wan Osman','1417',NULL,'791126015974',NULL,NULL,NULL,NULL,NULL,NULL,NULL,NULL,NULL,NULL,NULL,'0',NULL,NULL,1,NULL,1,1,'2019-03-21 12:58:06','2019-03-21 12:53:47',NULL),(297,297,1,1,'Wan Khairunnisa Azmi','1569',NULL,'860225295576',NULL,NULL,NULL,NULL,NULL,NULL,NULL,NULL,NULL,NULL,NULL,'0',NULL,25,1,NULL,1,1,'2019-03-21 12:58:06','2019-03-21 12:53:47',NULL),(298,298,1,1,'Hjh. Wan Norhani Wan Khalid','1536',NULL,'640706115164',NULL,NULL,NULL,NULL,NULL,NULL,NULL,NULL,NULL,NULL,NULL,'0',NULL,18,1,NULL,1,1,'2019-03-21 12:58:06','2019-03-21 12:53:47',NULL),(299,299,1,1,'Wan Rozita Hussain','2959',NULL,'770518065820',NULL,NULL,NULL,NULL,NULL,NULL,NULL,NULL,NULL,NULL,NULL,'0',NULL,NULL,1,NULL,1,1,'2019-03-21 12:58:06','2019-03-21 12:53:47',NULL),(300,300,1,1,'Wan Yusnaini Wan Yaacob','1403',NULL,'710502035534',NULL,NULL,NULL,NULL,NULL,NULL,NULL,NULL,NULL,NULL,NULL,'0',NULL,NULL,1,NULL,1,1,'2019-03-21 12:58:06','2019-03-21 12:53:47',NULL),(301,301,1,1,'Wan Zainulhaq Thaniah Che Haron','3091',NULL,'710129035076',NULL,NULL,NULL,NULL,NULL,NULL,NULL,NULL,NULL,NULL,NULL,'0',NULL,8,1,NULL,1,1,'2019-03-21 12:58:07','2019-03-21 12:53:47',NULL),(302,302,1,1,'Zaffrulla Hussein','1379',NULL,'691003035395',NULL,NULL,NULL,NULL,NULL,NULL,NULL,NULL,NULL,NULL,NULL,'0',NULL,NULL,1,NULL,1,1,'2019-03-21 12:58:07','2019-03-21 12:53:47',NULL),(303,303,1,1,'Zahid Ismail','1315',NULL,'660320075225',NULL,NULL,NULL,NULL,NULL,NULL,NULL,NULL,NULL,NULL,NULL,'0',NULL,NULL,1,NULL,1,1,'2019-03-21 12:58:07','2019-03-21 12:53:47',NULL),(304,304,1,1,'Zaidah Hassan','3017',NULL,'810614065568',NULL,NULL,NULL,NULL,NULL,NULL,NULL,NULL,NULL,NULL,NULL,'0',NULL,NULL,1,NULL,1,1,'2019-03-21 12:58:07','2019-03-21 12:53:47',NULL),(305,305,1,1,'Zaini Haron','2993',NULL,'830119105073',NULL,NULL,NULL,NULL,NULL,NULL,NULL,NULL,NULL,NULL,NULL,'0',NULL,13,1,NULL,1,1,'2019-03-21 12:58:07','2019-03-21 12:53:47',NULL),(306,306,1,1,'Zainon Bakar','1280',NULL,'630524106620',NULL,NULL,NULL,NULL,NULL,NULL,NULL,NULL,NULL,NULL,NULL,'0',NULL,NULL,1,NULL,1,1,'2019-03-21 12:58:07','2019-03-21 12:53:47',NULL),(307,307,1,1,'Hj. Zainudin Hj. Elias','1296',NULL,'650322015235',NULL,NULL,NULL,NULL,NULL,NULL,NULL,NULL,NULL,NULL,NULL,'0',NULL,11,1,NULL,1,1,'2019-03-21 12:58:07','2019-03-21 12:53:47',NULL),(308,308,1,1,'Zaiton Nordin','2136',NULL,'621101065316',NULL,NULL,NULL,NULL,NULL,NULL,NULL,NULL,NULL,NULL,NULL,'0',NULL,16,1,NULL,1,1,'2019-03-21 12:58:07','2019-03-21 12:53:47',NULL),(309,309,1,1,'Tn. Hj. Zaki Jaafar','1341',NULL,'670719035611',NULL,NULL,NULL,NULL,NULL,NULL,NULL,NULL,NULL,NULL,NULL,'0',NULL,30,1,NULL,1,1,'2019-03-21 12:58:07','2019-03-21 12:53:47',NULL),(310,310,1,1,'Zawiyah Abd Manaf','3111',NULL,'871012235530',NULL,NULL,NULL,NULL,NULL,NULL,NULL,NULL,NULL,NULL,NULL,'0',NULL,18,1,NULL,1,1,'2019-03-21 12:58:07','2019-03-21 12:53:47',NULL),(311,311,1,1,'Hj. Zubir Zainuddin','2283',NULL,'720327055077',NULL,NULL,NULL,NULL,NULL,NULL,NULL,NULL,NULL,NULL,NULL,'0',NULL,8,1,NULL,1,1,'2019-03-21 12:58:07','2019-03-21 12:53:47',NULL),(312,312,1,1,'Zul Ezwan Muhamad','1511',NULL,'810122015257',NULL,NULL,NULL,NULL,NULL,NULL,NULL,NULL,NULL,NULL,NULL,'0',NULL,30,1,NULL,1,1,'2019-03-21 12:58:07','2019-03-21 12:53:47',NULL),(313,313,1,1,'Zulaifah Omar','1307',NULL,'631016015006',NULL,NULL,NULL,NULL,NULL,NULL,NULL,NULL,NULL,NULL,NULL,'0',NULL,NULL,1,NULL,1,1,'2019-03-21 12:58:07','2019-03-21 12:53:47',NULL),(314,314,1,1,'Zunaidah Awang Nawi','2972',NULL,'820911035882',NULL,NULL,NULL,NULL,NULL,NULL,NULL,NULL,NULL,NULL,NULL,'0',NULL,25,1,NULL,1,1,'2019-03-21 12:58:07','2019-03-21 12:53:47',NULL),(315,315,1,1,'Zuraidi Zainol','1500','','830428095219','',NULL,NULL,NULL,NULL,NULL,NULL,'',NULL,NULL,'zuraidi@mpc.gov.my','0',2,4,8,NULL,1,1,'2019-03-21 12:58:07','2019-03-21 12:53:47',NULL),(316,316,1,1,'Zuraini Subki','1658',NULL,'820829035744',NULL,NULL,NULL,NULL,NULL,NULL,NULL,NULL,NULL,NULL,NULL,'0',NULL,28,1,NULL,1,1,'2019-03-21 12:58:07','2019-03-21 12:53:47',NULL),(317,317,1,1,'Zurianti Nor Azian Mohd. Nafi','3148',NULL,'880229065872',NULL,NULL,NULL,NULL,NULL,NULL,NULL,NULL,NULL,NULL,NULL,'0',NULL,18,1,NULL,1,1,'2019-03-21 12:58:07','2019-03-21 12:53:47',NULL),(318,318,1,1,'MOHAMAD SAUFI BIN MOHAMAD RASID','7676','AI140001','950928055375','ABC12345',NULL,NULL,NULL,NULL,NULL,NULL,'0173452238',NULL,NULL,'izacbrandon@gmail.com','0',2,1,13,NULL,1,1,'2019-03-21 12:58:07','2019-03-21 12:53:47',NULL),(319,319,1,1,'Amirul Asraf bin razali','6688','ai140220','950928055375','ABC12345',NULL,NULL,NULL,NULL,NULL,NULL,'0173452238',NULL,NULL,'izacbrandon2@gmail.com','0',2,1,7,NULL,1,1,'2019-03-21 12:58:07','2019-03-21 12:53:47',NULL),(320,320,1,1,'AIZAM BADRON','1982','210120','740102015937','A2669892','','','',NULL,NULL,NULL,'0123691597',NULL,NULL,'izacbrandon@gmail.com','0',2,2,11,307,1,1,'2019-03-23 07:43:33','2019-03-23 07:43:33',NULL),(514,514,1,1,'ABU HANAN BIN ABU','10011','787186','881026112066','DSA-87666','No1 Jalan 23','Test33','','43000',1197,14,'0198877766','0346567866',NULL,'abuhanan66@gmail.com','0',4,6,9,67,1,1,'2019-03-21 17:13:09','2019-03-21 17:13:09',NULL),(515,515,1,1,'AHMAD SYAFIQ IDRUS','4545','5454','860716335317','MP8607163353','No 16 Impian Gemilang 1/7','Taman Saujana Impian','','43000',1197,14,'0176223555',NULL,NULL,'syafiqidrus@gmail.com','0',4,2,13,36,1,1,'2019-03-22 15:56:28','2019-03-22 15:56:28',NULL);


