-- Table structure for table `master_district_ori`
--

CREATE TABLE `master_district_ori` (
  `district_id` int(10) unsigned NOT NULL AUTO_INCREMENT,
  `state_id` int(11) NOT NULL,
  `district_desc` varchar(255) COLLATE utf8_unicode_ci NOT NULL,
  `created_at` timestamp NOT NULL DEFAULT CURRENT_TIMESTAMP,
  `updated_at` timestamp NOT NULL DEFAULT '0000-00-00 00:00:00',
  `deleted_at` timestamp NULL DEFAULT NULL,
  PRIMARY KEY (`district_id`)
) ENGINE=InnoDB AUTO_INCREMENT=1000 DEFAULT CHARSET=utf8 COLLATE=utf8_unicode_ci;

--
-- Dumping data for table `master_district_ori`
--

INSERT INTO `master_district_ori` VALUES (1,2,'Salor','2017-12-15 12:40:43','2017-12-15 12:40:43',NULL),(2,2,'Rantau Panjang','2017-12-15 12:40:43','2017-12-15 12:40:43',NULL),(3,2,'Pulau Melaka','2017-12-15 12:40:43','2017-12-15 12:40:43',NULL),(4,2,'Pulai Chondong','2017-12-15 12:40:43','2017-12-15 12:40:43',NULL),(5,2,'Perupok','2017-12-15 12:40:43','2017-12-15 12:40:43',NULL),(6,2,'Pengkalan Pasir','2017-12-15 12:40:43','2017-12-15 12:40:43',NULL),(7,2,'Pengkalan Kubur','2017-12-15 12:40:43','2017-12-15 12:40:43',NULL),(8,2,'Pengkalan Chepa','2017-12-15 12:40:43','2017-12-15 12:40:43',NULL),(9,2,'Pasir Tumboh','2017-12-15 12:40:43','2017-12-15 12:40:43',NULL),(10,2,'Pasir Puteh','2017-12-15 12:40:43','2017-12-15 12:40:43',NULL),(11,2,'Pasir Pekan','2017-12-15 12:40:43','2017-12-15 12:40:43',NULL),(12,2,'Pasir Mas','2017-12-15 12:40:43','2017-12-15 12:40:43',NULL),(13,2,'Panchor','2017-12-15 12:40:43','2017-12-15 12:40:43',NULL),(14,2,'Paloh','2017-12-15 12:40:43','2017-12-15 12:40:43',NULL),(15,2,'Palekbang','2017-12-15 12:40:43','2017-12-15 12:40:43',NULL),(16,2,'Nenggiri','2017-12-15 12:40:43','2017-12-15 12:40:43',NULL),(17,2,'Meranti','2017-12-15 12:40:43','2017-12-15 12:40:43',NULL),(18,2,'Mengkebang','2017-12-15 12:40:43','2017-12-15 12:40:43',NULL),(19,2,'Melor','2017-12-15 12:40:43','2017-12-15 12:40:43',NULL),(20,2,'Manek Urai','2017-12-15 12:40:43','2017-12-15 12:40:43',NULL),(21,2,'Machang','2017-12-15 12:40:43','2017-12-15 12:40:43',NULL),(22,2,'Lojing','2017-12-15 12:40:43','2017-12-15 12:40:43',NULL),(23,2,'Limbongan','2017-12-15 12:40:43','2017-12-15 12:40:43',NULL),(24,2,'Kubang Kerian','2017-12-15 12:40:43','2017-12-15 12:40:43',NULL),(25,2,'Kuala Krai','2017-12-15 12:40:43','2017-12-15 12:40:43',NULL),(26,2,'Kuala Balah','2017-12-15 12:40:43','2017-12-15 12:40:43',NULL),(27,2,'Kota Lama','2017-12-15 12:40:43','2017-12-15 12:40:43',NULL),(28,7,'Gombak','2017-12-15 12:40:43','2017-12-15 12:40:43',NULL),(29,7,'Klang','2017-12-15 12:40:43','2017-12-15 12:40:43',NULL),(30,7,'Kuala Langat','2017-12-15 12:40:43','2017-12-15 12:40:43',NULL),(31,7,'Kuala Selangor','2017-12-15 12:40:43','2017-12-15 12:40:43',NULL),(32,7,'Petaling','2017-12-15 12:40:43','2017-12-15 12:40:43',NULL),(33,7,'Sabak Bernam','2017-12-15 12:40:43','2017-12-15 12:40:43',NULL),(34,7,'Sepang','2017-12-15 12:40:43','2017-12-15 12:40:43',NULL),(35,7,'Ulu Langat','2017-12-15 12:40:43','2017-12-15 12:40:43',NULL),(36,7,'Ulu Selangor','2017-12-15 12:40:43','2017-12-15 12:40:43',NULL),(37,2,'Kota Darulnaim','2017-12-15 12:40:43','2017-12-15 12:40:43',NULL),(38,2,'Kota Bharu','2017-12-15 12:40:43','2017-12-15 12:40:43',NULL),(39,2,'Kok Lanas','2017-12-15 12:40:43','2017-12-15 12:40:43',NULL),(40,2,'Kijang','2017-12-15 12:40:43','2017-12-15 12:40:43',NULL),(41,2,'Ketereh','2017-12-15 12:40:43','2017-12-15 12:40:43',NULL),(42,2,'Kemuning','2017-12-15 12:40:43','2017-12-15 12:40:43',NULL),(43,9,'Pusat Bandar Kuala Lumpur','2017-12-15 12:40:43','2017-12-15 12:40:43',NULL),(44,2,'Kemahang','2017-12-15 12:40:43','2017-12-15 12:40:43',NULL),(45,2,'Kelaboran','2017-12-15 12:40:43','2017-12-15 12:40:43',NULL),(46,2,'Kadok','2017-12-15 12:40:43','2017-12-15 12:40:43',NULL),(47,2,'Jeli','2017-12-15 12:40:43','2017-12-15 12:40:43',NULL),(48,2,'Jelawat','2017-12-15 12:40:43','2017-12-15 12:40:43',NULL),(49,2,'Guchil','2017-12-15 12:40:43','2017-12-15 12:40:43',NULL),(50,2,'Gual Periok','2017-12-15 12:40:43','2017-12-15 12:40:43',NULL),(51,2,'Gual Ipoh','2017-12-15 12:40:43','2017-12-15 12:40:43',NULL),(52,2,'Gua Musang ','2017-12-15 12:40:43','2017-12-15 12:40:43',NULL),(53,2,'Galas','2017-12-15 12:40:43','2017-12-15 12:40:43',NULL),(54,2,'Gaal','2017-12-15 12:40:43','2017-12-15 12:40:43',NULL),(55,2,'Demit','2017-12-15 12:40:43','2017-12-15 12:40:43',NULL),(56,2,'Dabong','2017-12-15 12:40:43','2017-12-15 12:40:43',NULL),(57,2,'Chiku','2017-12-15 12:40:43','2017-12-15 12:40:43',NULL),(58,2,'Chetok','2017-12-15 12:40:43','2017-12-15 12:40:43',NULL),(59,2,'Chempaka','2017-12-15 12:40:43','2017-12-15 12:40:43',NULL),(60,2,'Bunut Payong','2017-12-15 12:40:43','2017-12-15 12:40:43',NULL),(61,2,'Bukit Tuku','2017-12-15 12:40:43','2017-12-15 12:40:43',NULL),(62,2,'Bukit Panau','2017-12-15 12:40:43','2017-12-15 12:40:43',NULL),(63,2,'Bukit Bunga','2017-12-15 12:40:43','2017-12-15 12:40:43',NULL),(64,2,'Bachok','2017-12-15 12:40:43','2017-12-15 12:40:43',NULL),(65,2,'Air Lanas','2017-12-15 12:40:43','2017-12-15 12:40:43',NULL),(66,1,'Wang Kelian','2017-12-15 12:40:43','2017-12-15 12:40:43',NULL),(67,1,'Wang Bintong','2017-12-15 12:40:43','2017-12-15 12:40:43',NULL),(68,1,'Utan Aji','2017-12-15 12:40:43','2017-12-15 12:40:43',NULL),(69,1,'Titi Tinggi','2017-12-15 12:40:43','2017-12-15 12:40:43',NULL),(70,1,'Sungai Baru','2017-12-15 12:40:43','2017-12-15 12:40:43',NULL),(71,1,'Sungai Adam','2017-12-15 12:40:43','2017-12-15 12:40:43',NULL),(72,1,'Simpang Empat','2017-12-15 12:40:43','2017-12-15 12:40:43',NULL),(73,1,'Seriab','2017-12-15 12:40:43','2017-12-15 12:40:43',NULL),(74,1,'Sena','2017-12-15 12:40:43','2017-12-15 12:40:43',NULL),(75,1,'Sanglang','2017-12-15 12:40:43','2017-12-15 12:40:43',NULL),(76,1,'Pedang Siding','2017-12-15 12:40:43','2017-12-15 12:40:43',NULL),(77,1,'Paya','2017-12-15 12:40:43','2017-12-15 12:40:43',NULL),(78,1,'Padang Pauh','2017-12-15 12:40:43','2017-12-15 12:40:43',NULL),(79,1,'Padang Besar','2017-12-15 12:40:43','2017-12-15 12:40:43',NULL),(80,1,'Oran','2017-12-15 12:40:43','2017-12-15 12:40:43',NULL),(81,1,'Mata Ayer','2017-12-15 12:40:43','2017-12-15 12:40:43',NULL),(82,1,'Lubok Sireh','2017-12-15 12:40:43','2017-12-15 12:40:43',NULL),(83,1,'Kurong Batang','2017-12-15 12:40:43','2017-12-15 12:40:43',NULL),(84,1,'Kurong Anai','2017-12-15 12:40:43','2017-12-15 12:40:43',NULL),(85,1,'Kuala Perlis','2017-12-15 12:40:43','2017-12-15 12:40:43',NULL),(86,1,'Kechor','2017-12-15 12:40:43','2017-12-15 12:40:43',NULL),(87,1,'Kayang','2017-12-15 12:40:43','2017-12-15 12:40:43',NULL),(88,1,'Kaki Bukit','2017-12-15 12:40:43','2017-12-15 12:40:43',NULL),(89,1,'Jejawi','2017-12-15 12:40:43','2017-12-15 12:40:43',NULL),(90,1,'Chuping','2017-12-15 12:40:43','2017-12-15 12:40:43',NULL),(91,1,'Beseri','2017-12-15 12:40:43','2017-12-15 12:40:43',NULL),(92,1,'Abi','2017-12-15 12:40:43','2017-12-15 12:40:43',NULL),(93,1,'Arau','2017-12-15 12:40:43','2017-12-15 12:40:43',NULL),(94,9,'Ampang','2017-12-15 12:40:43','2017-12-15 12:40:43',NULL),(95,9,'Bangsar','2017-12-15 12:40:43','2017-12-15 12:40:43',NULL),(96,9,'Brickfields','2017-12-15 12:40:43','2017-12-15 12:40:43',NULL),(97,9,'Bukit Aman','2017-12-15 12:40:43','2017-12-15 12:40:43',NULL),(98,9,'Bukit Damansara','2017-12-15 12:40:43','2017-12-15 12:40:43',NULL),(99,9,'Bukit Kiara','2017-12-15 12:40:43','2017-12-15 12:40:43',NULL),(100,9,'Bukit Nanas','2017-12-15 12:40:43','2017-12-15 12:40:43',NULL),(101,9,'Bukit Persekutuan','2017-12-15 12:40:43','2017-12-15 12:40:43',NULL),(102,9,'Bukit Petaling','2017-12-15 12:40:43','2017-12-15 12:40:43',NULL),(103,9,'Bukit Tunku','2017-12-15 12:40:43','2017-12-15 12:40:43',NULL),(104,9,'Chow Kit','2017-12-15 12:40:43','2017-12-15 12:40:43',NULL),(105,9,'Pusat Bandar Damansara','2017-12-15 12:40:43','2017-12-15 12:40:43',NULL),(106,9,'Dang Wangi','2017-12-15 12:40:43','2017-12-15 12:40:43',NULL),(107,9,'Kg. Datuk Keramat','2017-12-15 12:40:43','2017-12-15 12:40:43',NULL),(108,9,'Kg. Haji Abdullah Hukum','2017-12-15 12:40:43','2017-12-15 12:40:43',NULL),(109,9,'Kg. Sungai Penchala','2017-12-15 12:40:43','2017-12-15 12:40:43',NULL),(110,9,'Imbi','2017-12-15 12:40:43','2017-12-15 12:40:43',NULL),(111,9,'Jalan Tuanku Abdul Halim','2017-12-15 12:40:43','2017-12-15 12:40:43',NULL),(112,9,'Jinjang','2017-12-15 12:40:43','2017-12-15 12:40:43',NULL),(113,9,'Kampung Baru','2017-12-15 12:40:43','2017-12-15 12:40:43',NULL),(114,9,'Kuchai Lama','2017-12-15 12:40:43','2017-12-15 12:40:43',NULL),(115,9,'Kerinchi','2017-12-15 12:40:43','2017-12-15 12:40:43',NULL),(116,9,'Kepong','2017-12-15 12:40:43','2017-12-15 12:40:43',NULL),(117,9,'Maluri','2017-12-15 12:40:43','2017-12-15 12:40:43',NULL),(118,9,'Miharja','2017-12-15 12:40:43','2017-12-15 12:40:43',NULL),(119,9,'Mont Kiara','2017-12-15 12:40:43','2017-12-15 12:40:43',NULL),(120,9,'Pudu','2017-12-15 12:40:43','2017-12-15 12:40:43',NULL),(121,9,'Salak Selatan','2017-12-15 12:40:43','2017-12-15 12:40:43',NULL),(122,9,'Setapak','2017-12-15 12:40:43','2017-12-15 12:40:43',NULL),(123,9,'Sentul','2017-12-15 12:40:43','2017-12-15 12:40:43',NULL),(124,9,'Sri Petaling','2017-12-15 12:40:43','2017-12-15 12:40:43',NULL),(125,9,'Sg. Besi','2017-12-15 12:40:43','2017-12-15 12:40:43',NULL),(126,9,'Shamelin Perkasa','2017-12-15 12:40:43','2017-12-15 12:40:43',NULL),(127,9,'U-Thant','2017-12-15 12:40:43','2017-12-15 12:40:43',NULL),(128,9,'Manjalara','2017-12-15 12:40:43','2017-12-15 12:40:43',NULL),(129,9,'Bandar Sri Permaisuri','2017-12-15 12:40:43','2017-12-15 12:40:43',NULL),(130,9,'Bandar Tasik Selatan','2017-12-15 12:40:43','2017-12-15 12:40:43',NULL),(131,9,'Bukit Damansara','2017-12-15 12:40:43','2017-12-15 12:40:43',NULL),(132,9,'Desa Petaling','2017-12-15 12:40:43','2017-12-15 12:40:43',NULL),(133,9,'Taman Connaught','2017-12-15 12:40:43','2017-12-15 12:40:43',NULL),(134,9,'Taman Desa','2017-12-15 12:40:43','2017-12-15 12:40:43',NULL),(135,9,'Taman OUG','2017-12-15 12:40:43','2017-12-15 12:40:43',NULL),(136,9,'Taman Melawati','2017-12-15 12:40:43','2017-12-15 12:40:43',NULL),(137,9,'Taman Tun Dr. Ismail','2017-12-15 12:40:43','2017-12-15 12:40:43',NULL),(138,9,'Wangsa Maju','2017-12-15 12:40:44','2017-12-15 12:40:44',NULL),(139,9,'Bukit Bintang','2017-12-15 12:40:44','2017-12-15 12:40:44',NULL),(140,9,'Cheras','2017-12-15 12:40:44','2017-12-15 12:40:44',NULL),(141,9,'Bandar Tun Razak','2017-12-15 12:40:44','2017-12-15 12:40:44',NULL),(142,9,'Seputeh','2017-12-15 12:40:44','2017-12-15 12:40:44',NULL),(143,9,'Lembah Pantai','2017-12-15 12:40:44','2017-12-15 12:40:44',NULL),(144,9,'Segambut','2017-12-15 12:40:44','2017-12-15 12:40:44',NULL),(145,7,'Assam Jawa','2017-12-15 12:40:44','2017-12-15 12:40:44',NULL),(146,7,'Ampang','2017-12-15 12:40:44','2017-12-15 12:40:44',NULL),(147,7,'Bagan Lalang','2017-12-15 12:40:44','2017-12-15 12:40:44',NULL),(148,7,'Bagan Nakhoda Omar','2017-12-15 12:40:44','2017-12-15 12:40:44',NULL),(149,7,'Balakong','2017-12-15 12:40:44','2017-12-15 12:40:44',NULL),(150,7,'Bangi','2017-12-15 12:40:44','2017-12-15 12:40:44',NULL),(151,7,'Selayang','2017-12-15 12:40:44','2017-12-15 12:40:44',NULL),(152,7,'Bandar Sunway','2017-12-15 12:40:44','2017-12-15 12:40:44',NULL),(153,7,'Banting','2017-12-15 12:40:44','2017-12-15 12:40:44',NULL),(154,7,'Bestari Jaya','2017-12-15 12:40:44','2017-12-15 12:40:44',NULL),(155,7,'Batang Kali','2017-12-15 12:40:44','2017-12-15 12:40:44',NULL),(156,7,'Batu Arang','2017-12-15 12:40:44','2017-12-15 12:40:44',NULL),(157,7,'Batu Caves','2017-12-15 12:40:44','2017-12-15 12:40:44',NULL),(158,7,'Beranang','2017-12-15 12:40:44','2017-12-15 12:40:44',NULL),(159,7,'Broga','2017-12-15 12:40:44','2017-12-15 12:40:44',NULL),(160,7,'Bukit Lanjan','2017-12-15 12:40:44','2017-12-15 12:40:44',NULL),(161,7,'Bukit Raja','2017-12-15 12:40:44','2017-12-15 12:40:44',NULL),(162,7,'Bukit Rotan','2017-12-15 12:40:44','2017-12-15 12:40:44',NULL),(163,7,'Bukit Tagar','2017-12-15 12:40:44','2017-12-15 12:40:44',NULL),(164,7,'Cheras','2017-12-15 12:40:44','2017-12-15 12:40:44',NULL),(165,7,'Cyberjaya','2017-12-15 12:40:44','2017-12-15 12:40:44',NULL),(166,7,'Damansara','2017-12-15 12:40:44','2017-12-15 12:40:44',NULL),(167,7,'Dengkil','2017-12-15 12:40:44','2017-12-15 12:40:44',NULL),(168,7,'Ijok','2017-12-15 12:40:44','2017-12-15 12:40:44',NULL),(169,7,'Jenjarom','2017-12-15 12:40:44','2017-12-15 12:40:44',NULL),(170,7,'Jugra','2017-12-15 12:40:44','2017-12-15 12:40:44',NULL),(171,7,'Kajang','2017-12-15 12:40:44','2017-12-15 12:40:44',NULL),(172,7,'Kapar','2017-12-15 12:40:44','2017-12-15 12:40:44',NULL),(173,7,'Kalumpang','2017-12-15 12:40:44','2017-12-15 12:40:44',NULL),(174,7,'Kelana Jaya','2017-12-15 12:40:44','2017-12-15 12:40:44',NULL),(175,7,'Kerling','2017-12-15 12:40:44','2017-12-15 12:40:44',NULL),(176,7,'Kuala Kubu Bharu','2017-12-15 12:40:44','2017-12-15 12:40:44',NULL),(177,7,'Kuala Selangor','2017-12-15 12:40:44','2017-12-15 12:40:44',NULL),(178,7,'Kuang','2017-12-15 12:40:44','2017-12-15 12:40:44',NULL),(179,7,'Morib','2017-12-15 12:40:44','2017-12-15 12:40:44',NULL),(180,7,'Meru','2017-12-15 12:40:44','2017-12-15 12:40:44',NULL),(181,7,'Padang Jawa','2017-12-15 12:40:44','2017-12-15 12:40:44',NULL),(182,7,'Pandamaran','2017-12-15 12:40:44','2017-12-15 12:40:44',NULL),(183,7,'Paya Jaras','2017-12-15 12:40:44','2017-12-15 12:40:44',NULL),(184,7,'Port Klang','2017-12-15 12:40:44','2017-12-15 12:40:44',NULL),(185,7,'Puchong','2017-12-15 12:40:44','2017-12-15 12:40:44',NULL),(186,7,'Rasa','2017-12-15 12:40:44','2017-12-15 12:40:44',NULL),(187,7,'Rawang','2017-12-15 12:40:44','2017-12-15 12:40:44',NULL),(188,7,'Sabak Bernam','2017-12-15 12:40:44','2017-12-15 12:40:44',NULL),(189,7,'Salak Tinggi','2017-12-15 12:40:44','2017-12-15 12:40:44',NULL),(190,7,'Sekinchan','2017-12-15 12:40:44','2017-12-15 12:40:44',NULL),(191,7,'Selayang','2017-12-15 12:40:44','2017-12-15 12:40:44',NULL),(192,7,'Semenyih','2017-12-15 12:40:44','2017-12-15 12:40:44',NULL),(193,7,'Serendah','2017-12-15 12:40:44','2017-12-15 12:40:44',NULL),(194,7,'Seri Kembangan','2017-12-15 12:40:44','2017-12-15 12:40:44',NULL),(195,7,'Sepang','2017-12-15 12:40:44','2017-12-15 12:40:44',NULL),(196,7,'Sijangkang','2017-12-15 12:40:44','2017-12-15 12:40:44',NULL),(197,7,'Subang','2017-12-15 12:40:44','2017-12-15 12:40:44',NULL),(198,7,'Sungai Ayer Tawar','2017-12-15 12:40:44','2017-12-15 12:40:44',NULL),(199,7,'Sungai Buloh','2017-12-15 12:40:44','2017-12-15 12:40:44',NULL),(200,7,'Sungai Besar','2017-12-15 12:40:44','2017-12-15 12:40:44',NULL),(201,7,'Sungai Buaya','2017-12-15 12:40:44','2017-12-15 12:40:44',NULL),(202,7,'Sungai Choh','2017-12-15 12:40:44','2017-12-15 12:40:44',NULL),(203,7,'Sungai Panjang','2017-12-15 12:40:44','2017-12-15 12:40:44',NULL),(204,7,'Sungai Pelek','2017-12-15 12:40:44','2017-12-15 12:40:44',NULL),(205,7,'Sungai Pelong','2017-12-15 12:40:44','2017-12-15 12:40:44',NULL),(206,7,'Tanjung Harapan','2017-12-15 12:40:44','2017-12-15 12:40:44',NULL),(207,7,'Tanjung Karang','2017-12-15 12:40:44','2017-12-15 12:40:44',NULL),(208,7,'Teluk Panglima Garang','2017-12-15 12:40:44','2017-12-15 12:40:44',NULL),(209,7,'Ulu Klang','2017-12-15 12:40:44','2017-12-15 12:40:44',NULL),(210,7,'Ulu Yam','2017-12-15 12:40:44','2017-12-15 12:40:44',NULL),(211,7,'Dusun Tua','2017-12-15 12:40:44','2017-12-15 12:40:44',NULL),(212,7,'Pulau Meranti','2017-12-15 12:40:44','2017-12-15 12:40:44',NULL),(213,7,'Alam Impian','2017-12-15 12:40:44','2017-12-15 12:40:44',NULL),(214,7,'Ara Damansara','2017-12-15 12:40:44','2017-12-15 12:40:44',NULL),(215,7,'Bandar Baru Klang','2017-12-15 12:40:44','2017-12-15 12:40:44',NULL),(216,7,'Bandar Bukit Raja','2017-12-15 12:40:44','2017-12-15 12:40:44',NULL),(217,7,'Bandar Botanic','2017-12-15 12:40:44','2017-12-15 12:40:44',NULL),(218,7,'Bandar Bukit Tinggi','2017-12-15 12:40:44','2017-12-15 12:40:44',NULL),(219,7,'Bandar Country Homes','2017-12-15 12:40:44','2017-12-15 12:40:44',NULL),(220,7,'Bandar Kinrara','2017-12-15 12:40:44','2017-12-15 12:40:44',NULL),(221,7,'Bandar Puteri Puchong','2017-12-15 12:40:44','2017-12-15 12:40:44',NULL),(222,7,'Bandar Putra Permai','2017-12-15 12:40:44','2017-12-15 12:40:44',NULL),(223,7,'Bandar Sri Damansara','2017-12-15 12:40:44','2017-12-15 12:40:44',NULL),(224,7,'Bandar Seri Putra','2017-12-15 12:40:44','2017-12-15 12:40:44',NULL),(225,7,'Bandar Saujana Putra','2017-12-15 12:40:44','2017-12-15 12:40:44',NULL),(226,7,'Bandar Saujana Utama','2017-12-15 12:40:44','2017-12-15 12:40:44',NULL),(227,7,'Bandar Tun Hussein Onn','2017-12-15 12:40:44','2017-12-15 12:40:44',NULL),(228,7,'Bandar Sungai Buaya','2017-12-15 12:40:44','2017-12-15 12:40:44',NULL),(229,7,'Bandar Sungai Long','2017-12-15 12:40:44','2017-12-15 12:40:44',NULL),(230,7,'Bandar Mahkota Cheras','2017-12-15 12:40:44','2017-12-15 12:40:44',NULL),(231,7,'Bandar Utama','2017-12-15 12:40:44','2017-12-15 12:40:44',NULL),(232,7,'Bernam Jaya','2017-12-15 12:40:44','2017-12-15 12:40:44',NULL),(233,7,'Bukit Antarabangsa','2017-12-15 12:40:44','2017-12-15 12:40:44',NULL),(234,7,'Bukit Subang','2017-12-15 12:40:44','2017-12-15 12:40:44',NULL),(235,7,'Bukit Beruntung','2017-12-15 12:40:44','2017-12-15 12:40:44',NULL),(236,7,'Bukit Jelutong','2017-12-15 12:40:44','2017-12-15 12:40:44',NULL),(237,7,'Bukit Rahman Putra','2017-12-15 12:40:44','2017-12-15 12:40:44',NULL),(238,7,'Bukit Rimau','2017-12-15 12:40:44','2017-12-15 12:40:44',NULL),(239,7,'Batu Tiga','2017-12-15 12:40:44','2017-12-15 12:40:44',NULL),(240,7,'Country Heights','2017-12-15 12:40:44','2017-12-15 12:40:44',NULL),(241,7,'Damansara Jaya','2017-12-15 12:40:44','2017-12-15 12:40:44',NULL),(242,7,'Damansara Perdana','2017-12-15 12:40:44','2017-12-15 12:40:44',NULL),(243,7,'Damansara Utama','2017-12-15 12:40:44','2017-12-15 12:40:44',NULL),(244,7,'Glenmarie','2017-12-15 12:40:44','2017-12-15 12:40:44',NULL),(245,7,'I-City','2017-12-15 12:40:44','2017-12-15 12:40:44',NULL),(246,7,'Jade Hills','2017-12-15 12:40:44','2017-12-15 12:40:44',NULL),(247,7,'Kota Damansara','2017-12-15 12:40:44','2017-12-15 12:40:44',NULL),(248,7,'Kota Kemuning','2017-12-15 12:40:44','2017-12-15 12:40:44',NULL),(249,7,'Kota Puteri','2017-12-15 12:40:44','2017-12-15 12:40:44',NULL),(250,7,'Lembah Beringin','2017-12-15 12:40:44','2017-12-15 12:40:44',NULL),(251,7,'Lembah Jaya','2017-12-15 12:40:44','2017-12-15 12:40:44',NULL),(252,7,'Mutiara Damansara','2017-12-15 12:40:44','2017-12-15 12:40:44',NULL),(253,7,'Pandan Indah','2017-12-15 12:40:44','2017-12-15 12:40:44',NULL),(254,7,'Pandan Jaya','2017-12-15 12:40:44','2017-12-15 12:40:44',NULL),(255,7,'Puchong Jaya','2017-12-15 12:40:44','2017-12-15 12:40:44',NULL),(256,7,'Puncak Alam','2017-12-15 12:40:44','2017-12-15 12:40:44',NULL),(257,7,'Puncak Perdana','2017-12-15 12:40:44','2017-12-15 12:40:44',NULL),(258,7,'Pusat Bandar Puchong','2017-12-15 12:40:44','2017-12-15 12:40:44',NULL),(259,7,'Puchong','2017-12-15 12:40:44','2017-12-15 12:40:44',NULL),(260,7,'Putra Heights','2017-12-15 12:40:44','2017-12-15 12:40:44',NULL),(261,7,'Saujana Impian','2017-12-15 12:40:44','2017-12-15 12:40:44',NULL),(262,7,'Setia Alam','2017-12-15 12:40:44','2017-12-15 12:40:44',NULL),(263,7,'Southville City','2017-12-15 12:40:44','2017-12-15 12:40:44',NULL),(264,7,'Taman Greenwood','2017-12-15 12:40:44','2017-12-15 12:40:44',NULL),(265,7,'Taman Hillview','2017-12-15 12:40:44','2017-12-15 12:40:44',NULL),(266,7,'Taman Putra Perdana','2017-12-15 12:40:44','2017-12-15 12:40:44',NULL),(267,7,'Taman Sri Andalas','2017-12-15 12:40:44','2017-12-15 12:40:44',NULL),(268,7,'Puncak Jalil','2017-12-15 12:40:44','2017-12-15 12:40:44',NULL),(269,7,'USJ','2017-12-15 12:40:44','2017-12-15 12:40:44',NULL),(270,7,'Pandan Mewah','2017-12-15 12:40:44','2017-12-15 12:40:44',NULL),(271,7,'Hulu Langat','2017-12-15 12:40:44','2017-12-15 12:40:44',NULL),(272,7,'Kuala Langat','2017-12-15 12:40:44','2017-12-15 12:40:44',NULL),(273,7,'Petaling Jaya','2017-12-15 12:40:44','2017-12-15 12:40:44',NULL),(274,7,'Klang','2017-12-15 12:40:44','2017-12-15 12:40:44',NULL),(275,7,'Others','2017-12-15 12:40:44','2017-12-15 12:40:44',NULL),(276,2,'Semerak','2017-12-15 12:40:44','2017-12-15 12:40:44',NULL),(277,2,'Tanah Merah','2017-12-15 12:40:44','2017-12-15 12:40:44',NULL),(278,2,'Tanjong Mas','2017-12-15 12:40:44','2017-12-15 12:40:44',NULL),(279,2,'Tawang','2017-12-15 12:40:44','2017-12-15 12:40:44',NULL),(280,2,'Temangan','2017-12-15 12:40:44','2017-12-15 12:40:44',NULL),(281,2,'Tendong','2017-12-15 12:40:44','2017-12-15 12:40:44',NULL),(282,2,'Tumpat','2017-12-15 12:40:44','2017-12-15 12:40:44',NULL),(283,2,'Wakaf Bharu','2017-12-15 12:40:44','2017-12-15 12:40:44',NULL),(284,2,'Wakaf Che Yeh','2017-12-15 12:40:44','2017-12-15 12:40:44',NULL),(285,3,'Air Itam','2017-12-15 12:40:44','2017-12-15 12:40:44',NULL),(286,3,'Air Putih','2017-12-15 12:40:44','2017-12-15 12:40:44',NULL),(287,3,'Bagan','2017-12-15 12:40:44','2017-12-15 12:40:44',NULL),(288,3,'Bagan Dalam','2017-12-15 12:40:44','2017-12-15 12:40:44',NULL),(289,3,'Bagan Jermal','2017-12-15 12:40:44','2017-12-15 12:40:44',NULL),(290,3,'Balik Pulau','2017-12-15 12:40:44','2017-12-15 12:40:44',NULL),(291,3,'Batu Kawan','2017-12-15 12:40:44','2017-12-15 12:40:44',NULL),(292,3,'Batu Lancang','2017-12-15 12:40:44','2017-12-15 12:40:44',NULL),(293,3,'Batu Maung','2017-12-15 12:40:44','2017-12-15 12:40:44',NULL),(294,3,'Batu Uban','2017-12-15 12:40:44','2017-12-15 12:40:44',NULL),(295,3,'Bayan Baru','2017-12-15 12:40:44','2017-12-15 12:40:44',NULL),(296,3,'Bayan Lepas','2017-12-15 12:40:44','2017-12-15 12:40:44',NULL),(297,3,'Berapit','2017-12-15 12:40:44','2017-12-15 12:40:44',NULL),(298,3,'Bertam','2017-12-15 12:40:44','2017-12-15 12:40:44',NULL),(299,3,'Bukit Bendera','2017-12-15 12:40:44','2017-12-15 12:40:44',NULL),(300,3,'Bukit Gelugor','2017-12-15 12:40:44','2017-12-15 12:40:44',NULL),(301,3,'Bukit Mertajam','2017-12-15 12:40:44','2017-12-15 12:40:44',NULL),(302,3,'Bukit Tambun','2017-12-15 12:40:44','2017-12-15 12:40:44',NULL),(303,3,'Bukit Tengah','2017-12-15 12:40:44','2017-12-15 12:40:44',NULL),(304,3,'Datok Keramat','2017-12-15 12:40:44','2017-12-15 12:40:44',NULL),(305,3,'Jawi','2017-12-15 12:40:44','2017-12-15 12:40:44',NULL),(306,3,'Jelutong','2017-12-15 12:40:44','2017-12-15 12:40:44',NULL),(307,3,'Kebun Bunga','2017-12-15 12:40:44','2017-12-15 12:40:44',NULL),(308,3,'Kepala Batas','2017-12-15 12:40:44','2017-12-15 12:40:44',NULL),(309,3,'Komtar','2017-12-15 12:40:44','2017-12-15 12:40:44',NULL),(310,3,'Machang Bubuk','2017-12-15 12:40:44','2017-12-15 12:40:44',NULL),(311,3,'Nibong Tebal','2017-12-15 12:40:44','2017-12-15 12:40:44',NULL),(312,3,'Padang Kota','2017-12-15 12:40:44','2017-12-15 12:40:44',NULL),(313,3,'Padang Lalang','2017-12-15 12:40:44','2017-12-15 12:40:44',NULL),(314,3,'Pantai Jerejak','2017-12-15 12:40:44','2017-12-15 12:40:44',NULL),(315,3,'Paya Lancang','2017-12-15 12:40:44','2017-12-15 12:40:44',NULL),(316,3,'Penaga','2017-12-15 12:40:44','2017-12-15 12:40:44',NULL),(317,3,'Penanti','2017-12-15 12:40:44','2017-12-15 12:40:44',NULL),(318,3,'Pengkalan Kota','2017-12-15 12:40:44','2017-12-15 12:40:44',NULL),(319,3,'Perai','2017-12-15 12:40:44','2017-12-15 12:40:44',NULL),(320,3,'Permatang Berangan ','2017-12-15 12:40:44','2017-12-15 12:40:44',NULL),(321,3,'Permatang Pasir','2017-12-15 12:40:44','2017-12-15 12:40:44',NULL),(322,3,'Permatang Pauh','2017-12-15 12:40:44','2017-12-15 12:40:44',NULL),(323,3,'Pinang Tunggal','2017-12-15 12:40:44','2017-12-15 12:40:44',NULL),(324,3,'Pulau Betong','2017-12-15 12:40:44','2017-12-15 12:40:44',NULL),(325,3,'Pulau Tikus','2017-12-15 12:40:44','2017-12-15 12:40:44',NULL),(326,3,'Seberang Jaya','2017-12-15 12:40:44','2017-12-15 12:40:44',NULL),(327,3,'Seri Delima','2017-12-15 12:40:44','2017-12-15 12:40:44',NULL),(328,3,'Sungai Acheh','2017-12-15 12:40:44','2017-12-15 12:40:44',NULL),(329,3,'Sungai Bakap','2017-12-15 12:40:44','2017-12-15 12:40:44',NULL),(330,3,'Sungai Dua','2017-12-15 12:40:44','2017-12-15 12:40:44',NULL),(331,3,'Sungai Pinang','2017-12-15 12:40:44','2017-12-15 12:40:44',NULL),(332,3,'Sungai Puyu','2017-12-15 12:40:44','2017-12-15 12:40:44',NULL),(333,3,'Tanjong','2017-12-15 12:40:44','2017-12-15 12:40:44',NULL),(334,3,'Tanjung Bunga','2017-12-15 12:40:44','2017-12-15 12:40:44',NULL),(335,3,'Tasek Gelugor','2017-12-15 12:40:44','2017-12-15 12:40:44',NULL),(336,3,'Telok Ayer Tawar','2017-12-15 12:40:44','2017-12-15 12:40:44',NULL),(337,3,'Telok Bahang','2017-12-15 12:40:44','2017-12-15 12:40:44',NULL),(338,4,'Air Putih','2017-12-15 12:40:44','2017-12-15 12:40:44',NULL),(339,4,'Ajil','2017-12-15 12:40:44','2017-12-15 12:40:44',NULL),(340,4,'Alur Limbat','2017-12-15 12:40:44','2017-12-15 12:40:44',NULL),(341,4,'Bandar','2017-12-15 12:40:44','2017-12-15 12:40:44',NULL),(342,4,'Batu Buruk','2017-12-15 12:40:44','2017-12-15 12:40:44',NULL),(343,4,'Batu Rakit','2017-12-15 12:40:44','2017-12-15 12:40:44',NULL),(344,4,'Besut','2017-12-15 12:40:44','2017-12-15 12:40:44',NULL),(345,4,'Bukit Besi','2017-12-15 12:40:44','2017-12-15 12:40:44',NULL),(346,4,'Bukit Payung','2017-12-15 12:40:44','2017-12-15 12:40:44',NULL),(347,4,'Bukit Tunggal','2017-12-15 12:40:44','2017-12-15 12:40:44',NULL),(348,4,'Chukai','2017-12-15 12:40:44','2017-12-15 12:40:44',NULL),(349,4,'Dungun','2017-12-15 12:40:44','2017-12-15 12:40:44',NULL),(350,4,'Gong Badak','2017-12-15 12:40:44','2017-12-15 12:40:44',NULL),(351,4,'Hulu Besut','2017-12-15 12:40:44','2017-12-15 12:40:44',NULL),(352,4,'Hulu Terengganu','2017-12-15 12:40:44','2017-12-15 12:40:44',NULL),(353,4,'Jabi','2017-12-15 12:40:44','2017-12-15 12:40:44',NULL),(354,4,'Jertih','2017-12-15 12:40:44','2017-12-15 12:40:44',NULL),(355,4,'Kemaman','2017-12-15 12:40:44','2017-12-15 12:40:44',NULL),(356,4,'Kemasik','2017-12-15 12:40:44','2017-12-15 12:40:44',NULL),(357,4,'Kijal','2017-12-15 12:40:44','2017-12-15 12:40:44',NULL),(358,4,'Kota Putera','2017-12-15 12:40:44','2017-12-15 12:40:44',NULL),(359,4,'Kuala Berang','2017-12-15 12:40:44','2017-12-15 12:40:44',NULL),(360,4,'Kuala Besut','2017-12-15 12:40:44','2017-12-15 12:40:44',NULL),(361,4,'Kuala Nerus','2017-12-15 12:40:44','2017-12-15 12:40:44',NULL),(362,4,'Kuala Terengganu','2017-12-15 12:40:44','2017-12-15 12:40:44',NULL),(363,4,'Ladang','2017-12-15 12:40:44','2017-12-15 12:40:44',NULL),(364,4,'Langkap','2017-12-15 12:40:44','2017-12-15 12:40:44',NULL),(365,4,'Manir','2017-12-15 12:40:44','2017-12-15 12:40:44',NULL),(366,4,'Marang','2017-12-15 12:40:44','2017-12-15 12:40:44',NULL),(367,4,'Paka','2017-12-15 12:40:44','2017-12-15 12:40:44',NULL),(368,4,'Pengkalan Berangan','2017-12-15 12:40:44','2017-12-15 12:40:44',NULL),(369,4,'Permaisuri','2017-12-15 12:40:44','2017-12-15 12:40:44',NULL),(370,4,'Pulau Bidong','2017-12-15 12:40:44','2017-12-15 12:40:44',NULL),(371,4,'Pulau Kapas','2017-12-15 12:40:44','2017-12-15 12:40:44',NULL),(372,4,'Pulau Lang Tengah','2017-12-15 12:40:44','2017-12-15 12:40:44',NULL),(373,4,'Pulau Perhentian','2017-12-15 12:40:44','2017-12-15 12:40:44',NULL),(374,4,'Pulau Redang','2017-12-15 12:40:44','2017-12-15 12:40:44',NULL),(375,4,'Pulau Tenggol','2017-12-15 12:40:44','2017-12-15 12:40:44',NULL),(376,4,'Pulau Wan Man','2017-12-15 12:40:44','2017-12-15 12:40:44',NULL),(377,4,'Pulau Warisan','2017-12-15 12:40:44','2017-12-15 12:40:44',NULL),(378,4,'Putera Jaya','2017-12-15 12:40:44','2017-12-15 12:40:44',NULL),(379,4,'Rantau Abang','2017-12-15 12:40:44','2017-12-15 12:40:44',NULL),(380,4,'Ru Rendang','2017-12-15 12:40:44','2017-12-15 12:40:44',NULL),(381,4,'Seberang Takir','2017-12-15 12:40:44','2017-12-15 12:40:44',NULL),(382,4,'Seri Langkap','2017-12-15 12:40:44','2017-12-15 12:40:44',NULL),(383,4,'Setiu','2017-12-15 12:40:44','2017-12-15 12:40:44',NULL),(384,4,'Sura','2017-12-15 12:40:44','2017-12-15 12:40:44',NULL),(385,4,'Telemung','2017-12-15 12:40:44','2017-12-15 12:40:44',NULL),(386,4,'Teluk Kalung','2017-12-15 12:40:44','2017-12-15 12:40:44',NULL),(387,4,'Teluk Pasu','2017-12-15 12:40:44','2017-12-15 12:40:44',NULL),(388,4,'Tepuh','2017-12-15 12:40:44','2017-12-15 12:40:44',NULL),(389,4,'Wakaf Mempelam','2017-12-15 12:40:44','2017-12-15 12:40:44',NULL),(390,4,'Wakaf Tapai','2017-12-15 12:40:44','2017-12-15 12:40:44',NULL),(391,5,'Ayer Tawar ','2017-12-15 12:40:44','2017-12-15 12:40:44',NULL),(392,5,'Bagan Datoh ','2017-12-15 12:40:44','2017-12-15 12:40:44',NULL),(393,5,'Bagan Serai ','2017-12-15 12:40:44','2017-12-15 12:40:44',NULL),(394,5,'Bagan Sungai Burong ','2017-12-15 12:40:44','2017-12-15 12:40:44',NULL),(395,5,'Bandar raya Proton ','2017-12-15 12:40:44','2017-12-15 12:40:44',NULL),(396,5,'Banir ','2017-12-15 12:40:44','2017-12-15 12:40:44',NULL),(397,5,'Batak Rabit ','2017-12-15 12:40:44','2017-12-15 12:40:44',NULL),(398,5,'Batang ','2017-12-15 12:40:44','2017-12-15 12:40:44',NULL),(399,5,'Batu Gajah ','2017-12-15 12:40:44','2017-12-15 12:40:44',NULL),(400,5,'Behrang ','2017-12-15 12:40:44','2017-12-15 12:40:44',NULL),(401,5,'Bercham ','2017-12-15 12:40:44','2017-12-15 12:40:44',NULL),(402,5,'Beruas ','2017-12-15 12:40:44','2017-12-15 12:40:44',NULL),(403,5,'Bidor ','2017-12-15 12:40:44','2017-12-15 12:40:44',NULL),(404,5,'Bikam ','2017-12-15 12:40:44','2017-12-15 12:40:44',NULL),(405,5,'Bota ','2017-12-15 12:40:44','2017-12-15 12:40:44',NULL),(406,5,'Bukit Gantang ','2017-12-15 12:40:44','2017-12-15 12:40:44',NULL),(407,5,'Bukit Merah ','2017-12-15 12:40:44','2017-12-15 12:40:44',NULL),(408,5,'Changkat Jering ','2017-12-15 12:40:44','2017-12-15 12:40:44',NULL),(409,5,'Changkat Keruing ','2017-12-15 12:40:44','2017-12-15 12:40:44',NULL),(410,5,'Chemor ','2017-12-15 12:40:44','2017-12-15 12:40:44',NULL),(411,5,'Chikus ','2017-12-15 12:40:44','2017-12-15 12:40:44',NULL),(412,5,'Damar Laut ','2017-12-15 12:40:44','2017-12-15 12:40:44',NULL),(413,5,'Gerik ','2017-12-15 12:40:44','2017-12-15 12:40:44',NULL),(414,5,'Gopeng ','2017-12-15 12:40:44','2017-12-15 12:40:44',NULL),(415,5,'Gua Tempurung ','2017-12-15 12:40:44','2017-12-15 12:40:44',NULL),(416,5,'Hilir ','2017-12-15 12:40:44','2017-12-15 12:40:44',NULL),(417,5,'Hulu Perak ','2017-12-15 12:40:44','2017-12-15 12:40:44',NULL),(418,5,'Hutan Melintang ','2017-12-15 12:40:44','2017-12-15 12:40:44',NULL),(419,5,'Jelapang ','2017-12-15 12:40:44','2017-12-15 12:40:44',NULL),(420,5,'Jenderata ','2017-12-15 12:40:44','2017-12-15 12:40:44',NULL),(421,5,'Jerlun ','2017-12-15 12:40:44','2017-12-15 12:40:44',NULL),(422,5,'Kampar ','2017-12-15 12:40:44','2017-12-15 12:40:44',NULL),(423,5,'Kamunting ','2017-12-15 12:40:44','2017-12-15 12:40:44',NULL),(424,5,'Karai ','2017-12-15 12:40:44','2017-12-15 12:40:44',NULL),(425,5,'Kerian ','2017-12-15 12:40:44','2017-12-15 12:40:44',NULL),(426,5,'Kinta','2017-12-15 12:40:44','2017-12-15 12:40:44',NULL),(427,5,'Kota Setia ','2017-12-15 12:40:44','2017-12-15 12:40:44',NULL),(428,5,'Kuala Kangsar ','2017-12-15 12:40:44','2017-12-15 12:40:44',NULL),(429,5,'Kuala Kurau ','2017-12-15 12:40:44','2017-12-15 12:40:44',NULL),(430,5,'Kuala Sepetang ','2017-12-15 12:40:44','2017-12-15 12:40:44',NULL),(431,5,'Langkap ','2017-12-15 12:40:44','2017-12-15 12:40:44',NULL),(432,5,'Larut','2017-12-15 12:40:44','2017-12-15 12:40:44',NULL),(433,5,'Lekir ','2017-12-15 12:40:44','2017-12-15 12:40:44',NULL),(434,5,'Lenggong ','2017-12-15 12:40:44','2017-12-15 12:40:44',NULL),(435,5,'Lumut ','2017-12-15 12:40:44','2017-12-15 12:40:44',NULL),(436,5,'Malim Nawar ','2017-12-15 12:40:44','2017-12-15 12:40:44',NULL),(437,5,'Mambang Di Awan ','2017-12-15 12:40:44','2017-12-15 12:40:44',NULL),(438,5,'Manjoi ','2017-12-15 12:40:44','2017-12-15 12:40:44',NULL),(439,5,'Manjung ','2017-12-15 12:40:44','2017-12-15 12:40:44',NULL),(440,5,'Manong ','2017-12-15 12:40:44','2017-12-15 12:40:44',NULL),(441,5,'Matang ','2017-12-15 12:40:44','2017-12-15 12:40:44',NULL),(442,5,'Menglembu ','2017-12-15 12:40:44','2017-12-15 12:40:44',NULL),(443,5,'Meru ','2017-12-15 12:40:44','2017-12-15 12:40:44',NULL),(444,5,'Muallim','2017-12-15 12:40:44','2017-12-15 12:40:44',NULL),(445,5,'Padang ','2017-12-15 12:40:44','2017-12-15 12:40:44',NULL),(446,5,'Padang Rengas ','2017-12-15 12:40:44','2017-12-15 12:40:44',NULL),(447,5,'Pantai Remis ','2017-12-15 12:40:44','2017-12-15 12:40:44',NULL),(448,5,'Parit ','2017-12-15 12:40:44','2017-12-15 12:40:44',NULL),(449,5,'Parit Buntar ','2017-12-15 12:40:44','2017-12-15 12:40:44',NULL),(450,5,'Pasir Salak ','2017-12-15 12:40:44','2017-12-15 12:40:44',NULL),(451,5,'Pekan Gurney ','2017-12-15 12:40:44','2017-12-15 12:40:44',NULL),(452,5,'Pengkalan Hulu','2017-12-15 12:40:44','2017-12-15 12:40:44',NULL),(453,5,'Perak Tengah ','2017-12-15 12:40:44','2017-12-15 12:40:44',NULL),(454,5,'Pulau Banding','2017-12-15 12:40:44','2017-12-15 12:40:44',NULL),(455,5,'Pulau Pangkor','2017-12-15 12:40:44','2017-12-15 12:40:44',NULL),(456,5,'Sayong ','2017-12-15 12:40:44','2017-12-15 12:40:44',NULL),(457,5,'Selama ','2017-12-15 12:40:44','2017-12-15 12:40:44',NULL),(458,5,'Seri Iskandar ','2017-12-15 12:40:44','2017-12-15 12:40:44',NULL),(459,5,'Seri Manjung ','2017-12-15 12:40:44','2017-12-15 12:40:44',NULL),(460,5,'Simpang Tiga ','2017-12-15 12:40:44','2017-12-15 12:40:44',NULL),(461,5,'Sitiawan ','2017-12-15 12:40:44','2017-12-15 12:40:44',NULL),(462,5,'Slim River ','2017-12-15 12:40:44','2017-12-15 12:40:44',NULL),(463,5,'Sungai Siput ','2017-12-15 12:40:44','2017-12-15 12:40:44',NULL),(464,5,'Sungkai ','2017-12-15 12:40:44','2017-12-15 12:40:44',NULL),(465,5,'Taiping ','2017-12-15 12:40:44','2017-12-15 12:40:44',NULL),(466,5,'Tambun ','2017-12-15 12:40:44','2017-12-15 12:40:44',NULL),(467,5,'Tanjung Malim ','2017-12-15 12:40:44','2017-12-15 12:40:44',NULL),(468,5,'Tanjung Piandang ','2017-12-15 12:40:44','2017-12-15 12:40:44',NULL),(469,5,'Tanjung Rambutan ','2017-12-15 12:40:44','2017-12-15 12:40:44',NULL),(470,5,'Tanjung Tualang ','2017-12-15 12:40:44','2017-12-15 12:40:44',NULL),(471,5,'Tapah ','2017-12-15 12:40:44','2017-12-15 12:40:44',NULL),(472,5,'Teluk Batik ','2017-12-15 12:40:44','2017-12-15 12:40:44',NULL),(473,5,'Teluk Intan ','2017-12-15 12:40:44','2017-12-15 12:40:44',NULL),(474,5,'Teluk Rubiah ','2017-12-15 12:40:44','2017-12-15 12:40:44',NULL),(475,5,'Temoh ','2017-12-15 12:40:44','2017-12-15 12:40:44',NULL),(476,5,'Trolak ','2017-12-15 12:40:44','2017-12-15 12:40:44',NULL),(477,5,'Trong ','2017-12-15 12:40:44','2017-12-15 12:40:44',NULL),(478,5,'Tronoh','2017-12-15 12:40:44','2017-12-15 12:40:44',NULL),(479,6,'Bandar Baru Chendor','2017-12-15 12:40:44','2017-12-15 12:40:44',NULL),(480,6,'Bandar Bera','2017-12-15 12:40:44','2017-12-15 12:40:44',NULL),(481,6,'Bandar Damansara Kuantan','2017-12-15 12:40:44','2017-12-15 12:40:44',NULL),(482,6,'Bandar Indera Mahkota','2017-12-15 12:40:44','2017-12-15 12:40:44',NULL),(483,6,'Bandar MEC','2017-12-15 12:40:44','2017-12-15 12:40:44',NULL),(484,6,'Bandar Muadzam Shah','2017-12-15 12:40:44','2017-12-15 12:40:44',NULL),(485,6,'Bandar Putra','2017-12-15 12:40:44','2017-12-15 12:40:44',NULL),(486,6,'Bandar Tun Abdul Razak (Kerato','2017-12-15 12:40:44','2017-12-15 12:40:44',NULL),(487,6,'Bandar Tun Razak (Jengka)','2017-12-15 12:40:44','2017-12-15 12:40:44',NULL),(488,6,'Batu Hitam','2017-12-15 12:40:44','2017-12-15 12:40:44',NULL),(489,6,'Batu Talam','2017-12-15 12:40:44','2017-12-15 12:40:44',NULL),(490,6,'Belimbing','2017-12-15 12:40:44','2017-12-15 12:40:44',NULL),(491,6,'Benta','2017-12-15 12:40:44','2017-12-15 12:40:44',NULL),(492,6,'Bentong','2017-12-15 12:40:44','2017-12-15 12:40:44',NULL),(493,6,'Bera','2017-12-15 12:40:44','2017-12-15 12:40:44',NULL),(494,6,'Beserah','2017-12-15 12:40:44','2017-12-15 12:40:44',NULL),(495,6,'Brinchang','2017-12-15 12:40:44','2017-12-15 12:40:44',NULL),(496,6,'Bukit Fraser','2017-12-15 12:40:44','2017-12-15 12:40:44',NULL),(497,6,'Bukit Ibam','2017-12-15 12:40:44','2017-12-15 12:40:44',NULL),(498,6,'Bukit Tinggi','2017-12-15 12:40:44','2017-12-15 12:40:44',NULL),(499,6,'Cameron Highland','2017-12-15 12:40:44','2017-12-15 12:40:44',NULL),(500,6,'Ceruk Paloh','2017-12-15 12:40:44','2017-12-15 12:40:44',NULL),(501,6,'Chenor','2017-12-15 12:40:44','2017-12-15 12:40:44',NULL),(502,6,'Cherating','2017-12-15 12:40:44','2017-12-15 12:40:44',NULL),(503,6,'Cheroh','2017-12-15 12:40:44','2017-12-15 12:40:44',NULL),(504,6,'FELDA Mempaga','2017-12-15 12:40:44','2017-12-15 12:40:44',NULL),(505,6,'FELDA New Zealand','2017-12-15 12:40:44','2017-12-15 12:40:44',NULL),(506,6,'Gambang','2017-12-15 12:40:44','2017-12-15 12:40:44',NULL),(507,6,'Gebeng','2017-12-15 12:40:44','2017-12-15 12:40:44',NULL),(508,6,'Genting Highlands','2017-12-15 12:40:44','2017-12-15 12:40:44',NULL),(509,6,'Genting Sempah','2017-12-15 12:40:44','2017-12-15 12:40:44',NULL),(510,6,'Gohtong Jaya','2017-12-15 12:40:44','2017-12-15 12:40:44',NULL),(511,6,'Janda Baik','2017-12-15 12:40:44','2017-12-15 12:40:44',NULL),(512,6,'Jerantut','2017-12-15 12:40:44','2017-12-15 12:40:44',NULL),(513,6,'Kampung Awah','2017-12-15 12:40:45','2017-12-15 12:40:45',NULL),(514,6,'Kampung Pagi','2017-12-15 12:40:45','2017-12-15 12:40:45',NULL),(515,6,'Karak','2017-12-15 12:40:45','2017-12-15 12:40:45',NULL),(516,6,'Kemayan','2017-12-15 12:40:45','2017-12-15 12:40:45',NULL),(517,6,'Kerdau','2017-12-15 12:40:45','2017-12-15 12:40:45',NULL),(518,6,'Ketari','2017-12-15 12:40:45','2017-12-15 12:40:45',NULL),(519,6,'Kota Bahagia','2017-12-15 12:40:45','2017-12-15 12:40:45',NULL),(520,6,'Kota Iskandar','2017-12-15 12:40:45','2017-12-15 12:40:45',NULL),(521,6,'Kota Shahbandar','2017-12-15 12:40:45','2017-12-15 12:40:45',NULL),(522,6,'Krambit','2017-12-15 12:40:45','2017-12-15 12:40:45',NULL),(523,6,'Kuala Krau','2017-12-15 12:40:45','2017-12-15 12:40:45',NULL),(524,6,'Kuala Lipis','2017-12-15 12:40:45','2017-12-15 12:40:45',NULL),(525,6,'Kuala Pahang','2017-12-15 12:40:45','2017-12-15 12:40:45',NULL),(526,6,'Kuala Rompin','2017-12-15 12:40:45','2017-12-15 12:40:45',NULL),(527,6,'Kuala Sentul','2017-12-15 12:40:45','2017-12-15 12:40:45',NULL),(528,6,'Kuala Tembeling','2017-12-15 12:40:45','2017-12-15 12:40:45',NULL),(529,6,'Kuantan','2017-12-15 12:40:45','2017-12-15 12:40:45',NULL),(530,6,'Lanchang','2017-12-15 12:40:45','2017-12-15 12:40:45',NULL),(531,6,'Lentang','2017-12-15 12:40:45','2017-12-15 12:40:45',NULL),(532,6,'Lipis','2017-12-15 12:40:45','2017-12-15 12:40:45',NULL),(533,6,'Lubuk Paku','2017-12-15 12:40:45','2017-12-15 12:40:45',NULL),(534,6,'Lurah Bilut','2017-12-15 12:40:45','2017-12-15 12:40:45',NULL),(535,6,'Maran','2017-12-15 12:40:45','2017-12-15 12:40:45',NULL),(536,6,'Melati','2017-12-15 12:40:45','2017-12-15 12:40:45',NULL),(537,6,'Mengkarak','2017-12-15 12:40:45','2017-12-15 12:40:45',NULL),(538,6,'Mengkuang','2017-12-15 12:40:45','2017-12-15 12:40:45',NULL),(539,6,'Mentakab','2017-12-15 12:40:45','2017-12-15 12:40:45',NULL),(540,6,'Merapoh','2017-12-15 12:40:45','2017-12-15 12:40:45',NULL),(541,6,'Nenasi','2017-12-15 12:40:45','2017-12-15 12:40:45',NULL),(542,6,'Paloh Hinai','2017-12-15 12:40:45','2017-12-15 12:40:45',NULL),(543,6,'Pekan','2017-12-15 12:40:45','2017-12-15 12:40:45',NULL),(544,6,'Penor','2017-12-15 12:40:45','2017-12-15 12:40:45',NULL),(545,6,'Pulau Tawar','2017-12-15 12:40:45','2017-12-15 12:40:45',NULL),(546,6,'Pulau Tioman','2017-12-15 12:40:45','2017-12-15 12:40:45',NULL),(547,6,'Raub','2017-12-15 12:40:45','2017-12-15 12:40:45',NULL),(548,6,'Ringlet','2017-12-15 12:40:45','2017-12-15 12:40:45',NULL),(549,6,'RKT Salong','2017-12-15 12:40:45','2017-12-15 12:40:45',NULL),(550,6,'Rompin','2017-12-15 12:40:45','2017-12-15 12:40:45',NULL),(551,6,'Seberang Temerloh','2017-12-15 12:40:45','2017-12-15 12:40:45',NULL),(552,6,'Sebertak','2017-12-15 12:40:45','2017-12-15 12:40:45',NULL),(553,6,'Sempalit','2017-12-15 12:40:45','2017-12-15 12:40:45',NULL),(554,6,'Simpang Pelangai','2017-12-15 12:40:45','2017-12-15 12:40:45',NULL),(555,6,'Sungai Lembing','2017-12-15 12:40:45','2017-12-15 12:40:45',NULL),(556,6,'Sungai Ruan','2017-12-15 12:40:45','2017-12-15 12:40:45',NULL),(557,6,'Tanah Rata','2017-12-15 12:40:45','2017-12-15 12:40:45',NULL),(558,6,'Tanjung Lumpur','2017-12-15 12:40:45','2017-12-15 12:40:45',NULL),(559,6,'Tanjung Sepat','2017-12-15 12:40:45','2017-12-15 12:40:45',NULL),(560,6,'Tasik Chini','2017-12-15 12:40:45','2017-12-15 12:40:45',NULL),(561,6,'Teluk Cempedak','2017-12-15 12:40:45','2017-12-15 12:40:45',NULL),(562,6,'Tembangau','2017-12-15 12:40:45','2017-12-15 12:40:45',NULL),(563,6,'Temerloh','2017-12-15 12:40:45','2017-12-15 12:40:45',NULL),(564,6,'Tranum','2017-12-15 12:40:45','2017-12-15 12:40:45',NULL),(565,6,'Triang','2017-12-15 12:40:45','2017-12-15 12:40:45',NULL),(566,6,'Tringkap','2017-12-15 12:40:45','2017-12-15 12:40:45',NULL),(567,8,'Air Papan','2017-12-15 12:40:45','2017-12-15 12:40:45',NULL),(568,8,'Ayer Bemban','2017-12-15 12:40:45','2017-12-15 12:40:45',NULL),(569,8,'Ayer Hitam','2017-12-15 12:40:45','2017-12-15 12:40:45',NULL),(570,8,'Bakri','2017-12-15 12:40:45','2017-12-15 12:40:45',NULL),(571,8,'Bandar Baru UDA','2017-12-15 12:40:45','2017-12-15 12:40:45',NULL),(572,8,'Bandar Dato Onn ','2017-12-15 12:40:45','2017-12-15 12:40:45',NULL),(573,8,'Bandar Maharani','2017-12-15 12:40:45','2017-12-15 12:40:45',NULL),(574,8,'Bandar Penawar','2017-12-15 12:40:45','2017-12-15 12:40:45',NULL),(575,8,'Bandar Permas','2017-12-15 12:40:45','2017-12-15 12:40:45',NULL),(576,8,'Bandar Putra Kulai','2017-12-15 12:40:45','2017-12-15 12:40:45',NULL),(577,8,'Bandar Sri Alam','2017-12-15 12:40:45','2017-12-15 12:40:45',NULL),(578,8,'Bandar Tenggara ','2017-12-15 12:40:45','2017-12-15 12:40:45',NULL),(579,8,'Batu Enam','2017-12-15 12:40:45','2017-12-15 12:40:45',NULL),(580,8,'Batu Pahat','2017-12-15 12:40:45','2017-12-15 12:40:45',NULL),(581,8,'Bekok','2017-12-15 12:40:45','2017-12-15 12:40:45',NULL),(582,8,'Benut','2017-12-15 12:40:45','2017-12-15 12:40:45',NULL),(583,8,'Bukit Batu','2017-12-15 12:40:45','2017-12-15 12:40:45',NULL),(584,8,'Bukit Gambir ','2017-12-15 12:40:45','2017-12-15 12:40:45',NULL),(585,8,'Bukit Indah','2017-12-15 12:40:45','2017-12-15 12:40:45',NULL),(586,8,'Bukit Kangkar','2017-12-15 12:40:45','2017-12-15 12:40:45',NULL),(587,8,'Bukit Kepong','2017-12-15 12:40:45','2017-12-15 12:40:45',NULL),(588,8,'Bukit Naning','2017-12-15 12:40:45','2017-12-15 12:40:45',NULL),(589,8,'Bukit Pasir','2017-12-15 12:40:45','2017-12-15 12:40:45',NULL),(590,8,'Bukit Serampang','2017-12-15 12:40:45','2017-12-15 12:40:45',NULL),(591,8,'Chaah','2017-12-15 12:40:45','2017-12-15 12:40:45',NULL),(592,8,'Desa Tebrau','2017-12-15 12:40:45','2017-12-15 12:40:45',NULL),(593,8,'Desaru','2017-12-15 12:40:45','2017-12-15 12:40:45',NULL),(594,8,'Endau','2017-12-15 12:40:45','2017-12-15 12:40:45',NULL),(595,8,'FELDA Taib Andak','2017-12-15 12:40:45','2017-12-15 12:40:45',NULL),(596,8,'Gelang Patah','2017-12-15 12:40:45','2017-12-15 12:40:45',NULL),(597,8,'Gemas Baharu','2017-12-15 12:40:45','2017-12-15 12:40:45',NULL),(598,8,'Genuang','2017-12-15 12:40:45','2017-12-15 12:40:45',NULL),(599,8,'Indahpura','2017-12-15 12:40:45','2017-12-15 12:40:45',NULL),(600,8,'Iskandar Malaysia','2017-12-15 12:40:45','2017-12-15 12:40:45',NULL),(601,8,'Iskandar Puteri','2017-12-15 12:40:45','2017-12-15 12:40:45',NULL),(602,8,'Jemaluang ','2017-12-15 12:40:45','2017-12-15 12:40:45',NULL),(603,8,'Jementah','2017-12-15 12:40:45','2017-12-15 12:40:45',NULL),(604,8,'Johor Bahru','2017-12-15 12:40:45','2017-12-15 12:40:45',NULL),(605,8,'Johor Lama','2017-12-15 12:40:45','2017-12-15 12:40:45',NULL),(606,8,'Kahang','2017-12-15 12:40:45','2017-12-15 12:40:45',NULL),(607,8,'Kampung Melayu Majidee','2017-12-15 12:40:45','2017-12-15 12:40:45',NULL),(608,8,'Kampung Tengah','2017-12-15 12:40:45','2017-12-15 12:40:45',NULL),(609,8,'Kangkar Pulai','2017-12-15 12:40:45','2017-12-15 12:40:45',NULL),(610,8,'Kempas','2017-12-15 12:40:45','2017-12-15 12:40:45',NULL),(611,8,'Kluang','2017-12-15 12:40:45','2017-12-15 12:40:45',NULL),(612,8,'Kong Kong','2017-12-15 12:40:45','2017-12-15 12:40:45',NULL),(613,8,'Kota Masai','2017-12-15 12:40:45','2017-12-15 12:40:45',NULL),(614,8,'Kota Tinggi ','2017-12-15 12:40:45','2017-12-15 12:40:45',NULL),(615,8,'Kukup','2017-12-15 12:40:45','2017-12-15 12:40:45',NULL),(616,8,'Kulai','2017-12-15 12:40:45','2017-12-15 12:40:45',NULL),(617,8,'Labis','2017-12-15 12:40:45','2017-12-15 12:40:45',NULL),(618,8,'Layang-Layang','2017-12-15 12:40:45','2017-12-15 12:40:45',NULL),(619,8,'Lima Kedai','2017-12-15 12:40:45','2017-12-15 12:40:45',NULL),(620,8,'Lok Heng','2017-12-15 12:40:45','2017-12-15 12:40:45',NULL),(621,8,'Lombong','2017-12-15 12:40:45','2017-12-15 12:40:45',NULL),(622,8,'Machap','2017-12-15 12:40:45','2017-12-15 12:40:45',NULL),(623,8,'Masai','2017-12-15 12:40:45','2017-12-15 12:40:45',NULL),(624,8,'Mengkibol','2017-12-15 12:40:45','2017-12-15 12:40:45',NULL),(625,8,'Mersing ','2017-12-15 12:40:45','2017-12-15 12:40:45',NULL),(626,8,'Muar','2017-12-15 12:40:45','2017-12-15 12:40:45',NULL),(627,8,'Mutiara Rini','2017-12-15 12:40:45','2017-12-15 12:40:45',NULL),(628,8,'Paloh','2017-12-15 12:40:45','2017-12-15 12:40:45',NULL),(629,8,'Panchor ','2017-12-15 12:40:45','2017-12-15 12:40:45',NULL),(630,8,'Parit Bakar','2017-12-15 12:40:45','2017-12-15 12:40:45',NULL),(631,8,'Parit Bunga','2017-12-15 12:40:45','2017-12-15 12:40:45',NULL),(632,8,'Parit Jawa','2017-12-15 12:40:45','2017-12-15 12:40:45',NULL),(633,8,'Parit Raja','2017-12-15 12:40:45','2017-12-15 12:40:45',NULL),(634,8,'Parit Sulong','2017-12-15 12:40:45','2017-12-15 12:40:45',NULL),(635,8,'Parit Yaani','2017-12-15 12:40:45','2017-12-15 12:40:45',NULL),(636,8,'Pasir Gudang','2017-12-15 12:40:45','2017-12-15 12:40:45',NULL),(637,8,'Pasir Pelangi','2017-12-15 12:40:45','2017-12-15 12:40:45',NULL),(638,8,'Pekan Air Panas','2017-12-15 12:40:45','2017-12-15 12:40:45',NULL),(639,8,'Pekan Nanas','2017-12-15 12:40:45','2017-12-15 12:40:45',NULL),(640,8,'Pendas','2017-12-15 12:40:45','2017-12-15 12:40:45',NULL),(641,8,'Pengerang','2017-12-15 12:40:45','2017-12-15 12:40:45',NULL),(642,8,'Permas Jaya','2017-12-15 12:40:45','2017-12-15 12:40:45',NULL),(643,8,'Plentong ','2017-12-15 12:40:45','2017-12-15 12:40:45',NULL),(644,8,'Pontian','2017-12-15 12:40:45','2017-12-15 12:40:45',NULL),(645,8,'Pontian Besar','2017-12-15 12:40:45','2017-12-15 12:40:45',NULL),(646,8,'Pontian Kechil','2017-12-15 12:40:45','2017-12-15 12:40:45',NULL),(647,8,'Pura Kencana','2017-12-15 12:40:45','2017-12-15 12:40:45',NULL),(648,8,'Renggam','2017-12-15 12:40:45','2017-12-15 12:40:45',NULL),(649,8,'Rengit','2017-12-15 12:40:45','2017-12-15 12:40:45',NULL),(650,8,'Sagil','2017-12-15 12:40:45','2017-12-15 12:40:45',NULL),(651,8,'Saleng','2017-12-15 12:40:45','2017-12-15 12:40:45',NULL),(652,8,'Sedenak','2017-12-15 12:40:45','2017-12-15 12:40:45',NULL),(653,8,'Sedili','2017-12-15 12:40:45','2017-12-15 12:40:45',NULL),(654,8,'Seelong','2017-12-15 12:40:45','2017-12-15 12:40:45',NULL),(655,8,'Segamat','2017-12-15 12:40:45','2017-12-15 12:40:45',NULL),(656,8,'Semerah','2017-12-15 12:40:45','2017-12-15 12:40:45',NULL),(657,8,'Senai ','2017-12-15 12:40:45','2017-12-15 12:40:45',NULL),(658,8,'Senggarang','2017-12-15 12:40:45','2017-12-15 12:40:45',NULL),(659,8,'Serom 5','2017-12-15 12:40:45','2017-12-15 12:40:45',NULL),(660,8,'Setia Indah','2017-12-15 12:40:45','2017-12-15 12:40:45',NULL),(661,8,'Setia Tropika','2017-12-15 12:40:45','2017-12-15 12:40:45',NULL),(662,8,'Simpang Renggam','2017-12-15 12:40:45','2017-12-15 12:40:45',NULL),(663,8,'Skudai','2017-12-15 12:40:45','2017-12-15 12:40:45',NULL),(664,8,'Sri Gading','2017-12-15 12:40:45','2017-12-15 12:40:45',NULL),(665,8,'Sri Medan','2017-12-15 12:40:45','2017-12-15 12:40:45',NULL),(666,8,'Stulang','2017-12-15 12:40:45','2017-12-15 12:40:45',NULL),(667,8,'Sungai Balang','2017-12-15 12:40:45','2017-12-15 12:40:45',NULL),(668,8,'Sungai Karas','2017-12-15 12:40:45','2017-12-15 12:40:45',NULL),(669,8,'Sungai Mati','2017-12-15 12:40:45','2017-12-15 12:40:45',NULL),(670,8,'Sungai Rengit','2017-12-15 12:40:45','2017-12-15 12:40:45',NULL),(671,8,'Taman Daya','2017-12-15 12:40:45','2017-12-15 12:40:45',NULL),(672,8,'Taman Johor Jaya','2017-12-15 12:40:45','2017-12-15 12:40:45',NULL),(673,8,'Taman Melodies','2017-12-15 12:40:45','2017-12-15 12:40:45',NULL),(674,8,'Taman Molek','2017-12-15 12:40:45','2017-12-15 12:40:45',NULL),(675,8,'Taman Perling','2017-12-15 12:40:45','2017-12-15 12:40:45',NULL),(676,8,'Taman Sentosa','2017-12-15 12:40:45','2017-12-15 12:40:45',NULL),(677,8,'Taman Sri Lambak','2017-12-15 12:40:45','2017-12-15 12:40:45',NULL),(678,8,'Taman Ungku Tun Aminah','2017-12-15 12:40:45','2017-12-15 12:40:45',NULL),(679,8,'Taman Universiti','2017-12-15 12:40:45','2017-12-15 12:40:45',NULL),(680,8,'Tampoi ','2017-12-15 12:40:45','2017-12-15 12:40:45',NULL),(681,8,'Tangkak','2017-12-15 12:40:45','2017-12-15 12:40:45',NULL),(682,8,'Tanjung Agas','2017-12-15 12:40:45','2017-12-15 12:40:45',NULL),(683,8,'Tanjung Balau','2017-12-15 12:40:45','2017-12-15 12:40:45',NULL),(684,8,'Tanjung Kupang','2017-12-15 12:40:45','2017-12-15 12:40:45',NULL),(685,8,'Tanjung Langsat','2017-12-15 12:40:45','2017-12-15 12:40:45',NULL),(686,8,'Tanjung Leman','2017-12-15 12:40:45','2017-12-15 12:40:45',NULL),(687,8,'Tanjung Pelepas','2017-12-15 12:40:45','2017-12-15 12:40:45',NULL),(688,8,'Tanjung Pengelih ','2017-12-15 12:40:45','2017-12-15 12:40:45',NULL),(689,8,'Tanjung Piai','2017-12-15 12:40:45','2017-12-15 12:40:45',NULL),(690,8,'Tanjung Resang','2017-12-15 12:40:45','2017-12-15 12:40:45',NULL),(691,8,'Tebrau','2017-12-15 12:40:45','2017-12-15 12:40:45',NULL),(692,8,'Teluk Mahkota ','2017-12-15 12:40:45','2017-12-15 12:40:45',NULL),(693,8,'Teluk Ramunia','2017-12-15 12:40:45','2017-12-15 12:40:45',NULL),(694,8,'Teluk Sengat','2017-12-15 12:40:45','2017-12-15 12:40:45',NULL),(695,8,'Tenggaroh','2017-12-15 12:40:45','2017-12-15 12:40:45',NULL),(696,8,'Tongkang Pechah','2017-12-15 12:40:45','2017-12-15 12:40:45',NULL),(697,8,'Ulu Choh','2017-12-15 12:40:45','2017-12-15 12:40:45',NULL),(698,8,'Ulu Tiram','2017-12-15 12:40:45','2017-12-15 12:40:45',NULL),(699,8,'Yong Peng','2017-12-15 12:40:45','2017-12-15 12:40:45',NULL),(700,10,'Presint 1','2017-12-15 12:40:45','2017-12-15 12:40:45',NULL),(701,10,'Presint 2','2017-12-15 12:40:45','2017-12-15 12:40:45',NULL),(702,10,'Presint 3','2017-12-15 12:40:45','2017-12-15 12:40:45',NULL),(703,10,'Presint 4','2017-12-15 12:40:45','2017-12-15 12:40:45',NULL),(704,10,'Presint 5','2017-12-15 12:40:45','2017-12-15 12:40:45',NULL),(705,10,'Presint 6','2017-12-15 12:40:45','2017-12-15 12:40:45',NULL),(706,10,'Presint 7','2017-12-15 12:40:45','2017-12-15 12:40:45',NULL),(707,10,'Presint 8','2017-12-15 12:40:45','2017-12-15 12:40:45',NULL),(708,10,'Presint 9','2017-12-15 12:40:45','2017-12-15 12:40:45',NULL),(709,10,'Presint 10','2017-12-15 12:40:45','2017-12-15 12:40:45',NULL),(710,10,'Presint 11','2017-12-15 12:40:45','2017-12-15 12:40:45',NULL),(711,10,'Presint 12','2017-12-15 12:40:45','2017-12-15 12:40:45',NULL),(712,10,'Presint 13','2017-12-15 12:40:45','2017-12-15 12:40:45',NULL),(713,10,'Presint 14','2017-12-15 12:40:45','2017-12-15 12:40:45',NULL),(714,10,'Presint 15','2017-12-15 12:40:45','2017-12-15 12:40:45',NULL),(715,10,'Presint 16','2017-12-15 12:40:45','2017-12-15 12:40:45',NULL),(716,10,'Presint 17','2017-12-15 12:40:45','2017-12-15 12:40:45',NULL),(717,10,'Presint 18','2017-12-15 12:40:45','2017-12-15 12:40:45',NULL),(718,10,'Presint 19','2017-12-15 12:40:45','2017-12-15 12:40:45',NULL),(719,10,'Presint 20','2017-12-15 12:40:45','2017-12-15 12:40:45',NULL),(720,10,'Presint Diplomatik','2017-12-15 12:40:45','2017-12-15 12:40:45',NULL),(721,11,'Beaufort','2017-12-15 12:40:45','2017-12-15 12:40:45',NULL),(722,11,'Beluran','2017-12-15 12:40:45','2017-12-15 12:40:45',NULL),(723,11,'Bingkor','2017-12-15 12:40:45','2017-12-15 12:40:45',NULL),(724,11,'Bongawan','2017-12-15 12:40:45','2017-12-15 12:40:45',NULL),(725,11,'Donggongon','2017-12-15 12:40:45','2017-12-15 12:40:45',NULL),(726,11,'Inanam','2017-12-15 12:40:45','2017-12-15 12:40:45',NULL),(727,11,'Kalabakan','2017-12-15 12:40:45','2017-12-15 12:40:45',NULL),(728,11,'Keningau','2017-12-15 12:40:45','2017-12-15 12:40:45',NULL),(729,11,'Kimanis','2017-12-15 12:40:45','2017-12-15 12:40:45',NULL),(730,11,'Kinabatangan','2017-12-15 12:40:45','2017-12-15 12:40:45',NULL),(731,11,'Kinarut','2017-12-15 12:40:45','2017-12-15 12:40:45',NULL),(732,11,'Kota Belud','2017-12-15 12:40:45','2017-12-15 12:40:45',NULL),(733,11,'Kota Kinabalu','2017-12-15 12:40:45','2017-12-15 12:40:45',NULL),(734,11,'Kota Marudu','2017-12-15 12:40:45','2017-12-15 12:40:45',NULL),(735,11,'Kuala Penyu','2017-12-15 12:40:45','2017-12-15 12:40:45',NULL),(736,11,'Kudat','2017-12-15 12:40:45','2017-12-15 12:40:45',NULL),(737,11,'Kunak','2017-12-15 12:40:45','2017-12-15 12:40:45',NULL),(738,11,'Kundasang','2017-12-15 12:40:45','2017-12-15 12:40:45',NULL),(739,11,'Lahad Datu','2017-12-15 12:40:45','2017-12-15 12:40:45',NULL),(740,11,'Membakut','2017-12-15 12:40:45','2017-12-15 12:40:45',NULL),(741,11,'Menggatal','2017-12-15 12:40:45','2017-12-15 12:40:45',NULL),(742,11,'Menumbok','2017-12-15 12:40:45','2017-12-15 12:40:45',NULL),(743,11,'Nabawan','2017-12-15 12:40:45','2017-12-15 12:40:45',NULL),(744,11,'Papar','2017-12-15 12:40:45','2017-12-15 12:40:45',NULL),(745,11,'Penampang','2017-12-15 12:40:45','2017-12-15 12:40:45',NULL),(746,11,'Pensiangan','2017-12-15 12:40:45','2017-12-15 12:40:45',NULL),(747,11,'Pitas','2017-12-15 12:40:45','2017-12-15 12:40:45',NULL),(748,11,'Pulau Bai','2017-12-15 12:40:45','2017-12-15 12:40:45',NULL),(749,11,'Pulau Bait','2017-12-15 12:40:45','2017-12-15 12:40:45',NULL),(750,11,'Pulau Balambanga','2017-12-15 12:40:45','2017-12-15 12:40:45',NULL),(751,11,'Pulau Banggi','2017-12-15 12:40:45','2017-12-15 12:40:45',NULL),(752,11,'Pulau Batik Kulambu','2017-12-15 12:40:45','2017-12-15 12:40:45',NULL),(753,11,'Pulau Billean','2017-12-15 12:40:45','2017-12-15 12:40:45',NULL),(754,11,'Pulau Bohayan','2017-12-15 12:40:45','2017-12-15 12:40:45',NULL),(755,11,'Pulau Boheydulang','2017-12-15 12:40:45','2017-12-15 12:40:45',NULL),(756,11,'Pulau Bum Bum','2017-12-15 12:40:45','2017-12-15 12:40:45',NULL),(757,11,'Pulau Gaya','2017-12-15 12:40:45','2017-12-15 12:40:45',NULL),(758,11,'Pulau Jambongan','2017-12-15 12:40:45','2017-12-15 12:40:45',NULL),(759,11,'Pulau Kalumpang','2017-12-15 12:40:45','2017-12-15 12:40:45',NULL),(760,11,'Pulau Kapalai','2017-12-15 12:40:45','2017-12-15 12:40:45',NULL),(761,11,'Pulau Lankayan','2017-12-15 12:40:45','2017-12-15 12:40:45',NULL),(762,11,'Pulau Larapan','2017-12-15 12:40:45','2017-12-15 12:40:45',NULL),(763,11,'Pulau Libaran','2017-12-15 12:40:45','2017-12-15 12:40:45',NULL),(764,11,'Pulau Ligitan','2017-12-15 12:40:45','2017-12-15 12:40:45',NULL),(765,11,'Pulau Mabul','2017-12-15 12:40:45','2017-12-15 12:40:45',NULL),(766,11,'Pulau Maiga','2017-12-15 12:40:45','2017-12-15 12:40:45',NULL),(767,11,'Pulau Malawali','2017-12-15 12:40:45','2017-12-15 12:40:45',NULL),(768,11,'Pulau Maliangin Besar','2017-12-15 12:40:45','2017-12-15 12:40:45',NULL),(769,11,'Pulau Maliangin Kecil','2017-12-15 12:40:45','2017-12-15 12:40:45',NULL),(770,11,'Pulau Mantabuan','2017-12-15 12:40:45','2017-12-15 12:40:45',NULL),(771,11,'Pulau Mantanani','2017-12-15 12:40:45','2017-12-15 12:40:45',NULL),(772,11,'Pulau Mataking','2017-12-15 12:40:45','2017-12-15 12:40:45',NULL),(773,11,'Pulau Menampilek','2017-12-15 12:40:45','2017-12-15 12:40:45',NULL),(774,11,'Pulau Nusa Tengah','2017-12-15 12:40:45','2017-12-15 12:40:45',NULL),(775,11,'Pulau Omadal','2017-12-15 12:40:45','2017-12-15 12:40:45',NULL),(776,11,'Pulau Pababag','2017-12-15 12:40:45','2017-12-15 12:40:45',NULL),(777,11,'Pulau Pom Pom','2017-12-15 12:40:45','2017-12-15 12:40:45',NULL),(778,11,'Pulau Sakar','2017-12-15 12:40:45','2017-12-15 12:40:45',NULL),(779,11,'Pulau Sebatik','2017-12-15 12:40:45','2017-12-15 12:40:45',NULL),(780,11,'Pulau Selingaan','2017-12-15 12:40:45','2017-12-15 12:40:45',NULL),(781,11,'Pulau Sepanggar','2017-12-15 12:40:45','2017-12-15 12:40:45',NULL),(782,11,'Pulau Si Amil','2017-12-15 12:40:45','2017-12-15 12:40:45',NULL),(783,11,'Pulau Sibuan','2017-12-15 12:40:45','2017-12-15 12:40:45',NULL),(784,11,'Pulau Sikarindingan','2017-12-15 12:40:45','2017-12-15 12:40:45',NULL),(785,11,'Pulau Silawa','2017-12-15 12:40:45','2017-12-15 12:40:45',NULL),(786,11,'Pulau Silumpat','2017-12-15 12:40:45','2017-12-15 12:40:45',NULL),(787,11,'Pulau Sipadan','2017-12-15 12:40:45','2017-12-15 12:40:45',NULL),(788,11,'Pulau Sipanggau','2017-12-15 12:40:45','2017-12-15 12:40:45',NULL),(789,11,'Pulau Tabawan','2017-12-15 12:40:45','2017-12-15 12:40:45',NULL),(790,11,'Pulau Tegaipil','2017-12-15 12:40:45','2017-12-15 12:40:45',NULL),(791,11,'Pulau Tiga','2017-12-15 12:40:45','2017-12-15 12:40:45',NULL),(792,11,'Pulau Tigabu','2017-12-15 12:40:45','2017-12-15 12:40:45',NULL),(793,11,'Pulau Timbun Mata','2017-12-15 12:40:45','2017-12-15 12:40:45',NULL),(794,11,'Putatan','2017-12-15 12:40:45','2017-12-15 12:40:45',NULL),(795,11,'Ranau','2017-12-15 12:40:45','2017-12-15 12:40:45',NULL),(796,11,'Sandakan','2017-12-15 12:40:45','2017-12-15 12:40:45',NULL),(797,11,'Sapulut','2017-12-15 12:40:45','2017-12-15 12:40:45',NULL),(798,11,'Semporna','2017-12-15 12:40:45','2017-12-15 12:40:45',NULL),(799,11,'Sepanggar','2017-12-15 12:40:45','2017-12-15 12:40:45',NULL),(800,11,'Sindumin','2017-12-15 12:40:45','2017-12-15 12:40:45',NULL),(801,11,'Sipitang','2017-12-15 12:40:45','2017-12-15 12:40:45',NULL),(802,11,'Sook','2017-12-15 12:40:45','2017-12-15 12:40:45',NULL),(803,11,'Tambunan','2017-12-15 12:40:45','2017-12-15 12:40:45',NULL),(804,11,'Tamparuli','2017-12-15 12:40:45','2017-12-15 12:40:45',NULL),(805,11,'Tanjung Aru','2017-12-15 12:40:45','2017-12-15 12:40:45',NULL),(806,11,'Tawau','2017-12-15 12:40:45','2017-12-15 12:40:45',NULL),(807,11,'Telipok','2017-12-15 12:40:45','2017-12-15 12:40:45',NULL),(808,11,'Telupid','2017-12-15 12:40:45','2017-12-15 12:40:45',NULL),(809,11,'Tenom','2017-12-15 12:40:45','2017-12-15 12:40:45',NULL),(810,11,'Tongod','2017-12-15 12:40:45','2017-12-15 12:40:45',NULL),(811,11,'Tuaran','2017-12-15 12:40:45','2017-12-15 12:40:45',NULL),(812,11,'Weston','2017-12-15 12:40:45','2017-12-15 12:40:45',NULL),(813,12,'Batu Manikar','2017-12-15 12:40:45','2017-12-15 12:40:45',NULL),(814,12,'Bebuloh','2017-12-15 12:40:45','2017-12-15 12:40:45',NULL),(815,12,'Kampung Batu Arang','2017-12-15 12:40:45','2017-12-15 12:40:45',NULL),(816,12,'Kampung Bebuloh','2017-12-15 12:40:45','2017-12-15 12:40:45',NULL),(817,12,'Kampung Bukit Kalam','2017-12-15 12:40:45','2017-12-15 12:40:45',NULL),(818,12,'Kampung Bukit Kuda','2017-12-15 12:40:45','2017-12-15 12:40:45',NULL),(819,12,'Kampung Durian Tunjong','2017-12-15 12:40:45','2017-12-15 12:40:45',NULL),(820,12,'Kampung Ganggarak','2017-12-15 12:40:45','2017-12-15 12:40:45',NULL),(821,12,'Kampung Gersik Saguking','2017-12-15 12:40:45','2017-12-15 12:40:45',NULL),(822,12,'Kampung Kerupang','2017-12-15 12:40:45','2017-12-15 12:40:45',NULL),(823,12,'Kampung Lajau','2017-12-15 12:40:45','2017-12-15 12:40:45',NULL),(824,12,'Kampung Lubok Temiang','2017-12-15 12:40:45','2017-12-15 12:40:45',NULL),(825,12,'Kampung Membedai','2017-12-15 12:40:45','2017-12-15 12:40:45',NULL),(826,12,'Kampung Merinding','2017-12-15 12:40:45','2017-12-15 12:40:45',NULL),(827,12,'Kampung Nagalang','2017-12-15 12:40:45','2017-12-15 12:40:45',NULL),(828,12,'Kampung Sungai Bedaun','2017-12-15 12:40:45','2017-12-15 12:40:45',NULL),(829,12,'Kampung Sungai Keling','2017-12-15 12:40:45','2017-12-15 12:40:45',NULL),(830,12,'Kampung Sungai Lada','2017-12-15 12:40:45','2017-12-15 12:40:45',NULL),(831,12,'Kampung Sungai Pagar','2017-12-15 12:40:45','2017-12-15 12:40:45',NULL),(832,12,'Kampung Tanjung','2017-12-15 12:40:45','2017-12-15 12:40:45',NULL),(833,12,'Kampung Tanjung Aru','2017-12-15 12:40:45','2017-12-15 12:40:45',NULL),(834,12,'Kiamsam','2017-12-15 12:40:45','2017-12-15 12:40:45',NULL),(835,12,'Kubong Kampung Pantai','2017-12-15 12:40:45','2017-12-15 12:40:45',NULL),(836,12,'Layang-Layangan','2017-12-15 12:40:45','2017-12-15 12:40:45',NULL),(837,12,'Patau-Patau','2017-12-15 12:40:45','2017-12-15 12:40:45',NULL),(838,12,'Pulau Burung','2017-12-15 12:40:45','2017-12-15 12:40:45',NULL),(839,12,'Pulau Daat','2017-12-15 12:40:45','2017-12-15 12:40:45',NULL),(840,12,'Pulau Kuraman','2017-12-15 12:40:45','2017-12-15 12:40:45',NULL),(841,12,'Pulau Papan','2017-12-15 12:40:45','2017-12-15 12:40:45',NULL),(842,12,'Pulau Rusukan Besar','2017-12-15 12:40:45','2017-12-15 12:40:45',NULL),(843,12,'Pulau Rusukan Kecil','2017-12-15 12:40:45','2017-12-15 12:40:45',NULL),(844,12,'Rancha-Rancha','2017-12-15 12:40:45','2017-12-15 12:40:45',NULL),(845,12,'Victoria','2017-12-15 12:40:45','2017-12-15 12:40:45',NULL),(846,13,'Asajaya','2017-12-15 12:40:45','2017-12-15 12:40:45',NULL),(847,13,'Bakelalan','2017-12-15 12:40:45','2017-12-15 12:40:45',NULL),(848,13,'Balingian','2017-12-15 12:40:45','2017-12-15 12:40:45',NULL),(849,13,'Bario','2017-12-15 12:40:45','2017-12-15 12:40:45',NULL),(850,13,'Bau','2017-12-15 12:40:45','2017-12-15 12:40:45',NULL),(851,13,'Belaga','2017-12-15 12:40:45','2017-12-15 12:40:45',NULL),(852,13,'Beluru','2017-12-15 12:40:45','2017-12-15 12:40:45',NULL),(853,13,'Betong','2017-12-15 12:40:45','2017-12-15 12:40:45',NULL),(854,13,'Bintulu','2017-12-15 12:40:45','2017-12-15 12:40:45',NULL),(855,13,'Bukit Mabong','2017-12-15 12:40:45','2017-12-15 12:40:45',NULL),(856,13,'Dalat','2017-12-15 12:40:45','2017-12-15 12:40:45',NULL),(857,13,'Daro','2017-12-15 12:40:45','2017-12-15 12:40:45',NULL),(858,13,'Debak','2017-12-15 12:40:45','2017-12-15 12:40:45',NULL),(859,13,'Engkilili','2017-12-15 12:40:45','2017-12-15 12:40:45',NULL),(860,13,'Igan','2017-12-15 12:40:45','2017-12-15 12:40:45',NULL),(861,13,'Julau','2017-12-15 12:40:45','2017-12-15 12:40:45',NULL),(862,13,'Kabong','2017-12-15 12:40:45','2017-12-15 12:40:45',NULL),(863,13,'Kanowit','2017-12-15 12:40:45','2017-12-15 12:40:45',NULL),(864,13,'Kapit','2017-12-15 12:40:45','2017-12-15 12:40:45',NULL),(865,13,'Kota Samarahan','2017-12-15 12:40:45','2017-12-15 12:40:45',NULL),(866,13,'Kuching','2017-12-15 12:40:45','2017-12-15 12:40:45',NULL),(867,13,'Lawas','2017-12-15 12:40:45','2017-12-15 12:40:45',NULL),(868,13,'Limbang','2017-12-15 12:40:45','2017-12-15 12:40:45',NULL),(869,13,'Lingga','2017-12-15 12:40:45','2017-12-15 12:40:45',NULL),(870,13,'Long Bedian','2017-12-15 12:40:45','2017-12-15 12:40:45',NULL),(871,13,'Long Lama','2017-12-15 12:40:45','2017-12-15 12:40:45',NULL),(872,13,'Lubok Antu','2017-12-15 12:40:45','2017-12-15 12:40:45',NULL),(873,13,'Lundu','2017-12-15 12:40:46','2017-12-15 12:40:46',NULL),(874,13,'Maludam','2017-12-15 12:40:46','2017-12-15 12:40:46',NULL),(875,13,'Marudi','2017-12-15 12:40:46','2017-12-15 12:40:46',NULL),(876,13,'Matu','2017-12-15 12:40:46','2017-12-15 12:40:46',NULL),(877,13,'Meradong','2017-12-15 12:40:46','2017-12-15 12:40:46',NULL),(878,13,'Miri','2017-12-15 12:40:46','2017-12-15 12:40:46',NULL),(879,13,'Mukah','2017-12-15 12:40:46','2017-12-15 12:40:46',NULL),(880,13,'Mulu','2017-12-15 12:40:46','2017-12-15 12:40:46',NULL),(881,13,'Nanga Budu','2017-12-15 12:40:46','2017-12-15 12:40:46',NULL),(882,13,'Nanga Medamit','2017-12-15 12:40:46','2017-12-15 12:40:46',NULL),(883,13,'Nanga Merit','2017-12-15 12:40:46','2017-12-15 12:40:46',NULL),(884,13,'Niah-Suai','2017-12-15 12:40:46','2017-12-15 12:40:46',NULL),(885,13,'Oya','2017-12-15 12:40:46','2017-12-15 12:40:46',NULL),(886,13,'Padawan','2017-12-15 12:40:46','2017-12-15 12:40:46',NULL),(887,13,'Pakan','2017-12-15 12:40:46','2017-12-15 12:40:46',NULL),(888,13,'Pantu','2017-12-15 12:40:46','2017-12-15 12:40:46',NULL),(889,13,'Pusa','2017-12-15 12:40:46','2017-12-15 12:40:46',NULL),(890,13,'Roban','2017-12-15 12:40:46','2017-12-15 12:40:46',NULL),(891,13,'Saratok','2017-12-15 12:40:46','2017-12-15 12:40:46',NULL),(892,13,'Sarikei','2017-12-15 12:40:46','2017-12-15 12:40:46',NULL),(893,13,'Sebauh','2017-12-15 12:40:46','2017-12-15 12:40:46',NULL),(894,13,'Sebuyau','2017-12-15 12:40:46','2017-12-15 12:40:46',NULL),(895,13,'Selangau','2017-12-15 12:40:46','2017-12-15 12:40:46',NULL),(896,13,'Sematan','2017-12-15 12:40:46','2017-12-15 12:40:46',NULL),(897,13,'Serian','2017-12-15 12:40:46','2017-12-15 12:40:46',NULL),(898,13,'Sibu','2017-12-15 12:40:46','2017-12-15 12:40:46',NULL),(899,13,'Siburan','2017-12-15 12:40:46','2017-12-15 12:40:46',NULL),(900,13,'Simunjan','2017-12-15 12:40:46','2017-12-15 12:40:46',NULL),(901,13,'Song','2017-12-15 12:40:46','2017-12-15 12:40:46',NULL),(902,13,'Spaoh','2017-12-15 12:40:46','2017-12-15 12:40:46',NULL),(903,13,'Sri Aman','2017-12-15 12:40:46','2017-12-15 12:40:46',NULL),(904,13,'Subis','2017-12-15 12:40:46','2017-12-15 12:40:46',NULL),(905,13,'Sundar','2017-12-15 12:40:46','2017-12-15 12:40:46',NULL),(906,13,'Sungai Asap','2017-12-15 12:40:46','2017-12-15 12:40:46',NULL),(907,13,'Tanjung Kidurong','2017-12-15 12:40:46','2017-12-15 12:40:46',NULL),(908,13,'Tanjung Manis','2017-12-15 12:40:46','2017-12-15 12:40:46',NULL),(909,13,'Tatau','2017-12-15 12:40:46','2017-12-15 12:40:46',NULL),(910,13,'Tebedu','2017-12-15 12:40:46','2017-12-15 12:40:46',NULL),(911,13,'Telang Usan','2017-12-15 12:40:46','2017-12-15 12:40:46',NULL),(912,13,'Tinjar','2017-12-15 12:40:46','2017-12-15 12:40:46',NULL),(913,13,'Trusan','2017-12-15 12:40:46','2017-12-15 12:40:46',NULL),(914,14,'Air Kuning Selatan','2017-12-15 12:40:46','2017-12-15 12:40:46',NULL),(915,14,'Ampangan','2017-12-15 12:40:46','2017-12-15 12:40:46',NULL),(916,14,'Ayer Kuning','2017-12-15 12:40:46','2017-12-15 12:40:46',NULL),(917,14,'Bahau','2017-12-15 12:40:46','2017-12-15 12:40:46',NULL),(918,14,'Bandar Baru Nilai','2017-12-15 12:40:46','2017-12-15 12:40:46',NULL),(919,14,'Bandar Seri Jempol','2017-12-15 12:40:46','2017-12-15 12:40:46',NULL),(920,14,'Bandar Springhill','2017-12-15 12:40:46','2017-12-15 12:40:46',NULL),(921,14,'Bandar Sri Sendayan','2017-12-15 12:40:46','2017-12-15 12:40:46',NULL),(922,14,'Batang Benar','2017-12-15 12:40:46','2017-12-15 12:40:46',NULL),(923,14,'Batu Kikir','2017-12-15 12:40:46','2017-12-15 12:40:46',NULL),(924,14,'Bukit Pelanduk','2017-12-15 12:40:46','2017-12-15 12:40:46',NULL),(925,14,'Chembong','2017-12-15 12:40:46','2017-12-15 12:40:46',NULL),(926,14,'Chengkau','2017-12-15 12:40:46','2017-12-15 12:40:46',NULL),(927,14,'Chuah','2017-12-15 12:40:46','2017-12-15 12:40:46',NULL),(928,14,'Dangi','2017-12-15 12:40:46','2017-12-15 12:40:46',NULL),(929,14,'Gemas','2017-12-15 12:40:46','2017-12-15 12:40:46',NULL),(930,14,'Gemencheh','2017-12-15 12:40:46','2017-12-15 12:40:46',NULL),(931,14,'Jelebu','2017-12-15 12:40:46','2017-12-15 12:40:46',NULL),(932,14,'Jempol','2017-12-15 12:40:46','2017-12-15 12:40:46',NULL),(933,14,'Johol','2017-12-15 12:40:46','2017-12-15 12:40:46',NULL),(934,14,'Juasseh','2017-12-15 12:40:46','2017-12-15 12:40:46',NULL),(935,14,'Kota','2017-12-15 12:40:46','2017-12-15 12:40:46',NULL),(936,14,'Kuala Klawang','2017-12-15 12:40:46','2017-12-15 12:40:46',NULL),(937,14,'Kuala Pilah','2017-12-15 12:40:46','2017-12-15 12:40:46',NULL),(938,14,'Labu','2017-12-15 12:40:46','2017-12-15 12:40:46',NULL),(939,14,'Lenggeng','2017-12-15 12:40:46','2017-12-15 12:40:46',NULL),(940,14,'Linggi','2017-12-15 12:40:46','2017-12-15 12:40:46',NULL),(941,14,'Lukut','2017-12-15 12:40:46','2017-12-15 12:40:46',NULL),(942,14,'Mambau','2017-12-15 12:40:46','2017-12-15 12:40:46',NULL),(943,14,'Mantin','2017-12-15 12:40:46','2017-12-15 12:40:46',NULL),(944,14,'Melang','2017-12-15 12:40:46','2017-12-15 12:40:46',NULL),(945,14,'Nilai','2017-12-15 12:40:46','2017-12-15 12:40:46',NULL),(946,14,'Pajam','2017-12-15 12:40:46','2017-12-15 12:40:46',NULL),(947,14,'Pantai','2017-12-15 12:40:46','2017-12-15 12:40:46',NULL),(948,14,'Paroi','2017-12-15 12:40:46','2017-12-15 12:40:46',NULL),(949,14,'Pasir Panjang','2017-12-15 12:40:46','2017-12-15 12:40:46',NULL),(950,14,'Pedas','2017-12-15 12:40:46','2017-12-15 12:40:46',NULL),(951,14,'Pelangai','2017-12-15 12:40:46','2017-12-15 12:40:46',NULL),(952,14,'Pengkalan Kempas','2017-12-15 12:40:46','2017-12-15 12:40:46',NULL),(953,14,'Pertang','2017-12-15 12:40:46','2017-12-15 12:40:46',NULL),(954,14,'Port Dickson','2017-12-15 12:40:46','2017-12-15 12:40:46',NULL),(955,14,'Rantau','2017-12-15 12:40:46','2017-12-15 12:40:46',NULL),(956,14,'Rasah','2017-12-15 12:40:46','2017-12-15 12:40:46',NULL),(957,14,'Rasah Jaya','2017-12-15 12:40:46','2017-12-15 12:40:46',NULL),(958,14,'Rembau','2017-12-15 12:40:46','2017-12-15 12:40:46',NULL),(959,14,'Rompin','2017-12-15 12:40:46','2017-12-15 12:40:46',NULL),(960,14,'Senaling','2017-12-15 12:40:46','2017-12-15 12:40:46',NULL),(961,14,'Senawang','2017-12-15 12:40:46','2017-12-15 12:40:46',NULL),(962,14,'Sepang Road','2017-12-15 12:40:46','2017-12-15 12:40:46',NULL),(963,14,'Seremban','2017-12-15 12:40:46','2017-12-15 12:40:46',NULL),(964,14,'Seremban 2','2017-12-15 12:40:46','2017-12-15 12:40:46',NULL),(965,14,'Seri Menanti','2017-12-15 12:40:46','2017-12-15 12:40:46',NULL),(966,14,'Serting','2017-12-15 12:40:46','2017-12-15 12:40:46',NULL),(967,14,'Sikamat','2017-12-15 12:40:46','2017-12-15 12:40:46',NULL),(968,14,'Siliau','2017-12-15 12:40:46','2017-12-15 12:40:46',NULL),(969,14,'Simpang Pertang','2017-12-15 12:40:46','2017-12-15 12:40:46',NULL),(970,14,'Sungai Gadut','2017-12-15 12:40:46','2017-12-15 12:40:46',NULL),(971,14,'Sungai Muntoh','2017-12-15 12:40:46','2017-12-15 12:40:46',NULL),(972,14,'Tampin','2017-12-15 12:40:46','2017-12-15 12:40:46',NULL),(973,14,'Tampin Tengah','2017-12-15 12:40:46','2017-12-15 12:40:46',NULL),(974,14,'Tanah Merah','2017-12-15 12:40:46','2017-12-15 12:40:46',NULL),(975,14,'Tanjung Ipoh','2017-12-15 12:40:46','2017-12-15 12:40:46',NULL),(976,14,'Teluk Kemang','2017-12-15 12:40:46','2017-12-15 12:40:46',NULL),(977,14,'Tiroi','2017-12-15 12:40:46','2017-12-15 12:40:46',NULL),(978,15,'Alor Janggus','2017-12-15 12:40:46','2017-12-15 12:40:46',NULL),(979,15,'Alor Mengkudu','2017-12-15 12:40:46','2017-12-15 12:40:46',NULL),(980,15,'Alor Setar','2017-12-15 12:40:46','2017-12-15 12:40:46',NULL),(981,15,'Alor Tajar','2017-12-15 12:40:46','2017-12-15 12:40:46',NULL),(982,15,'Baling','2017-12-15 12:40:46','2017-12-15 12:40:46',NULL),(983,15,'Bandar Aman Jaya','2017-12-15 12:40:46','2017-12-15 12:40:46',NULL),(984,15,'Bandar Anak Bukit','2017-12-15 12:40:46','2017-12-15 12:40:46',NULL),(985,15,'Bandar Baharu','2017-12-15 12:40:46','2017-12-15 12:40:46',NULL),(986,15,'Bandar Baru Bukit Kayu Hitam','2017-12-15 12:40:46','2017-12-15 12:40:46',NULL),(987,15,'Bandar Baru Mergong','2017-12-15 12:40:46','2017-12-15 12:40:46',NULL),(988,15,'Bandar Baru Sintok','2017-12-15 12:40:46','2017-12-15 12:40:46',NULL),(989,15,'Bandar Darulaman','2017-12-15 12:40:46','2017-12-15 12:40:46',NULL),(990,15,'Bandar Laguna Merbok','2017-12-15 12:40:46','2017-12-15 12:40:46',NULL),(991,15,'Bandar Muadzam Shah','2017-12-15 12:40:46','2017-12-15 12:40:46',NULL),(992,15,'Bandar Stargate','2017-12-15 12:40:46','2017-12-15 12:40:46',NULL),(993,15,'Bandar Tunku Puteri','2017-12-15 12:40:46','2017-12-15 12:40:46',NULL),(994,15,'Bedong','2017-12-15 12:40:46','2017-12-15 12:40:46',NULL),(995,15,'Bukit Selambau','2017-12-15 12:40:46','2017-12-15 12:40:46',NULL),(996,15,'Changlun','2017-12-15 12:40:46','2017-12-15 12:40:46',NULL),(997,15,'Guar Chempedak','2017-12-15 12:40:46','2017-12-15 12:40:46',NULL),(998,15,'Gurun','2017-12-15 12:40:46','2017-12-15 12:40:46',NULL),(999,15,'Jeniang','2017-12-15 12:40:46','2017-12-15 12:40:46',NULL);

--
-- Table structure for table `master_gender`
--

CREATE TABLE `master_gender` (
  `gender_id` int(11) NOT NULL AUTO_INCREMENT,
  `gender_desc` varchar(20) NOT NULL,
  `created_at` timestamp NOT NULL DEFAULT CURRENT_TIMESTAMP,
  `updated_at` timestamp NOT NULL DEFAULT '0000-00-00 00:00:00',
  `deleted_at` timestamp NULL DEFAULT NULL,
  PRIMARY KEY (`gender_id`)
) ENGINE=InnoDB AUTO_INCREMENT=4 DEFAULT CHARSET=latin1;

--
-- Dumping data for table `master_gender`
--

INSERT INTO `master_gender` VALUES (1,'MALE','2018-04-20 07:46:31','2018-04-20 07:46:31',NULL),(2,'FEMALE','2018-04-20 07:46:39','2018-04-20 07:46:39',NULL),(3,'OTHER','2018-04-20 07:46:45','2018-04-20 07:46:45',NULL);

--
-- Table structure for table `master_salutation`
--

CREATE TABLE `master_salutation` (
  `salutation_id` int(11) NOT NULL AUTO_INCREMENT,
  `salutation_desc` varchar(100) NOT NULL,
  `created_at` timestamp NOT NULL DEFAULT CURRENT_TIMESTAMP,
  `updated_at` timestamp NOT NULL DEFAULT '0000-00-00 00:00:00',
  `deleted_at` timestamp NULL DEFAULT NULL,
  PRIMARY KEY (`salutation_id`)
) ENGINE=InnoDB AUTO_INCREMENT=11 DEFAULT CHARSET=latin1;

--
-- Dumping data for table `master_salutation`
--

INSERT INTO `master_salutation` VALUES (1,'ENCIK','2018-04-23 06:08:17','2018-04-23 06:08:17',NULL),(2,'PUAN','2018-04-23 06:08:22','2018-04-23 06:08:22',NULL),(3,'CIK','2018-04-23 06:08:25','2018-04-23 06:08:25',NULL),(4,'SIR','2018-04-23 06:08:30','2018-04-23 06:08:30',NULL),(5,'DATUK','2018-04-23 06:08:35','2018-04-23 06:08:35',NULL),(6,'DATIN','2018-04-23 06:08:47','2018-04-23 06:08:47',NULL),(7,'DATO\'','2018-04-23 06:08:55','2018-04-23 06:08:55',NULL),(8,'DATO\' SERI','2018-04-23 06:09:31','2018-04-23 06:09:31',NULL),(9,'DATIN SERI','2018-04-23 06:09:56','2018-04-23 06:09:56',NULL),(10,'TUN','2018-04-23 06:10:01','2018-04-23 06:10:01',NULL);

--
-- Table structure for table `master_state`
--

CREATE TABLE `master_state` (
  `state_id` int(10) unsigned NOT NULL AUTO_INCREMENT,
  `state_code` char(3) COLLATE utf8_unicode_ci NOT NULL,
  `state_desc` varchar(255) COLLATE utf8_unicode_ci NOT NULL,
  `area_id` int(11) NOT NULL,
  `created_at` timestamp NOT NULL DEFAULT CURRENT_TIMESTAMP,
  `updated_at` timestamp NOT NULL DEFAULT '0000-00-00 00:00:00',
  `deleted_at` timestamp NULL DEFAULT NULL,
  PRIMARY KEY (`state_id`)
) ENGINE=InnoDB AUTO_INCREMENT=17 DEFAULT CHARSET=utf8 COLLATE=utf8_unicode_ci;

--
-- Dumping data for table `master_state`
--

INSERT INTO `master_state` VALUES (1,'JHR','JOHOR',1,'2018-05-02 03:57:20','2018-05-02 03:57:20',NULL),(2,'KDH','KEDAH',1,'2018-05-02 03:57:20','2018-05-02 03:57:20',NULL),(3,'KTN','KELANTAN',1,'2018-05-02 03:57:20','2018-05-02 03:57:20',NULL),(4,'KUL','WILAYAH PERSEKUTUAN KUALA LUMPUR',1,'2018-05-02 03:57:20','2018-05-02 03:57:20',NULL),(5,'LBN','WILAYAH PERSEKUTUAN LABUAN',2,'2018-05-02 03:57:20','2018-05-02 03:57:20',NULL),(6,'MLK','MELAKA',1,'2018-05-02 03:57:20','2018-05-02 03:57:20',NULL),(7,'NSN','NEGERI SEMBILAN',1,'2018-05-02 03:57:20','2018-05-02 03:57:20',NULL),(8,'PHG','PAHANG',1,'2018-05-02 03:57:20','2018-05-02 03:57:20',NULL),(9,'PJY','WILAYAH PERSEKUTUAN PUTRA JAYA',1,'2018-05-02 03:57:20','2018-05-02 03:57:20',NULL),(10,'PLS','PERLIS',1,'2018-05-02 03:57:20','2018-05-02 03:57:20',NULL),(11,'PNG','PULAU PINANG',1,'2018-05-02 03:57:20','2018-05-02 03:57:20',NULL),(12,'PRK','PERAK',1,'2018-05-02 03:57:20','2018-05-02 03:57:20',NULL),(13,'SBH','SABAH',2,'2018-05-02 03:57:20','2018-05-02 03:57:20',NULL),(14,'SGR','SELANGOR',1,'2018-05-02 03:57:20','2018-05-02 03:57:20',NULL),(15,'SRW','SARAWAK',2,'2018-05-02 03:57:20','2018-05-02 03:57:20',NULL),(16,'TRG','TERENGGANU',1,'2018-05-02 03:57:20','2018-05-02 03:57:20',NULL);

--
-- Table structure for table `master_state_ori`
--

CREATE TABLE `master_state_ori` (
  `state_id` int(10) unsigned NOT NULL AUTO_INCREMENT,
  `state_desc` varchar(255) COLLATE utf8_unicode_ci NOT NULL,
  `created_at` timestamp NOT NULL DEFAULT CURRENT_TIMESTAMP,
  `updated_at` timestamp NOT NULL DEFAULT '0000-00-00 00:00:00',
  `deleted_at` timestamp NULL DEFAULT NULL,
  PRIMARY KEY (`state_id`)
) ENGINE=InnoDB AUTO_INCREMENT=16 DEFAULT CHARSET=utf8 COLLATE=utf8_unicode_ci;

--
-- Dumping data for table `master_state_ori`
--

INSERT INTO `master_state_ori` VALUES (1,'Perlis','2017-12-15 12:40:43','2017-12-15 12:40:43',NULL),(2,'Kelantan','2017-12-15 12:40:43','2017-12-15 12:40:43',NULL),(3,'Pulau Pinang','2017-12-15 12:40:43','2017-12-15 12:40:43',NULL),(4,'Terengganu','2017-12-15 12:40:43','2017-12-15 12:40:43',NULL),(5,'Perak','2017-12-15 12:40:43','2017-12-15 12:40:43',NULL),(6,'Pahang','2017-12-15 12:40:43','2017-12-15 12:40:43',NULL),(7,'Selangor','2017-12-15 12:40:43','2017-12-15 12:40:43',NULL),(8,'Johor','2017-12-15 12:40:43','2017-12-15 12:40:43',NULL),(9,'W.P Kuala Lumpur','2017-12-15 12:40:43','2017-12-15 12:40:43',NULL),(10,'W.P Putrajaya','2017-12-15 12:40:43','2017-12-15 12:40:43',NULL),(11,'Sabah','2017-12-15 12:40:43','2017-12-15 12:40:43',NULL),(12,'W.P Labuan','2017-12-15 12:40:43','2017-12-15 12:40:43',NULL),(13,'Sarawak','2017-12-15 12:40:43','2017-12-15 12:40:43',NULL),(14,'Negeri Sembilan','2017-12-15 12:40:43','2017-12-15 12:40:43',NULL),(15,'Kedah','2017-12-15 12:40:43','2017-12-15 12:40:43',NULL);

--
-- Table structure for table `menus`
--

CREATE TABLE `menus` (
  `id` int(10) unsigned NOT NULL AUTO_INCREMENT,
  `parent_id` int(10) unsigned DEFAULT NULL,
  `title` varchar(255) NOT NULL,
  `label` varchar(255) NOT NULL,
  `url` text NOT NULL,
  `order` int(11) NOT NULL,
  `created_at` timestamp NULL DEFAULT NULL,
  `updated_at` timestamp NOT NULL DEFAULT CURRENT_TIMESTAMP ON UPDATE CURRENT_TIMESTAMP,
  `deleted_at` timestamp NULL DEFAULT NULL,
  PRIMARY KEY (`id`)
) ENGINE=InnoDB AUTO_INCREMENT=6 DEFAULT CHARSET=latin1;

--
-- Dumping data for table `menus`
--

INSERT INTO `menus` VALUES (1,NULL,'test','test','google.com',0,NULL,'2018-07-13 04:44:08','2018-07-12 20:44:08'),(2,1,'test','ting','testing.com',0,NULL,'2018-07-13 04:44:05','2018-07-12 20:44:04'),(3,NULL,'test','ting','google.com',0,NULL,'2018-07-16 08:13:47',NULL),(4,NULL,'tang','tang','otoworkz.my',2,NULL,'2018-07-16 08:13:48',NULL),(5,NULL,'tung','tung','web.com',1,NULL,'2018-07-16 08:13:48',NULL);

--
-- Table structure for table `migrations`
--

CREATE TABLE `migrations` (
  `id` int(10) unsigned NOT NULL AUTO_INCREMENT,
  `migration` varchar(255) COLLATE utf8_unicode_ci NOT NULL,
  `batch` int(11) NOT NULL,
  PRIMARY KEY (`id`)
) ENGINE=InnoDB AUTO_INCREMENT=7 DEFAULT CHARSET=utf8 COLLATE=utf8_unicode_ci ROW_FORMAT=DYNAMIC;

--
-- Dumping data for table `migrations`
--

INSERT INTO `migrations` VALUES (1,'2014_10_12_000000_create_users_table',1),(2,'2014_10_12_100000_create_password_resets_table',1),(3,'2017_08_29_064643_create_admins_table',1),(4,'2017_09_07_041931_create_employees_table',1),(5,'2018_04_02_142137_create_permission_tables',2),(6,'2018_04_07_170349_create_audits_table',3);

--
-- Table structure for table `password_resets`
--

CREATE TABLE `password_resets` (
  `email` varchar(255) COLLATE utf8_unicode_ci NOT NULL,
  `token` varchar(255) COLLATE utf8_unicode_ci NOT NULL,
  `created_at` timestamp NULL DEFAULT NULL,
  KEY `password_resets_email_index` (`email`)
) ENGINE=InnoDB DEFAULT CHARSET=utf8 COLLATE=utf8_unicode_ci ROW_FORMAT=DYNAMIC;

--
-- Dumping data for table `password_resets`
--


--
-- Table structure for table `penerbangan`
--

CREATE TABLE `penerbangan` (
  `penerbangan_id` bigint(20) NOT NULL AUTO_INCREMENT,
  `permohonan_id` bigint(20) NOT NULL,
  `jenis_penerbangan_id` int(11) NOT NULL,
  `penerbangan_date` date NOT NULL,
  `penerbangan_berlepas` time NOT NULL,
  `penerbangan_tiba` time DEFAULT NULL,
  `flight_company_id` int(11) NOT NULL,
  `penerbangan_no` varchar(30) DEFAULT NULL COMMENT 'no pesawat',
  `from_location_id` int(11) NOT NULL,
  `to_location_id` int(11) NOT NULL,
  `payment_method_id` int(11) DEFAULT NULL,
  `penerbangan_fair` decimal(10,2) NOT NULL DEFAULT '0.00',
  `penerbangan_tax` decimal(10,2) NOT NULL DEFAULT '0.00',
  `penerbangan_seat` decimal(10,2) NOT NULL DEFAULT '0.00',
  `penerbangan_luggage` decimal(10,2) NOT NULL DEFAULT '0.00',
  `penerbangan_meal` decimal(10,2) NOT NULL DEFAULT '0.00',
  `penerbangan_penalty` decimal(10,2) NOT NULL DEFAULT '0.00',
  `penerbangan_discount` decimal(10,2) NOT NULL DEFAULT '0.00',
  `penerbangan_final_amount` decimal(10,2) NOT NULL DEFAULT '0.00',
  `created_at` timestamp NOT NULL DEFAULT CURRENT_TIMESTAMP ON UPDATE CURRENT_TIMESTAMP,
  `updated_at` timestamp NOT NULL DEFAULT CURRENT_TIMESTAMP,
  `deleted_at` timestamp NULL DEFAULT NULL,
  PRIMARY KEY (`penerbangan_id`)
) ENGINE=InnoDB DEFAULT CHARSET=latin1;

--
-- Dumping data for table `penerbangan`
--


--
-- Table structure for table `permissions`
--

CREATE TABLE `permissions` (
  `id` int(10) unsigned NOT NULL AUTO_INCREMENT,
  `name` varchar(255) COLLATE utf8_unicode_ci NOT NULL,
  `description` text COLLATE utf8_unicode_ci,
  `namespace` varchar(255) COLLATE utf8_unicode_ci DEFAULT NULL,
  `controller` varchar(100) COLLATE utf8_unicode_ci DEFAULT NULL,
  `function` varchar(100) COLLATE utf8_unicode_ci DEFAULT NULL,
  `parent_menu` int(11) NOT NULL DEFAULT '0',
  `sort` int(11) NOT NULL,
  `created_at` timestamp NULL DEFAULT NULL,
  `updated_at` timestamp NULL DEFAULT NULL,
  PRIMARY KEY (`id`),
  UNIQUE KEY `permissions_name_unique` (`name`)
) ENGINE=InnoDB AUTO_INCREMENT=133 DEFAULT CHARSET=utf8 COLLATE=utf8_unicode_ci ROW_FORMAT=DYNAMIC COMMENT='ACL related';

--
-- Dumping data for table `permissions`
--

INSERT INTO `permissions` VALUES (13,'home','Dashboard Pengguna','App\\Http\\Controllers','HomeController','index',1,0,NULL,'2018-12-17 07:02:13'),(14,'administration','Pengurusan Pentadbiran','administration','AdminController','na',1,2,NULL,NULL),(15,'admin.dashboard','Dashboard Pentadbir','App\\Modules\\Admin\\Controllers','AdminController','index',1,1,NULL,NULL),(16,'user.index','Pengurusan Pengguna','App\\Http\\Controllers\\Controller','UserController','index',0,3,NULL,'2018-04-25 05:46:50'),(17,'admin.roles','Pengurusan Peranan','App\\Modules\\Admin\\Controllers','RoleController','index',0,7,NULL,'2019-03-21 08:51:51'),(18,'admin.permission','Pengurusan Permission','App\\Http\\Controllers\\Controller','PermissionController','index',0,8,NULL,'2019-03-21 08:51:51'),(19,'admin.menus','Pengurusan Menu','App\\Modules\\Admin\\Controllers','MenuController','index',0,9,NULL,'2019-03-21 08:51:51'),(20,'admin.logs','Log Sistem','Rap2hpoutre\\LaravelLogViewer','LogViewerController','index',0,10,NULL,'2019-03-21 08:51:51'),(21,'admin.config','Konfigurasi Sistem','App\\Modules\\Admin\\Controllers','AdminController','configuration',0,11,NULL,'2019-03-21 08:51:51'),(22,'admin.auditrail','Log Aktiviti Pengguna','App\\Modules\\Admin\\Controllers','AdminController','auditTrail',0,12,NULL,'2019-03-21 08:51:51'),(29,'user.disable','Nyahaktif Pengguna','App\\Modules\\Admin\\Controllers','UserController','disableUser',0,4,'2018-04-29 22:58:17','2018-04-29 22:58:17'),(30,'user.enable','Pengaktifan Pengguna','App\\Modules\\Admin\\Controllers','UserController','enableUser',0,5,'2018-04-29 22:59:02','2018-04-29 22:59:02'),(101,'data','Pengurusan Data Rujukan','App\\Modules\\Admin\\Controllers','DataManagementController','na',1,14,'2018-11-10 05:06:34','2019-03-21 08:51:51'),(104,'data.jawatan.index','Senarai Jawatan','App\\Modules\\Admin\\Controllers','DataManagementController','jawatanindex',0,20,'2018-11-17 06:59:47','2019-03-21 08:51:51'),(108,'proses.permohonan','Pengurusan Permohonan','App\\Modules\\Permohonan\\Controllers','na','na',1,22,'2018-11-25 15:08:46','2019-03-21 17:02:13'),(110,'report.index','Laporan','App\\Modules\\Report\\Controller','ReportController','index',1,26,NULL,'2019-03-21 09:15:41'),(121,'user.changerole','Tukar Peranan Pengguna','na','na','na',0,13,'2018-12-10 17:41:13','2019-03-21 08:51:51'),(123,'data.announcement.index','Pengumuman','App\\Modules\\Admin\\Controllers','DataManagementController','announcementindex',0,21,'2019-02-26 12:34:56','2019-03-21 08:51:51'),(124,'data.gred.index','Senarai Gred','App\\Modules\\Admin\\Controllers','DataManagementController','gredindex',0,15,'2019-03-20 17:14:43','2019-03-21 08:51:51'),(125,'data.location.index','Senarai Destinasi Penerbangan','App\\Modules\\Admin\\Controllers','DataManagementController','locationindex',0,16,'2019-03-20 17:17:41','2019-03-21 08:51:51'),(126,'data.allocation.index','Senarai Peruntukan','App\\Modules\\Admin\\Controllers','DataManagementController','allocationindex',0,17,'2019-03-20 17:18:52','2019-03-21 08:51:51'),(127,'data.flightcompany.index','Senarai Syarikat Penerbangan','App\\Modules\\Admin\\Controllers','DataManagementController','flightcompanyindex',0,18,'2019-03-20 17:20:19','2019-03-21 08:51:51'),(128,'data.unit.index','Senarai Unit Bahagian','App\\Modules\\Admin\\Controllers','DataManagementController','unitbahagianindex',0,19,'2019-03-20 17:21:11','2019-03-21 08:51:51'),(129,'user.limitupdate','Had Kemaskini Profil','na','na','na',0,6,'2019-03-21 16:51:51','2019-03-21 16:51:51'),(130,'proses.permohonan.baru','Permohonan Tiket Baru','App\\Modules\\Permohonan\\Controllers','na','na',0,23,'2019-03-21 17:04:46','2019-03-21 17:05:04'),(131,'proses.permohonan.lulus','Melulus Permohonan','App\\Modules\\Permohonan\\Controllers','na','na',0,24,'2019-03-21 17:06:15','2019-03-21 17:08:23'),(132,'proses.permohonan.belitiket','Menguruskan Tiket','App\\Modules\\Permohonan\\Controllers','na','na',0,25,'2019-03-21 17:15:41','2019-03-21 17:16:20');

--
-- Table structure for table `permohonan`
--

CREATE TABLE `permohonan` (
  `permohonan_id` bigint(11) NOT NULL AUTO_INCREMENT,
  `pemohon_id` int(11) NOT NULL,
  `allocation_id` int(11) DEFAULT NULL,
  `pembangunan_id` int(11) DEFAULT NULL,
  `permohonan_no` varchar(20) DEFAULT NULL,
  `permohonan_mula_tugas` date NOT NULL,
  `permohonan_tamat_tugas` date NOT NULL,
  `permohonan_nobilbom` varchar(30) DEFAULT NULL,
  `approver_id` int(11) NOT NULL,
  `permohonan_tempat_tugasan` varchar(255) NOT NULL,
  `permohonan_tujuan` text NOT NULL,
  `permohonan_catatan` text,
  `permohonan_catatan_approver` text,
  `permohonan_alasan_batal` text,
  `permohonan_alasan_tangguh` text,
  `permohonan_alasan_tangguh_approver` text,
  `is_selfpaid` int(11) NOT NULL DEFAULT '0',
  `is_wakil` int(1) NOT NULL DEFAULT '0',
  `status` char(1) NOT NULL DEFAULT 'N' COMMENT 'N-new,A-approve,C-complete,R-reject,T-Tangguh,B-batal,I-inprogress',
  `permohonan_fair` decimal(10,2) NOT NULL DEFAULT '0.00',
  `permohonan_tax` decimal(10,2) NOT NULL DEFAULT '0.00',
  `permohonan_seat` decimal(10,2) NOT NULL DEFAULT '0.00',
  `permohonan_luggage` decimal(10,2) NOT NULL DEFAULT '0.00',
  `permohonan_meal` decimal(10,2) NOT NULL DEFAULT '0.00',
  `permohonan_penalty` decimal(10,2) NOT NULL DEFAULT '0.00',
  `permohonan_discount` decimal(10,2) NOT NULL DEFAULT '0.00',
  `permohonan_final_amount` decimal(10,2) NOT NULL DEFAULT '0.00',
  `approved_by` int(11) DEFAULT NULL,
  `approved_date` datetime DEFAULT NULL,
  `completed_by` int(11) DEFAULT NULL,
  `completed_date` datetime DEFAULT NULL,
  `approved_tangguh_by` int(11) DEFAULT NULL,
  `approved_tangguh_date` datetime DEFAULT NULL,
  `approved_tangguh_approved_by` int(11) DEFAULT NULL,
  `approved_tangguh_approved_date` datetime DEFAULT NULL,
  `created_by` int(11) NOT NULL,
  `created_at` timestamp NOT NULL DEFAULT CURRENT_TIMESTAMP ON UPDATE CURRENT_TIMESTAMP,
  `updated_at` timestamp NOT NULL DEFAULT CURRENT_TIMESTAMP,
  `deleted_at` timestamp NULL DEFAULT NULL,
  PRIMARY KEY (`permohonan_id`)
) ENGINE=InnoDB DEFAULT CHARSET=latin1;

--
-- Dumping data for table `permohonan`
--


--
-- Table structure for table `rawdata`
--

CREATE TABLE `rawdata` (
  `id` int(11) DEFAULT NULL,
  `name` varchar(255) DEFAULT NULL,
  `password` varchar(255) DEFAULT NULL,
  `email` varchar(50) DEFAULT NULL,
  `staffno` varchar(10) DEFAULT NULL,
  `jawatan_id` int(11) DEFAULT NULL,
  `jawatan` varchar(50) DEFAULT NULL,
  `gred_id` int(11) DEFAULT NULL,
  `gred` varchar(50) DEFAULT NULL,
  `unit` varchar(50) DEFAULT NULL,
  `bahagian_id` int(11) DEFAULT NULL,
  `bahagian` varchar(50) DEFAULT NULL,
  `icno` varchar(20) DEFAULT NULL,
  `pelulus_id` int(11) DEFAULT NULL,
  `pelulus` varchar(255) DEFAULT NULL,
  `role_id` int(11) DEFAULT NULL
) ENGINE=InnoDB DEFAULT CHARSET=latin1;

--
-- Dumping data for table `rawdata`
--

INSERT INTO `rawdata` VALUES (3,'Ab. Razak Salleh ',NULL,'razaksalleh@mpc.gov.my','2112',23,'Penolong Jurutera (KUP)',12,'JA29/JA36','MIT',5,'MSF','620310035231',36,'Burhanuddin Saidin',8),(4,'Abang Nurfadli Abang Yusuf ',NULL,'nurfadli@mpc.gov.my','1602',27,'Penolong Pengurus',3,'E41','MPC SKO',11,'MPC SKO','881113136047',295,'Waila Mohd. Nasir',8),(5,'Abdollah Talib',NULL,'dollah@mpc.gov.my','2113',14,'Pembantu Tadbir (P/O)',21,'N28','HRMD',3,'DGO','641129055193',129,'Dato\' Mohd Razali Hussain',8),(6,'Abdul Hadi Ishak',NULL,'hadi@mpc.gov.my','2971',15,'Pembantu Tadbir (P/O) (KUP)',19,'N22','AST',5,'MSF','810825045057',36,'Burhanuddin Saidin',8),(7,'Abdul Hakim bin Mohamad Sharif',NULL,'hakim@mpc.gov.my','3043',8,'Pembantu Awam',9,'H11','PCT',5,'MSF','840515145893',36,'Burhanuddin Saidin',8),(8,'Abdul Karim Abdul Halim',NULL,'karim@mpc.gov.my','2970',10,'Pembantu Operasi',16,'N11','ADM',5,'MSF','810328145225',36,'Burhanuddin Saidin',8),(9,'Dato\' Abd. Latif Abu Seman',NULL,'abdullatif@mpc.gov.my','1179',32,'Timbalan Ketua Pengarah',14,'JUSA B/VU6','',6,'PCD','610529065073',129,'Dato\' Mohd Razali Hussain',6),(10,'Abdul Latif Hussein ',NULL,'AbdulLatifh@mpc.gov.my','2061',23,'Penolong Jurutera (KUP)',12,'JA29/JA36','MPC SKO',11,'MPC SKO','600723135435',295,'Waila Mohd. Nasir',8),(11,'Abdul Malek Mohamad Aripin',NULL,'malek@mpc.gov.my','1407',18,'Pengurus',4,'E44','CRO',2,'CRO','690206045185',242,'Dr. Rahmat Md. Smail',8),(12,'Abdul Quyun Mansor',NULL,'quyun@mpc.gov.my','3114',10,'Pembantu Operasi',16,'N11','ADM',5,'MSF','850207065305',36,'Burhanuddin Saidin',8),(13,'Abigail Subatra a/p Anbalakan',NULL,'abigail@mpc.gov.my','1589',27,'Penolong Pengurus',3,'E41','ITR',1,'CPD','850106055140',79,'Kamaruddin Mohamad  ',8),(14,'Adlina Snawi',NULL,'adlina@mpc.gov.my','1434',27,'Penolong Pengurus',3,'E41','MPC NRO',9,'MPC NRO','781031075342',99,'Dr. Mazrina Mohd. Ibramsah',8),(15,'Ahmad Fathan Abdul Rahim',NULL,'fathan@mpc.gov.my','1652',27,'Penolong Pengurus',3,'E41','MPC NRO',9,'MPC NRO','860818355343',99,'Dr. Mazrina Mohd. Ibramsah',8),(16,'Ahmad Harris Abdullah',NULL,'harris@mpc.gov.my','1495',18,'Pengurus',4,'E44','SR',6,'PCD','790805115235',39,'Dr.  Daud Talib',8),(17,'Aiman Zakwan Zahari',NULL,'aiman@mpc.gov.my','1594',27,'Penolong Pengurus',3,'E41','PCK',6,'PCD','891020015691',307,'Zainon Bakar',8),(18,'Aizulhisham Mat Menan',NULL,'aizul@mpc.gov.my','3013',25,'Penolong Pegawai Tadbir',22,'N29','AST',5,'MSF','801211105313',36,'Burhanuddin Saidin',8),(19,'Akmar Ashaari',NULL,'akmar@mpc.gov.my','2990',14,'Pembantu Tadbir (P/O) ',20,'N26','ADM',5,'MSF','790723075671',36,'Burhanuddin Saidin',8),(20,'Al Hisyam Abdul Halim',NULL,'alhisyam@mpc.gov.my','1565',27,'Penolong Pengurus',3,'E41','',1,'CPD','780407145421',79,'Kamaruddin Mohamad  ',8),(21,'Aluyah Suhaili',NULL,'alluyah@mpc.gov.my','2123',16,'Pembantu Tadbir (P/O) KUP',20,'N26','MPC SKO',11,'MPC SKO','630805135268',295,'Waila Mohd. Nasir',8),(22,'Amirul Qamar Zakaria',NULL,'amirulqamar@mpc.gov.my','3113',22,'Penolong Jurutera',12,'JA29/JA36','AST',5,'MSF','870118086399',36,'Burhanuddin Saidin',8),(23,'Anis Marina Abd. Wahab',NULL,'anis@mpc.gov.my','1591',27,'Penolong Pengurus',3,'E41','PCK',6,'PCD','850708145936',307,'Zainon Bakar',8),(24,'Asmahan Othman',NULL,'asmahan@mpc.gov.my','1429',18,'Pengurus',4,'E44','',7,'QED','730601715226',141,'Mohd. Zaki Bin Ibrahim ',8),(25,'Asmawadi Mohamed',NULL,'asmawadi@mpc.gov.my','1501',18,'Pengurus',4,'E44','CRO',2,'CRO','800318035293',242,'Dr. Rahmat Md. Smail',8),(26,'Athirah Ishak',NULL,'athirah@mpc.gov.my','1657',27,'Penolong Pengurus',3,'E41','SR',6,'PCD','890925035094',39,'Dr.  Daud Talib',8),(27,'Ati Djam Seri Montoi',NULL,'atidjam@mpc.gov.my','1433',18,'Pengurus',4,'E44','',7,'QED','721110125470',141,'Mohd. Zaki Bin Ibrahim ',8),(28,'Awang Udin Kanda ',NULL,'awangudin@mpc.gov.my','2124',10,'Pembantu Operasi',16,'N11','MPC SBO',10,'MPC SBO','620807125523',72,'Izani Ishak',8),(29,'Azhani Ismail',NULL,'azhani@mpc.gov.my','1424',27,'Penolong Pengurus',3,'E41','',4,'DMO','740621715142',304,'Zahid Ismail',8),(30,'Azimah Adnan',NULL,'azimah@mpc.gov.my','1531',18,'Pengurus',4,'E44','',4,'DMO','820910105084',304,'Zahid Ismail',8),(31,'Azira Mohamed Hodzai',NULL,'azira@mpc.gov.my','1580',27,'Penolong Pengurus',3,'E41','MIT',5,'MSF','871121295452',36,'Burhanuddin Saidin',8),(32,'Azizan Omar ',NULL,'azizan@mpc.gov.my','2069',10,'Pembantu Operasi',17,'N14','ADM',5,'MSF','590613055315',36,'Burhanuddin Saidin',8),(33,'Azlan Kassim',NULL,'azk@mpc.gov.my','1197',33,'Timbalan Pengarah',6,'E52','MPC ECR',8,'MPC ECR','600518106299',66,'Ab. Rahim Yusoff',6),(34,'Azlin Mohd Alias    ',NULL,'azlin@mpc.gov.my','1462',18,'Pengurus',4,'E44','',4,'DMO','771102145856',304,'Zahid Ismail',8),(35,'Bahar Musa ',NULL,'bahar@mpc.gov.my','2051',10,'Pembantu Operasi',16,'N11','CRO',2,'CRO','591116055239',242,'Dr. Rahmat Md. Smail',8),(36,'Burhanuddin Saidin',NULL,'bob@mpc.gov.my','1199',17,'Pengarah',7,'E54','',5,'MSF','601103085419',129,'Dato\' Mohd Razali Hussain',6),(37,'Cham Yin Hwa',NULL,'cham@mpc.gov.my','1572',27,'Penolong Pengurus',3,'E41','PCT',5,'MSF','850809045416',36,'Burhanuddin Saidin',8),(38,'Darul Adizul Ishak ',NULL,'daruladizul@mpc.gov.my','1556',27,'Penolong Pengurus',3,'E41','MPC SBO',10,'MPC SBO','821110105937',72,'Izani Ishak',8),(39,'Dr. Daud Talib',NULL,'daud@mpc.gov.my','1277',17,'Pengarah',7,'E54','',6,'PCD','650523015733',9,'Dato\' Abd. Latif Abu Seman',6),(40,'Eamizan Hasim',NULL,'eamizan@mpc.gov.my','1340',19,'Pengurus Kanan',5,'E48','UAD',3,'DGO','671215106089',129,'Dato\' Mohd Razali Hussain',8),(41,'Edward Binty',NULL,'edward@mpc.gov.my','1435',18,'Pengurus',4,'E44','MPC SBO',10,'MPC SBO','750707125521',72,'Izani Ishak',8),(42,'Ellma Eddiahwati Musa',NULL,'ellma@mpc.gov.my','3067',30,'Setiausaha Pejabat ',22,'N29','',6,'PCD','760622145362',9,'Dato\' Abd. Latif Abu Seman',8),(43,'Faizul Mohamed',NULL,'faizul@mpc.gov.my','2995',7,'Pemandu Kenderaan',9,'H11','MPC SRO',12,'MPC SRO','730506015053',255,'Roziana Othman',8),(44,'Fara Salinda Ayu Halim ',NULL,'farasalinda@mpc.gov.my','3072',15,'Pembantu Tadbir (P/O) (KUP)',18,'N19','UAD',3,'DGO','790904085772',129,'Dato\' Mohd Razali Hussain',8),(45,'Fara Suraya Hani Halim',NULL,'fara@mpc.gov.my','3014',13,'Pembantu Setiausaha Pejabat (KUP)',19,'N22','',4,'DMO','780714085668',304,'Zahid Ismail',8),(46,'Farah Diyana Derma Dewa',NULL,'diyana@mpc.gov.my','3115',14,'Pembantu Tadbir (P/O) ',18,'N19','ADM',5,'MSF','820812105056',36,'Burhanuddin Saidin',2),(47,'Farah Sazarina Othman',NULL,'farah@mpc.gov.my','2964',15,'Pembantu Tadbir (P/O) (KUP)',19,'N22','PCT',5,'MSF','811203015456',36,'Burhanuddin Saidin',8),(48,'Farhan Abdullah',NULL,'farhan@mpc.gov.my','3044',7,'Pemandu Kenderaan',9,'H11','',3,'DGO','730617105449',129,'Dato\' Mohd Razali Hussain',8),(49,'Faridah Taju Rahim',NULL,'faridah_tr@mpc.gov.my','1451',18,'Pengurus',4,'E44','MPC ECR',8,'MPC ECR','760308065380',33,'Azlan Kassim',8),(50,'Fauziah Ahmad Nawawi',NULL,'fauziahnawawi@mpc.gov.my','2973',14,'Pembantu Tadbir (P/O) ',18,'N19','AST',5,'MSF','790625105398',36,'Burhanuddin Saidin',8),(51,'Fauziah Manaf',NULL,'fauziah@mpc.gov.my','2563',12,'Pembantu Setiausaha Pejabat',19,'N22','',6,'PCD','660107065028',9,'Dato\' Abd. Latif Abu Seman',8),(52,'Fauziah Sakiman',NULL,'fauziahsakiman@mpc.gov.my','2659',14,'Pembantu Tadbir (P/O) ',19,'N22','MPC SRO',12,'MPC SRO','720323015326',255,'Roziana Othman',8),(53,'Fizalawati Amin',NULL,'fizalawati@mpc.gov.my','3078',12,'Pembantu Setiausaha Pejabat',18,'N19','MPC SKO',11,'MPC SKO','810813135258',295,'Waila Mohd. Nasir',2),(54,'Hafiza Atha Ahmad',NULL,'hafiza@mpc.gov.my','1496',18,'Pengurus',4,'E44','',6,'PCD','811010105092',9,'Dato\' Abd. Latif Abu Seman',8),(55,'Hafizah Sith',NULL,'hafizahsith@mpc.gov.my','1418',18,'Pengurus',4,'E44','',4,'DMO','790329016120',304,'Zahid Ismail',8),(56,'Hafizoh Md. Aris',NULL,'hafizoh@mpc.gov.my','1497',27,'Penolong Pengurus',3,'E41','',6,'PCD','780402025746',9,'Dato\' Abd. Latif Abu Seman',8),(57,'Hairul Mizan Hamdan ',NULL,'hairul@mpc.gov.my','2997',20,'Penjaga Jentera Eletrik',11,'J22','MPC SRO',12,'MPC SRO','770222015947',255,'Roziana Othman',8),(58,'Halimahton Saadiah Let',NULL,'halimahton@mpc.gov.my','1409',18,'Pengurus',4,'E44','',6,'PCD','730930085368',9,'Dato\' Abd. Latif Abu Seman',8),(59,'Hamzaly Zakaria',NULL,'hamzaly@mpc.gov.my','2998',8,'Pembantu Awam',9,'H11','PCT',5,'MSF','680617105825',36,'Burhanuddin Saidin',8),(60,'Hanisah Mohd. Ramli',NULL,'hanisah@mpc.gov.my','1529',27,'Penolong Pengurus',3,'E41','',4,'DMO','840523105736',304,'Zahid Ismail',8),(61,'Hasbullah Abdul Hamid ',NULL,'hasbullah@mpc.gov.my','3083',23,'Penolong Jurutera (KUP)',12,'JA29/JA36','AST',5,'MSF','800114025253',36,'Burhanuddin Saidin',8),(62,'Haslizayanti Othman',NULL,'haslizayanti@mpc.gov.my','1526',27,'Penolong Pengurus',3,'E41','PCK',6,'PCD','810117065348',307,'Zainon Bakar',8),(63,'Hazwani Nadiah Ismail',NULL,'hazwani@mpc.gov.my','1525',27,'Penolong Pengurus',3,'E41','MPC ECR',8,'MPC ECR','820913035624',33,'Azlan Kassim',8),(64,'Hillina Abdul Karim',NULL,'hillina@mpc.gov.my','1457',3,'Akauntan Kanan',29,'WA44','KEW',5,'MSF','760325105284',36,'Burhanuddin Saidin',8),(65,'Hishamuddin Hassan',NULL,'hishammudin@mpc.gov.my','3037',10,'Pembantu Operasi',16,'N11','MPC NRO',9,'MPC NRO','811203025531',99,'Dr. Mazrina Mohd. Ibramsah',8),(66,'Ab. Rahim Yusoff',NULL,'abrahim@mpc.gov.my','1192',32,'Timbalan Ketua Pengarah',15,'JUSA C/VU7','',7,'QED','601217035145',129,'Dato\' Mohd Razali Hussain',6),(67,'Ab. Rashid Omar',NULL,'abrash@mpc.gov.my','1331',19,'Pengurus Kanan',5,'E48','',6,'PCD','660801045393',9,'Dato\' Abd. Latif Abu Seman',8),(68,'Huda Atiqah Samsir',NULL,'atiqah@mpc.gov.my','1644',27,'Penolong Pengurus',3,'E41','MEDIA',1,'CPD','881028015128',79,'Kamaruddin Mohamad  ',8),(69,'Ilyana Norsaidah Ab Rahman',NULL,'ilyana@mpc.gov.my','1638',27,'Penolong Pengurus',3,'E41','SR',6,'PCD','910911035478',39,'Dr.  Daud Talib',8),(70,'Ingrid Ng Edy',NULL,'ingrid@mpc.gov.my','1609',27,'Penolong Pengurus',3,'E41','MPC SBO',10,'MPC SBO','871121495040',72,'Izani Ishak',8),(71,'Isram Azhar',NULL,'isram@mpc.gov.my','3047',25,'Penolong Pegawai Tadbir',22,'N29','ADM',5,'MSF','820324105479',36,'Burhanuddin Saidin',8),(72,'Izani Ishak',NULL,'izani@mpc.gov.my','1275',33,'Timbalan Pengarah',6,'E52','MPC SBO',10,'MPC SBO','630610035689',66,'Ab. Rahim Yusoff',6),(73,'Izzul Ikhwan Ishak',NULL,'izzul@mpc.gov.my','1659',27,'Penolong Pengurus',3,'E41','PCK',6,'PCD','910610105989',307,'Zainon Bakar',8),(74,'Jauza Juhairah Jimmy Abdullah',NULL,'jacqueline@mpc.gov.my','3141',14,'Pembantu Tadbir (P/O) ',18,'N19','',6,'PCD','920127126324',307,'Zainon Bakar',8),(75,'Jayaletchumi Krishnan',NULL,'jaya@mpc.gov.my','1488',27,'Penolong Pengurus',3,'E41','',7,'QED','780507025152',141,'Mohd. Zaki Bin Ibrahim ',8),(76,'Jerry Shahnizal Abd. Aziz',NULL,'jerry@mpc.gov.my','1503',18,'Pengurus',4,'E44','MPC SKO',11,'MPC SKO','830808146065',295,'Waila Mohd. Nasir',8),(77,'Josffa Ismail',NULL,'josffa@mpc.gov.my','1408',18,'Pengurus',4,'E44','',4,'DMO','780215075975',304,'Zahid Ismail',8),(78,'Kabir Ahmad Mohamad Jamil',NULL,'kabir@mpc.gov.my','1170',17,'Pengarah',7,'E54','',6,'PCD','600101025303',129,'Dato\' Mohd Razali Hussain',6),(79,'Kamaruddin Mohamad  ',NULL,'dinmohd@mpc.gov.my','1183',17,'Pengarah',7,'E54','',1,'CPD','610718115105',79,'Kamaruddin Mohamad  ',6),(80,'Kamaruzaman Ramli ',NULL,'kamaruzamanr@mpc.gov.my','3103',23,'Penolong Jurutera (KUP)',12,'JA29/JA36','MPC ECR',8,'MPC ECR','830308115035',33,'Azlan Kassim',8),(81,'Kartin Haslinda Che Mat',NULL,'haslinda@mpc.gov.my','1450',27,'Penolong Pengurus',3,'E41','MPC ECR',8,'MPC ECR','760304035264',33,'Azlan Kassim',8),(82,'Kasturi Devi a/p Appanna',NULL,'kasturi@mpc.gov.my','1546',27,'Penolong Pengurus',3,'E41','MPC NRO',9,'MPC NRO','810525085890',99,'Dr. Mazrina Mohd. Ibramsah',8),(83,'Khairil Afi Adnan',NULL,'KhairilAfi@mpc.gov.my','3156',14,'Pembantu Tadbir (P/O) ',18,'N19','HRMD',3,'DGO','871003065189',129,'Dato\' Mohd Razali Hussain',8),(84,'Khalidatul Asrin Abd. Aziz',NULL,'asrin@mpc.gov.my','1483',18,'Pengurus',4,'E44','SR',6,'PCD','800112025794',39,'Dr.  Daud Talib',8),(85,'Khatijah Rahmat ',NULL,'khatijah@mpc.gov.my','1606',27,'Penolong Pengurus',3,'E41','MPC SKO',11,'MPC SKO','840710135404',295,'Waila Mohd. Nasir',8),(86,'Khidzir Ahmad',NULL,'khidzir@mpc.gov.my','1534',18,'Pengurus',4,'E44','SR',6,'PCD','780830105611',39,'Dr.  Daud Talib',8),(87,'Datin Latchumy Prabha',NULL,'prabha@mpc.gov.my','1316',19,'Pengurus Kanan',5,'E48','ITR',1,'CPD','620517015246',79,'Kamaruddin Mohamad  ',8),(88,'Lee Wan Swanee',NULL,'swanee@mpc.gov.my','1573',27,'Penolong Pengurus',3,'E41','SR',6,'PCD','850915035756',39,'Dr.  Daud Talib',8),(89,'Lee Wan Wei',NULL,'wanwei@mpc.gov.my','1585',27,'Penolong Pengurus',3,'E41','',4,'DMO','860814595008',304,'Zahid Ismail',8),(90,'Liyana Othman',NULL,'liyana@mpc.gov.my','1656',27,'Penolong Pengurus',3,'E41','MPC SKO',11,'MPC SKO','900703137438',295,'Waila Mohd. Nasir',8),(91,'Mahadi Hasbullah',NULL,'mahadi@mpc.gov.my','1486',18,'Pengurus',4,'E44','MPC ECR',8,'MPC ECR','760815035303',33,'Azlan Kassim',8),(92,'Mariatul Af-Ida M.T. Ariffin',NULL,'mariatul@mpc.gov.my','1390',18,'Pengurus',4,'E44','',4,'DMO','750712085034',285,'Suhaimi Hamad',8),(93,'Marina Maulad Ismail',NULL,'marina@mpc.gov.my','3074',15,'Pembantu Tadbir (P/O) (KUP)',18,'N19','CRO',2,'CRO','860329145038',242,'Dr. Rahmat Md. Smail',8),(94,'Marziah Ahmad',NULL,'marziahahmad@mpc.gov.my','1349',27,'Penolong Pengurus',3,'E41','',7,'QED','650411065218',141,'Mohd. Zaki Bin Ibrahim ',8),(95,'Mashitanor Zainudin',NULL,'mashitanor@mpc.gov.my','3087',6,'Pegawai Khidmat Pelanggan',18,'N19','ADM',5,'MSF','761019055308',36,'Burhanuddin Saidin',8),(96,'Maswani Ismail ',NULL,'maswani@mpc.gov.my','3095',15,'Pembantu Tadbir (P/O) (KUP)',18,'N19','MPC ECR',8,'MPC ECR','810316035600',33,'Azlan Kassim',8),(97,'Dr. Mazlina Shafii',NULL,'eyna@mpc.gov.my','1373',19,'Pengurus Kanan',5,'E48','',4,'DMO','720731086000',304,'Zahid Ismail',8),(98,'Maznee Abd. Halim',NULL,'maznee@mpc.gov.my','1318',19,'Pengurus Kanan',5,'E48','',7,'QED','661204115036',216,'Norzirin Ariffin',8),(99,'Dr. Mazrina Mohd. Ibramsah',NULL,'mazrina@mpc.gov.my','1393',33,'Timbalan Pengarah',6,'E52','MPC NRO',9,'MPC NRO','741207075594',66,'Ab. Rahim Yusoff',6),(100,'Mazuan Salleh',NULL,'mazuan@mpc.gov.my','1512',27,'Penolong Pengurus',3,'E41','MPC SRO',12,'MPC SRO','810105125067',255,'Roziana Othman',8),(101,'Mazuin Dahlan       ',NULL,'mazuin@mpc.gov.my','1445',18,'Pengurus',4,'E44','PCK',6,'PCD','790417145328',307,'Zainon Bakar',8),(102,'Md Shubri Ismail  ',NULL,'shubri@mpc.gov.my','1175',33,'Timbalan Pengarah',6,'E52','CRO',2,'CRO','591223075331',242,'Dr. Rahmat Md. Smail',6),(103,'Md Zainuri Juri',NULL,'zainuri@mpc.gov.my','1404',18,'Pengurus',4,'E44','',7,'QED','741122017053',141,'Mohd. Zaki Bin Ibrahim ',8),(104,'Megat Amirul Saifulnizam Megat Kamarul Bahrin ',NULL,'megatamirul@mpc.gov.my','1504',18,'Pengurus',4,'E44','MPC SRO',12,'MPC SRO','820702115739',255,'Roziana Othman',8),(105,'Melissa Ahmad Arshad',NULL,'melissa@mpc.gov.my','1411',27,'Penolong Pengurus',3,'E41','SR',6,'PCD','761210105270',39,'Dr.  Daud Talib',8),(106,'Mimi Hasnita Ahmad',NULL,'mimi@mpc.gov.my','2994',30,'Setiausaha Pejabat',22,'N29','MPC ECR',8,'MPC ECR','761108065348',33,'Azlan Kassim',2),(107,'Minhana Yahaya',NULL,'minhana@mpc.gov.my','3016',30,'Setiausaha Pejabat ',22,'N29','',5,'MSF','790514145178',36,'Burhanuddin Saidin',8),(108,'Mohamad Azrol Mohd. Dali',NULL,'mdazrol@mpc.gov.my','1423',19,'Pengurus Kanan',5,'E48','',6,'PCD','750930015683',9,'Dato\' Abd. Latif Abu Seman',8),(109,'Mohamad Hafizi Abd Rashid',NULL,'hafizi@mpc.gov.my','3093',26,'Penolong Pegawai Teknologi Maklumat',8,'FA29','MIT',5,'MSF','880905025009',36,'Burhanuddin Saidin',8),(110,'Mohamad Muzaffar Abdul Hamid',NULL,'muzaffar@mpc.gov.my','1391',19,'Pengurus Kanan',5,'E48','SR',6,'PCD','740919017603',39,'Dr.  Daud Talib',8),(111,'Mohamad Nor Bolhi',NULL,'mohamadnor@mpc.gov.my','1507',27,'Penolong Pengurus',3,'E41','',7,'QED','790607135681',216,'Norzirin Ariffin',8),(112,'Mohamad Norjayadi Tamam ',NULL,'norjayadi@mpc.gov.my','1421',19,'Pengurus Kanan',5,'E48','PEMUDAH',1,'CPD','741205135725',79,'Kamaruddin Mohamad  ',8),(113,'Mohamad Sahril Ahmad Puzi ',NULL,'sahril@mpc.gov.my','1505',18,'Pengurus',4,'E44','MPC SRO',12,'MPC SRO','821115085445',99,'Dr. Mazrina Mohd. Ibramsah',8),(114,'Mohammad Afdhan Fauzi  ',NULL,'afdhan@mpc.gov.my','3118',22,'Penolong Jurutera',12,'JA29/JA36','AST',5,'MSF','860427565669',36,'Burhanuddin Saidin',8),(115,'Mohammad Khairul Hakimin Zainoor',NULL,'mkhairul@mpc.gov.my','1516',18,'Pengurus',4,'E44','PCK',6,'PCD','830111015487',307,'Zainon Bakar',8),(116,'Mohammed Alamin Rehan',NULL,'alamin@mpc.gov.my','1454',19,'Pengurus Kanan',5,'E48','SR',6,'PCD','790113065169',39,'Dr.  Daud Talib',8),(117,'Mohd Amirol Md. Khair',NULL,'amirol@mpc.gov.my','1648',27,'Penolong Pengurus',3,'E41','HRMD',3,'DGO','900309026107',129,'Dato\' Mohd Razali Hussain',8),(118,'Mohd Azhar Zainuddin',NULL,'mohdazhar@mpc.gov.my','1542',27,'Penolong Pengurus',3,'E41','MPC ECR',8,'MPC ECR','810110105773',33,'Azlan Kassim',8),(119,'Mohd. Azrul Kamis ',NULL,'mohdazrul@mpc.gov.my','2782',10,'Pembantu Operasi',16,'N11','ADM',5,'MSF','770526025423',36,'Burhanuddin Saidin',8),(120,'Mohd. Azwan Mohd. Salleh',NULL,'azwan@mpc.gov.my','1453',19,'Pengurus Kanan',5,'E48','PCT',5,'MSF','730926075271',36,'Burhanuddin Saidin',8),(121,'Mohd Faizol Abd. Rahman',NULL,'mohdfaizol@mpc.gov.my','1593',27,'Penolong Pengurus',3,'E41','CRO',2,'CRO','841110115033',242,'Dr. Rahmat Md. Smail',8),(122,'Mohd Faizzul Shahir',NULL,'faizzul@mpc.gov.my','3110',23,'Penolong Jurutera (KUP)',12,'JA29/JA36','AST',5,'MSF','860917436181',36,'Burhanuddin Saidin',8),(123,'Mohd. Hilmi Mohd. Idris',NULL,'hilmi@mpc.gov.my','1489',18,'Pengurus',4,'E44','MPC ECR',8,'MPC ECR','790308105095',33,'Azlan Kassim',8),(124,'Mohd. Hisyam Hatimtai',NULL,'hisyam@mpc.gov.my','1406',18,'Pengurus',4,'E44','SR',6,'PCD','780321105277',39,'Dr.  Daud Talib',8),(125,'Mohd. Khairil Anuar Amir Hamzah ',NULL,'khairil@mpc.gov.my','1513',18,'Pengurus',4,'E44','MPC NRO',9,'MPC NRO','840225025017',99,'Dr. Mazrina Mohd. Ibramsah',8),(126,'Mohd. Khairizal Khahidir ',NULL,'khairizal@mpc.gov.my','1508',18,'Pengurus',4,'E44','ADM',5,'MSF','830405055353',36,'Burhanuddin Saidin',8),(127,'Mohd. Khairul Nazir Nawi',NULL,'khairul@mpc.gov.my','1456',18,'Pengurus',4,'E44','CRO',2,'CRO','770220025957',242,'Dr. Rahmat Md. Smail',8),(128,'Mohd Nizam Ali',NULL,'nizam@mpc.gov.my','3056',14,'Pembantu Tadbir (P/O)',18,'N19','KEW',5,'MSF','791128145297',36,'Burhanuddin Saidin',8),(129,'Dato\' Mohd Razali Hussain',NULL,'mrazali@mpc.gov.my','1176',5,'Ketua Pengarah',13,'JUSA A/VU5','',3,'DGO','590826115385',36,'Burhanuddin Saidin',6),(130,'Mohd. Wafi Arip',NULL,'wafi@mpc.gov.my','1473',27,'Penolong Pengurus',3,'E41','',7,'QED','770212105551',141,'Mohd. Zaki Bin Ibrahim ',8),(131,'Mohd Yazid Abdul Majid',NULL,'yazidmajid@mpc.gov.my','1455',19,'Pengurus Kanan',5,'E48','',4,'DMO','790310105537',304,'Zahid Ismail',8),(132,'Mohd Zulkifly Che Mohd Rawawi',NULL,'mohdzulkifly@mpc.gov.my','1613',27,'Penolong Pengurus',3,'E41','SR',6,'PCD','830910035265',39,'Dr.  Daud Talib',8),(133,'Mohd. Azuar Md. Sidek',NULL,'azuar@mpc.gov.my','2989',7,'Pemandu Kenderaan',9,'H11','ADM',5,'MSF','750514105065',36,'Burhanuddin Saidin',8),(134,'Mohd. Hosni Mamat @ Ariffin',NULL,'hosni@mpc.gov.my','1577',27,'Penolong Pengurus',3,'E41','MPC ECR',8,'MPC ECR','840528115511',33,'Azlan Kassim',8),(135,'Mohd. Hykal Mohd. Halim',NULL,'hykal@mpc.gov.my','3071',25,'Penolong Pegawai Tadbir',22,'N29','PCT',5,'MSF','840415015223',36,'Burhanuddin Saidin',8),(136,'Mohd. Riduan Daud',NULL,'riduan@mpc.gov.my','3007',10,'Pembantu Operasi',16,'N11','PCT',5,'MSF','830906045057',36,'Burhanuddin Saidin',8),(137,'Mohd. Rosdi Mohd Kauzi',NULL,'rosdi@mpc.gov.my','3046',7,'Pemandu Kenderaan',9,'H11','ADM',5,'MSF','750423035989',36,'Burhanuddin Saidin',8),(138,'Mohd. Shapri Ismail ',NULL,'shapri@mpc.gov.my','2054',11,'Pembantu Penerbitan (KUP)',19,'N22','ADM',5,'MSF','600813085945',36,'Burhanuddin Saidin',8),(139,'Mohd. Suzlezan Supu',NULL,'suzlezan@mpc.gov.my','1443',19,'Pengurus Kanan',5,'E48','MIT',5,'MSF','781219125145',36,'Burhanuddin Saidin',8),(140,'Mohd. Syarif Samsudin',NULL,'syarif@mpc.gov.my','2967',7,'Pemandu Kenderaan',9,'H11','MPC NRO',9,'MPC NRO','800305075173',99,'Dr. Mazrina Mohd. Ibramsah',8),(141,'Mohd. Zaki Bin Ibrahim ',NULL,'zaki@mpc.gov.my','1319',17,'Pengarah',7,'E54','MPC SRO',12,'MPC SRO','610119035197',129,'Dato\' Mohd Razali Hussain',6),(142,'Mohd. Zamros Yusof ',NULL,'zamros@mpc.gov.my','2132',10,'Pembantu Operasi',16,'N11','MPC SKO',11,'MPC SKO','670705055347',295,'Waila Mohd. Nasir',8),(143,'Mokhzani Aris Mohd. Yusoff',NULL,'mokhzani@mpc.gov.my','1397',19,'Pengurus Kanan',5,'E48','',6,'PCD','730308105015',9,'Dato\' Abd. Latif Abu Seman',8),(144,'Muhamad Afiq Piramli',NULL,'afiq@mpc.gov.my','1653',27,'Penolong Pengurus',3,'E41','',7,'QED','901211036379',216,'Norzirin Ariffin',8),(145,'Muhamad Rizuwan Abu Bakar',NULL,'muhamadrizuwan@mpc.gov.my','3132',14,'Pembantu Tadbir (P/O) ',18,'N19','ADM',5,'MSF','860512465355',36,'Burhanuddin Saidin',8),(146,'Mohammad Shahaizal Abu Talib',NULL,'shahaizal@mpc.gov.my','3004',10,'Pembantu Operasi',16,'N11','',5,'MSF','780218025869',36,'Burhanuddin Saidin',8),(147,'Muhamad Zain Musa ',NULL,'zain@mpc.gov.my','2068',1,'Ahli Fotografi',1,'B22','MEDIA',1,'CPD','611224055477',79,'Kamaruddin Mohamad  ',8),(148,'Muhamad Zamri Zainol ',NULL,'zamri@mpc.gov.my','2991',9,'Pembantu Kemahiran',10,'H19','MPC NRO',9,'MPC NRO','690427075433',99,'Dr. Mazrina Mohd. Ibramsah',8),(149,'Muhammad Afzani Ahmad ',NULL,'afzani@mpc.gov.my','3003',23,'Penolong Jurutera (KUP)',12,'JA29/JA36','AST',5,'MSF','811125145705',36,'Burhanuddin Saidin',8),(150,'Muhammaad Aidil Razak',NULL,'aidil@mpc.gov.my','3159',10,'Pembantu Operasi',16,'N11','ADM',5,'MSF','910418035597',36,'Burhanuddin Saidin',8),(151,'Muhammad Fazre Zulhelmi Fizwan',NULL,'fazre@mpc.gov.my','1595',27,'Penolong Pengurus',3,'E41','',4,'DMO','881014566439',304,'Zahid Ismail',8),(152,'Mohammad Hafiz Sabaruddin',NULL,'hafiz@mpc.gov.my','1517',27,'Penolong Pengurus',3,'E41','MPC SRO',12,'MPC SRO','830408065477',255,'Roziana Othman',8),(153,'Muhammad Hisham Nordin',NULL,'mhisham@mpc.gov.my','1598',27,'Penolong Pengurus',3,'E41','',4,'DMO','881113565247',304,'Zahid Ismail',8),(154,'Muhammad Idham Mohd Zain',NULL,'idham@mpc.gov.my','1405',27,'Penolong Pengurus',3,'E41','CRO',2,'CRO','731006035511',242,'Dr. Rahmat Md. Smail',8),(155,'Muhammad Muizzuddin Muhamad',NULL,'muiz@mpc.gov.my','3157',9,'Pembantu Kemahiran',10,'H19','AST',5,'MSF','910330036237',36,'Burhanuddin Saidin',8),(156,'Muhammad Suffian Ahmad',NULL,'suffian@mpc.gov.my','1447',18,'Pengurus',4,'E44','',7,'QED','790617145859',216,'Norzirin Ariffin',8),(157,'Muhaslizawati Mohd Bakri',NULL,'muhaslizawati@mpc.gov.my','1547',27,'Penolong Pengurus',3,'E41','MPC ECR',8,'MPC ECR','820619035746',33,'Azlan Kassim',8),(158,'Muhd. Adha Abd. Hamid',NULL,'adha@mpc.gov.my','1523',18,'Pengurus',4,'E44','SR',6,'PCD','830918105555',39,'Dr.  Daud Talib',8),(159,'Nahdatul Faeizin Norman',NULL,'nahdatul@mpc.gov.my','1631',27,'Penolong Pengurus',3,'E41','MPC SRO',12,'MPC SRO','901028015094',255,'Roziana Othman',8),(160,'Nazahiah Mohamad',NULL,'nazahiah@mpc.gov.my','1475',27,'Penolong Pengurus',3,'E41','SR',6,'PCD','790525075056',39,'Dr.  Daud Talib',8),(161,'Nazeri Ariffin Madon',NULL,'nazeri@mpc.gov.my','1633',27,'Penolong Pengurus',3,'E41','MPC ECR',8,'MPC ECR','860804235965',33,'Azlan Kassim',8),(162,'Nazilah Ahmad',NULL,'nazilah@mpc.gov.my','1530',27,'Penolong Pengurus',3,'E41','MPC SRO',12,'MPC SRO','830710016190',255,'Roziana Othman',8),(163,'Nik Faizal Nik Ahmad',NULL,'nikfaizal@mpc.gov.my','1414',19,'Pengurus Kanan',5,'E48','HRMD',3,'DGO','690320035423',129,'Dato\' Mohd Razali Hussain',8),(164,'Nik Nazarina Nek Mohamed',NULL,'nazarina@mpc.gov.my','1651',27,'Penolong Pengurus',3,'E41','',4,'DMO','891121146332',304,'Zahid Ismail',8),(165,'Nik Rosdi Nik Yusoff ',NULL,'nikrosdi@mpc.gov.my','1165',33,'Timbalan Pengarah',6,'E52','',6,'PCD','591022035333',9,'Dato\' Abd. Latif Abu Seman',6),(166,'Noor Aishah Hassan',NULL,'noor_aishah@mpc.gov.my','1461',18,'Pengurus',4,'E44','SR',6,'PCD','781121145260',39,'Dr.  Daud Talib',8),(167,'Noor Anariza Hassan ',NULL,'anariza@mpc.gov.my','2968',28,'Penolong Pustakawan (KUP)',25,'S32','LIC',5,'MSF','760121075060',36,'Burhanuddin Saidin',8),(168,'Noor Asmawati Hussin ',NULL,'asmawati@mpc.gov.my','3041',12,'Pembantu Setiausaha Pejabat',18,'N19','PEMUDAH',6,'PCD','820725085480',9,'Dato\' Abd. Latif Abu Seman',8),(169,'Noor Aziah Othman',NULL,'noraziah@mpc.gov.my','2945',15,'Pembantu Tadbir (P/O) (KUP)',19,'N22','CRO',2,'CRO','790928075448',242,'Dr. Rahmat Md. Smail',8),(170,'Noor Azman Hassan',NULL,'azman@mpc.gov.my','2957',26,'Penolong Pegawai Teknologi Maklumat',8,'FA29','MIT',5,'MSF','770211036515',36,'Burhanuddin Saidin',8),(171,'Noor Hazilah Abdullah',NULL,'hazilah@mpc.gov.my','3069',14,'Pembantu Tadbir (P/O) ',19,'N22','MPC ECR',8,'MPC ECR','820318035814',33,'Azlan Kassim',8),(172,'Noor Izzati Kamis',NULL,'noorizzati@mpc.gov.my','1620',27,'Penolong Pengurus',3,'E41','MEDIA',1,'CPD','900629145658',79,'Kamaruddin Mohamad  ',8),(173,'Noor Mohammad Farhan Nor Azman',NULL,'mfarhan@mpc.gov.my','3124',27,'Penolong Pengurus',3,'E41','MIT',5,'MSF','881216566111',36,'Burhanuddin Saidin',8),(174,'Noor Rahidah Abdul Razak ',NULL,'rahidah@mpc.gov.my','3057',15,'Pembantu Tadbir (P/O) (KUP)',18,'N19','KEW',5,'MSF','830505045048',36,'Burhanuddin Saidin',8),(175,'Noor Salfarina Jamaludin',NULL,'salfarina@mpc.gov.my','1532',27,'Penolong Pengurus',3,'E41','PCK',6,'PCD','830202045278',307,'Zainon Bakar',8),(176,'Noorsamsinar Sum Abdullah',NULL,'noorsamsi@mpc.gov.my','2075',25,'Penolong Pegawai Tadbir',24,'N32','CRO',2,'CRO','610608105088',242,'Dr. Rahmat Md. Smail',8),(177,'Nor Adira Adnan',NULL,'noradira@mpc.gov.my','1627',27,'Penolong Pengurus',3,'E41','MPC SBO',10,'MPC SBO','870504295260',72,'Izani Ishak',8),(178,'Nor Aishah Hassan',NULL,'shah@mpc.gov.my','1399',19,'Pengurus Kanan',5,'E48','',6,'PCD','740928085894',9,'Dato\' Abd. Latif Abu Seman',8),(179,'Nor Akma Che Wan Naman',NULL,'norakma@mpc.gov.my','1645',27,'Penolong Pengurus',3,'E41','PCK',6,'PCD','890101035104',307,'Zainon Bakar',8),(180,'Nor Azmi Yahaya',NULL,'norazmi@mpc.gov.my','2139',14,'Pembantu Tadbir (P/O) ',20,'N26','KEW',5,'MSF','600102065139',36,'Burhanuddin Saidin',8),(181,'Nor Eshah Abd. Raman ',NULL,'noreshah@mpc.gov.my','2134',15,'Pembantu Tadbir (P/O) (KUP)',18,'N19','HRMD',3,'DGO','620113065052',129,'Dato\' Mohd Razali Hussain',8),(182,'Nor Fadilah Zulkifli Muhamad',NULL,'NorFadilah@mpc.gov.my','3158',14,'Pembantu Tadbir (P/O) ',18,'N19','ADM',5,'MSF','941219036070',36,'Burhanuddin Saidin',8),(183,'Nor Fazila Hashim',NULL,'ila@mpc.gov.my','1351',33,'Timbalan Pengarah',6,'E52','',4,'DMO','660129086196',304,'Zahid Ismail',6),(184,'Nor Hafizah Mohd Arop',NULL,'hafizah@mpc.gov.my','1329',19,'Pengurus Kanan',5,'E48','',4,'DMO','681203105352',304,'Zahid Ismail',8),(185,'Nor Halisa Mohamad Halil ',NULL,'halisa@mpc.gov.my','1386',18,'Pengurus',4,'E44','',4,'DMO','730228125374',304,'Zahid Ismail',8),(186,'Nor Hasimah Ab. Rahman',NULL,'hasimah@mpc.gov.my','2074',14,'Pembantu Tadbir (P/O)',19,'N22','CRO',2,'CRO','610823105654',242,'Dr. Rahmat Md. Smail',8),(187,'Nor Idayuniza Rahmat',NULL,'ayu@mpc.gov.my','1419',18,'Pengurus',4,'E44','CRO',2,'CRO','781012145720',242,'Dr. Rahmat Md. Smail',8),(188,'Nor Izzati Norhisam',NULL,'izzati@mpc.gov.my','1538',18,'Pengurus',4,'E44','',4,'DMO','850514105100',304,'Zahid Ismail',8),(189,'Nor Robaayah Mohd. Noor',NULL,'nrmn@mpc.gov.my','1290',33,'Timbalan Pengarah',6,'E52','',4,'DMO','660915085430',304,'Zahid Ismail',6),(190,'Nor Surayya Abd. Samad',NULL,'surayya@mpc.gov.my','1385',18,'Pengurus',4,'E44','SR',6,'PCD','751119145758',39,'Dr.  Daud Talib',8),(191,'Norzairisham Zakaria',NULL,'norzairisham@mpc.gov.my','2668',10,'Pembantu Operasi',17,'N14','ADM',5,'MSF','681118015811',36,'Burhanuddin Saidin',8),(192,'Nora\'in Ahmad Kamil',NULL,'norain@mpc.gov.my','1367',18,'Pengurus',4,'E44','PCK',6,'PCD','690916016290',307,'Zainon Bakar',8),(193,'Norafidah Ramli                                                                              ',NULL,'norafidah@mpc.gov.my','2951',14,'Pembantu Tadbir (P/O) ',18,'N19','CRO',2,'CRO','770815016494',242,'Dr. Rahmat Md. Smail',8),(194,'Noraniza Daud',NULL,'noraniza@mpc.gov.my','2987',15,'Pembantu Tadbir (P/O) (KUP)',19,'N22','BTI',1,'CPD','821008065262',79,'Kamaruddin Mohamad  ',8),(195,'Norashikin Abdul Shukor',NULL,'shikin@mpc.gov.my','3051',12,'Pembantu Setiausaha Pejabat',18,'N19','MPC SBO',10,'MPC SBO','820722086154',72,'Izani Ishak',2),(196,'Norashima Hamzah',NULL,'norashima@mpc.gov.my','1533',27,'Penolong Pengurus',3,'E41','',6,'PCD','771210115582',9,'Dato\' Abd. Latif Abu Seman',8),(197,'Norazlina Tun Ibrahim',NULL,'norazlina@mpc.gov.my','1518',18,'Pengurus',4,'E44','AST',5,'MSF','800222145850',36,'Burhanuddin Saidin',8),(198,'Nordieana Nordin',NULL,'deana@mpc.gov.my','2955',12,'Pembantu Setiausaha Pejabat',18,'N19','',7,'QED','790206105078',36,'Burhanuddin Saidin',8),(199,'Norfaizah Abdul Rahman',NULL,'faizah@mpc.gov.my','1358',27,'Penolong Pengurus',3,'E41','',7,'QED','720531065416',141,'Mohd. Zaki Bin Ibrahim ',8),(200,'Norhaida Roslan ',NULL,'norhaida@mpc.gov.my','3094',15,'Pembantu Tadbir (P/O) (KUP)',18,'N19','MPC ECR',8,'MPC ECR','830513035616',33,'Azlan Kassim',8),(201,'Norhanida Ahmad Puad ',NULL,'norhanida@mpc.gov.my','2954',15,'Pembantu Tadbir (P/O) (KUP)',18,'N19','KEW',5,'MSF','800929085038',36,'Burhanuddin Saidin',8),(202,'Norhaniza Hamir',NULL,'norhaniza@mpc.gov.my','1436',18,'Pengurus',4,'E44','MKTG',1,'CPD','790131086326',79,'Kamaruddin Mohamad  ',8),(203,'Norhasimah Ibrahim ',NULL,'norhasimah@mpc.gov.my','1422',18,'Pengurus',4,'E44','CRO',2,'CRO','750420105494',242,'Dr. Rahmat Md. Smail',8),(204,'Norhayati Harun ',NULL,'norhayatiharun@mpc.gov.my','2823',23,'Penolong Jurutera (KUP)',12,'JA29/JA36','MPC NRO',9,'MPC NRO','741211025426',99,'Dr. Mazrina Mohd. Ibramsah',8),(205,'Norhisam Ahmad ',NULL,'norhisam@mpc.gov.my','2066',23,'Penolong Jurutera (KUP)',12,'JA29/JA36','MIT',5,'MSF','590121085147',36,'Burhanuddin Saidin',8),(206,'Norhuda Abdullah',NULL,'norhuda@mpc.gov.my','3000',14,'Pembantu Tadbir (P/O) ',19,'N22','MPC NRO',9,'MPC NRO','810924075016',99,'Dr. Mazrina Mohd. Ibramsah',8),(207,'Norijah Juen ',NULL,'norijah@mpc.gov.my','3009',6,'Pegawai Khidmat Pelanggan',18,'N19','MPC SKO',11,'MPC SKO','760715135972',295,'Waila Mohd. Nasir',8),(208,'Norkamila Shahrudin ',NULL,'norkamila@mpc.gov.my','3018',6,'Pegawai Khidmat Pelanggan',18,'N19','MPC SRO',12,'MPC SRO','810301106066',255,'Roziana Othman',8),(209,'Norliana Mahmud        ',NULL,'norliana@mpc.gov.my','1466',27,'Penolong Pengurus',3,'E41','CRO',2,'CRO','770521075034',242,'Dr. Rahmat Md. Smail',8),(210,'Norliza Ahmad  ',NULL,'norlizaahmad@mpc.gov.my','1460',18,'Pengurus',4,'E44','SR',6,'PCD','761213035482',39,'Dr.  Daud Talib',8),(211,'Norliza Rosli ',NULL,'norlizarosli@mpc.gov.my','3075',15,'Pembantu Tadbir (P/O) (KUP)',18,'N19','ADM',5,'MSF','850306055196',36,'Burhanuddin Saidin',8),(212,'Norul Hasila Abdullah',NULL,'norulhasila@mpc.gov.my','1548',27,'Penolong Pengurus',3,'E41','ITR',1,'CPD','830714065344',79,'Kamaruddin Mohamad  ',8),(213,'Norwahidah Abdullah ',NULL,'norwahidah@mpc.gov.my','3006',12,'Pembantu Setiausaha Pejabat',18,'N19','MPC SRO',12,'MPC SRO','800603035364',255,'Roziana Othman',2),(214,'Norwahizan bt Mohamed',NULL,'norwahizan@mpc.gov.my','3008',8,'Pembantu Awam',9,'H11','PCT',5,'MSF','781117035608',36,'Burhanuddin Saidin',8),(215,'Norziah Kabil',NULL,'norziah@mpc.gov.my','3022',14,'Pembantu Tadbir (P/O) ',18,'N19','MPC SKO',11,'MPC SKO','741111135206',295,'Waila Mohd. Nasir',8),(216,'Norzirin Ariffin',NULL,'zirin@mpc.gov.my','1291',17,'Pengarah',7,'E54','',7,'QED','640927075362',129,'Dato\' Mohd Razali Hussain',6),(217,'Nur Jihan Ramli ',NULL,'nurjihan@mpc.gov.my','3024',6,'Pegawai Khidmat Pelanggan',18,'N19','MPC ECR',8,'MPC ECR','820215065332',33,'Azlan Kassim',8),(218,'Nur \'Amirah Shaaban',NULL,'nuramirah@mpc.gov.my','3146',14,'Pembantu Tadbir (P/O) ',18,'N19','HRMD',3,'DGO','911229075316',129,'Dato\' Mohd Razali Hussain',8),(219,'Nur Faizah Tasman',NULL,'nurfaizah@mpc.gov.my','1554',27,'Penolong Pengurus',3,'E41','UAD',3,'DGO','820719015320',129,'Dato\' Mohd Razali Hussain',8),(220,'Nur Fatimah Mohd Zaki',NULL,'nurfatimah@mpc.gov.my','1588',27,'Penolong Pengurus',3,'E41','',4,'DMO','890703085766',304,'Zahid Ismail',8),(221,'Nur Hafizah Halimuddin',NULL,'nurhafizah@mpc.gov.my','3038',12,'Pembantu Setiausaha Pejabat',18,'N19','MPC SRO',12,'MPC SRO','830829145870',255,'Roziana Othman',8),(222,'Nur Hanim Abd Ghani',NULL,'hanim@mpc.gov.my','1463',19,'Pengurus Kanan',5,'E48','LIC',5,'MSF','760301145732',36,'Burhanuddin Saidin',8),(223,'Nur Rafidah Zulkifl',NULL,'nurrafidah@mpc.gov.my','1615',27,'Penolong Pengurus',3,'E41','',7,'QED','880707086492',216,'Norzirin Ariffin',8),(224,'Nur Sulia Saari ',NULL,'sulia@mpc.gov.my','1502',18,'Pengurus',4,'E44','HRMD',3,'DGO','830512145776',129,'Dato\' Mohd Razali Hussain',8),(225,'Nur Syafina Anuar',NULL,'syafina@mpc.gov.my','1522',27,'Penolong Pengurus',3,'E41','',4,'DMO','830628105688',304,'Zahid Ismail',8),(226,'Nur Syahrina Muhamad Nor',NULL,'syahrina@mpc.gov.my','1557',27,'Penolong Pengurus',3,'E41','',7,'QED','830726146360',216,'Norzirin Ariffin',8),(227,'Nuraizah Harun @ Harron            ',NULL,'Nuraizah@mpc.gov.my','1578',27,'Penolong Pengurus',3,'E41','PCK',6,'PCD','831217015586',307,'Zainon Bakar',8),(228,'Nurfayunie Pakhrururzi',NULL,'nurfayunie@mpc.gov.my','1647',27,'Penolong Pengurus',3,'E41','HRMD',3,'DGO','880219145668',129,'Dato\' Mohd Razali Hussain',8),(229,'Nurfazila Haji Zulaihi ',NULL,'nurfazila@mpc.gov.my','1605',27,'Penolong Pengurus',3,'E41','MPC SKO',11,'MPC SKO','900802136836',295,'Waila Mohd. Nasir',8),(230,'Nursyahida Muhamad Aszahari',NULL,'nursyahida@mpc.gov.my','3121',27,'Penolong Pengurus',3,'E41','MPC NRO',9,'MPC NRO','890921146168',99,'Dr. Mazrina Mohd. Ibramsah',8),(231,'Nurul Ain Alia  Abdullah Zawawi',NULL,'alia@mpc.gov.my','1583',27,'Penolong Pengurus',3,'E41','PCK',6,'PCD','860805435694',307,'Zainon Bakar',8),(232,'Nurul Farahaton Najihan Jusoh',NULL,'farahaton@mpc.gov.my','1634',27,'Penolong Pengurus',3,'E41','SR',6,'PCD','900430115822',39,'Dr.  Daud Talib',8),(233,'Nurul Fatihah Mohd Azlan',NULL,'nurulfatihah@mpc.gov.my','1576',27,'Penolong Pengurus',3,'E41','SR',6,'PCD','860509295922',39,'Dr.  Daud Talib',8),(234,'Nurul Nadia Zainal Adnan',NULL,'nurulnadia@mpc.gov.my','3133',12,'Pembantu Setiausaha Pejabat',18,'N19','',1,'CPD','870825565508',79,'Kamaruddin Mohamad  ',8),(235,'Nurul Sazrina Mohd Shukor',NULL,'sazrina@mpc.gov.my','1520',29,'Pustakawan',26,'S41','LIC',5,'MSF','830322105028',36,'Burhanuddin Saidin',8),(236,'Nurul Syamimi Ismail',NULL,'syamimi@mpc.gov.my','1574',27,'Penolong Pengurus',3,'E41','PCK',6,'PCD','850926035516',307,'Zainon Bakar',8),(237,'Nurzarina Jaafar',NULL,'nurzarina@mpc.gov.my','2992',30,'Setiausaha Pejabat',22,'N29','MPC NRO',9,'MPC NRO','800509075538',99,'Dr. Mazrina Mohd. Ibramsah',2),(238,'Omi Kalsom Osman',NULL,'omi@mpc.gov.my','2060',14,'Pembantu Tadbir (P/O)',20,'N26','ADM',5,'MSF','590905085292',36,'Burhanuddin Saidin',8),(239,'Osman Zaidan',NULL,'osmanzaidan@mpc.gov.my','2996',7,'Pemandu Kenderaan',9,'H11','MPC SKO',11,'MPC SKO','680925135225',295,'Waila Mohd. Nasir',8),(240,'Rabiatul Hana Ishak',NULL,'rabiatulhana@mpc.gov.my','1610',27,'Penolong Pengurus',3,'E41','SR',6,'PCD','901211146770',39,'Dr.  Daud Talib',8),(241,'Rahayu Abd. Rahman',NULL,'RahayuR@mpc.gov.my','3085',14,'Pembantu Tadbir (P/O) ',18,'N19','MPC ECR',8,'MPC ECR','821114115518',33,'Azlan Kassim',8),(242,'Dr. Rahmat Md. Smail',NULL,'rahmat@mpc.gov.my','1186',17,'Pengarah',7,'E54','CRO',2,'CRO','600302045271',66,'Ab. Rahim Yusoff',6),(243,'Rainah Osman ',NULL,'rainah@mpc.gov.my','3020',6,'Pegawai Khidmat Pelanggan',18,'N19','MPC SBO',10,'MPC SBO','731111125252',72,'Izani Ishak',8),(244,'Raja Ainul Bismi Raja Abd. Hadi',NULL,'rajaainul@mpc.gov.my','1509',18,'Pengurus',4,'E44','BTI',1,'CPD','831026086234',79,'Kamaruddin Mohamad  ',8),(245,'Ramale Yusoff',NULL,'ramale@mpc.gov.my','2146',10,'Pembantu Operasi',16,'N11','KEW',5,'MSF','640510035445',36,'Burhanuddin Saidin',8),(246,'Ramlan Sainan',NULL,'ramlan@mpc.gov.my','2067',10,'Pembantu Operasi',17,'N14','CRO',2,'CRO','610228105027',242,'Dr. Rahmat Md. Smail',8),(247,'Roseleena Hashim',NULL,'leena@mpc.gov.my','1306',33,'Timbalan Pengarah',6,'E52','CSU',3,'DGO','650318035284',129,'Dato\' Mohd Razali Hussain',6),(248,'Roslah Md Yusof',NULL,'roslah@mpc.gov.my','2105',31,'Setiausaha Pejabat (KUP)',23,'N30','',6,'PCD','610210105328',78,'Kabir Ahmad Mohamad Jamil',8),(249,'Rosli Mat Dom',NULL,'rosli@mpc.gov.my','2098',14,'Pembantu Tadbir (P/O) ',20,'N26','PEMUDAH',1,'CPD','610314055177',79,'Kamaruddin Mohamad  ',8),(250,'Roslinda Abdul Hamid',NULL,'lynda@mpc.gov.my','1493',27,'Penolong Pengurus',3,'E41','',7,'QED','770706065860',141,'Mohd. Zaki Bin Ibrahim ',8),(251,'Roslinda Ahmad',NULL,'roslinda@mpc.gov.my','2977',30,'Setiausaha Pejabat',22,'N29','',7,'QED','780922105002',264,'Sarimah Misman ',8),(252,'Rosmi  Abdullah',NULL,'rosmi@mpc.gov.my','1274',33,'Timbalan Pengarah',7,'E54','sar',7,'QED','630525035473',66,'Ab. Rahim Yusoff',6),(253,'Rosmiza Rosly',NULL,'iza@mpc.gov.my','1374',19,'Pengurus Kanan',5,'E48','',6,'PCD','721031065086',9,'Dato\' Abd. Latif Abu Seman',8),(254,'Rosniwati Abdullah',NULL,'rosniwati@mpc.gov.my','2783',6,'Pegawai Khidmat Pelanggan',18,'N19','MKTG',1,'CPD','760405075492',79,'Kamaruddin Mohamad  ',8),(255,'Roziana Othman',NULL,'ogie@mpc.gov.my','1289',33,'Timbalan Pengarah',6,'E52','MPC SRO',12,'MPC SRO','660928015060',255,'Roziana Othman',6),(256,'Rozitah Ma\'al         ',NULL,'rozitah@mpc.gov.my','1400',18,'Pengurus',4,'E44','',7,'QED','730323145672',141,'Mohd. Zaki Bin Ibrahim ',8),(257,'Rusdi Muda',NULL,'rusdi@mpc.gov.my','1312',19,'Pengurus Kanan',5,'E48','CRO',2,'CRO','650803035157',242,'Dr. Rahmat Md. Smail',8),(258,'Sabri Hasan  ',NULL,'sabri@mpc.gov.my','1458',18,'Pengurus',4,'E44','CRO',2,'CRO','750708035595',242,'Dr. Rahmat Md. Smail',8),(259,'Safarwan Mohd. Suhaimi',NULL,'safarwan@mpc.gov.my','1596',27,'Penolong Pengurus',3,'E41','MPC SKO',11,'MPC SKO','890306146107',295,'Waila Mohd. Nasir',8),(260,'Safiah Mitri ',NULL,'safiah@mpc.gov.my','3080',15,'Pembantu Tadbir (P/O) (KUP)',18,'N19','HRMD',3,'DGO','830413125884',129,'Dato\' Mohd Razali Hussain',8),(261,'Safniwati Jasri',NULL,'safniwati@mpc.gov.my','1392',18,'Pengurus',4,'E44','',7,'QED','760217715026',216,'Norzirin Ariffin',8),(262,'Safura Abdul Malek',NULL,'safura@mpc.gov.my','1579',18,'Pengurus',4,'E44','',4,'DMO','860904525900',304,'Zahid Ismail',8),(263,'Saliza Saari',NULL,'saliza@mpc.gov.my','1415',33,'Timbalan Pengarah',6,'E52','CRO',2,'CRO','770801066220',242,'Dr. Rahmat Md. Smail',6),(264,'Sarimah Misman ',NULL,'sarimah@mpc.gov.my','1311',17,'Pengarah',7,'E54','',4,'DMO','640414107066',129,'Dato\' Mohd Razali Hussain',6),(265,'Sawiah Abdul Samad',NULL,'sawiah@mpc.gov.my','1339',33,'Timbalan Pengarah',6,'E52','',6,'PCD','680101045120',9,'Dato\' Abd. Latif Abu Seman',6),(266,'Semawi Zakaria',NULL,'semawi@mpc.gov.my','1370',18,'Pengurus',4,'E44','CRO',2,'CRO','630328085527',242,'Dr. Rahmat Md. Smail',8),(267,'Shafirul Izwar Saad',NULL,'shafirul@mpc.gov.my','2999',14,'Pembantu Tadbir (P/O) ',18,'N19','MPC NRO',9,'MPC NRO','810418025235',99,'Dr. Mazrina Mohd. Ibramsah',8),(268,'Shahidah Samsudin ',NULL,'shahidah@mpc.gov.my','1558',27,'Penolong Pengurus',3,'E41','',4,'DMO','820526145858',304,'Zahid Ismail',8),(269,'Shahriza Bahari  ',NULL,'shahriza@mpc.gov.my','1428',18,'Pengurus',4,'E44','SR',6,'PCD','751226145016',39,'Dr.  Daud Talib',8),(270,'Dr. Shaik Roslinah Bux ',NULL,'roslinahbux@mpc.gov.my','1320',33,'Timbalan Pengarah',6,'E52','',4,'DMO','630619106404',304,'Zahid Ismail',6),(271,'Shanthini Tamadoram',NULL,'shanthini@mpc.gov.my','1592',27,'Penolong Pengurus',3,'E41','PCK',6,'PCD','800528145896',307,'Zainon Bakar',8),(272,'Sharipah Mazina Syed Mohammed',NULL,'sharipah@mpc.gov.my','1322',19,'Pengurus Kanan',5,'E48','MKTG',1,'CPD','660228035028',79,'Kamaruddin Mohamad  ',8),(273,'Sharizal Samsudin',NULL,'sharizal@mpc.gov.my','2978',10,'Pembantu Operasi',16,'N11','ADM',5,'MSF','800809085025',36,'Burhanuddin Saidin',8),(274,'Shezlina Zakaria',NULL,'shez@mpc.gov.my','1377',33,'Timbalan Pengarah',6,'E52','MEDIA',1,'CPD','720408025822',79,'Kamaruddin Mohamad  ',6),(275,'Siti Aslindah Ahmad  ',NULL,'sitiaslindah@mpc.gov.my','3054',15,'Pembantu Tadbir (P/O) (KUP)',18,'N19','MKTG',1,'CPD','830813125234',79,'Kamaruddin Mohamad  ',8),(276,'Siti Rahayu Md. Desa',NULL,'rahayu@mpc.gov.my','3052',14,'Pembantu Tadbir (P/O) ',19,'N22','KEW',5,'MSF','750514075062',36,'Burhanuddin Saidin',8),(277,'Siti Rawaida Shariff',NULL,'rawaida@mpc.gov.my','3076',21,'Penolong Akauntan',27,'W29','KEW',5,'MSF','840604075284',36,'Burhanuddin Saidin',8),(278,'Siti Sakinah Mohd Zaki',NULL,'sakinah@mpc.gov.my','1654',27,'Penolong Pengurus',3,'E41','MPC SRO',12,'MPC SRO','890129035608',255,'Roziana Othman',8),(279,'Siti Salia Azizan',NULL,'salia@mpc.gov.my','1562',2,'Akauntan',28,'WA41','KEW',5,'MSF','770502025592',36,'Burhanuddin Saidin',8),(280,'Siti Salmiah Yahaya',NULL,'siti@mpc.gov.my','2135',14,'Pembantu Tadbir (P/O)',19,'N22','PCT',5,'MSF','641101065170',36,'Burhanuddin Saidin',8),(281,'Siti Syafiqah Ahmad',NULL,'syafiqah@mpc.gov.my','1586',27,'Penolong Pengurus',3,'E41','CSU',3,'DGO','891122146000',129,'Dato\' Mohd Razali Hussain',8),(282,'Siti Zaharah Mohamed',NULL,'zaharah@mpc.gov.my','3039',6,'Pegawai Khidmat Pelanggan',18,'N19','ADM',5,'MSF','860913235390',36,'Burhanuddin Saidin',8),(283,'Siti Zurianah Othman',NULL,'zurianah@mpc.gov.my','1528',27,'Penolong Pengurus',3,'E41','SR',6,'PCD','780808045202',39,'Dr.  Daud Talib',8),(284,'Sugumar a/l Saminathan',NULL,'sugumar@mpc.gov.my','1353',33,'Timbalan Pengarah',6,'E52','',6,'PCD','650711025373',9,'Dato\' Abd. Latif Abu Seman',6),(285,'Suhaimi Hamad',NULL,'suhaimi@mpc.gov.my','1209',17,'Pengarah',7,'E54','',4,'DMO','610920035475',129,'Dato\' Mohd Razali Hussain',6),(286,'Suhaimi Robini',NULL,'suhaimi_robini@mpc.gov.my','2988',14,'Pembantu Tadbir (P/O) ',18,'N19','ADM',5,'MSF','821006015819',36,'Burhanuddin Saidin',8),(287,'Dr. Suriati Zainal Abidin',NULL,'Ati@mpc.gov.my','1378',19,'Pengurus Kanan',5,'E48','MPC NRO',9,'MPC NRO','720615045084',99,'Dr. Mazrina Mohd. Ibramsah',8),(288,'Suzana Ismail',NULL,'suzana@mpc.gov.my','2941',18,'Pengurus',4,'E44','CRO',2,'CRO','730505035706',242,'Dr. Rahmat Md. Smail',8),(289,'Syairah Zaimah Shafiee',NULL,'syairah@mpc.gov.my','3143',14,'Pembantu Tadbir (P/O) ',18,'N19','MPC NRO',9,'MPC NRO','860504387326',99,'Dr. Mazrina Mohd. Ibramsah',8),(290,'Syed Mohammad Fitri Syed Abdul Rahim ',NULL,'smfitri@mpc.gov.my','2979',24,'Penolong Pegawai Perangkaan (KUP)',2,'E29/E32','MIT',5,'MSF','780905065205',36,'Burhanuddin Saidin',8),(291,'Syed Mohd. Al-Khafiez Syed Mohd. Azam Shah',NULL,'syed@mpc.gov.my','2966',27,'Penolong Pengurus',3,'E41','ADM',5,'MSF','800531145133',36,'Burhanuddin Saidin',8),(292,'Thea Juminita Cheong Kiam',NULL,'thea@mpc.gov.my','2119',14,'Pembantu Tadbir (P/O)',19,'N22','MPC SBO',10,'MPC SBO','611123125392',72,'Izani Ishak',8),(293,'Umi Kalsom Osman',NULL,'umi@mpc.gov.my','2082',31,'Setiausaha Pejabat (KUP)',23,'N30','',7,'QED','610102045102',66,'Ab. Rahim Yusoff',8),(294,'Vimala a/p R.Muniandy ',NULL,'vimala@mpc.gov.my','1567',27,'Penolong Pengurus',3,'E41','MEDIA',1,'CPD','830708146260',79,'Kamaruddin Mohamad  ',8),(295,'Waila Mohd. Nasir',NULL,'waila@mpc.gov.my','1381',19,'Pengurus Kanan',5,'E48','MPC SKO',11,'MPC SKO','730621106022',66,'Ab. Rahim Yusoff',7),(296,'Wan Farid Wan Hamad @ Wan Ahmad',NULL,'wanfarid@mpc.gov.my','1587',27,'Penolong Pengurus',3,'E41','',4,'DMO','791024105661',304,'Zahid Ismail',8),(297,'Wan Fazlin Nadia Wan Osman',NULL,'nadia@mpc.gov.my','1417',33,'Timbalan Pengarah',6,'E52','',1,'CPD','791126015974',79,'Kamaruddin Mohamad  ',6),(298,'Wan Khairunnisa Azmi',NULL,'khairunnisa@mpc.gov.my','1569',27,'Penolong Pengurus',3,'E41','PCT',5,'MSF','860225295576',36,'Burhanuddin Saidin',8),(299,'Wan Norhani Wan Khalid',NULL,'wannorhani@mpc.gov.my','1536',4,'Ketua Akauntan',30,'WA48','KEW',5,'MSF','640706115164',36,'Burhanuddin Saidin',8),(300,'Wan Rozita Hussain',NULL,'waMPC NROzita@mpc.gov.my','2959',30,'Setiausaha Pejabat ',23,'N30','',3,'DGO','770518065820',129,'Dato\' Mohd Razali Hussain',8),(301,'Wan Yusnaini Wan Yaacob   ',NULL,'yusnaini@mpc.gov.my','1403',18,'Pengurus',4,'E44','',7,'QED','710502035534',216,'Norzirin Ariffin',8),(302,'Wan Zainulhaq Thaniah Che Haron',NULL,'WanZainulhaq@mpc.gov.my','3091',6,'Pegawai Khidmat Pelanggan',18,'N19','ADM',5,'MSF','710129035076',36,'Burhanuddin Saidin',8),(303,'Zaffrulla Hussein',NULL,'zaff@mpc.gov.my','1379',19,'Pengurus Kanan',5,'E48','',6,'PCD','691003035395',9,'Dato\' Abd. Latif Abu Seman',8),(304,'Zahid Ismail',NULL,'zahid@mpc.gov.my','1315',17,'Pengarah',7,'E54','',4,'DMO','660320075225',129,'Dato\' Mohd Razali Hussain',6),(305,'Zaidah Hassan',NULL,'zaidah@mpc.gov.my','3017',30,'Setiausaha Pejabat',22,'N29','',6,'PCD','810614065568',9,'Dato\' Abd. Latif Abu Seman',8),(306,'Zaini Haron',NULL,'zainiharon@mpc.gov.my','2993',10,'Pembantu Operasi',16,'N11','MPC ECR',8,'MPC ECR','830119105073',33,'Azlan Kassim',8),(307,'Zainon Bakar',NULL,'zainon@mpc.gov.my','1280',17,'Pengarah',7,'E54','',6,'PCD','630524106620',129,'Dato\' Mohd Razali Hussain',6),(308,'Zainudin Elias ',NULL,'zainudine@mpc.gov.my','1296',33,'Timbalan Pengarah',6,'E52','CRO',2,'CRO','650322015235',242,'Dr. Rahmat Md. Smail',6),(309,'Zaiton Nordin',NULL,'zainordin@mpc.gov.my','2136',14,'Pembantu Tadbir (P/O)',19,'N22','HRMD',3,'DGO','621101065316',129,'Dato\' Mohd Razali Hussain',8),(310,'Zaki Jaafar',NULL,'zeck@mpc.gov.my','1341',19,'Pengurus Kanan',5,'E48','MPC SRO',12,'MPC SRO','670719035611',255,'Roziana Othman',8),(311,'Zawiyah Abd Manaf',NULL,'zawiyahmanaf@mpc.gov.my','3111',14,'Pembantu Tadbir (P/O) ',18,'N19','KEW',5,'MSF','871012235530',36,'Burhanuddin Saidin',8),(312,'Zubir Zainuddin',NULL,'zack@mpc.gov.my','2283',10,'Pembantu Operasi',16,'N11','ADM',5,'MSF','720327055077',36,'Burhanuddin Saidin',8),(313,'Zul Ezwan Muhamad',NULL,'zulezwan@mpc.gov.my','1511',27,'Penolong Pengurus',3,'E41','MPC SRO',12,'MPC SRO','810122015257',255,'Roziana Othman',8),(314,'Zulaifah Omar',NULL,'xue@mpc.gov.my','1307',33,'Timbalan Pengarah',6,'E52','',4,'DMO','631016015006',304,'Zahid Ismail',6),(315,'Zunaidah Awang Nawi',NULL,'zunaidah@mpc.gov.my','2972',14,'Pembantu Tadbir (P/O) ',19,'N22','PCT',5,'MSF','820911035882',36,'Burhanuddin Saidin',8),(316,'Zuraidi Zainol   ',NULL,'zuraidi@mpc.gov.my','1500',18,'Pengurus',4,'E44','MIT',5,'MSF','830428095219',36,'Burhanuddin Saidin',8),(317,'Zuraini Subki',NULL,'zuraini@mpc.gov.my','1658',27,'Penolong Pengurus',3,'E41','MPC SKO',11,'MPC SKO','820829035744',295,'Waila Mohd. Nasir',8),(318,'Zurianti Nor Azian Mohd. Nafi',NULL,'zurianti@mpc.gov.my','3148',14,'Pembantu Tadbir (P/O) ',18,'N19','KEW',5,'MSF','880229065872',36,'Burhanuddin Saidin',8),(319,'Abdul Rahman Kamis',NULL,'arahman@mpc.gov.my','1699',27,'Penolong Pengurus',3,'E41','',4,'DMO','911019085241',304,'Zahid Ismail',8),(320,'Aimi Zahira Azami',NULL,'aimizahira@mpc.gov.my','3154',14,'Pembantu Tadbir (P/O) ',18,'N19','',8,'MPC ECR','891008026064',33,'Azlan Kassim',8),(321,'Anis Syafiqah Ayob',NULL,'anissyafiqah@mpc.gov.my','3161',27,'Penolong Pengurus',3,'E41','',7,'QED','910208095030',66,'Ab. Rahim Yusoff',8),(322,'Jerrecy Elsie P. Tojipun',NULL,'jerrecy@mpc.gov.my','3099',14,'Pembantu Tadbir (P/O) ',18,'N19','',10,'MPC SBO','841208125352',72,'Izani Ishak',8),(323,'Mohamad Amirul Arif Sahimi',NULL,'mohamad@mpc.gov.my','3128',14,'Pembantu Tadbir (P/O) ',18,'N19','',8,'MPC ECR','910408036123',33,'Azlan Kassim',8),(324,'Mohammad Fadzrul Faridz Hazni',NULL,'mfadzrul@mpc.gov.my','1678',27,'Penolong Pengurus',3,'E41','PCT',5,'MSF','930527045223',36,'Burhanuddin Saidin',8),(325,'Mohd Aizuddin Noor Azman',NULL,'aizuddin@mpc.gov.my','1674',27,'Penolong Pengurus',3,'E41','',6,'PCD','890129085541',9,'Dato\' Abd. Latif Abu Seman',8),(326,'Mohd Mujahid Mohd Yusoff',NULL,'mujahid@mpc.gov.my','1662',27,'Penolong Pengurus',3,'E41','',8,'MPC ECR','900521036193',33,'Azlan Kassim',8),(327,'Muhammad Adib Fitrie Mukhtar',NULL,'adibfitrie@mpc.gov.my','1676',27,'Penolong Pengurus',3,'E41','',4,'DMO','910416036107',285,'Suhaimi Hamad',8),(328,'Muhammad Azrull Nazreen',NULL,'azrullnazreen@mpc.gov.my','1683',27,'Penolong Pengurus',3,'E41','',4,'DMO','940822015325',304,'Zahid Ismail',8),(329,'Muhammad Firdaus Yahya',NULL,'firdaus@mpc.gov.my','1693',27,'Penolong Pengurus',3,'E41','',4,'DMO','940723015733',304,'Zahid Ismail',8),(330,'Muhammad Hanif Che Wan Naman',NULL,'hanif@mpc.gov.my','1685',27,'Penolong Pengurus',3,'E41','',6,'PCD','950913035929',9,'Dato\' Abd. Latif Abu Seman',8),(331,'Muhammad Imazakwan Abdul Razak',NULL,'imazakwan@mpc.gov.my','1696',27,'Penolong Pengurus',3,'E41','CRO',2,'CRO','930213145205',242,'Dr. Rahmat Md. Smail',8),(332,'Muhammad Zarul Naim Zul Haddi',NULL,'zarulnaim@mpc.gov.my','1677',27,'Penolong Pengurus',3,'E41','',6,'PCD','941218085225',9,'Dato\' Abd. Latif Abu Seman',8),(333,'Munira Abd Razak',NULL,'muniraabd@mpc.gov.my','3150',14,'Pembantu Tadbir (P/O) ',18,'N19','',12,'MPC SRO','821219105244',255,'Roziana Othman',8),(334,'Nadiah Jamal',NULL,'nadiah@mpc.gov.my','1668',27,'Penolong Pengurus',3,'E41','',6,'PCD','930416105414',9,'Dato\' Abd. Latif Abu Seman',8),(335,'Naratul Nurhaniza Rusli',NULL,'naratul@mpc.gov.my','3169',14,'Pembantu Tadbir (P/O) ',18,'N19','PCT',5,'MSF','940209146298',36,'Burhanuddin Saidin',8),(336,'Nasuha Misri',NULL,'nasuha@mpc.gov.my','1671',27,'Penolong Pengurus',3,'E41','',6,'PCD','930827016256',9,'Dato\' Abd. Latif Abu Seman',8),(337,'Nik Haneez Amizan Nik Rosdi',NULL,'nikhaneez@mpc.gov.my','1661',27,'Penolong Pengurus',3,'E41','CRO',2,'CRO','920718895010',242,'Dr. Rahmat Md. Smail',8),(338,'Noorazlin Mohd Nasir',NULL,'noorazlin@mpc.gov.my','1695',27,'Penolong Pengurus',3,'E41','',6,'PCD','930103085678',9,'Dato\' Abd. Latif Abu Seman',8),(339,'Nur Asyikin Setapa',NULL,'nurasyikin@mpc.gov.my','1670',27,'Penolong Pengurus',3,'E41','',6,'PCD','920609035740',9,'Dato\' Abd. Latif Abu Seman',8),(340,'Nur Farhana Zaibidi',NULL,'nurfarhana@mpc.gov.my','3168',14,'Pembantu Tadbir (P/O) ',18,'N19','KEW',5,'MSF','871216015126',36,'Burhanuddin Saidin',8),(341,'Nurain Syafiqah Norazman',NULL,'nurainsyafiqah@mpc.gov.my','1692',27,'Penolong Pengurus',3,'E41','KEW',5,'MSF','930624016096',36,'Burhanuddin Saidin',8),(342,'Nurezyan Sofea Zairul Mujahidin',NULL,'nurezyansofea@mpc.gov.my','1700',27,'Penolong Pengurus',3,'E41','',4,'DMO','940312015130',304,'Zahid Ismail',8),(343,'Nurfariha Ahmad',NULL,'nurfariha@mpc.gov.my','1698',27,'Penolong Pengurus',3,'E41','',4,'DMO','951130136162',304,'Zahid Ismail',8),(344,'Nurul Husna Abdul Rashid',NULL,'nurulhusna@mpc.gov.my','1690',27,'Penolong Pengurus',3,'E41','',7,'QED','920422086556',242,'Dr. Rahmat Md. Smail',8),(345,'Rabiatul Adawiyah Arzahar',NULL,'rabiatuladawiyah@mpc.gov.my','3164',14,'Pembantu Tadbir (P/O) ',18,'N19','CRO',2,'CRO','970504145308',242,'Dr. Rahmat Md. Smail',8),(346,'Rozainy Elyza Rosli',NULL,'rozainy@mpc.gov.my','1667',27,'Penolong Pengurus',3,'E41','HRMD',3,'DGO','940817146750',129,'Dato\' Mohd Razali Hussain',8),(347,'Shazymin Mazlan',NULL,'shazymin@mpc.gov.my','3163',14,'Pembantu Tadbir (P/O) ',18,'N19','',9,'MPC NRO','930205075796',99,'Dr. Mazrina Mohd. Ibramsah',8),(348,'Siti Hajar Ismail',NULL,'sitihajar@mpc.gov.my','1686',27,'Penolong Pengurus',3,'E41','',4,'DMO','930122085702',304,'Zahid Ismail',8),(349,'Siti Nur Syuhaida Mohd Salleh',NULL,'syuhaida@mpc.gov.my','1705',27,'Penolong Pengurus',3,'E41','',6,'PCD','960416115070',9,'Dato\' Abd. Latif Abu Seman',8),(350,'Siti Nuraini Ab Halim',NULL,'sitinuraini@mpc.gov.my','3167',21,'Penolong Akauntan',27,'W29','KEW',5,'MSF','921013065046',36,'Burhanuddin Saidin',8),(351,'Siti Rohana Rubaidi',NULL,'sitirohana@mpc.gov.my','1666',27,'Penolong Pengurus',3,'E41','',6,'PCD','910516106408',9,'Dato\' Abd. Latif Abu Seman',8),(352,'Siti Zaharah Ibrahim',NULL,'sitizaharah@mpc.gov.my','1702',27,'Penolong Pengurus',3,'E41','',6,'PCD','830226045192',9,'Dato\' Abd. Latif Abu Seman',8),(353,'Syed Izzat Emir Syed Ahmad Razali',NULL,'syedizzat@mpc.gov.my','1691',27,'Penolong Pengurus',3,'E41','',6,'PCD','940405105629',9,'Dato\' Abd. Latif Abu Seman',8),(354,'Ummu ‘Ammarah Basyirah Hashim',NULL,'ummu@mpc.gov.my','1687',27,'Penolong Pengurus',3,'E41','',4,'DMO','940826017328',304,'Zahid Ismail',8);

--
-- Table structure for table `ref_akademik`
--

CREATE TABLE `ref_akademik` (
  `akademik_id` int(11) NOT NULL AUTO_INCREMENT,
  `akademik_desc` varchar(200) NOT NULL,
  `is_active` char(1) NOT NULL DEFAULT '1',
  `created_at` timestamp NULL DEFAULT NULL,
  `updated_at` timestamp NULL DEFAULT CURRENT_TIMESTAMP,
  `deleted_at` timestamp NULL DEFAULT NULL,
  PRIMARY KEY (`akademik_id`)
) ENGINE=InnoDB DEFAULT CHARSET=latin1;

--
-- Dumping data for table `ref_akademik`
--


--
-- Table structure for table `ref_alasan`
--

CREATE TABLE `ref_alasan` (
  `alasan_id` int(11) NOT NULL AUTO_INCREMENT,
  `alasan_desc` varchar(300) NOT NULL,
  `is_active` char(1) NOT NULL DEFAULT '1',
  `created_at` timestamp NULL DEFAULT NULL,
  `updated_at` timestamp NOT NULL DEFAULT CURRENT_TIMESTAMP,
  `deleted_at` timestamp NULL DEFAULT NULL,
  PRIMARY KEY (`alasan_id`)
) ENGINE=InnoDB AUTO_INCREMENT=18 DEFAULT CHARSET=latin1;

--
-- Dumping data for table `ref_alasan`
--

INSERT INTO `ref_alasan` VALUES (1,'Cuti Rehat','0','2018-12-01 00:04:36','2018-12-01 00:04:36','2019-01-13 18:52:31'),(2,'Cuti Sakit','0','2018-12-01 00:04:36','2018-12-01 00:04:36','2019-01-13 18:52:46'),(3,'Menghadiri Mesyuarat','0','2018-12-01 00:04:36','2018-12-01 00:04:36','2019-01-13 18:59:28'),(4,'Kerja Lebih Masa','0','2018-12-01 00:04:36','2018-12-01 00:04:36','2019-01-13 18:54:14'),(5,'Cuti Bersalin','0','2018-12-01 00:04:36','2018-12-01 00:04:36','2019-01-13 18:52:59'),(6,'Menghadiri Kursus','0','2018-12-01 00:04:36','2018-12-01 00:04:36','2019-01-13 18:59:10'),(7,'Tersalah Punch','0','2018-12-01 00:04:36','2018-12-01 00:04:36','2019-01-13 18:58:31'),(8,'Cuti Tanpa Rekod','1','2018-12-01 00:04:37','2018-12-01 00:04:37','2019-01-13 18:55:00'),(9,'Cuti Tanpa Gaji','0','2018-12-01 00:04:37','2018-12-01 00:04:37','2019-01-13 18:53:39'),(10,'Mesy. Sasaran Kerja Tahunan','1','2018-12-01 00:04:37','2018-12-01 00:04:37','2019-01-13 18:53:12'),(11,'Alasan Lewat Diterima','1','2018-12-01 00:04:37','2018-12-01 00:04:37',NULL),(12,'Pelepasan Waktu Bertugas','1','2018-12-01 00:04:37','2018-12-01 00:04:37','2019-01-13 18:59:21'),(13,'Cuti Kecemasan','1','2018-12-01 00:04:37','2018-12-01 00:04:37','2019-01-13 18:53:51'),(14,'Cuti Tahunan','1','2018-12-01 00:04:37','2018-12-01 00:04:37','2019-01-13 18:54:26'),(15,'Cuti Isteri Bersalin','1','2018-12-01 00:04:37','2018-12-01 00:04:37','2019-01-13 18:54:00'),(16,'Alasan Pulang Awal Diterima','1','2018-12-01 00:04:37','2018-12-01 00:04:37',NULL),(17,'Alasan Tidak Lengkap','1','2019-01-14 02:58:50','2019-01-14 02:58:50',NULL);

--
-- Table structure for table `ref_allocation`
--

CREATE TABLE `ref_allocation` (
  `allocation_id` int(11) NOT NULL AUTO_INCREMENT,
  `allocation_desc` varchar(255) DEFAULT NULL,
  `created_by` int(11) DEFAULT NULL,
  `updated_by` int(11) DEFAULT NULL,
  `created_at` timestamp NOT NULL DEFAULT CURRENT_TIMESTAMP,
  `updated_at` timestamp NOT NULL DEFAULT CURRENT_TIMESTAMP,
  `deleted_at` timestamp NULL DEFAULT NULL,
  PRIMARY KEY (`allocation_id`)
) ENGINE=InnoDB AUTO_INCREMENT=3 DEFAULT CHARSET=latin1;

--
-- Dumping data for table `ref_allocation`
--

INSERT INTO `ref_allocation` VALUES (1,'Operasi',2,2,'2019-03-21 19:41:34','2019-03-21 19:41:34',NULL),(2,'Pembangunan',2,2,'2019-03-21 19:41:45','2019-03-21 19:41:45',NULL);

--
-- Table structure for table `ref_card`
--

CREATE TABLE `ref_card` (
  `card_id` int(11) NOT NULL AUTO_INCREMENT,
  `card_desc` varchar(20) DEFAULT NULL,
  `card_color` varchar(20) NOT NULL,
  `created_at` timestamp NULL DEFAULT NULL,
  `updated_at` timestamp NOT NULL DEFAULT CURRENT_TIMESTAMP,
  `deleted_at` timestamp NULL DEFAULT NULL,
  PRIMARY KEY (`card_id`)
) ENGINE=InnoDB AUTO_INCREMENT=4 DEFAULT CHARSET=latin1;

--
-- Dumping data for table `ref_card`
--

INSERT INTO `ref_card` VALUES (1,'Kuning','#FFFF00','2018-11-25 17:16:20','2018-11-25 14:50:57',NULL),(2,'Hijau','#00FF00','2018-11-25 17:16:24','2018-11-25 14:51:07',NULL),(3,'Merah','#FF0000','2018-11-25 17:16:28','2018-11-25 14:51:15',NULL);

--
-- Table structure for table `ref_cawangan`
--

CREATE TABLE `ref_cawangan` (
  `cawangan_id` int(11) NOT NULL AUTO_INCREMENT,
  `cawangan_desc` varchar(255) NOT NULL,
  `created_by` int(11) DEFAULT NULL,
  `updated_by` int(11) DEFAULT NULL,
  `created_at` timestamp NOT NULL DEFAULT CURRENT_TIMESTAMP,
  `updated_at` timestamp NOT NULL DEFAULT CURRENT_TIMESTAMP,
  `deleted_at` timestamp NULL DEFAULT NULL,
  PRIMARY KEY (`cawangan_id`)
) ENGINE=InnoDB DEFAULT CHARSET=latin1;

--
-- Dumping data for table `ref_cawangan`
--


--
-- Table structure for table `ref_flight_company`
--

CREATE TABLE `ref_flight_company` (
  `flight_company_id` int(11) NOT NULL AUTO_INCREMENT,
  `flight_company_desc` varchar(100) NOT NULL,
  `flight_company_url` varchar(200) NOT NULL,
  `created_by` int(11) DEFAULT NULL,
  `updated_by` int(11) DEFAULT NULL,
  `created_at` timestamp NOT NULL DEFAULT CURRENT_TIMESTAMP,
  `updated_at` timestamp NOT NULL DEFAULT CURRENT_TIMESTAMP,
  `deleted_at` timestamp NULL DEFAULT NULL,
  PRIMARY KEY (`flight_company_id`)
) ENGINE=InnoDB AUTO_INCREMENT=5 DEFAULT CHARSET=latin1;

--
-- Dumping data for table `ref_flight_company`
--

INSERT INTO `ref_flight_company` VALUES (1,'MAS','https://www.malaysiaairlines.com',2,2,'2019-03-20 13:34:10','2019-03-20 13:31:37',NULL),(2,'AIR ASIA','https://www.airasia.com',2,2,'2019-03-20 13:34:28','2019-03-20 13:31:42',NULL),(3,'MALINDO AIR','https://www.malindoair.com/',2,2,'2019-03-20 13:35:09','2019-03-20 13:31:54',NULL),(4,'FIREFLY','https://www.airpaz.com',2,2,'2019-03-20 13:35:11','2019-03-20 13:32:02',NULL);

--
-- Table structure for table `ref_gred`
--

CREATE TABLE `ref_gred` (
  `gred_id` int(11) NOT NULL AUTO_INCREMENT,
  `gred_desc` varchar(20) NOT NULL,
  `is_active` char(1) NOT NULL DEFAULT '1',
  `created_by` int(11) DEFAULT NULL,
  `updated_by` int(11) DEFAULT NULL,
  `created_at` timestamp NULL DEFAULT NULL,
  `updated_at` timestamp NULL DEFAULT CURRENT_TIMESTAMP,
  `deleted_at` timestamp NULL DEFAULT NULL,
  PRIMARY KEY (`gred_id`)
) ENGINE=InnoDB AUTO_INCREMENT=31 DEFAULT CHARSET=latin1;

--
-- Dumping data for table `ref_gred`
--

INSERT INTO `ref_gred` VALUES (1,'B22','1',2,2,'2019-03-28 07:32:43','2019-03-28 07:32:43',NULL),(2,'E29/E32','1',2,2,'2019-03-28 07:32:43','2019-03-28 07:32:43',NULL),(3,'E41','1',2,2,'2019-03-28 07:32:43','2019-03-28 07:32:43',NULL),(4,'E44','1',2,2,'2019-03-28 07:32:43','2019-03-28 07:32:43',NULL),(5,'E48','1',2,2,'2019-03-28 07:32:43','2019-03-28 07:32:43',NULL),(6,'E52','1',2,2,'2019-03-28 07:32:43','2019-03-28 07:32:43',NULL),(7,'E54','1',2,2,'2019-03-28 07:32:43','2019-03-28 07:32:43',NULL),(8,'FA29','1',2,2,'2019-03-28 07:32:43','2019-03-28 07:32:43',NULL),(9,'H11','1',2,2,'2019-03-28 07:32:43','2019-03-28 07:32:43',NULL),(10,'H19','1',2,2,'2019-03-28 07:32:43','2019-03-28 07:32:43',NULL),(11,'J22','1',2,2,'2019-03-28 07:32:43','2019-03-28 07:32:43',NULL),(12,'JA29/JA36','1',2,2,'2019-03-28 07:32:43','2019-03-28 07:32:43',NULL),(13,'JUSA A/VU5','1',2,2,'2019-03-28 07:32:43','2019-03-28 07:32:43',NULL),(14,'JUSA B/VU6','1',2,2,'2019-03-28 07:32:43','2019-03-28 07:32:43',NULL),(15,'JUSA C/VU7','1',2,2,'2019-03-28 07:32:43','2019-03-28 07:32:43',NULL),(16,'N11','1',2,2,'2019-03-28 07:32:43','2019-03-28 07:32:43',NULL),(17,'N14','1',2,2,'2019-03-28 07:32:43','2019-03-28 07:32:43',NULL),(18,'N19','1',2,2,'2019-03-28 07:32:43','2019-03-28 07:32:43',NULL),(19,'N22','1',2,2,'2019-03-28 07:32:43','2019-03-28 07:32:43',NULL),(20,'N26','1',2,2,'2019-03-28 07:32:43','2019-03-28 07:32:43',NULL),(21,'N28','1',2,2,'2019-03-28 07:32:43','2019-03-28 07:32:43',NULL),(22,'N29','1',2,2,'2019-03-28 07:32:43','2019-03-28 07:32:43',NULL),(23,'N30','1',2,2,'2019-03-28 07:32:43','2019-03-28 07:32:43',NULL),(24,'N32','1',2,2,'2019-03-28 07:32:43','2019-03-28 07:32:43',NULL),(25,'S32','1',2,2,'2019-03-28 07:32:43','2019-03-28 07:32:43',NULL),(26,'S41','1',2,2,'2019-03-28 07:32:43','2019-03-28 07:32:43',NULL),(27,'W29','1',2,2,'2019-03-28 07:32:43','2019-03-28 07:32:43',NULL),(28,'WA41','1',2,2,'2019-03-28 07:32:43','2019-03-28 07:32:43',NULL),(29,'WA44','1',2,2,'2019-03-28 07:32:43','2019-03-28 07:32:43',NULL),(30,'WA48','1',2,2,'2019-03-28 07:32:43','2019-03-28 07:32:43',NULL);

--
-- Table structure for table `ref_jabatan`
--

CREATE TABLE `ref_jabatan` (
  `jabatan_id` int(11) NOT NULL AUTO_INCREMENT,
  `jabatan_desc` varchar(200) NOT NULL,
  `is_active` char(1) NOT NULL DEFAULT '1',
  `created_at` timestamp NULL DEFAULT NULL,
  `updated_at` timestamp NULL DEFAULT CURRENT_TIMESTAMP,
  `deleted_at` timestamp NULL DEFAULT NULL,
  PRIMARY KEY (`jabatan_id`)
) ENGINE=InnoDB AUTO_INCREMENT=36 DEFAULT CHARSET=latin1;

--
-- Dumping data for table `ref_jabatan`
--

INSERT INTO `ref_jabatan` VALUES (2,'JABATAN KHIDMAT PENGURUSAN','1','2019-01-01 07:48:01','2019-01-01 07:48:01',NULL),(3,'JABATAN TEKNOLOGI MAKLUMAT','1','2019-01-01 07:48:01','2019-01-01 07:48:01',NULL),(4,'BAHAGIAN PENGURUSAN HARTA','1','2019-01-01 07:48:01','2019-01-01 07:48:01',NULL),(5,'JABATAN PENILAIAN & PENGURUSAN HARTA','1','2019-01-01 07:48:01','2019-01-01 07:48:01',NULL),(6,'JABATAN PERBENDAHARAAN','1','2019-01-01 07:48:01','2019-01-01 07:48:01',NULL),(7,'JABATAN PERUNDANGAN','1','2019-01-01 07:48:01','2019-01-01 07:48:01',NULL),(8,'JABATAN KORPORAT','1','2019-01-01 07:48:01','2019-01-01 07:48:01',NULL),(9,'JABATAN PERANCANG BANDAR','1','2019-01-01 07:48:01','2019-01-01 07:48:01',NULL),(10,'JABATAN KEJURUTERAAN','1','2019-01-01 07:48:01','2019-01-01 07:48:01',NULL),(11,'JABATAN BANGUNAN','1','2019-01-01 07:48:01','2019-01-01 07:48:01',NULL),(13,'PEJABAT YANG DIPERTUA / TIMBALAN YANG DIPERTUA','1','2019-01-01 07:48:01','2019-01-01 07:48:01',NULL),(14,'BAHAGIAN KEMUDAHAN AWAM','1','2019-01-01 07:48:01','2019-01-01 07:48:01',NULL),(16,'JABATAN LANDSKAP','1','2019-01-01 07:48:01','2019-01-01 07:48:01',NULL),(17,'BAHAGIAN URUSETIA','1','2019-01-01 07:48:01','2019-01-01 07:48:01',NULL),(18,'UNIT NURSERY','1','2019-01-01 07:48:01','2019-01-01 07:48:01',NULL),(19,'JABATAN AUDIT DALAM','1','2019-01-01 07:48:01','2019-01-01 07:48:01',NULL),(20,'UNIT BENGKEL RAWANG','1','2019-01-01 07:48:01','2019-01-01 07:48:01',NULL),(22,'JABATAN PUSAT SETEMPAT (OSC)','1','2019-01-01 07:48:01','2019-01-01 07:48:01',NULL),(23,'JABATAN PENGUATKUASA & KESELAMATAN','1','2019-01-01 07:48:01','2019-01-01 07:48:01',NULL),(24,'JABATAN KONTRAK DAN UKUR BAHAN','1','2019-01-01 07:48:01','2019-01-01 07:48:01',NULL),(25,'JABATAN PELESENAN','1','2019-01-01 07:48:01','2019-01-01 07:48:01',NULL),(26,'BAHAGIAN HASIL','1','2019-01-01 07:48:01','2019-01-01 07:48:01',NULL),(29,'BAHAGIAN KESELAMATAN','1','2019-01-01 07:48:01','2019-01-01 07:48:01',NULL),(32,'UNIT URUS SELENGGARA BANGUNAN','1','2019-01-01 07:48:01','2019-01-01 07:48:01',NULL),(33,'JABATAN PEMBANGUNAN MASYARAKAT','1','2019-01-01 07:48:01','2019-01-01 07:48:01',NULL),(34,'JABATAN PENGURUSAN SISA PEPEJAL & KESIHATAN','1','2019-01-01 07:48:01','2019-01-01 07:48:01',NULL),(35,'JABATAN PESURUHJAYA BANGUNAN (COB)','1','2019-01-01 07:48:01','2019-01-01 07:48:01',NULL);

--
-- Table structure for table `ref_jawatan`
--

CREATE TABLE `ref_jawatan` (
  `jawatan_id` int(11) NOT NULL AUTO_INCREMENT,
  `jawatan_desc` varchar(255) NOT NULL,
  `is_active` int(1) NOT NULL DEFAULT '1',
  `created_by` int(11) DEFAULT NULL,
  `updated_by` int(11) DEFAULT NULL,
  `created_at` timestamp NOT NULL DEFAULT CURRENT_TIMESTAMP,
  `updated_at` timestamp NOT NULL DEFAULT CURRENT_TIMESTAMP,
  `deleted_at` timestamp NULL DEFAULT NULL,
  PRIMARY KEY (`jawatan_id`)
) ENGINE=InnoDB AUTO_INCREMENT=34 DEFAULT CHARSET=latin1;

--
-- Dumping data for table `ref_jawatan`
--

INSERT INTO `ref_jawatan` VALUES (1,'Ahli Fotografi',1,2,2,'2019-03-28 07:28:12','2019-03-28 07:28:12',NULL),(2,'Akauntan',1,2,2,'2019-03-28 07:28:12','2019-03-28 07:28:12',NULL),(3,'Akauntan Kanan',1,2,2,'2019-03-28 07:28:12','2019-03-28 07:28:12',NULL),(4,'Ketua Akauntan',1,2,2,'2019-03-28 07:28:12','2019-03-28 07:28:12',NULL),(5,'Ketua Pengarah',1,2,2,'2019-03-28 07:28:12','2019-03-28 07:28:12',NULL),(6,'Pegawai Khidmat Pelanggan',1,2,2,'2019-03-28 07:28:12','2019-03-29 13:28:28',NULL),(7,'Pemandu Kenderaan',1,2,2,'2019-03-28 07:28:12','2019-03-28 07:28:12',NULL),(8,'Pembantu Awam',1,2,2,'2019-03-28 07:28:12','2019-03-28 07:28:12',NULL),(9,'Pembantu Kemahiran',1,2,2,'2019-03-28 07:28:12','2019-03-28 07:28:12',NULL),(10,'Pembantu Operasi',1,2,2,'2019-03-28 07:28:12','2019-03-28 07:28:12',NULL),(11,'Pembantu Penerbitan (KUP)',1,2,2,'2019-03-28 07:28:12','2019-03-28 07:28:12',NULL),(12,'Pembantu Setiausaha Pejabat',1,2,2,'2019-03-28 07:28:12','2019-03-28 07:28:12',NULL),(13,'Pembantu Setiausaha Pejabat (KUP)',1,2,2,'2019-03-28 07:28:12','2019-03-28 07:28:12',NULL),(14,'Pembantu Tadbir (P/O)',1,2,2,'2019-03-28 07:28:12','2019-03-28 07:28:12',NULL),(15,'Pembantu Tadbir (P/O) (KUP)',1,2,2,'2019-03-28 07:28:12','2019-03-28 07:28:12',NULL),(16,'Pembantu Tadbir (P/O) KUP',1,2,2,'2019-03-28 07:28:12','2019-03-28 07:28:12',NULL),(17,'Pengarah',1,2,2,'2019-03-28 07:28:12','2019-03-28 07:28:12',NULL),(18,'Pengurus',1,2,2,'2019-03-28 07:28:12','2019-03-28 07:28:12',NULL),(19,'Pengurus Kanan',1,2,2,'2019-03-28 07:28:12','2019-03-28 07:28:12',NULL),(20,'Penjaga Jentera Eletrik',1,2,2,'2019-03-28 07:28:12','2019-03-28 07:28:12',NULL),(21,'Penolong Akauntan',1,2,2,'2019-03-28 07:28:12','2019-03-28 07:28:12',NULL),(22,'Penolong Jurutera',1,2,2,'2019-03-28 07:28:12','2019-03-28 07:28:12',NULL),(23,'Penolong Jurutera (KUP)',1,2,2,'2019-03-28 07:28:12','2019-03-28 07:28:12',NULL),(24,'Penolong Pegawai Perangkaan (KUP)',1,2,2,'2019-03-28 07:28:12','2019-03-28 07:28:12',NULL),(25,'Penolong Pegawai Tadbir',1,2,2,'2019-03-28 07:28:12','2019-03-28 07:28:12',NULL),(26,'Penolong Pegawai Teknologi Maklumat',1,2,2,'2019-03-28 07:28:12','2019-03-28 07:28:12',NULL),(27,'Penolong Pengurus',1,2,2,'2019-03-28 07:28:12','2019-03-28 07:28:12',NULL),(28,'Penolong Pustakawan (KUP)',1,2,2,'2019-03-28 07:28:12','2019-03-28 07:28:12',NULL),(29,'Pustakawan',1,2,2,'2019-03-28 07:28:12','2019-03-28 07:28:12',NULL),(30,'Setiausaha Pejabat ',1,2,2,'2019-03-28 07:28:12','2019-03-28 07:28:12',NULL),(31,'Setiausaha Pejabat (KUP)',1,2,2,'2019-03-28 07:28:12','2019-03-28 07:28:12',NULL),(32,'Timbalan Ketua Pengarah',1,2,2,'2019-03-28 07:28:12','2019-03-28 07:28:12',NULL),(33,'Timbalan Pengarah',1,2,2,'2019-03-28 07:28:12','2019-03-28 07:28:12',NULL);

--
-- Table structure for table `ref_jenis_penerbangan`
--

CREATE TABLE `ref_jenis_penerbangan` (
  `jenis_penerbangan_id` int(11) NOT NULL AUTO_INCREMENT,
  `jenis_penerbangan_desc` varchar(255) NOT NULL,
  `created_at` timestamp NOT NULL DEFAULT CURRENT_TIMESTAMP,
  `updated_at` timestamp NOT NULL DEFAULT CURRENT_TIMESTAMP,
  `deleted_at` timestamp NULL DEFAULT NULL,
  PRIMARY KEY (`jenis_penerbangan_id`)
) ENGINE=InnoDB AUTO_INCREMENT=4 DEFAULT CHARSET=latin1;

--
-- Dumping data for table `ref_jenis_penerbangan`
--

INSERT INTO `ref_jenis_penerbangan` VALUES (1,'PERGI','2019-03-21 19:57:17','2019-03-21 19:57:17',NULL),(2,'BALIK','2019-03-21 19:57:20','2019-03-21 19:57:20',NULL),(3,'PERGI & BALIK','2019-03-21 19:57:34','2019-03-21 19:57:34',NULL);

--
-- Table structure for table `ref_kalendar`
--

CREATE TABLE `ref_kalendar` (
  `kalendar_id` int(11) NOT NULL AUTO_INCREMENT,
  `kalendar_date` date NOT NULL COMMENT 'simpan event date dlm bentuk yyyy-mm-dd',
  `kalendar_desc` longtext NOT NULL,
  `is_active` char(1) NOT NULL DEFAULT '1',
  `created_at` timestamp NULL DEFAULT NULL,
  `updated_at` timestamp NULL DEFAULT CURRENT_TIMESTAMP,
  `deleted_at` timestamp NULL DEFAULT NULL,
  PRIMARY KEY (`kalendar_id`)
) ENGINE=InnoDB DEFAULT CHARSET=latin1;

--
-- Dumping data for table `ref_kalendar`
--


--
-- Table structure for table `ref_location`
--

CREATE TABLE `ref_location` (
  `location_id` int(11) NOT NULL AUTO_INCREMENT,
  `location_code` varchar(10) DEFAULT NULL,
  `location_desc` varchar(255) DEFAULT NULL,
  `created_by` int(11) DEFAULT NULL,
  `updated_by` int(11) DEFAULT NULL,
  `created_at` timestamp NOT NULL DEFAULT CURRENT_TIMESTAMP,
  `updated_at` timestamp NOT NULL DEFAULT CURRENT_TIMESTAMP,
  `deleted_at` timestamp NULL DEFAULT NULL,
  PRIMARY KEY (`location_id`)
) ENGINE=InnoDB AUTO_INCREMENT=17 DEFAULT CHARSET=latin1;

--
-- Dumping data for table `ref_location`
--

INSERT INTO `ref_location` VALUES (1,'KUL','KUALA LUMPUR',2,2,'2019-03-20 13:40:51','2019-03-20 13:40:51',NULL),(2,'LGK','LANGKAWI',2,2,'2019-03-20 13:40:51','2019-03-20 13:40:51',NULL),(3,'KCH','KUCHING',2,2,'2019-03-20 13:40:51','2019-03-20 13:40:51',NULL),(4,'PEN','PENANG',2,2,'2019-03-20 13:40:51','2019-03-20 13:40:51',NULL),(5,'BKI','KOTA KINABALU',2,2,'2019-03-20 13:40:51','2019-03-20 13:40:51',NULL),(6,'JHB','JOHOR BAHRU',2,2,'2019-03-20 13:40:51','2019-03-20 13:40:51',NULL),(7,'SZB','SUBANG',2,2,'2019-03-20 13:40:51','2019-03-20 13:40:51',NULL),(8,'AOR','ALOR SETAR',2,2,'2019-03-20 13:40:51','2019-03-20 13:40:51',NULL),(9,'KBR','KOTA BHARU',2,2,'2019-03-20 13:40:51','2019-03-20 13:40:51',NULL),(10,'TGG','KUALA TERENGGANU',2,2,'2019-03-20 13:40:51','2019-03-20 13:40:51',NULL),(11,'IPH','IPOH',2,2,'2019-03-20 13:40:51','2019-03-20 13:40:51',NULL),(12,'KUA','KUANTAN',2,2,'2019-03-20 13:40:51','2019-03-20 13:40:51',NULL),(13,'SBW','SIBU',2,2,'2019-03-20 13:40:51','2019-03-20 13:40:51',NULL),(14,'SDK','SANDAKAN',2,2,'2019-03-20 13:40:51','2019-03-20 13:40:51',NULL),(15,'TWU','TAWAU',2,2,'2019-03-20 13:40:51','2019-03-20 13:40:51',NULL),(16,'MYY','MIRI',2,2,'2019-03-20 13:40:51','2019-03-20 13:40:51',NULL);

--
-- Table structure for table `ref_payment_method`
--

CREATE TABLE `ref_payment_method` (
  `payment_method_id` int(11) NOT NULL AUTO_INCREMENT,
  `payment_method_desc` varchar(150) NOT NULL,
  `created_at` timestamp NOT NULL DEFAULT CURRENT_TIMESTAMP,
  `updated_at` timestamp NOT NULL DEFAULT CURRENT_TIMESTAMP,
  `deleted_at` timestamp NULL DEFAULT NULL,
  PRIMARY KEY (`payment_method_id`)
) ENGINE=InnoDB AUTO_INCREMENT=3 DEFAULT CHARSET=latin1;

--
-- Dumping data for table `ref_payment_method`
--

INSERT INTO `ref_payment_method` VALUES (1,'Kad Kredit','2019-03-23 19:32:36','2019-03-23 19:32:36',NULL),(2,'Waran','2019-03-23 19:32:43','2019-03-23 19:32:43',NULL);

--
-- Table structure for table `ref_pembangunan`
--

CREATE TABLE `ref_pembangunan` (
  `pembangunan_id` int(11) NOT NULL AUTO_INCREMENT,
  `pembangunan_desc` varchar(255) DEFAULT NULL,
  `created_at` timestamp NOT NULL DEFAULT CURRENT_TIMESTAMP,
  `updated_at` timestamp NOT NULL DEFAULT CURRENT_TIMESTAMP,
  `deleted_at` timestamp NULL DEFAULT NULL,
  PRIMARY KEY (`pembangunan_id`)
) ENGINE=InnoDB AUTO_INCREMENT=5 DEFAULT CHARSET=latin1;

--
-- Dumping data for table `ref_pembangunan`
--

INSERT INTO `ref_pembangunan` VALUES (1,'NPDIR','2019-03-21 19:39:55','2019-03-21 19:39:55',NULL),(2,'PPE','2019-03-21 19:40:05','2019-03-21 19:40:05',NULL),(3,'MBR','2019-03-21 19:40:09','2019-03-21 19:40:09',NULL),(4,'PTPS','2019-03-21 19:40:22','2019-03-21 19:40:22',NULL);

--
-- Table structure for table `ref_race`
--

CREATE TABLE `ref_race` (
  `race_id` int(11) NOT NULL AUTO_INCREMENT,
  `race_desc` varchar(50) NOT NULL,
  `created_at` timestamp NULL DEFAULT NULL,
  `updated_at` timestamp NOT NULL DEFAULT CURRENT_TIMESTAMP,
  `deleted_at` timestamp NULL DEFAULT NULL,
  PRIMARY KEY (`race_id`,`updated_at`)
) ENGINE=InnoDB AUTO_INCREMENT=5 DEFAULT CHARSET=latin1;

--
-- Dumping data for table `ref_race`
--

INSERT INTO `ref_race` VALUES (1,'Melayu','2018-12-04 13:29:28','2018-12-04 13:29:07',NULL),(2,'Cina','2018-12-04 13:29:31','2018-12-04 13:29:09',NULL),(3,'India','2018-12-04 13:29:36','2018-12-04 13:29:13',NULL),(4,'Lain-lain','2018-12-04 13:29:39','2018-12-04 13:29:18',NULL);

--
-- Table structure for table `ref_religion`
--

CREATE TABLE `ref_religion` (
  `religion_id` int(11) NOT NULL AUTO_INCREMENT,
  `religion_desc` varchar(50) NOT NULL,
  `created_at` timestamp NULL DEFAULT NULL,
  `updated_at` timestamp NOT NULL DEFAULT CURRENT_TIMESTAMP,
  `deleted_at` timestamp NULL DEFAULT NULL,
  PRIMARY KEY (`religion_id`,`updated_at`)
) ENGINE=InnoDB AUTO_INCREMENT=6 DEFAULT CHARSET=latin1;

--
-- Dumping data for table `ref_religion`
--

INSERT INTO `ref_religion` VALUES (1,'Islam','2018-12-04 13:28:12','2018-12-04 13:28:12',NULL),(2,'Kristian','2018-12-04 13:28:12','2018-12-04 13:28:19',NULL),(3,'Buddha','2018-12-04 13:28:12','2018-12-04 13:28:22',NULL),(4,'Hindu','2018-12-04 13:28:12','2018-12-04 13:28:26',NULL),(5,'Lain-lain','2018-12-04 13:28:12','2018-12-04 13:28:43',NULL);

--
-- Table structure for table `ref_unit`
--

CREATE TABLE `ref_unit` (
  `unit_id` int(11) NOT NULL AUTO_INCREMENT,
  `unit_desc` varchar(200) NOT NULL,
  `is_active` char(1) NOT NULL DEFAULT '1',
  `created_at` timestamp NULL DEFAULT NULL,
  `updated_at` timestamp NULL DEFAULT CURRENT_TIMESTAMP,
  `deleted_at` timestamp NULL DEFAULT NULL,
  PRIMARY KEY (`unit_id`)
) ENGINE=InnoDB DEFAULT CHARSET=latin1;

--
-- Dumping data for table `ref_unit`
--


--
-- Table structure for table `ref_unit_bahagian`
--

CREATE TABLE `ref_unit_bahagian` (
  `unit_bahagian_id` int(11) NOT NULL AUTO_INCREMENT,
  `parent_id` int(11) DEFAULT NULL,
  `unit_bahagian_desc` varchar(100) NOT NULL,
  `is_cawangan` int(11) NOT NULL DEFAULT '0',
  `running_no` int(11) NOT NULL DEFAULT '0',
  `created_by` int(11) DEFAULT NULL,
  `updated_by` int(11) DEFAULT NULL,
  `created_at` timestamp NULL DEFAULT NULL,
  `updated_at` timestamp NOT NULL DEFAULT CURRENT_TIMESTAMP,
  `deleted_at` timestamp NULL DEFAULT NULL,
  PRIMARY KEY (`unit_bahagian_id`)
) ENGINE=InnoDB AUTO_INCREMENT=13 DEFAULT CHARSET=latin1;

--
-- Dumping data for table `ref_unit_bahagian`
--

INSERT INTO `ref_unit_bahagian` VALUES (0,NULL,'HQ',0,0,2,2,'2019-03-29 12:32:26','2019-03-29 12:32:28',NULL),(1,0,'CPD',0,0,2,2,'2019-03-28 17:14:07','2019-03-28 17:14:07',NULL),(2,0,'CRO',0,0,2,2,'2019-03-28 17:14:07','2019-03-28 17:14:07',NULL),(3,0,'DGO',0,0,2,2,'2019-03-28 17:14:07','2019-03-28 17:14:07',NULL),(4,0,'DMO',0,0,2,2,'2019-03-28 17:14:07','2019-03-28 17:14:07',NULL),(5,0,'MSF',0,0,2,2,'2019-03-28 17:14:07','2019-03-28 17:14:07',NULL),(6,0,'PCD',0,0,2,2,'2019-03-28 17:14:07','2019-03-28 17:14:07',NULL),(7,0,'QED',0,0,2,2,'2019-03-28 17:14:07','2019-03-28 17:14:07',NULL),(8,7,'MPC ECR',1,0,2,2,'2019-03-28 17:14:07','2019-03-28 17:14:07',NULL),(9,7,'MPC NRO',1,0,2,2,'2019-03-28 17:14:07','2019-03-28 17:14:07',NULL),(10,7,'MPC SBO',1,0,2,2,'2019-03-28 17:14:07','2019-03-28 17:14:07',NULL),(11,7,'MPC SKO',1,0,2,2,'2019-03-28 17:14:07','2019-03-28 17:14:07',NULL),(12,7,'MPC SRO',1,0,2,2,'2019-03-28 17:14:07','2019-03-28 17:14:07',NULL);

--
-- Table structure for table `role_has_permissions`
--

CREATE TABLE `role_has_permissions` (
  `permission_id` int(10) unsigned NOT NULL,
  `role_id` int(10) unsigned NOT NULL,
  PRIMARY KEY (`permission_id`,`role_id`),
  KEY `role_has_permissions_role_id_foreign` (`role_id`),
  CONSTRAINT `role_has_permissions_permission_id_foreign` FOREIGN KEY (`permission_id`) REFERENCES `permissions` (`id`) ON DELETE CASCADE,
  CONSTRAINT `role_has_permissions_role_id_foreign` FOREIGN KEY (`role_id`) REFERENCES `roles` (`id`) ON DELETE CASCADE
) ENGINE=InnoDB DEFAULT CHARSET=utf8 COLLATE=utf8_unicode_ci ROW_FORMAT=DYNAMIC COMMENT='ACL related';

--
-- Dumping data for table `role_has_permissions`
--

INSERT INTO `role_has_permissions` VALUES (13,1),(13,2),(13,6),(13,7),(13,8),(14,1),(14,2),(15,1),(15,2),(16,1),(16,2),(16,6),(16,7),(16,8),(17,1),(18,1),(19,1),(20,1),(21,1),(22,1),(22,2),(29,1),(29,2),(30,1),(30,2),(101,1),(101,2),(104,1),(104,2),(108,1),(108,2),(108,6),(108,7),(108,8),(121,1),(121,2),(123,1),(123,2),(124,1),(124,2),(125,1),(125,2),(126,1),(126,2),(127,1),(127,2),(128,1),(128,2),(129,6),(129,7),(129,8),(130,1),(130,2),(130,6),(130,7),(130,8),(131,1),(131,6),(131,7),(132,1),(132,2);

--
-- Table structure for table `roles`
--

CREATE TABLE `roles` (
  `id` int(10) unsigned NOT NULL AUTO_INCREMENT,
  `name` varchar(255) COLLATE utf8_unicode_ci NOT NULL,
  `description` longtext COLLATE utf8_unicode_ci,
  `created_at` timestamp NULL DEFAULT NULL,
  `updated_at` timestamp NULL DEFAULT NULL,
  `deleted_at` timestamp NULL DEFAULT NULL,
  PRIMARY KEY (`id`),
  UNIQUE KEY `roles_name_unique` (`name`)
) ENGINE=InnoDB AUTO_INCREMENT=9 DEFAULT CHARSET=utf8 COLLATE=utf8_unicode_ci ROW_FORMAT=DYNAMIC COMMENT='ACL related';

--
-- Dumping data for table `roles`
--

INSERT INTO `roles` VALUES (1,'superadmin','Super System Administrator','2018-04-03 13:56:05','2018-04-03 13:56:05',NULL),(2,'admin','Pentadbir Sistem','2018-04-03 13:56:55','2018-04-03 13:56:55',NULL),(6,'director','Pengarah','2019-03-21 06:20:11','2019-03-21 06:20:14',NULL),(7,'approver','Pelulus','2019-03-21 06:20:14','2019-03-21 06:20:14',NULL),(8,'officer','Pegawai','2019-03-21 06:20:14','2019-03-21 06:20:14',NULL);

--
-- Table structure for table `upload`
--

CREATE TABLE `upload` (
  `upload_id` int(11) NOT NULL AUTO_INCREMENT,
  `upload_model` varchar(50) NOT NULL COMMENT '1-fromcomplaint,2-fromemergency',
  `upload_model_id` int(11) NOT NULL,
  `upload_path` varchar(50) NOT NULL,
  `upload_filename` varchar(200) NOT NULL,
  `upload_type` char(1) DEFAULT NULL COMMENT 'merchant: 1-logo,2-flyer,3-storefront,4-background,5-banner,6-CMS image,7-CMS document,8-CMS video, 9-CMS audio',
  `upload_imagetype` varchar(20) DEFAULT NULL COMMENT 'thumbnail, feature, original',
  `upload_imageid` longtext COMMENT 'this will be used during delete action. this id generate based on encrypt filename',
  `created_at` timestamp NOT NULL DEFAULT CURRENT_TIMESTAMP,
  `updated_at` timestamp NOT NULL DEFAULT '0000-00-00 00:00:00',
  `deleted_at` timestamp NULL DEFAULT NULL,
  PRIMARY KEY (`upload_id`)
) ENGINE=InnoDB AUTO_INCREMENT=20 DEFAULT CHARSET=latin1;

--
-- Dumping data for table `upload`
--

INSERT INTO `upload` VALUES (1,'UserModel',78,'/uploads/users/','78_20181227035351_users.jpg',NULL,NULL,NULL,'2018-12-27 03:53:51','2018-12-27 03:53:51',NULL),(2,'UserModel',165,'/uploads/users/','165_20190130001528_users.jpg',NULL,NULL,NULL,'2019-01-30 00:15:28','2019-01-30 00:15:28',NULL),(5,'PermohonanModel',1,'/uploads/bomfile/','1_20190323060247_failbom.pdf','1',NULL,NULL,'2019-03-23 06:02:47','2019-03-23 06:02:47',NULL),(6,'PermohonanModel',2,'/uploads/bomfile/','Permohonan_20190323062353_2.pdf','1',NULL,NULL,'2019-03-23 06:23:53','2019-03-23 06:23:53','2019-03-26 06:10:21'),(7,'PermohonanModel',3,'/uploads/bomfile/','Permohonan_20190323062753_3.pdf','1',NULL,NULL,'2019-03-23 06:27:53','2019-03-23 06:27:53','2019-03-22 23:07:08'),(8,'PermohonanModel',4,'/uploads/bomfile/','Permohonan_20190323075803_4.pdf','1',NULL,NULL,'2019-03-23 07:58:03','2019-03-23 07:58:03',NULL),(9,'PermohonanModel',5,'/uploads/bomfile/','Permohonan_20190323084906_5.pdf','1',NULL,NULL,'2019-03-23 08:49:06','2019-03-23 08:49:06',NULL),(10,'PermohonanModel',6,'/uploads/bomfile/','Permohonan_20190323205105_6.pdf','1',NULL,NULL,'2019-03-23 20:51:05','2019-03-23 20:51:05',NULL),(11,'PermohonanModel',6,'/uploads/tiket/','Tiket_20190323220125_6_1.pdf','2',NULL,NULL,'2019-03-23 22:01:25','2019-03-23 22:01:25',NULL),(12,'PermohonanModel',6,'/uploads/tiket/','Tiket_20190323220125_6_2.pdf','2',NULL,NULL,'2019-03-23 22:01:25','2019-03-23 22:01:25',NULL),(13,'PermohonanModel',7,'/uploads/bomfile/','Permohonan_20190324162255_7.pdf','1',NULL,NULL,'2019-03-24 16:22:55','2019-03-24 16:22:55',NULL),(14,'PermohonanModel',8,'/uploads/bomfile/','Permohonan_20190324170443_8.pdf','1',NULL,NULL,'2019-03-24 17:04:43','2019-03-24 17:04:43',NULL),(15,'PermohonanModel',9,'/uploads/bomfile/','Permohonan_20190324170931_9.pdf','1',NULL,NULL,'2019-03-24 17:09:31','2019-03-24 17:09:31',NULL),(16,'PermohonanModel',12,'/uploads/bomfile/','Permohonan_20190326115746_12.pdf','1',NULL,NULL,'2019-03-26 11:57:46','2019-03-26 11:57:46',NULL),(17,'PermohonanModel',7,'/uploads/tiket/','Tiket_20190326132706_7_1.pdf','2',NULL,NULL,'2019-03-26 13:27:06','2019-03-26 13:27:06',NULL),(18,'PermohonanModel',13,'/uploads/bomfile/','Permohonan_20190326141206_13.pdf','1',NULL,NULL,'2019-03-26 14:12:06','2019-03-26 14:12:06','2019-03-26 06:13:28'),(19,'PermohonanModel',14,'/uploads/bomfile/','Permohonan_20190326143251_14.pdf','1',NULL,NULL,'2019-03-26 14:32:51','2019-03-26 14:32:51',NULL);

--
-- Table structure for table `user_has_permissions`
--

CREATE TABLE `user_has_permissions` (
  `user_id` int(10) unsigned NOT NULL,
  `permission_id` int(10) unsigned NOT NULL,
  PRIMARY KEY (`user_id`,`permission_id`),
  KEY `user_has_permissions_permission_id_foreign` (`permission_id`),
  CONSTRAINT `user_has_permissions_permission_id_foreign` FOREIGN KEY (`permission_id`) REFERENCES `permissions` (`id`) ON DELETE CASCADE,
  CONSTRAINT `user_has_permissions_user_id_foreign` FOREIGN KEY (`user_id`) REFERENCES `users` (`id`) ON DELETE CASCADE
) ENGINE=InnoDB DEFAULT CHARSET=utf8 COLLATE=utf8_unicode_ci ROW_FORMAT=DYNAMIC COMMENT='ACL related';

--
-- Dumping data for table `user_has_permissions`
--


--
-- Table structure for table `user_has_roles`
--

CREATE TABLE `user_has_roles` (
  `role_id` int(10) unsigned NOT NULL,
  `user_id` int(10) unsigned NOT NULL,
  PRIMARY KEY (`role_id`,`user_id`),
  KEY `user_has_roles_user_id_foreign` (`user_id`),
  CONSTRAINT `user_has_roles_role_id_foreign` FOREIGN KEY (`role_id`) REFERENCES `roles` (`id`) ON DELETE CASCADE,
  CONSTRAINT `user_has_roles_user_id_foreign` FOREIGN KEY (`user_id`) REFERENCES `users` (`id`) ON DELETE CASCADE
) ENGINE=InnoDB DEFAULT CHARSET=utf8 COLLATE=utf8_unicode_ci ROW_FORMAT=DYNAMIC COMMENT='ACL related';

--
-- Dumping data for table `user_has_roles`
--

INSERT INTO `user_has_roles` VALUES (1,1),(2,1),(2,2),(2,46),(2,53),(2,106),(2,195),(2,213),(2,237),(6,9),(6,33),(6,36),(6,39),(6,66),(6,72),(6,78),(6,79),(6,99),(6,102),(6,129),(6,141),(6,165),(6,183),(6,189),(6,216),(6,242),(6,247),(6,252),(6,255),(6,263),(6,264),(6,265),(6,270),(6,274),(6,284),(6,285),(6,297),(6,304),(6,307),(6,308),(6,314),(7,295),(8,3),(8,4),(8,5),(8,6),(8,7),(8,8),(8,10),(8,11),(8,12),(8,13),(8,14),(8,15),(8,16),(8,17),(8,18),(8,19),(8,20),(8,21),(8,22),(8,23),(8,24),(8,25),(8,26),(8,27),(8,28),(8,29),(8,30),(8,31),(8,32),(8,34),(8,35),(8,37),(8,38),(8,40),(8,41),(8,42),(8,43),(8,44),(8,45),(8,47),(8,48),(8,49),(8,50),(8,51),(8,52),(8,54),(8,55),(8,56),(8,57),(8,58),(8,59),(8,60),(8,61),(8,62),(8,63),(8,64),(8,65),(8,67),(8,68),(8,69),(8,70),(8,71),(8,73),(8,74),(8,75),(8,76),(8,77),(8,80),(8,81),(8,82),(8,83),(8,84),(8,85),(8,86),(8,87),(8,88),(8,89),(8,90),(8,91),(8,92),(8,93),(8,94),(8,95),(8,96),(8,97),(8,98),(8,100),(8,101),(8,103),(8,104),(8,105),(8,107),(8,108),(8,109),(8,110),(8,111),(8,112),(8,113),(8,114),(8,115),(8,116),(8,117),(8,118),(8,119),(8,120),(8,121),(8,122),(8,123),(8,124),(8,125),(8,126),(8,127),(8,128),(8,130),(8,131),(8,132),(8,133),(8,134),(8,135),(8,136),(8,137),(8,138),(8,139),(8,140),(8,142),(8,143),(8,144),(8,145),(8,146),(8,147),(8,148),(8,149),(8,150),(8,151),(8,152),(8,153),(8,154),(8,155),(8,156),(8,157),(8,158),(8,159),(8,160),(8,161),(8,162),(8,163),(8,164),(8,166),(8,167),(8,168),(8,169),(8,170),(8,171),(8,172),(8,173),(8,174),(8,175),(8,176),(8,177),(8,178),(8,179),(8,180),(8,181),(8,182),(8,184),(8,185),(8,186),(8,187),(8,188),(8,190),(8,191),(8,192),(8,193),(8,194),(8,196),(8,197),(8,198),(8,199),(8,200),(8,201),(8,202),(8,203),(8,204),(8,205),(8,206),(8,207),(8,208),(8,209),(8,210),(8,211),(8,212),(8,214),(8,215),(8,217),(8,218),(8,219),(8,220),(8,221),(8,222),(8,223),(8,224),(8,225),(8,226),(8,227),(8,228),(8,229),(8,230),(8,231),(8,232),(8,233),(8,234),(8,235),(8,236),(8,238),(8,239),(8,240),(8,241),(8,243),(8,244),(8,245),(8,246),(8,248),(8,249),(8,250),(8,251),(8,253),(8,254),(8,256),(8,257),(8,258),(8,259),(8,260),(8,261),(8,262),(8,266),(8,267),(8,268),(8,269),(8,271),(8,272),(8,273),(8,275),(8,276),(8,277),(8,278),(8,279),(8,280),(8,281),(8,282),(8,283),(8,286),(8,287),(8,288),(8,289),(8,290),(8,291),(8,292),(8,293),(8,294),(8,296),(8,298),(8,299),(8,300),(8,301),(8,302),(8,303),(8,305),(8,306),(8,309),(8,310),(8,311),(8,312),(8,313),(8,315),(8,316),(8,317),(8,318),(8,319),(8,320),(8,321),(8,322),(8,323),(8,324),(8,325),(8,326),(8,327),(8,328),(8,329),(8,330),(8,331),(8,332),(8,333),(8,334),(8,335),(8,336),(8,337),(8,338),(8,339),(8,340),(8,341),(8,342),(8,343),(8,344),(8,345),(8,346),(8,347),(8,348),(8,349),(8,350),(8,351),(8,352),(8,353),(8,354);

--
-- Table structure for table `users`
--

CREATE TABLE `users` (
  `id` int(10) unsigned NOT NULL AUTO_INCREMENT,
  `name` varchar(255) COLLATE utf8_unicode_ci NOT NULL,
  `email` varchar(255) COLLATE utf8_unicode_ci DEFAULT NULL,
  `username` varchar(100) COLLATE utf8_unicode_ci NOT NULL,
  `password` varchar(255) COLLATE utf8_unicode_ci NOT NULL,
  `status` char(1) COLLATE utf8_unicode_ci NOT NULL DEFAULT '0',
  `approve_status` char(1) COLLATE utf8_unicode_ci NOT NULL DEFAULT '0',
  `remember_token` varchar(100) COLLATE utf8_unicode_ci DEFAULT NULL,
  `locale` varchar(20) COLLATE utf8_unicode_ci DEFAULT NULL,
  `picture` longtext COLLATE utf8_unicode_ci,
  `type` char(1) COLLATE utf8_unicode_ci NOT NULL DEFAULT '0',
  `jabatan_id` int(11) DEFAULT NULL,
  `created_by` int(11) DEFAULT NULL,
  `updated_by` int(11) DEFAULT NULL,
  `created_at` timestamp NULL DEFAULT NULL,
  `updated_at` timestamp NULL DEFAULT NULL ON UPDATE CURRENT_TIMESTAMP,
  `deleted_at` timestamp NULL DEFAULT NULL,
  PRIMARY KEY (`id`),
  UNIQUE KEY `users_email_unique` (`email`)
) ENGINE=InnoDB AUTO_INCREMENT=355 DEFAULT CHARSET=utf8 COLLATE=utf8_unicode_ci ROW_FORMAT=DYNAMIC;

--
-- Dumping data for table `users`
--

INSERT INTO `users` VALUES (1,'SUPERADMIN','superadmin@gmail.com','superadmin','$2y$10$Ry.2gLs/bixvRXUQmPKAbuqembk2T/ZNvfyvKoSRNSUY3nhn30LVC','1','1','Nzhl5NrrzR0p78x26XR9YE4fEyoMiLbDBI2QAuoDUKd8SkaPsMoKYeH09Nlo','en',NULL,'0',NULL,NULL,NULL,'2018-03-13 06:12:25','2019-03-31 09:16:21',NULL),(2,'ADMIN','admin@gmail.com','admin','$2y$10$0RAFylWX1G873UO9D/fldeNogv5.53XE778qhH.VzH2XUA2FWtu8i','1','1','cvJt1IVEUYxsrP18Ma1LEjeuO7BgfiCUvNu8lQHdRfRIGOshthTRq0vYwsAS','en',NULL,'0',NULL,NULL,NULL,'2018-04-17 18:31:06','2019-03-31 09:15:24',NULL),(3,'Ab. Razak Salleh ','razaksalleh@mpc.gov.my','620310035231','$2y$10$CZ81pZ5nnSKe.d82oXpAROm1qByTj8d7wLicTff8MIowauEgV69ku','1','1',NULL,'en',NULL,'0',NULL,2,2,'2019-03-29 10:02:54','2019-03-29 17:48:35',NULL),(4,'Abang Nurfadli Abang Yusuf ','nurfadli@mpc.gov.my','881113136047','$2y$10$bnu2yyfLxnZC.QRePsFeAeYi9Jbyg7/jGpVqKe/YjoSWpKTXG.ilK','1','1',NULL,'en',NULL,'0',NULL,2,2,'2019-03-29 10:02:54','2019-03-29 17:48:35',NULL),(5,'Abdollah Talib','dollah@mpc.gov.my','641129055193','$2y$10$CtQDx994caSha8ZfmBM4O.vcXDRPjUfXQMP6f6ALk9xfCbz4C8Z.O','1','1',NULL,'en',NULL,'0',NULL,2,2,'2019-03-29 10:02:54','2019-03-29 17:48:36',NULL),(6,'Abdul Hadi Ishak','hadi@mpc.gov.my','810825045057','$2y$10$npHZ6aN0tonnc1B519JXnuE5nXYJp/Xgzr9wrdyPuZTCshDmtmGV.','1','1',NULL,'en',NULL,'0',NULL,2,2,'2019-03-29 10:02:54','2019-03-29 17:48:36',NULL),(7,'Abdul Hakim bin Mohamad Sharif','hakim@mpc.gov.my','840515145893','$2y$10$LV34RMBlsx9RvL932M2wXes7T3nszJcEiR.oKW0VCeh2vLCExkW8q','1','1',NULL,'en',NULL,'0',NULL,2,2,'2019-03-29 10:02:54','2019-03-29 17:48:36',NULL),(8,'Abdul Karim Abdul Halim','karim@mpc.gov.my','810328145225','$2y$10$bBDl0ZAm2Mmgm9edSM6WW.1iTZzIAZP5HXkgwsghZNUYZRf5AzVCu','1','1',NULL,'en',NULL,'0',NULL,2,2,'2019-03-29 10:02:54','2019-03-29 17:48:36',NULL),(9,'Dato\' Abd. Latif Abu Seman','abdullatif@mpc.gov.my','610529065073','$2y$10$YAwkL1XWGaSe6BZybOuJse8h7dZj/pY.n3OAmQczeMI5spD2HxV3u','1','1',NULL,'en',NULL,'0',NULL,2,2,'2019-03-29 10:02:54','2019-03-29 17:48:36',NULL),(10,'Abdul Latif Hussein ','AbdulLatifh@mpc.gov.my','600723135435','$2y$10$ESKp1/U/V6vWGiL17MuDbuJmjPf0PDe/7UOw8Vsf1u4mUMBTRyxji','1','1',NULL,'en',NULL,'0',NULL,2,2,'2019-03-29 10:02:54','2019-03-29 17:48:36',NULL),(11,'Abdul Malek Mohamad Aripin','malek@mpc.gov.my','690206045185','$2y$10$iBQprUKx3XAUvF//mCxGZOicYFdzT/vT.bzApP6CwFXFlT3cJP3Ky','1','1',NULL,'en',NULL,'0',NULL,2,2,'2019-03-29 10:02:54','2019-03-29 17:48:36',NULL),(12,'Abdul Quyun Mansor','quyun@mpc.gov.my','850207065305','$2y$10$EyYfLJGXRPfR6YyDqEGd3uOp.MRaqT2r.fYL0UqYgkQd1nAJM4axa','1','1',NULL,'en',NULL,'0',NULL,2,2,'2019-03-29 10:02:54','2019-03-29 17:48:36',NULL),(13,'Abigail Subatra a/p Anbalakan','abigail@mpc.gov.my','850106055140','$2y$10$iIBgWUBmeBb/79FStmKJY.QWBoCMLk/w5cSofw5/wKkV19j3Vw4zi','1','1',NULL,'en',NULL,'0',NULL,2,2,'2019-03-29 10:02:54','2019-03-29 17:48:36',NULL),(14,'Adlina Snawi','adlina@mpc.gov.my','781031075342','$2y$10$GE3mtQzNsaNPUQjAp5hW2.VasYOOynDhhSHv.Q4hq/W02UDGXWsdG','1','1',NULL,'en',NULL,'0',NULL,2,2,'2019-03-29 10:02:54','2019-03-29 17:48:36',NULL),(15,'Ahmad Fathan Abdul Rahim','fathan@mpc.gov.my','860818355343','$2y$10$G11gPc3z0iSQWK7/0x.1HOLTs8dBgKDz9IT.CCHRv.CC1wXJ0KgeW','1','1',NULL,'en',NULL,'0',NULL,2,2,'2019-03-29 10:02:54','2019-03-29 17:48:36',NULL),(16,'Ahmad Harris Abdullah','harris@mpc.gov.my','790805115235','$2y$10$RP7BtZMg99c6ziqcqV8LhO.0Owa6STJ1fMkKSkJLbyfk2oslUOSlW','1','1',NULL,'en',NULL,'0',NULL,2,2,'2019-03-29 10:02:54','2019-03-29 17:48:36',NULL),(17,'Aiman Zakwan Zahari','aiman@mpc.gov.my','891020015691','$2y$10$NwUXqPAiZUcjQx5gvtMnn.zSZ0t0.sr0oCiB1hNga8do6ac2YD45i','1','1',NULL,'en',NULL,'0',NULL,2,2,'2019-03-29 10:02:54','2019-03-29 17:48:36',NULL),(18,'Aizulhisham Mat Menan','aizul@mpc.gov.my','801211105313','$2y$10$BcYMC7Aa7SA.ey2YJeZn1e6uoVtoh9DHB1PCiEKGRE.bM/SXxsBw2','1','1',NULL,'en',NULL,'0',NULL,2,2,'2019-03-29 10:02:54','2019-03-29 17:48:37',NULL),(19,'Akmar Ashaari','akmar@mpc.gov.my','790723075671','$2y$10$vuYjUmuFT5ya2HvHeZTrt.QBq4BZqrbjhpW5tULJMIw26l8YWmA/S','1','1',NULL,'en',NULL,'0',NULL,2,2,'2019-03-29 10:02:54','2019-03-29 17:48:37',NULL),(20,'Al Hisyam Abdul Halim','alhisyam@mpc.gov.my','780407145421','$2y$10$OZWENnxA8fbnYxM53V.IauB8I3qKQnEbOigVcdiUcKT1w1IadfIIq','1','1',NULL,'en',NULL,'0',NULL,2,2,'2019-03-29 10:02:54','2019-03-29 17:48:37',NULL),(21,'Aluyah Suhaili','alluyah@mpc.gov.my','630805135268','$2y$10$EF6HYQBzs8kheLv4QoWoJOhpC9AwVd2HAsk/hd8MehwLgtq2SVcwK','1','1',NULL,'en',NULL,'0',NULL,2,2,'2019-03-29 10:02:54','2019-03-29 17:48:37',NULL),(22,'Amirul Qamar Zakaria','amirulqamar@mpc.gov.my','870118086399','$2y$10$bl/K1Ml125iLujJTsiw7r.G9dovXXy0pankneoxyAfiqOJcehbXEW','1','1',NULL,'en',NULL,'0',NULL,2,2,'2019-03-29 10:02:54','2019-03-29 17:48:37',NULL),(23,'Anis Marina Abd. Wahab','anis@mpc.gov.my','850708145936','$2y$10$DIfGs2r/yFK96jLrPSO/BOS/oH1usgdTr1dQN3nNBCmh1/XaZv/HO','1','1',NULL,'en',NULL,'0',NULL,2,2,'2019-03-29 10:02:54','2019-03-29 17:48:37',NULL),(24,'Asmahan Othman','asmahan@mpc.gov.my','730601715226','$2y$10$k2QRC5JsB64qwYpkSXJkAOIbmt3zEhkdeXQV2jiD2QaKo5OhAghda','1','1',NULL,'en',NULL,'0',NULL,2,2,'2019-03-29 10:02:54','2019-03-29 17:48:37',NULL),(25,'Asmawadi Mohamed','asmawadi@mpc.gov.my','800318035293','$2y$10$UnqSWsynjMOZW1wMBivg1uuB11gKQ64MZiqxYeBElEhyNe10Hy4na','1','1',NULL,'en',NULL,'0',NULL,2,2,'2019-03-29 10:02:54','2019-03-29 17:48:37',NULL),(26,'Athirah Ishak','athirah@mpc.gov.my','890925035094','$2y$10$73u2s4SsSnb/FsDRlhT6weZf5PFUKPQcK0Tj/ril153igVQZweaWW','1','1',NULL,'en',NULL,'0',NULL,2,2,'2019-03-29 10:02:54','2019-03-29 17:48:37',NULL),(27,'Ati Djam Seri Montoi','atidjam@mpc.gov.my','721110125470','$2y$10$kpyrymEF7F0uHoEFi.dgrelV/0beV32jggzmtpNtFqoCEyE/5y/Ty','1','1',NULL,'en',NULL,'0',NULL,2,2,'2019-03-29 10:02:54','2019-03-29 17:48:37',NULL),(28,'Awang Udin Kanda ','awangudin@mpc.gov.my','620807125523','$2y$10$r4TjMnHKJlV5MK4UJek/5uqTSCkAG6kjJIWjikaSISm0afRLbIPi2','1','1',NULL,'en',NULL,'0',NULL,2,2,'2019-03-29 10:02:54','2019-03-29 17:48:37',NULL),(29,'Azhani Ismail','azhani@mpc.gov.my','740621715142','$2y$10$ZzDmcm7KXFJcvXXxf0QMQuC50gXOqewWxxltUOVjUX2ks.j/BjOgG','1','1',NULL,'en',NULL,'0',NULL,2,2,'2019-03-29 10:02:54','2019-03-29 17:48:37',NULL),(30,'Azimah Adnan','azimah@mpc.gov.my','820910105084','$2y$10$kttfuitmkUItj7afQ4ON6eJR/WMstx5yl.jDTEMsFfdQKXYsMRQUi','1','1',NULL,'en',NULL,'0',NULL,2,2,'2019-03-29 10:02:54','2019-03-29 17:48:38',NULL),(31,'Azira Mohamed Hodzai','azira@mpc.gov.my','871121295452','$2y$10$.HCNSNYamSwljfsDFaww7u0S6M54KCrsNt9mdR.HrgIDzd6KqDOmS','1','1',NULL,'en',NULL,'0',NULL,2,2,'2019-03-29 10:02:54','2019-03-29 17:48:38',NULL),(32,'Azizan Omar ','azizan@mpc.gov.my','590613055315','$2y$10$ekBpX0Kv.fZe3aeSbH78SOBzktVgKnacMTkV2mVyvl8/lgE2lhJFu','1','1',NULL,'en',NULL,'0',NULL,2,2,'2019-03-29 10:02:54','2019-03-29 17:48:38',NULL),(33,'Azlan Kassim','azk@mpc.gov.my','600518106299','$2y$10$aw36l5fPNRPfhUC0Oj4eD.4PasCK2cIlDphtgzBbNtqMQxfAnbahe','1','1',NULL,'en',NULL,'0',NULL,2,2,'2019-03-29 10:02:54','2019-03-29 17:48:38',NULL),(34,'Azlin Mohd Alias    ','azlin@mpc.gov.my','771102145856','$2y$10$Rq/y3Yu/hogLeEnAMCCSk.lD0NnBr9joIl7TEYX6r/QkIueOcsJXe','1','1',NULL,'en',NULL,'0',NULL,2,2,'2019-03-29 10:02:54','2019-03-29 17:48:38',NULL),(35,'Bahar Musa ','bahar@mpc.gov.my','591116055239','$2y$10$LdFpq7HVg5DclO/w6EiqQOGeSu1yuv60luioDf33HDwdvDMX47kB6','1','1',NULL,'en',NULL,'0',NULL,2,2,'2019-03-29 10:02:54','2019-03-29 17:48:38',NULL),(36,'Burhanuddin Saidin','bob@mpc.gov.my','601103085419','$2y$10$pdt.CUgn4t2XOLK0cRKVier/8/M.m3n013uIkp5qXrxylII7TJ1KS','1','1',NULL,'en',NULL,'0',NULL,2,2,'2019-03-29 10:02:54','2019-03-29 17:48:38',NULL),(37,'Cham Yin Hwa','cham@mpc.gov.my','850809045416','$2y$10$OAIQjxh9pQNk5KKcWK8QPuZtnXx3KEwTaYs5f3Pw1RlC5zSzTQza2','1','1',NULL,'en',NULL,'0',NULL,2,2,'2019-03-29 10:02:54','2019-03-29 17:48:38',NULL),(38,'Darul Adizul Ishak ','daruladizul@mpc.gov.my','821110105937','$2y$10$fQWhAtWRzzCp7QYCebR8UesXh1ZBjAV4KGt/LQLL4hLI2o4fmqG0e','1','1',NULL,'en',NULL,'0',NULL,2,2,'2019-03-29 10:02:54','2019-03-29 17:48:38',NULL),(39,'Dr. Daud Talib','daud@mpc.gov.my','650523015733','$2y$10$8WgIAfygUrocGT0MJtp3COiOph6u.EZ9Jn9XYTiG7JGNhBeS5GMy6','1','1',NULL,'en',NULL,'0',NULL,2,2,'2019-03-29 10:02:54','2019-03-29 17:48:38',NULL),(40,'Eamizan Hasim','eamizan@mpc.gov.my','671215106089','$2y$10$KDpqYgkR4khp4VPsPPoHJelqmZFjmsIQpwXX0Hk9rnGXElF8E9xUm','1','1',NULL,'en',NULL,'0',NULL,2,2,'2019-03-29 10:02:54','2019-03-29 17:48:38',NULL),(41,'Edward Binty','edward@mpc.gov.my','750707125521','$2y$10$DjF2q406WUIp0ji/Eg7M.ONsng5bnl0QQv/95.iyZABBCnmJOUcYu','1','1',NULL,'en',NULL,'0',NULL,2,2,'2019-03-29 10:02:54','2019-03-29 17:48:38',NULL),(42,'Ellma Eddiahwati Musa','ellma@mpc.gov.my','760622145362','$2y$10$t6zUP3ShBeD0CkCYgHNqgu04oa3HsKBu4olYz9TyhjXkdKK6YmUnq','1','1',NULL,'en',NULL,'0',NULL,2,2,'2019-03-29 10:02:54','2019-03-29 17:48:38',NULL),(43,'Faizul Mohamed','faizul@mpc.gov.my','730506015053','$2y$10$tFGt1eAj9t7uWIuMX28cte93XFbloRR.DoYIo.2XmX76f3pAtCOyG','1','1',NULL,'en',NULL,'0',NULL,2,2,'2019-03-29 10:02:54','2019-03-29 17:48:39',NULL),(44,'Fara Salinda Ayu Halim ','farasalinda@mpc.gov.my','790904085772','$2y$10$te3cpcB8RWjG6jjNo.0XWeFehBk4d7CRsgN7ZgDlcjBeJ1SnbhChi','1','1',NULL,'en',NULL,'0',NULL,2,2,'2019-03-29 10:02:54','2019-03-29 17:48:39',NULL),(45,'Fara Suraya Hani Halim','fara@mpc.gov.my','780714085668','$2y$10$z7eUpnioJcrQNGMA2ni50.NBIWRGz6eAnQtavHRhzkduE6STkqWri','1','1',NULL,'en',NULL,'0',NULL,2,2,'2019-03-29 10:02:54','2019-03-29 17:48:39',NULL),(46,'Farah Diyana Derma Dewa','diyana@mpc.gov.my','820812105056','$2y$10$5ueVNp8pwNaftR2ttwXmrORe61Xwj9Im6hSQWkvAslRCsHOtO1S0W','1','1',NULL,'en',NULL,'0',NULL,2,2,'2019-03-29 10:02:54','2019-03-29 17:48:39',NULL),(47,'Farah Sazarina Othman','farah@mpc.gov.my','811203015456','$2y$10$vWfbEVZB7GpJwr5JkVLzyenbcySChDuVu5ycUkSNmSkGHXx6V3Msq','1','1',NULL,'en',NULL,'0',NULL,2,2,'2019-03-29 10:02:54','2019-03-29 17:48:39',NULL),(48,'Farhan Abdullah','farhan@mpc.gov.my','730617105449','$2y$10$GR2uglfLtNb9IPDutZwYXOdSJNiXvL138jBtuTw7ybMIcEHrI6/Dm','1','1',NULL,'en',NULL,'0',NULL,2,2,'2019-03-29 10:02:54','2019-03-29 17:48:39',NULL),(49,'Faridah Taju Rahim','faridah_tr@mpc.gov.my','760308065380','$2y$10$i6YYxkEwKoqar7iKRx6MUuMFSVIhvxFDMeXAf9OsBfwmhd./T0.Ne','1','1',NULL,'en',NULL,'0',NULL,2,2,'2019-03-29 10:02:54','2019-03-29 17:48:39',NULL),(50,'Fauziah Ahmad Nawawi','fauziahnawawi@mpc.gov.my','790625105398','$2y$10$8q05BqR2KX7XBembhfAleuS/Gju.Mw3iMJEQ37834Qm7jSrDZIK9.','1','1',NULL,'en',NULL,'0',NULL,2,2,'2019-03-29 10:02:54','2019-03-29 17:48:39',NULL),(51,'Fauziah Manaf','fauziah@mpc.gov.my','660107065028','$2y$10$9v8Dr1tA7Qwnm/.G3v9e3OFYle102lQogMQlCBvTeh9tj5IqhWzQG','1','1',NULL,'en',NULL,'0',NULL,2,2,'2019-03-29 10:02:54','2019-03-29 17:48:39',NULL),(52,'Fauziah Sakiman','fauziahsakiman@mpc.gov.my','720323015326','$2y$10$vjL9X8tfZzBjqzaU4Z1zyuwULRGvTTUJJL2BEvHnldKCKAYPCHMKy','1','1',NULL,'en',NULL,'0',NULL,2,2,'2019-03-29 10:02:54','2019-03-29 17:48:39',NULL),(53,'Fizalawati Amin','fizalawati@mpc.gov.my','810813135258','$2y$10$EKZUfWX2KJb/a/aaoP0/b.xpJdw/QUET48mFLBlQnAiIP8U9EhWWW','1','1',NULL,'en',NULL,'0',NULL,2,2,'2019-03-29 10:02:54','2019-03-29 17:48:39',NULL),(54,'Hafiza Atha Ahmad','hafiza@mpc.gov.my','811010105092','$2y$10$0kw4iMKeV2Rs/7NdaZmaF.zabnwKoTy9P3gqQYgTSOyMvmBIehBZq','1','1',NULL,'en',NULL,'0',NULL,2,2,'2019-03-29 10:02:54','2019-03-29 17:48:39',NULL),(55,'Hafizah Sith','hafizahsith@mpc.gov.my','790329016120','$2y$10$ZtjhH/zbt0g73wxXTlk.TeBR7TtmzfNvGVdh07.6Yt5jCEY2odgdC','1','1',NULL,'en',NULL,'0',NULL,2,2,'2019-03-29 10:02:54','2019-03-29 17:48:39',NULL),(56,'Hafizoh Md. Aris','hafizoh@mpc.gov.my','780402025746','$2y$10$1BJO/oxayfyT1y6U27e3J.FhG2YNYpaBp/6kRfxNMoWiHcESkSnle','1','1',NULL,'en',NULL,'0',NULL,2,2,'2019-03-29 10:02:54','2019-03-29 17:48:39',NULL),(57,'Hairul Mizan Hamdan ','hairul@mpc.gov.my','770222015947','$2y$10$ysZ6RD1ecM1BCrUGR5488egShFRns9wD5SCPAWuufnKsSjCw6J7U2','1','1',NULL,'en',NULL,'0',NULL,2,2,'2019-03-29 10:02:54','2019-03-29 17:48:40',NULL),(58,'Halimahton Saadiah Let','halimahton@mpc.gov.my','730930085368','$2y$10$ckaSKluKWQdQ/NurSy.I1eHrRztlXcPJsYbkSRM7eg.Rblctn1HQK','1','1',NULL,'en',NULL,'0',NULL,2,2,'2019-03-29 10:02:54','2019-03-29 17:48:40',NULL),(59,'Hamzaly Zakaria','hamzaly@mpc.gov.my','680617105825','$2y$10$Q2llnygwSl5uqBdxPgjKJ.RIisKHnFi96ZQZpXAaxTPgjrmxl80tu','1','1',NULL,'en',NULL,'0',NULL,2,2,'2019-03-29 10:02:54','2019-03-29 17:48:40',NULL),(60,'Hanisah Mohd. Ramli','hanisah@mpc.gov.my','840523105736','$2y$10$tV9fRhFwxKm9G.fb5o2fE.f1o.99AXKsYCVdW5is01vcsy9AVQ.Fa','1','1',NULL,'en',NULL,'0',NULL,2,2,'2019-03-29 10:02:54','2019-03-29 17:48:40',NULL),(61,'Hasbullah Abdul Hamid ','hasbullah@mpc.gov.my','800114025253','$2y$10$A1I0Ifh7Cnqi6xjEjWgErO3JpjA1BdO2.KRsgm4OsraQfINywIToi','1','1',NULL,'en',NULL,'0',NULL,2,2,'2019-03-29 10:02:54','2019-03-29 17:48:40',NULL),(62,'Haslizayanti Othman','haslizayanti@mpc.gov.my','810117065348','$2y$10$DT65BE4dLMkQkJ9Fyw1xZeTV4dsMSUxOgAxXZLpGHTNLbGa8o/dvq','1','1',NULL,'en',NULL,'0',NULL,2,2,'2019-03-29 10:02:54','2019-03-29 17:48:40',NULL),(63,'Hazwani Nadiah Ismail','hazwani@mpc.gov.my','820913035624','$2y$10$A8jxNkP3AbyroYUbiiXA5.0Szu8/mA72omamTTFMQIxYnz50VqBce','1','1',NULL,'en',NULL,'0',NULL,2,2,'2019-03-29 10:02:54','2019-03-29 17:48:40',NULL),(64,'Hillina Abdul Karim','hillina@mpc.gov.my','760325105284','$2y$10$QkggtNStqTgAtgWx9RDZze5DrK0WkYh1hRzSNSN243jXhwM/mIixq','1','1',NULL,'en',NULL,'0',NULL,2,2,'2019-03-29 10:02:54','2019-03-29 17:48:40',NULL),(65,'Hishamuddin Hassan','hishammudin@mpc.gov.my','811203025531','$2y$10$HWCuayIspv.RH0nBtAgtduIgbEuioy/jFpA3xG12aEOiXte04E26G','1','1',NULL,'en',NULL,'0',NULL,2,2,'2019-03-29 10:02:54','2019-03-29 17:48:40',NULL),(66,'Ab. Rahim Yusoff','abrahim@mpc.gov.my','601217035145','$2y$10$Zj8GMz0blNDRjHibgi3XH.SBQOnsfHR9SG42Eu0B7kSrTn1wyuaAq','1','1',NULL,'en',NULL,'0',NULL,2,2,'2019-03-29 10:02:54','2019-03-29 17:48:40',NULL),(67,'Ab. Rashid Omar','abrash@mpc.gov.my','660801045393','$2y$10$yiXQ8cUjQLw2qiFIGuyClur30r78NSddC5L5GYBKkk9zZRMCJJliC','1','1',NULL,'en',NULL,'0',NULL,2,2,'2019-03-29 10:02:54','2019-03-29 17:48:40',NULL),(68,'Huda Atiqah Samsir','atiqah@mpc.gov.my','881028015128','$2y$10$a1AJbYjhK1CEqzzTlhmuxOImNipKGVTN2G/J6fuUCZPuTqEnaEL6K','1','1',NULL,'en',NULL,'0',NULL,2,2,'2019-03-29 10:02:54','2019-03-29 17:48:40',NULL),(69,'Ilyana Norsaidah Ab Rahman','ilyana@mpc.gov.my','910911035478','$2y$10$15hS2XJIVr8Y8x3wRS7NCu7oCcZE34wVwqBiNZP7eh25w86PxaEP2','1','1',NULL,'en',NULL,'0',NULL,2,2,'2019-03-29 10:02:54','2019-03-29 17:48:40',NULL),(70,'Ingrid Ng Edy','ingrid@mpc.gov.my','871121495040','$2y$10$3zqZb2ustabeTxha8WCoHey8kyebXuZFtqGd1PAq5YgoxBQKE0blO','1','1',NULL,'en',NULL,'0',NULL,2,2,'2019-03-29 10:02:54','2019-03-29 17:48:41',NULL),(71,'Isram Azhar','isram@mpc.gov.my','820324105479','$2y$10$Xwa7MWd6M1foRj1besvsXu/vt5iT9/cgAxM8nlCdPkJrvPrISfkRq','1','1',NULL,'en',NULL,'0',NULL,2,2,'2019-03-29 10:02:54','2019-03-29 17:48:41',NULL),(72,'Izani Ishak','izani@mpc.gov.my','630610035689','$2y$10$7eXapXTkMZeycnuoMAisPudYERgZDfDOHsjBTd620mm5/cGer7fu6','1','1',NULL,'en',NULL,'0',NULL,2,2,'2019-03-29 10:02:54','2019-03-29 17:48:41',NULL),(73,'Izzul Ikhwan Ishak','izzul@mpc.gov.my','910610105989','$2y$10$Q.i22U4leEwvFZqxJkbfjOsGyK3exHilMH2kFy/lnpuT9Cg6TPhp.','1','1',NULL,'en',NULL,'0',NULL,2,2,'2019-03-29 10:02:54','2019-03-29 17:48:41',NULL),(74,'Jauza Juhairah Jimmy Abdullah','jacqueline@mpc.gov.my','920127126324','$2y$10$IBVhquZnOjQK2UQBNe5jWOFmyq6q3V0Cz1moBRTqOhcz.XsHh1zKS','1','1',NULL,'en',NULL,'0',NULL,2,2,'2019-03-29 10:02:54','2019-03-29 17:48:41',NULL),(75,'Jayaletchumi Krishnan','jaya@mpc.gov.my','780507025152','$2y$10$yiHtxXJ0etJw7unSaRtbnONJnLOyOS5Pb8WYMjnaiuKZzAnnkQt8C','1','1',NULL,'en',NULL,'0',NULL,2,2,'2019-03-29 10:02:54','2019-03-29 17:48:41',NULL),(76,'Jerry Shahnizal Abd. Aziz','jerry@mpc.gov.my','830808146065','$2y$10$LDhFZkxEBjt6.YqyhzGqROP8rlHJhEhP7mJe0QBz5Kn9C9PV6ecG2','1','1',NULL,'en',NULL,'0',NULL,2,2,'2019-03-29 10:02:54','2019-03-29 17:48:41',NULL),(77,'Josffa Ismail','josffa@mpc.gov.my','780215075975','$2y$10$bmbZUWtuAwI80sJhV3HBTOgzCmHqwnJsN9uhqwIj1H72chRUf8Xnm','1','1',NULL,'en',NULL,'0',NULL,2,2,'2019-03-29 10:02:54','2019-03-29 17:48:41',NULL),(78,'Kabir Ahmad Mohamad Jamil','kabir@mpc.gov.my','600101025303','$2y$10$9d8bX2/p0u6GQixNAci4Z.RorYpBmADUH.SGBy9eFQc7HXCsJ6hI.','1','1',NULL,'en',NULL,'0',NULL,2,2,'2019-03-29 10:02:54','2019-03-29 17:48:41',NULL),(79,'Kamaruddin Mohamad  ','dinmohd@mpc.gov.my','610718115105','$2y$10$Fj.hKLPK5tSyCJZMwMNi/eiRYAn6FrPAQV1C9dby.bMOIyLEUQwOe','1','1',NULL,'en',NULL,'0',NULL,2,2,'2019-03-29 10:02:54','2019-03-29 17:48:41',NULL),(80,'Kamaruzaman Ramli ','kamaruzamanr@mpc.gov.my','830308115035','$2y$10$vUnFBgBDIEwHMtlfwIDRiuW0DANWEK/q45RJnYs2srwApExJD9J.u','1','1',NULL,'en',NULL,'0',NULL,2,2,'2019-03-29 10:02:54','2019-03-29 17:48:41',NULL),(81,'Kartin Haslinda Che Mat','haslinda@mpc.gov.my','760304035264','$2y$10$zDDxWXX.yq7rAv5MWgRhfOvzlLqjkJvcWu4hbKilGNF2arskNxiUu','1','1',NULL,'en',NULL,'0',NULL,2,2,'2019-03-29 10:02:54','2019-03-29 17:48:41',NULL),(82,'Kasturi Devi a/p Appanna','kasturi@mpc.gov.my','810525085890','$2y$10$pvTTttB2XjLu9snD8nT7oeEWfVeUBHeed.gUn2ktQsyqdfIgRvJaK','1','1',NULL,'en',NULL,'0',NULL,2,2,'2019-03-29 10:02:54','2019-03-29 17:48:41',NULL),(83,'Khairil Afi Adnan','KhairilAfi@mpc.gov.my','871003065189','$2y$10$FHN9KPOmjAqQk2WS0hyFrepXHRiEi8SS3ygH0.V6y.RkHNcpKIO7y','1','1',NULL,'en',NULL,'0',NULL,2,2,'2019-03-29 10:02:54','2019-03-29 17:48:42',NULL),(84,'Khalidatul Asrin Abd. Aziz','asrin@mpc.gov.my','800112025794','$2y$10$5DUlAtR4Z9n2Wdy6cOnHGu9.yZr5TVMaT3TmdYx0EBJ1krT5lGmNa','1','1',NULL,'en',NULL,'0',NULL,2,2,'2019-03-29 10:02:54','2019-03-29 17:48:42',NULL),(85,'Khatijah Rahmat ','khatijah@mpc.gov.my','840710135404','$2y$10$JN2rxs9GSu5a6ppCJtiRoOv1xhgf4m82jdbB.TlOkqYUmSACso26u','1','1',NULL,'en',NULL,'0',NULL,2,2,'2019-03-29 10:02:54','2019-03-29 17:48:42',NULL),(86,'Khidzir Ahmad','khidzir@mpc.gov.my','780830105611','$2y$10$DAoeoC6BsyvlSgrRznO70ONp/RYSh8Mr6ZkMNlzzw/yQSJNqqR8Li','1','1',NULL,'en',NULL,'0',NULL,2,2,'2019-03-29 10:02:54','2019-03-29 17:48:42',NULL),(87,'Datin Latchumy Prabha','prabha@mpc.gov.my','620517015246','$2y$10$IVyIjV2V/sO6haCLuonsauYVdJmSSP3HTVzUPAJh5buK7hVuG2eEW','1','1',NULL,'en',NULL,'0',NULL,2,2,'2019-03-29 10:02:54','2019-03-29 17:48:42',NULL),(88,'Lee Wan Swanee','swanee@mpc.gov.my','850915035756','$2y$10$L9AWqTKGLWthKCuHOQU0Zu9VvAAbAYtgzM5DBnnvchk.7KDkxZVCS','1','1',NULL,'en',NULL,'0',NULL,2,2,'2019-03-29 10:02:54','2019-03-29 17:48:42',NULL),(89,'Lee Wan Wei','wanwei@mpc.gov.my','860814595008','$2y$10$TbxzwXWRRytIv/z3wGFnaOfVKuM3CL7ANkBrKkcQJp6W73JOktCeC','1','1',NULL,'en',NULL,'0',NULL,2,2,'2019-03-29 10:02:54','2019-03-29 17:48:42',NULL),(90,'Liyana Othman','liyana@mpc.gov.my','900703137438','$2y$10$44XaFsA05XVaPrkPW239CO/SXTT2sUATvUguKKvG0QSUmDEOuIo6O','1','1',NULL,'en',NULL,'0',NULL,2,2,'2019-03-29 10:02:54','2019-03-29 17:48:42',NULL),(91,'Mahadi Hasbullah','mahadi@mpc.gov.my','760815035303','$2y$10$IhY14l7EeZK7Eai07gBOPufHg4XmQQfVyMJzmf56Rg6/EzWTtcGGS','1','1',NULL,'en',NULL,'0',NULL,2,2,'2019-03-29 10:02:54','2019-03-29 17:48:42',NULL),(92,'Mariatul Af-Ida M.T. Ariffin','mariatul@mpc.gov.my','750712085034','$2y$10$YWF06n.c1ASb6WYB5enzQOSV2n2vE8lCWGCFKvM/xk2aFKfJMMRFm','1','1',NULL,'en',NULL,'0',NULL,2,2,'2019-03-29 10:02:54','2019-03-29 17:48:42',NULL),(93,'Marina Maulad Ismail','marina@mpc.gov.my','860329145038','$2y$10$OTEvUkZSieSYYtUrtJExD.wdcNGxAuKJeWiSFggn3N.CfCXQITFPi','1','1',NULL,'en',NULL,'0',NULL,2,2,'2019-03-29 10:02:54','2019-03-29 17:48:42',NULL),(94,'Marziah Ahmad','marziahahmad@mpc.gov.my','650411065218','$2y$10$mtdJ7Qis3BXY1qJiO2B6UOXliPWH1xRBhRsHlzdNLF3.SulQlgJTm','1','1',NULL,'en',NULL,'0',NULL,2,2,'2019-03-29 10:02:54','2019-03-29 17:48:43',NULL),(95,'Mashitanor Zainudin','mashitanor@mpc.gov.my','761019055308','$2y$10$yEVmdZMD1hH0ThUJp082We63qv5E/R26QFvrgWXEDBC3ld2soGh.W','1','1',NULL,'en',NULL,'0',NULL,2,2,'2019-03-29 10:02:54','2019-03-29 17:48:43',NULL),(96,'Maswani Ismail ','maswani@mpc.gov.my','810316035600','$2y$10$VbSc5pbMiFkLAksQVBygI.1by122gBhF1ARUf0vESawdELMxCGm8i','1','1',NULL,'en',NULL,'0',NULL,2,2,'2019-03-29 10:02:54','2019-03-29 17:48:43',NULL),(97,'Dr. Mazlina Shafii','eyna@mpc.gov.my','720731086000','$2y$10$KCQLSCtUL3CkFSpkmvoBTe1XoWT/tUHY/W9N3ZCDvmUrxzhZ/8XvO','1','1',NULL,'en',NULL,'0',NULL,2,2,'2019-03-29 10:02:54','2019-03-29 17:48:43',NULL),(98,'Maznee Abd. Halim','maznee@mpc.gov.my','661204115036','$2y$10$7Bv3PRQp5pZ8SglYUdsa.OT1GLmgY5znPQ43YVBVzvk4lRvABnNY2','1','1',NULL,'en',NULL,'0',NULL,2,2,'2019-03-29 10:02:54','2019-03-29 17:48:43',NULL),(99,'Dr. Mazrina Mohd. Ibramsah','mazrina@mpc.gov.my','741207075594','$2y$10$qeysvv7YITZVINosytnQL.xTlqP2exxuwqnmEKdERqx0elVDSo67S','1','1',NULL,'en',NULL,'0',NULL,2,2,'2019-03-29 10:02:54','2019-03-29 17:48:43',NULL),(100,'Mazuan Salleh','mazuan@mpc.gov.my','810105125067','$2y$10$jACqLD9.rx.010FSanrMuOq2i5gUeLV8S2Mh3u0hli.bZLMcUzeVm','1','1',NULL,'en',NULL,'0',NULL,2,2,'2019-03-29 10:02:54','2019-03-29 17:48:43',NULL),(101,'Mazuin Dahlan       ','mazuin@mpc.gov.my','790417145328','$2y$10$xt56WKnlbJPW9adzinCv9.sJnq5lWmhx3Q.Z5lmbr2UZWLN/kdhPS','1','1',NULL,'en',NULL,'0',NULL,2,2,'2019-03-29 10:02:54','2019-03-29 17:48:43',NULL),(102,'Md Shubri Ismail  ','shubri@mpc.gov.my','591223075331','$2y$10$jQmCXquH5UeS29BKfLTtJ.Ajdx22LIdN7YYO1MmP5Hh7xL78Q4bnO','1','1',NULL,'en',NULL,'0',NULL,2,2,'2019-03-29 10:02:54','2019-03-29 17:48:43',NULL),(103,'Md Zainuri Juri','zainuri@mpc.gov.my','741122017053','$2y$10$M/q5YPco3nvvkFjMdbZ/b.RkCXgYPdBXHrFmcWyCBGj9V18ea/BZO','1','1',NULL,'en',NULL,'0',NULL,2,2,'2019-03-29 10:02:54','2019-03-29 17:48:43',NULL),(104,'Megat Amirul Saifulnizam Megat Kamarul Bahrin ','megatamirul@mpc.gov.my','820702115739','$2y$10$dpO8H3RpszmowN6W8UCAU.rhuChBwR5DpcJEkHwJevqhnaZfVIAeq','1','1',NULL,'en',NULL,'0',NULL,2,2,'2019-03-29 10:02:54','2019-03-29 17:48:43',NULL),(105,'Melissa Ahmad Arshad','melissa@mpc.gov.my','761210105270','$2y$10$1sDEO8R2SBajUdVNyBxy1OnftD1.jlb1QdtQMSNmz0IXstBoaiJg2','1','1',NULL,'en',NULL,'0',NULL,2,2,'2019-03-29 10:02:54','2019-03-29 17:48:43',NULL),(106,'Mimi Hasnita Ahmad','mimi@mpc.gov.my','761108065348','$2y$10$Rn4ImrYij1QFhhVnUC6H1OF3TRHnbQdhxq2mZXPwtUIt/AsNrEPou','1','1',NULL,'en',NULL,'0',NULL,2,2,'2019-03-29 10:02:54','2019-03-29 17:48:43',NULL),(107,'Minhana Yahaya','minhana@mpc.gov.my','790514145178','$2y$10$tug3ajR5pslbBtTy3bdy6uLhd1DDhxThkJ8eR9RHa8DivHt5obaQS','1','1',NULL,'en',NULL,'0',NULL,2,2,'2019-03-29 10:02:54','2019-03-29 17:48:43',NULL),(108,'Mohamad Azrol Mohd. Dali','mdazrol@mpc.gov.my','750930015683','$2y$10$h.zu.l6wUcygtdv5t19gJegAXKq5DXqjwT4.Az93OP1e40M5A8QS2','1','1',NULL,'en',NULL,'0',NULL,2,2,'2019-03-29 10:02:54','2019-03-29 17:48:44',NULL),(109,'Mohamad Hafizi Abd Rashid','hafizi@mpc.gov.my','880905025009','$2y$10$W9so.DxuXpVhUNcgnOOdLunNp/iCu3693SVfbBUzdil7NiQajsHyu','1','1',NULL,'en',NULL,'0',NULL,2,2,'2019-03-29 10:02:54','2019-03-29 17:48:44',NULL),(110,'Mohamad Muzaffar Abdul Hamid','muzaffar@mpc.gov.my','740919017603','$2y$10$q8ji32.U6MObs5r0rbq9ge2CffryVP.hR85pkI8YbaZt3xaWR5XoC','1','1',NULL,'en',NULL,'0',NULL,2,2,'2019-03-29 10:02:54','2019-03-29 17:48:44',NULL),(111,'Mohamad Nor Bolhi','mohamadnor@mpc.gov.my','790607135681','$2y$10$l6UROBnIrLcfPvVtjv0EZO9eFzApu8rNU19k/NShRWgM3KONK5.ZO','1','1',NULL,'en',NULL,'0',NULL,2,2,'2019-03-29 10:02:54','2019-03-29 17:48:44',NULL),(112,'Mohamad Norjayadi Tamam ','norjayadi@mpc.gov.my','741205135725','$2y$10$EAri7RReD5wLFlKWdKnoX.9SSkuvwJj2uxId5X1i3MWl0p/fHlr7u','1','1',NULL,'en',NULL,'0',NULL,2,2,'2019-03-29 10:02:54','2019-03-29 17:48:44',NULL),(113,'Mohamad Sahril Ahmad Puzi ','sahril@mpc.gov.my','821115085445','$2y$10$RwSHIqTr8ROdQn1nuHM3LOxtniMFSUZArKpe4MRMYa/ZwQeomRwB6','1','1',NULL,'en',NULL,'0',NULL,2,2,'2019-03-29 10:02:54','2019-03-29 17:48:44',NULL),(114,'Mohammad Afdhan Fauzi  ','afdhan@mpc.gov.my','860427565669','$2y$10$/e0dbvBCrbsotK2XCrdq3ONPD1qKwh4nBDStdGPz/ZF/ZPWI2WiKi','1','1',NULL,'en',NULL,'0',NULL,2,2,'2019-03-29 10:02:54','2019-03-29 17:48:44',NULL),(115,'Mohammad Khairul Hakimin Zainoor','mkhairul@mpc.gov.my','830111015487','$2y$10$zv6L7DNsnZZBfhz/eJ8FGOTroRzt0RyX4PM.5i0C7qmwvyqZmaSGe','1','1',NULL,'en',NULL,'0',NULL,2,2,'2019-03-29 10:02:54','2019-03-29 17:48:44',NULL),(116,'Mohammed Alamin Rehan','alamin@mpc.gov.my','790113065169','$2y$10$YGaS1wH96Nvoh0jlDV3N4.ULRsLZvEviuMo.KoUwvlo8VdSYuT3MS','1','1',NULL,'en',NULL,'0',NULL,2,2,'2019-03-29 10:02:54','2019-03-29 17:48:44',NULL),(117,'Mohd Amirol Md. Khair','amirol@mpc.gov.my','900309026107','$2y$10$MlGwOFVUBg3iV7IMkTP/q.0kGYPDcaTSUeo9IdjBSSJvgnvKhpWhO','1','1',NULL,'en',NULL,'0',NULL,2,2,'2019-03-29 10:02:54','2019-03-29 17:48:44',NULL),(118,'Mohd Azhar Zainuddin','mohdazhar@mpc.gov.my','810110105773','$2y$10$xCqPHgYw.3NTOV738VqHleAxaFeqYyvUEuMpCcBtc7MWIHo1rf7wS','1','1',NULL,'en',NULL,'0',NULL,2,2,'2019-03-29 10:02:54','2019-03-29 17:48:44',NULL),(119,'Mohd. Azrul Kamis ','mohdazrul@mpc.gov.my','770526025423','$2y$10$bffcWvOKWgEhMX7Ci2fRjOXj3sJAwa6f3f0vC6yY3koEPrTS5o5se','1','1',NULL,'en',NULL,'0',NULL,2,2,'2019-03-29 10:02:54','2019-03-29 17:48:44',NULL),(120,'Mohd. Azwan Mohd. Salleh','azwan@mpc.gov.my','730926075271','$2y$10$APhniuC425TGLT/C2tw6.O./wrOTYfIkrzxvI2pUQmo83JJ6cBMZm','1','1',NULL,'en',NULL,'0',NULL,2,2,'2019-03-29 10:02:54','2019-03-29 17:48:45',NULL),(121,'Mohd Faizol Abd. Rahman','mohdfaizol@mpc.gov.my','841110115033','$2y$10$Aw3aO4.KPV4DPGkEWEOBB.uaKk32sI4Z0JEh5yPaBYYSB5OnWUFAu','1','1',NULL,'en',NULL,'0',NULL,2,2,'2019-03-29 10:02:54','2019-03-29 17:48:45',NULL),(122,'Mohd Faizzul Shahir','faizzul@mpc.gov.my','860917436181','$2y$10$Qnrt3e1dOMtHAMN2riQjcurpzZ4FiHfxi8/2csWi0gN3SL9kE8p36','1','1',NULL,'en',NULL,'0',NULL,2,2,'2019-03-29 10:02:54','2019-03-29 17:48:45',NULL),(123,'Mohd. Hilmi Mohd. Idris','hilmi@mpc.gov.my','790308105095','$2y$10$2hQdCOiP/G6Lh3bWOVNpUuF0kHhyxcUIwFi.xtxJYx0zWSSS/ie2m','1','1',NULL,'en',NULL,'0',NULL,2,2,'2019-03-29 10:02:54','2019-03-29 17:48:45',NULL),(124,'Mohd. Hisyam Hatimtai','hisyam@mpc.gov.my','780321105277','$2y$10$Y7nq/gVoawrXGpwlycFgPeCbsajSD2sE7PBKjVavG0SB3.s0aFDpS','1','1',NULL,'en',NULL,'0',NULL,2,2,'2019-03-29 10:02:54','2019-03-29 17:48:45',NULL),(125,'Mohd. Khairil Anuar Amir Hamzah ','khairil@mpc.gov.my','840225025017','$2y$10$SvqBGygo1viixPB/aPSYROp03QCzNg1jApUbPAA8qunjnvaA5gN5a','1','1',NULL,'en',NULL,'0',NULL,2,2,'2019-03-29 10:02:54','2019-03-29 17:48:45',NULL),(126,'Mohd. Khairizal Khahidir ','khairizal@mpc.gov.my','830405055353','$2y$10$0/eN4y7SfxTEQKOgCacObOPiXFMJcMQJyFcpQVCKLGTW9mhXTKH4e','1','1',NULL,'en',NULL,'0',NULL,2,2,'2019-03-29 10:02:54','2019-03-29 17:48:45',NULL),(127,'Mohd. Khairul Nazir Nawi','khairul@mpc.gov.my','770220025957','$2y$10$mr5M8kVodBUm9SDn6z3XLOZyeHZeo2rZ8jD2Q0lCHk09ox7.SX0AC','1','1',NULL,'en',NULL,'0',NULL,2,2,'2019-03-29 10:02:54','2019-03-29 17:48:45',NULL),(128,'Mohd Nizam Ali','nizam@mpc.gov.my','791128145297','$2y$10$jbyXfyi876OK/zFrpsOVtufI6xDTepgOhOuQCv1bSC/OxTwrTZEfe','1','1',NULL,'en',NULL,'0',NULL,2,2,'2019-03-29 10:02:54','2019-03-29 17:48:45',NULL),(129,'Dato\' Mohd Razali Hussain','mrazali@mpc.gov.my','590826115385','$2y$10$xTP/Lku4WTR0czLi/ph7.udIqYTwk8k5RcBD5EQQgzqeldKfU5eYu','1','1',NULL,'en',NULL,'0',NULL,2,2,'2019-03-29 10:02:54','2019-03-29 17:48:45',NULL),(130,'Mohd. Wafi Arip','wafi@mpc.gov.my','770212105551','$2y$10$6jsRO3gKUKOOOji/1k01q.OvxRH2q63fXCOZUNieTBTGctTgIzT8a','1','1',NULL,'en',NULL,'0',NULL,2,2,'2019-03-29 10:02:54','2019-03-29 17:48:45',NULL),(131,'Mohd Yazid Abdul Majid','yazidmajid@mpc.gov.my','790310105537','$2y$10$bYb2lVgNkvAYYk54AGUDIuj5wRq/IVglio8amBBJbyhMR53A39/oa','1','1',NULL,'en',NULL,'0',NULL,2,2,'2019-03-29 10:02:54','2019-03-29 17:48:45',NULL),(132,'Mohd Zulkifly Che Mohd Rawawi','mohdzulkifly@mpc.gov.my','830910035265','$2y$10$fu0Bk9FehMDsiYAdpMRAj.FDEbZR3pakJYGDg6k26kawkoCmrUceW','1','1',NULL,'en',NULL,'0',NULL,2,2,'2019-03-29 10:02:54','2019-03-29 17:48:45',NULL),(133,'Mohd. Azuar Md. Sidek','azuar@mpc.gov.my','750514105065','$2y$10$LZA/F7n6ufL3K98n8/iV3uW9FfyZA8Fm5dsqCdvOZ9Oo0CQiosMla','1','1',NULL,'en',NULL,'0',NULL,2,2,'2019-03-29 10:02:54','2019-03-29 17:48:45',NULL),(134,'Mohd. Hosni Mamat @ Ariffin','hosni@mpc.gov.my','840528115511','$2y$10$URKtQN38e34n67Wsiukkb.MKHs4iqhFUEsDYzMQL3lupmfIANGe8O','1','1',NULL,'en',NULL,'0',NULL,2,2,'2019-03-29 10:02:54','2019-03-29 17:48:46',NULL),(135,'Mohd. Hykal Mohd. Halim','hykal@mpc.gov.my','840415015223','$2y$10$IZdSKls9vSbbKNc/LSRKD..j1bY7ieYSCvGgx37JuFtbGrOOU.ybW','1','1',NULL,'en',NULL,'0',NULL,2,2,'2019-03-29 10:02:54','2019-03-29 17:48:46',NULL),(136,'Mohd. Riduan Daud','riduan@mpc.gov.my','830906045057','$2y$10$Fvg0wJCDYzRHqkgIMf2WHe6XxqC0x0MllTskRHc7xsHyUHC4iTugm','1','1',NULL,'en',NULL,'0',NULL,2,2,'2019-03-29 10:02:54','2019-03-29 17:48:46',NULL),(137,'Mohd. Rosdi Mohd Kauzi','rosdi@mpc.gov.my','750423035989','$2y$10$5tqZc1ebLrqokuETR0A1Veesl04.2Kb7egsmBQknou6HhfKW9UIbW','1','1',NULL,'en',NULL,'0',NULL,2,2,'2019-03-29 10:02:54','2019-03-29 17:48:46',NULL),(138,'Mohd. Shapri Ismail ','shapri@mpc.gov.my','600813085945','$2y$10$FMGNb/7GCQHAwjYwaSNYw.PU5G8m47a8qqjR6NZTahc9ufnYAf4R.','1','1',NULL,'en',NULL,'0',NULL,2,2,'2019-03-29 10:02:54','2019-03-29 17:48:46',NULL),(139,'Mohd. Suzlezan Supu','suzlezan@mpc.gov.my','781219125145','$2y$10$SSX/0cZxHMSnL4CiQ7XnIus27SOuW16kkRhBLJ/twjqwQKeiuANfO','1','1',NULL,'en',NULL,'0',NULL,2,2,'2019-03-29 10:02:54','2019-03-29 17:48:46',NULL),(140,'Mohd. Syarif Samsudin','syarif@mpc.gov.my','800305075173','$2y$10$L8wf9ChCkRdCOWki8ng1teQhk8LM7nf3VRHfKXvhb7yo/jn.kaVBi','1','1',NULL,'en',NULL,'0',NULL,2,2,'2019-03-29 10:02:54','2019-03-29 17:48:46',NULL),(141,'Mohd. Zaki Bin Ibrahim ','zaki@mpc.gov.my','610119035197','$2y$10$43NcBshHS37ugvGM0.qEFeGJz5wZ53DposjKh55I5NxnnChc/nzf.','1','1',NULL,'en',NULL,'0',NULL,2,2,'2019-03-29 10:02:54','2019-03-29 17:48:46',NULL),(142,'Mohd. Zamros Yusof ','zamros@mpc.gov.my','670705055347','$2y$10$FDZIhX2YcB3Exgrb4bZ1wOXBXfkZoP6O5ktb3cOE3Ara1aD0qEuYO','1','1',NULL,'en',NULL,'0',NULL,2,2,'2019-03-29 10:02:54','2019-03-29 17:48:46',NULL),(143,'Mokhzani Aris Mohd. Yusoff','mokhzani@mpc.gov.my','730308105015','$2y$10$FlifB98bu3UNtwYwV6U7CeywFd02O4mEt0wXMbbTf5nS.c8Wxzj4.','1','1',NULL,'en',NULL,'0',NULL,2,2,'2019-03-29 10:02:54','2019-03-29 17:48:46',NULL),(144,'Muhamad Afiq Piramli','afiq@mpc.gov.my','901211036379','$2y$10$Zq9sb41QpQKf2NX6.I1oQ.c.f1r/mZ2kBx4no197./7.b.nHmnt7m','1','1',NULL,'en',NULL,'0',NULL,2,2,'2019-03-29 10:02:54','2019-03-29 17:48:46',NULL),(145,'Muhamad Rizuwan Abu Bakar','muhamadrizuwan@mpc.gov.my','860512465355','$2y$10$GlfgX5.5tRMOO.mMYPEvde/reE.l1eEHXWvLmwoHwzZ3YKj6JvRh.','1','1',NULL,'en',NULL,'0',NULL,2,2,'2019-03-29 10:02:54','2019-03-29 17:48:46',NULL),(146,'Mohammad Shahaizal Abu Talib','shahaizal@mpc.gov.my','780218025869','$2y$10$3tKL1plpcaUD1erH4b4n6erg0M1a9k3bdLXWvtLfYdE9aJ5GGJ8SG','1','1',NULL,'en',NULL,'0',NULL,2,2,'2019-03-29 10:02:54','2019-03-29 17:48:47',NULL),(147,'Muhamad Zain Musa ','zain@mpc.gov.my','611224055477','$2y$10$3UjLz51xIqP7A9OBbw4AheOXwn/TkyKwgCydScsriRs4sxDA0GPOK','1','1',NULL,'en',NULL,'0',NULL,2,2,'2019-03-29 10:02:54','2019-03-29 17:48:47',NULL),(148,'Muhamad Zamri Zainol ','zamri@mpc.gov.my','690427075433','$2y$10$XiH.k9kGz7cPJNKn4adMiev2ZO2iWEsC5w8x1hHRzDCSV1IlUAA7y','1','1',NULL,'en',NULL,'0',NULL,2,2,'2019-03-29 10:02:54','2019-03-29 17:48:47',NULL),(149,'Muhammad Afzani Ahmad ','afzani@mpc.gov.my','811125145705','$2y$10$VvrPsvEeSCUvM9M.gcX8Y.rUpNEtd9WiImzfmJnIcCd74Op6.E35K','1','1',NULL,'en',NULL,'0',NULL,2,2,'2019-03-29 10:02:54','2019-03-29 17:48:47',NULL),(150,'Muhammaad Aidil Razak','aidil@mpc.gov.my','910418035597','$2y$10$fb21xofciSOHxAoVICnZ/eH1PxwfQ7661L9z43S20XQhNgLm7C1W.','1','1',NULL,'en',NULL,'0',NULL,2,2,'2019-03-29 10:02:54','2019-03-29 17:48:47',NULL),(151,'Muhammad Fazre Zulhelmi Fizwan','fazre@mpc.gov.my','881014566439','$2y$10$OZqrxkz6Jtk67n9Tl19m5u7e4ytLH4AsE5fpcvjVzPTKOs7H4N95.','1','1',NULL,'en',NULL,'0',NULL,2,2,'2019-03-29 10:02:54','2019-03-29 17:48:47',NULL),(152,'Mohammad Hafiz Sabaruddin','hafiz@mpc.gov.my','830408065477','$2y$10$66pCisRyVNvaJTGeYyYDkOn58ybdy.bblfXvdUeD7D8PrPNzG5DOy','1','1',NULL,'en',NULL,'0',NULL,2,2,'2019-03-29 10:02:54','2019-03-29 17:48:47',NULL),(153,'Muhammad Hisham Nordin','mhisham@mpc.gov.my','881113565247','$2y$10$xXBWr8M2BxB4Ho55JrV9YuwzrpHgAbBO5XolOzl3pOTu1PdU8URQ.','1','1',NULL,'en',NULL,'0',NULL,2,2,'2019-03-29 10:02:54','2019-03-29 17:48:47',NULL),(154,'Muhammad Idham Mohd Zain','idham@mpc.gov.my','731006035511','$2y$10$r7tgLEbc2C78VoaI9RfTMOZu8cCSvEa8lxtyXTwmLctU.Y1RyUoNu','1','1',NULL,'en',NULL,'0',NULL,2,2,'2019-03-29 10:02:54','2019-03-29 17:48:47',NULL),(155,'Muhammad Muizzuddin Muhamad','muiz@mpc.gov.my','910330036237','$2y$10$HnB.5WxuMBsg8hi3K9b9yOB9.lcggSnR9m6LwaPhgAXLlM/NSjc4W','1','1',NULL,'en',NULL,'0',NULL,2,2,'2019-03-29 10:02:54','2019-03-29 17:48:47',NULL),(156,'Muhammad Suffian Ahmad','suffian@mpc.gov.my','790617145859','$2y$10$CnY2AssApvfA9B9hofzEGuPi5YSpZBlwetpQMfXAXqGVks9oItuUe','1','1',NULL,'en',NULL,'0',NULL,2,2,'2019-03-29 10:02:54','2019-03-29 17:48:47',NULL),(157,'Muhaslizawati Mohd Bakri','muhaslizawati@mpc.gov.my','820619035746','$2y$10$T7R.1qBoFXgLIuxT2Utbzetd.6Suqp6TTku2BBQUB8QN70Ugl6ZHu','1','1',NULL,'en',NULL,'0',NULL,2,2,'2019-03-29 10:02:54','2019-03-29 17:48:47',NULL),(158,'Muhd. Adha Abd. Hamid','adha@mpc.gov.my','830918105555','$2y$10$yu0PlzQdWv0UqjVqB8PlquKfGmJ0zfqmhs5jy.WYcnAqHgSaAmSBe','1','1',NULL,'en',NULL,'0',NULL,2,2,'2019-03-29 10:02:54','2019-03-29 17:48:47',NULL),(159,'Nahdatul Faeizin Norman','nahdatul@mpc.gov.my','901028015094','$2y$10$zAi3Mc9DaUuxQU287oukL.M69Yj0VEaX9B5Afilb2Sge2WnI6f0g2','1','1',NULL,'en',NULL,'0',NULL,2,2,'2019-03-29 10:02:54','2019-03-29 17:48:48',NULL),(160,'Nazahiah Mohamad','nazahiah@mpc.gov.my','790525075056','$2y$10$CeSj3yaxLloNk6wwGaqOtuG6X02rSRhjSuTDniuyD1BTNmmRmEl.O','1','1',NULL,'en',NULL,'0',NULL,2,2,'2019-03-29 10:02:54','2019-03-29 17:48:48',NULL),(161,'Nazeri Ariffin Madon','nazeri@mpc.gov.my','860804235965','$2y$10$KsGNRcSK1abzoE12gCVSgeGRUiU..RWC2vJf2iqtkxcQijpXQEsnm','1','1',NULL,'en',NULL,'0',NULL,2,2,'2019-03-29 10:02:54','2019-03-29 17:48:48',NULL),(162,'Nazilah Ahmad','nazilah@mpc.gov.my','830710016190','$2y$10$IdADkssjF0PMpc7ughuR..XwY8YC99MoyojZ5mKsBaciVfGysIMV6','1','1',NULL,'en',NULL,'0',NULL,2,2,'2019-03-29 10:02:54','2019-03-29 17:48:48',NULL),(163,'Nik Faizal Nik Ahmad','nikfaizal@mpc.gov.my','690320035423','$2y$10$eLeicHWNc/bZQHe//CGZdOrUPcuZJDUk0ZruXxIndU0x0rJ2XLz4G','1','1',NULL,'en',NULL,'0',NULL,2,2,'2019-03-29 10:02:54','2019-03-29 17:48:48',NULL),(164,'Nik Nazarina Nek Mohamed','nazarina@mpc.gov.my','891121146332','$2y$10$GHcNihAyqHW1HNuX/rEtGuVCdHcbCSoqSRgvFbo9Jmr9TPV276o6u','1','1',NULL,'en',NULL,'0',NULL,2,2,'2019-03-29 10:02:54','2019-03-29 17:48:48',NULL),(165,'Nik Rosdi Nik Yusoff ','nikrosdi@mpc.gov.my','591022035333','$2y$10$Tj1Y/VIZ1cYZjZoXJb5Hcu4Jnaok/8t9E./.VMvp4Nm908XrSUPEK','1','1',NULL,'en',NULL,'0',NULL,2,2,'2019-03-29 10:02:54','2019-03-29 17:48:48',NULL),(166,'Noor Aishah Hassan','noor_aishah@mpc.gov.my','781121145260','$2y$10$e9h.igl3/ndtPSMQlbzgJ.fwRrl7tPztgxWqIykkTUYEvY/m6x/8e','1','1',NULL,'en',NULL,'0',NULL,2,2,'2019-03-29 10:02:54','2019-03-29 17:48:48',NULL),(167,'Noor Anariza Hassan ','anariza@mpc.gov.my','760121075060','$2y$10$WSj9cqE.qfV4VwYGMo/es.kyzCwnggcCUj05lS7ypo79.jboJ98o2','1','1',NULL,'en',NULL,'0',NULL,2,2,'2019-03-29 10:02:54','2019-03-29 17:48:48',NULL),(168,'Noor Asmawati Hussin ','asmawati@mpc.gov.my','820725085480','$2y$10$tsYnOs9tK2wGfjZ3y1rOy.8kGJo3DJPVVXV2KSs3Qzq0h5NFDMehq','1','1',NULL,'en',NULL,'0',NULL,2,2,'2019-03-29 10:02:54','2019-03-29 17:48:48',NULL),(169,'Noor Aziah Othman','noraziah@mpc.gov.my','790928075448','$2y$10$RhC5WMVYidfRUpYZP/DbHOqjTbeXuTrKkQuUJz1mLUMoHoREVd1tK','1','1',NULL,'en',NULL,'0',NULL,2,2,'2019-03-29 10:02:54','2019-03-29 17:48:48',NULL),(170,'Noor Azman Hassan','azman@mpc.gov.my','770211036515','$2y$10$sZmnriAm8lSpSeNZEt1/kOPa54.LXmeh.QHbPtspbjPVLQuOfA1V.','1','1',NULL,'en',NULL,'0',NULL,2,2,'2019-03-29 10:02:54','2019-03-29 17:48:48',NULL),(171,'Noor Hazilah Abdullah','hazilah@mpc.gov.my','820318035814','$2y$10$ltvEuXTARcM2r9pGAIBupOYeM.0mBSxtzqTyrPiHqWChcbnopckA6','1','1',NULL,'en',NULL,'0',NULL,2,2,'2019-03-29 10:02:54','2019-03-29 17:48:48',NULL),(172,'Noor Izzati Kamis','noorizzati@mpc.gov.my','900629145658','$2y$10$8gA/S3ToooO.0Td6KrsGA.Ahor1OtPj.yAeLY/zx35lLcW70oXfHG','1','1',NULL,'en',NULL,'0',NULL,2,2,'2019-03-29 10:02:54','2019-03-29 17:48:48',NULL),(173,'Noor Mohammad Farhan Nor Azman','mfarhan@mpc.gov.my','881216566111','$2y$10$VlVThOa9L1Or3hvSEvd0..rt803jJpzVaG/t3le1LL0cWN1X29.MK','1','1',NULL,'en',NULL,'0',NULL,2,2,'2019-03-29 10:02:54','2019-03-29 17:48:49',NULL),(174,'Noor Rahidah Abdul Razak ','rahidah@mpc.gov.my','830505045048','$2y$10$5ARz2XWHKzLr/f0IbZ2I9u/DwGSTt2gmGBP552Iwy5vNscMkirBsK','1','1',NULL,'en',NULL,'0',NULL,2,2,'2019-03-29 10:02:54','2019-03-29 17:48:49',NULL),(175,'Noor Salfarina Jamaludin','salfarina@mpc.gov.my','830202045278','$2y$10$D5VWmtXaCGrt6IjKJkQG7eshmz7yvnYJQW4xwn1iDJSNz994ZAiuS','1','1',NULL,'en',NULL,'0',NULL,2,2,'2019-03-29 10:02:54','2019-03-29 17:48:49',NULL),(176,'Noorsamsinar Sum Abdullah','noorsamsi@mpc.gov.my','610608105088','$2y$10$NJL9za7YWra6fWS7fyzAy.4ToiZKS7xFeCXKs/T6/Dummlv2wvu9W','1','1',NULL,'en',NULL,'0',NULL,2,2,'2019-03-29 10:02:54','2019-03-29 17:48:49',NULL),(177,'Nor Adira Adnan','noradira@mpc.gov.my','870504295260','$2y$10$yoqWaYziuyeZiBvKmKOXF.9sKyc7CfN9bdOSGUZqJmH1k5xqiEZKO','1','1',NULL,'en',NULL,'0',NULL,2,2,'2019-03-29 10:02:54','2019-03-29 17:48:49',NULL),(178,'Nor Aishah Hassan','shah@mpc.gov.my','740928085894','$2y$10$y7a.n6GKHz44X6BSG.1Vr.3KPMoX1IpySt3IjmMqiY9wNZ4eN2Zie','1','1',NULL,'en',NULL,'0',NULL,2,2,'2019-03-29 10:02:54','2019-03-29 17:48:49',NULL),(179,'Nor Akma Che Wan Naman','norakma@mpc.gov.my','890101035104','$2y$10$t4jw/2OUHSc/J0hKVzW7Ruegh2RAlZGNyKO/RpL921f0WjWCE7ht.','1','1',NULL,'en',NULL,'0',NULL,2,2,'2019-03-29 10:02:54','2019-03-29 17:48:49',NULL),(180,'Nor Azmi Yahaya','norazmi@mpc.gov.my','600102065139','$2y$10$YhU50CIXU4JotxvlbchGKeQ8OX9ULnl7vK0VkzS4YnzUUNTMrxwLm','1','1',NULL,'en',NULL,'0',NULL,2,2,'2019-03-29 10:02:54','2019-03-29 17:48:49',NULL),(181,'Nor Eshah Abd. Raman ','noreshah@mpc.gov.my','620113065052','$2y$10$h6jE0O0g0gkvuqPumYoHKeLh4534MU3wcNCVn.2D1rThnB7zjVLtm','1','1',NULL,'en',NULL,'0',NULL,2,2,'2019-03-29 10:02:54','2019-03-29 17:48:49',NULL),(182,'Nor Fadilah Zulkifli Muhamad','NorFadilah@mpc.gov.my','941219036070','$2y$10$4NQ9nk/akNDWamuCL7atNuTfqAAJnE0gzMb4GeArtp.C2fOe09n8q','1','1',NULL,'en',NULL,'0',NULL,2,2,'2019-03-29 10:02:54','2019-03-29 17:48:49',NULL),(183,'Nor Fazila Hashim','ila@mpc.gov.my','660129086196','$2y$10$Sez7h778f6yGgwbz0mSeI.2MucGqv8A7thOzJhOdy.Xf324X0yc3u','1','1',NULL,'en',NULL,'0',NULL,2,2,'2019-03-29 10:02:54','2019-03-29 17:48:49',NULL),(184,'Nor Hafizah Mohd Arop','hafizah@mpc.gov.my','681203105352','$2y$10$sz4KMiSijgUZNyMOC10bD.dEJQI6638.Qlb/qn68v9LWyRbkmVFMK','1','1',NULL,'en',NULL,'0',NULL,2,2,'2019-03-29 10:02:54','2019-03-29 17:48:49',NULL),(185,'Nor Halisa Mohamad Halil ','halisa@mpc.gov.my','730228125374','$2y$10$E512hI/c16JdpFe7.TIPCuOOJ/p0S6sPjMuN/gbn8Ob4TxwnMzSjS','1','1',NULL,'en',NULL,'0',NULL,2,2,'2019-03-29 10:02:54','2019-03-29 17:48:49',NULL),(186,'Nor Hasimah Ab. Rahman','hasimah@mpc.gov.my','610823105654','$2y$10$X8uKequVzo9eBJVi0NKzxe7AunJxUzeLHb32ali9J9lNCa11HBZr6','1','1',NULL,'en',NULL,'0',NULL,2,2,'2019-03-29 10:02:54','2019-03-29 17:48:50',NULL),(187,'Nor Idayuniza Rahmat','ayu@mpc.gov.my','781012145720','$2y$10$KqdM1ZDQ/IAHBnKHkkVPiOphOhohxp9JvZVR5z7K8sis3g0fRu2Im','1','1',NULL,'en',NULL,'0',NULL,2,2,'2019-03-29 10:02:54','2019-03-29 17:48:50',NULL),(188,'Nor Izzati Norhisam','izzati@mpc.gov.my','850514105100','$2y$10$c9./jgl0lsCgoaEYaEreBOpgjzOEJB0AQrvDAdxPwQzpgLm5MVYC.','1','1',NULL,'en',NULL,'0',NULL,2,2,'2019-03-29 10:02:54','2019-03-29 17:48:50',NULL),(189,'Nor Robaayah Mohd. Noor','nrmn@mpc.gov.my','660915085430','$2y$10$K/Vm9xBEHn6phwJRFSG.mO4T3mpkxhAGeB.ywGKlJc88aW7S2y0DC','1','1',NULL,'en',NULL,'0',NULL,2,2,'2019-03-29 10:02:54','2019-03-29 17:48:50',NULL),(190,'Nor Surayya Abd. Samad','surayya@mpc.gov.my','751119145758','$2y$10$CklKElVYnyt8iolXOBqUo.jH2QB8tCiBFJjuK/ErJAbUwREBRWQWG','1','1',NULL,'en',NULL,'0',NULL,2,2,'2019-03-29 10:02:54','2019-03-29 17:48:50',NULL),(191,'Norzairisham Zakaria','norzairisham@mpc.gov.my','681118015811','$2y$10$RWmIqS5706LFKhg.EckqyeldJrtzC.gi7oN/.0zcolhE2hStA93xW','1','1',NULL,'en',NULL,'0',NULL,2,2,'2019-03-29 10:02:54','2019-03-29 17:48:50',NULL),(192,'Nora\'in Ahmad Kamil','norain@mpc.gov.my','690916016290','$2y$10$mwzHIVCoFPB0RT55Px.IKesMOG3IMCtqhIRT2hw38QINCfeBVvM2K','1','1',NULL,'en',NULL,'0',NULL,2,2,'2019-03-29 10:02:54','2019-03-29 17:48:50',NULL),(193,'Norafidah Ramli                                                                              ','norafidah@mpc.gov.my','770815016494','$2y$10$w2N8uGJx26gH2KORKdjHsuBcmskQi2pflNeTWtGlOnMZ/vvfViohu','1','1',NULL,'en',NULL,'0',NULL,2,2,'2019-03-29 10:02:54','2019-03-29 17:48:50',NULL),(194,'Noraniza Daud','noraniza@mpc.gov.my','821008065262','$2y$10$ESpBHEgXHvkTQ62eaVLo5eG2hS1aV2QV7eg.mQPkYVsYNVobntIqC','1','1',NULL,'en',NULL,'0',NULL,2,2,'2019-03-29 10:02:54','2019-03-29 17:48:50',NULL),(195,'Norashikin Abdul Shukor','shikin@mpc.gov.my','820722086154','$2y$10$A4OfPcFmn71L/T8b1Z8YC.wMAbarZn7IPBG/NS5tCbZw.AJyakQhK','1','1',NULL,'en',NULL,'0',NULL,2,2,'2019-03-29 10:02:54','2019-03-29 17:48:50',NULL),(196,'Norashima Hamzah','norashima@mpc.gov.my','771210115582','$2y$10$amtS1gkA4M2o3RkoZYQPi.ihz5cNxrpZl3pVzVGq8.Cm.aLGHcDj6','1','1',NULL,'en',NULL,'0',NULL,2,2,'2019-03-29 10:02:54','2019-03-29 17:48:50',NULL),(197,'Norazlina Tun Ibrahim','norazlina@mpc.gov.my','800222145850','$2y$10$a17zuOkv2z/B7F8dEK.kEuqc2KHr2DxYBxjA6ktBYaWT0MM/XlA4y','1','1',NULL,'en',NULL,'0',NULL,2,2,'2019-03-29 10:02:54','2019-03-29 17:48:50',NULL),(198,'Nordieana Nordin','deana@mpc.gov.my','790206105078','$2y$10$/JbLmOY0JTWio7.neD/e8.5GFudfMucPicew1mfq.O01FX1gFdXb6','1','1',NULL,'en',NULL,'0',NULL,2,2,'2019-03-29 10:02:54','2019-03-29 17:48:50',NULL),(199,'Norfaizah Abdul Rahman','faizah@mpc.gov.my','720531065416','$2y$10$rwfdstjUq7SO1pBYkOY8pe8LZdxYE0m2RptFeOnqjT0RXe82LU7Vq','1','1',NULL,'en',NULL,'0',NULL,2,2,'2019-03-29 10:02:54','2019-03-29 17:48:51',NULL),(200,'Norhaida Roslan ','norhaida@mpc.gov.my','830513035616','$2y$10$jTcUTQWi9KtFiNuneFpDr.waECBHkmWxKWzgoy/Bc3cdNU0GZS8ES','1','1',NULL,'en',NULL,'0',NULL,2,2,'2019-03-29 10:02:54','2019-03-29 17:48:51',NULL),(201,'Norhanida Ahmad Puad ','norhanida@mpc.gov.my','800929085038','$2y$10$gVkZUjmCd3Ac4Tb031uYJezgwikOaaZ1PcPuXqXDTz7zLC3r.lw7q','1','1',NULL,'en',NULL,'0',NULL,2,2,'2019-03-29 10:02:54','2019-03-29 17:48:51',NULL),(202,'Norhaniza Hamir','norhaniza@mpc.gov.my','790131086326','$2y$10$GbAm46qm9xlZXQ.ZodsILOJaU/bx8Tp8.WFor/I1M0J20/8KVfn/u','1','1',NULL,'en',NULL,'0',NULL,2,2,'2019-03-29 10:02:54','2019-03-29 17:48:51',NULL),(203,'Norhasimah Ibrahim ','norhasimah@mpc.gov.my','750420105494','$2y$10$EkRSfTL1i85w5O3YeeiaOejzGcVO8sVzMliEJw0yovBqu2sFzukFq','1','1',NULL,'en',NULL,'0',NULL,2,2,'2019-03-29 10:02:54','2019-03-29 17:48:51',NULL),(204,'Norhayati Harun ','norhayatiharun@mpc.gov.my','741211025426','$2y$10$VeUGtHUk59Sk25hQGAvEi.0S/MWviSyBDItgaKiXAu7lQmN/lEcq6','1','1',NULL,'en',NULL,'0',NULL,2,2,'2019-03-29 10:02:54','2019-03-29 17:48:51',NULL),(205,'Norhisam Ahmad ','norhisam@mpc.gov.my','590121085147','$2y$10$DRtymwwuEVO0bMsQo5QtwujbG3xBGy4jjztUV6ZFeRmscglPyqfmq','1','1',NULL,'en',NULL,'0',NULL,2,2,'2019-03-29 10:02:54','2019-03-29 17:48:51',NULL),(206,'Norhuda Abdullah','norhuda@mpc.gov.my','810924075016','$2y$10$HApNMGsOVv//EVlJyY.EEOtBdxxWrFKZYhSMIU8GUjf.K1mCH2b.q','1','1',NULL,'en',NULL,'0',NULL,2,2,'2019-03-29 10:02:54','2019-03-29 17:48:51',NULL),(207,'Norijah Juen ','norijah@mpc.gov.my','760715135972','$2y$10$8RLkamKwQMmboxKlL7VSGOmvJmjR1Hok1h74kFRFmBxgJgnJMKdGW','1','1',NULL,'en',NULL,'0',NULL,2,2,'2019-03-29 10:02:54','2019-03-29 17:48:51',NULL),(208,'Norkamila Shahrudin ','norkamila@mpc.gov.my','810301106066','$2y$10$oktRPefCBRiYhPOTvFwNCejcwKviuDwO7eMRYTCLZX0rvcy2hB1Q.','1','1',NULL,'en',NULL,'0',NULL,2,2,'2019-03-29 10:02:54','2019-03-29 17:48:51',NULL),(209,'Norliana Mahmud        ','norliana@mpc.gov.my','770521075034','$2y$10$UVnHrl0p4o.AD0H/lt1.ouWvegIf86nUgFgcS1RQ7zNA.MUxbN3g2','1','1',NULL,'en',NULL,'0',NULL,2,2,'2019-03-29 10:02:54','2019-03-29 17:48:51',NULL),(210,'Norliza Ahmad  ','norlizaahmad@mpc.gov.my','761213035482','$2y$10$0lFa7tiA3T9a8zjnxBcG4.nQGo3PpQlclYWl4DbK9c5u.NaObBQJm','1','1',NULL,'en',NULL,'0',NULL,2,2,'2019-03-29 10:02:54','2019-03-29 17:48:51',NULL),(211,'Norliza Rosli ','norlizarosli@mpc.gov.my','850306055196','$2y$10$dinqEEd5GGb.0NAuCYzbv.HJr8.LfJzXftf00io8RvPZBC94Bh4Ly','1','1',NULL,'en',NULL,'0',NULL,2,2,'2019-03-29 10:02:54','2019-03-29 17:48:51',NULL),(212,'Norul Hasila Abdullah','norulhasila@mpc.gov.my','830714065344','$2y$10$jHh0j5MejQ3tRcU5zHPXwOMYkzWMos.OGI/deEVhGcreBJ2MDPu9S','1','1',NULL,'en',NULL,'0',NULL,2,2,'2019-03-29 10:02:54','2019-03-29 17:48:51',NULL),(213,'Norwahidah Abdullah ','norwahidah@mpc.gov.my','800603035364','$2y$10$d2ValofpWKvKCNOr2.4Wxer5v1R33/TwZIVKYmEUaQxRzyLMfrz4S','1','1',NULL,'en',NULL,'0',NULL,2,2,'2019-03-29 10:02:54','2019-03-29 17:48:52',NULL),(214,'Norwahizan bt Mohamed','norwahizan@mpc.gov.my','781117035608','$2y$10$W5eISXLkRB2lFqr7s0o5/OpWp7R4NDOdbQdE7.9z.y2dmwLvtFNqS','1','1',NULL,'en',NULL,'0',NULL,2,2,'2019-03-29 10:02:54','2019-03-29 17:48:52',NULL),(215,'Norziah Kabil','norziah@mpc.gov.my','741111135206','$2y$10$HnKqZcjP1vCzkE0k4eANc.a/mpVn0X1LqGepJFjZ41M44b6xDKtxW','1','1',NULL,'en',NULL,'0',NULL,2,2,'2019-03-29 10:02:54','2019-03-29 17:48:52',NULL),(216,'Norzirin Ariffin','zirin@mpc.gov.my','640927075362','$2y$10$COq0Bdjirb/KbBGSIfjkfOo/lpp.GCYs2j5pSZ67eFBxopEvF3Pka','1','1',NULL,'en',NULL,'0',NULL,2,2,'2019-03-29 10:02:54','2019-03-29 17:48:52',NULL),(217,'Nur Jihan Ramli ','nurjihan@mpc.gov.my','820215065332','$2y$10$v4n7EZpjD37MWuDbK.P.hOOrkn0ymkfiJIrWiEOVnH13KODm11zgG','1','1',NULL,'en',NULL,'0',NULL,2,2,'2019-03-29 10:02:54','2019-03-29 17:48:52',NULL),(218,'Nur \'Amirah Shaaban','nuramirah@mpc.gov.my','911229075316','$2y$10$pCh/D6kpzSsc56NgnpODAehZmDKJ8BlLWWv1/X00kqUTChYpY46w6','1','1',NULL,'en',NULL,'0',NULL,2,2,'2019-03-29 10:02:54','2019-03-29 17:48:52',NULL),(219,'Nur Faizah Tasman','nurfaizah@mpc.gov.my','820719015320','$2y$10$r0C9J47o7PRTK70Yy91r2.HaLX/c4zG5mRCO2.92nvLHdH5Gp5jG.','1','1',NULL,'en',NULL,'0',NULL,2,2,'2019-03-29 10:02:54','2019-03-29 17:48:52',NULL),(220,'Nur Fatimah Mohd Zaki','nurfatimah@mpc.gov.my','890703085766','$2y$10$X1gBrOoCZXe1zm5VgPVBh.hoX5FWb12NjihKbxa8.73znAKL/q0ZS','1','1',NULL,'en',NULL,'0',NULL,2,2,'2019-03-29 10:02:54','2019-03-29 17:48:52',NULL),(221,'Nur Hafizah Halimuddin','nurhafizah@mpc.gov.my','830829145870','$2y$10$Q2fiUWT4ksBVtrArxJzMWuf4i7rA7SxKZZFcyeRE0e4PrU74mBUaO','1','1',NULL,'en',NULL,'0',NULL,2,2,'2019-03-29 10:02:54','2019-03-29 17:48:52',NULL),(222,'Nur Hanim Abd Ghani','hanim@mpc.gov.my','760301145732','$2y$10$OZ14jpmg7FX/Na69W78yjuokhcvvR6kOAeQSplZ8Epmm0K64bX2NG','1','1',NULL,'en',NULL,'0',NULL,2,2,'2019-03-29 10:02:54','2019-03-29 17:48:52',NULL),(223,'Nur Rafidah Zulkifl','nurrafidah@mpc.gov.my','880707086492','$2y$10$5e/Be6CLPdfnkL71CnmBWO9G5aYS2CsqeYUdSKSa.EDi0qAb0peP.','1','1',NULL,'en',NULL,'0',NULL,2,2,'2019-03-29 10:02:54','2019-03-29 17:48:52',NULL),(224,'Nur Sulia Saari ','sulia@mpc.gov.my','830512145776','$2y$10$lhz6Lh6yD110YpF5mJ5olOn1cm2y5NjbAkQ55TBoWAgARmhjUxLqq','1','1',NULL,'en',NULL,'0',NULL,2,2,'2019-03-29 10:02:54','2019-03-29 17:48:52',NULL),(225,'Nur Syafina Anuar','syafina@mpc.gov.my','830628105688','$2y$10$OSep1JlyZuHam9gM31KuhuPYlnpJrYz5sgmTNy6.ZhhV.vvME8JBW','1','1',NULL,'en',NULL,'0',NULL,2,2,'2019-03-29 10:02:54','2019-03-29 17:48:53',NULL),(226,'Nur Syahrina Muhamad Nor','syahrina@mpc.gov.my','830726146360','$2y$10$7SSsH5iR3q46D52jZATO1eXqpIglrtK1lX5VbblpFpkXcJUT/xwYG','1','1',NULL,'en',NULL,'0',NULL,2,2,'2019-03-29 10:02:54','2019-03-29 17:48:53',NULL),(227,'Nuraizah Harun @ Harron            ','Nuraizah@mpc.gov.my','831217015586','$2y$10$rOSr6n/tTuQGvTW/aNHWMOrCwQuZktwIOBSxycSiFwV9EorLAB/NO','1','1',NULL,'en',NULL,'0',NULL,2,2,'2019-03-29 10:02:54','2019-03-29 17:48:53',NULL),(228,'Nurfayunie Pakhrururzi','nurfayunie@mpc.gov.my','880219145668','$2y$10$WrB2x1YbMgQSj60wz36jvO8XSrNQIsOixG17Y7waUN9SdawrvARey','1','1',NULL,'en',NULL,'0',NULL,2,2,'2019-03-29 10:02:54','2019-03-29 17:48:53',NULL),(229,'Nurfazila Haji Zulaihi ','nurfazila@mpc.gov.my','900802136836','$2y$10$DRw5JKG3v4/HdGqMgBnGx.oGgHKtqN9ThBuY3tfv6r.dTuKYAQZL2','1','1',NULL,'en',NULL,'0',NULL,2,2,'2019-03-29 10:02:54','2019-03-29 17:48:53',NULL),(230,'Nursyahida Muhamad Aszahari','nursyahida@mpc.gov.my','890921146168','$2y$10$Muvbwt2QGAINhnlu9XhT1OtMI1yeZIhCFZc4hR34M3kCQ7Zfgdam.','1','1',NULL,'en',NULL,'0',NULL,2,2,'2019-03-29 10:02:54','2019-03-29 17:48:53',NULL),(231,'Nurul Ain Alia  Abdullah Zawawi','alia@mpc.gov.my','860805435694','$2y$10$RAoupw6HfGnjgAJnZGJSeuJKypT3COFzbVtrNCF81KzRfUzqMVIHG','1','1',NULL,'en',NULL,'0',NULL,2,2,'2019-03-29 10:02:54','2019-03-29 17:48:53',NULL),(232,'Nurul Farahaton Najihan Jusoh','farahaton@mpc.gov.my','900430115822','$2y$10$VngOwM74lhmMb.UmAING8u0JbfC2t0cMOqBvpzJp78enq8u46PFMu','1','1',NULL,'en',NULL,'0',NULL,2,2,'2019-03-29 10:02:54','2019-03-29 17:48:53',NULL),(233,'Nurul Fatihah Mohd Azlan','nurulfatihah@mpc.gov.my','860509295922','$2y$10$gZ9xhM1n2CwizsNfDMMgXe0DSe2zrzqT2lCo8O6l0GYTYnBdJ7iTS','1','1',NULL,'en',NULL,'0',NULL,2,2,'2019-03-29 10:02:54','2019-03-29 17:48:53',NULL),(234,'Nurul Nadia Zainal Adnan','nurulnadia@mpc.gov.my','870825565508','$2y$10$BgTvDCJWpNqD2XvIETfDW.RZ.IhsfsopaWCMCGXozVxZbH5KhtSQe','1','1',NULL,'en',NULL,'0',NULL,2,2,'2019-03-29 10:02:54','2019-03-29 17:48:53',NULL),(235,'Nurul Sazrina Mohd Shukor','sazrina@mpc.gov.my','830322105028','$2y$10$MbdY1rVvtpl4ZFRz3e8ZOOgSvah.g72R7jTomTRqDEr7NRLHeJe1i','1','1',NULL,'en',NULL,'0',NULL,2,2,'2019-03-29 10:02:54','2019-03-29 17:48:53',NULL),(236,'Nurul Syamimi Ismail','syamimi@mpc.gov.my','850926035516','$2y$10$6L7icLyqBpPqbq9KPAfCK.8PkRVf5qE/o88KlE59XFXsV7B4OMMJm','1','1',NULL,'en',NULL,'0',NULL,2,2,'2019-03-29 10:02:54','2019-03-29 17:48:53',NULL),(237,'Nurzarina Jaafar','nurzarina@mpc.gov.my','800509075538','$2y$10$DLZ0jeokaIBw2OVrAZRoaOGzukfPzXYHi9pvw8N3ukD330U5Vub3q','1','1',NULL,'en',NULL,'0',NULL,2,2,'2019-03-29 10:02:54','2019-03-29 17:48:53',NULL),(238,'Omi Kalsom Osman','omi@mpc.gov.my','590905085292','$2y$10$DPgppx.vwVxLrXHp1H.XkeDjeRPe4lh/fNmJuHP61NpauEDRGBjHG','1','1',NULL,'en',NULL,'0',NULL,2,2,'2019-03-29 10:02:54','2019-03-29 17:48:53',NULL),(239,'Osman Zaidan','osmanzaidan@mpc.gov.my','680925135225','$2y$10$6T.1R2I7py3m6EzkX1CeeuFzsHk29XAxGx2S/yyA6bcPgVWxyvAam','1','1',NULL,'en',NULL,'0',NULL,2,2,'2019-03-29 10:02:54','2019-03-29 17:48:53',NULL),(240,'Rabiatul Hana Ishak','rabiatulhana@mpc.gov.my','901211146770','$2y$10$5QI3GcWa4vsXYbqDJhMkreMhwjBnwCfLCoq3xUWPsbnqlFt/KnF56','1','1',NULL,'en',NULL,'0',NULL,2,2,'2019-03-29 10:02:54','2019-03-29 17:48:54',NULL),(241,'Rahayu Abd. Rahman','RahayuR@mpc.gov.my','821114115518','$2y$10$fwDZuPsuVXDnrx8VVeeOlutLRS1RfSZMOy9mVcOkjBlgKo1Uss5Si','1','1',NULL,'en',NULL,'0',NULL,2,2,'2019-03-29 10:02:54','2019-03-29 17:48:54',NULL),(242,'Dr. Rahmat Md. Smail','rahmat@mpc.gov.my','600302045271','$2y$10$OSI7xV8HZsvTf3kOh6..meyU1D8VGI5E5XJ9Ss8jh/Ea2Xng..LE6','1','1',NULL,'en',NULL,'0',NULL,2,2,'2019-03-29 10:02:54','2019-03-29 17:48:54',NULL),(243,'Rainah Osman ','rainah@mpc.gov.my','731111125252','$2y$10$XLo4SSfMtX1zt7Gkv077F.5QuKsTWXT7v5RpMiAVUey79Lew0Eiua','1','1',NULL,'en',NULL,'0',NULL,2,2,'2019-03-29 10:02:54','2019-03-29 17:48:54',NULL),(244,'Raja Ainul Bismi Raja Abd. Hadi','rajaainul@mpc.gov.my','831026086234','$2y$10$7bKPpStYrsf8g4/sXzEf2uTU84SnHgdCBwjKYXu59ZGnShiPluTRW','1','1',NULL,'en',NULL,'0',NULL,2,2,'2019-03-29 10:02:54','2019-03-29 17:48:54',NULL),(245,'Ramale Yusoff','ramale@mpc.gov.my','640510035445','$2y$10$ow7/zpFy7radiCOtEo3nkuuZhBjZYS12GnobuT4nW94hDYKPnK0pm','1','1',NULL,'en',NULL,'0',NULL,2,2,'2019-03-29 10:02:54','2019-03-29 17:48:54',NULL),(246,'Ramlan Sainan','ramlan@mpc.gov.my','610228105027','$2y$10$FonIOSpq.7DtU4dsGJyGMem692DwGG2FULWlyxmQpVKFuYdFBdHUK','1','1',NULL,'en',NULL,'0',NULL,2,2,'2019-03-29 10:02:54','2019-03-29 17:48:54',NULL),(247,'Roseleena Hashim','leena@mpc.gov.my','650318035284','$2y$10$eRqc.b74sCJJnt5uztGUw.pwdlwsYsrL26cy8bWhzDeM6dO6cEXWK','1','1',NULL,'en',NULL,'0',NULL,2,2,'2019-03-29 10:02:54','2019-03-29 17:48:54',NULL),(248,'Roslah Md Yusof','roslah@mpc.gov.my','610210105328','$2y$10$mAhQU8OQQO.fEki3sCNwJ.Kl.aMVHtgS111VIJTWTvhFmszzIfAm.','1','1',NULL,'en',NULL,'0',NULL,2,2,'2019-03-29 10:02:54','2019-03-29 17:48:54',NULL),(249,'Rosli Mat Dom','rosli@mpc.gov.my','610314055177','$2y$10$h6Ode4Dw6MoVDeVVMj2Ml.QlObtbo7dlXFW4z0x9JcOMGoro1hUjS','1','1',NULL,'en',NULL,'0',NULL,2,2,'2019-03-29 10:02:54','2019-03-29 17:48:54',NULL),(250,'Roslinda Abdul Hamid','lynda@mpc.gov.my','770706065860','$2y$10$cWZg5fKK3yNHSSa6obBHJ.daKa4zZ9W0RUgspe34cv4G7mDFDymEi','1','1',NULL,'en',NULL,'0',NULL,2,2,'2019-03-29 10:02:54','2019-03-29 17:48:54',NULL),(251,'Roslinda Ahmad','roslinda@mpc.gov.my','780922105002','$2y$10$epXlPus7SGLwUTACFH3Wcui7yT9jurtgZTO07Z6f8eKmYL8XcbzN6','1','1',NULL,'en',NULL,'0',NULL,2,2,'2019-03-29 10:02:54','2019-03-29 17:48:54',NULL),(252,'Rosmi  Abdullah','rosmi@mpc.gov.my','630525035473','$2y$10$f9tZx4rozwRBGC1Ucu3QxeQ/j.M4G2CTiCb/.hAmK6Kg78/osvCxG','1','1',NULL,'en',NULL,'0',NULL,2,2,'2019-03-29 10:02:54','2019-03-29 17:48:55',NULL),(253,'Rosmiza Rosly','iza@mpc.gov.my','721031065086','$2y$10$pvXv8wLtQNtkX2kP4uvH6eYIgNwxNX5Z.iPiFpzxCNXzPVAqnhk9m','1','1',NULL,'en',NULL,'0',NULL,2,2,'2019-03-29 10:02:54','2019-03-29 17:48:55',NULL),(254,'Rosniwati Abdullah','rosniwati@mpc.gov.my','760405075492','$2y$10$.JuM2mRpaSpFWPT.ZsWyverxo68/sSdOws4qkR9RBX/g/ybA5fsRG','1','1',NULL,'en',NULL,'0',NULL,2,2,'2019-03-29 10:02:54','2019-03-29 17:48:55',NULL),(255,'Roziana Othman','ogie@mpc.gov.my','660928015060','$2y$10$FU3aKi5fc1oDqc87R.tzT.YTztGp6rhM8p.5KWo2pm.aUNkpAv2IC','1','1',NULL,'en',NULL,'0',NULL,2,2,'2019-03-29 10:02:54','2019-03-29 17:48:55',NULL),(256,'Rozitah Ma\'al         ','rozitah@mpc.gov.my','730323145672','$2y$10$9ikiY2YFSY4Bpjhy8wjS2.HbaJ/k1elOpDfL53dlR21Hhs.OBs3De','1','1',NULL,'en',NULL,'0',NULL,2,2,'2019-03-29 10:02:54','2019-03-29 17:48:55',NULL),(257,'Rusdi Muda','rusdi@mpc.gov.my','650803035157','$2y$10$/gCxP05G4jyqIZacXxQ.RO/8ttycOincBTA7NiGvApfbi2UDzcf9G','1','1',NULL,'en',NULL,'0',NULL,2,2,'2019-03-29 10:02:54','2019-03-29 17:48:55',NULL),(258,'Sabri Hasan  ','sabri@mpc.gov.my','750708035595','$2y$10$9BmGReSggWWiRM9RRwur/e6xNnNnTigmb7gyP10H7QuMbSynNLWna','1','1',NULL,'en',NULL,'0',NULL,2,2,'2019-03-29 10:02:54','2019-03-29 17:48:55',NULL),(259,'Safarwan Mohd. Suhaimi','safarwan@mpc.gov.my','890306146107','$2y$10$7z7ugnM5413hSFKGwNn5IuwsMdZZl79/RHI5NMmsW3zuRLeiRedCe','1','1',NULL,'en',NULL,'0',NULL,2,2,'2019-03-29 10:02:54','2019-03-29 17:48:55',NULL),(260,'Safiah Mitri ','safiah@mpc.gov.my','830413125884','$2y$10$wLiLd.SI1ME7z50XEPlHluZuJyIBco2mVTMXtxGCvQN4ABm1IE2sm','1','1',NULL,'en',NULL,'0',NULL,2,2,'2019-03-29 10:02:54','2019-03-29 17:48:55',NULL),(261,'Safniwati Jasri','safniwati@mpc.gov.my','760217715026','$2y$10$I8Md6xKTZRlfw1rpgk.IBubI0RihAwAELoENN6337ZPhS8PzOsSKu','1','1',NULL,'en',NULL,'0',NULL,2,2,'2019-03-29 10:02:54','2019-03-29 17:48:55',NULL),(262,'Safura Abdul Malek','safura@mpc.gov.my','860904525900','$2y$10$zhwJazh9s17jvrMOMl7.O.xw45ovB9EDxWQmAtBixnkAMVGj2WwPy','1','1',NULL,'en',NULL,'0',NULL,2,2,'2019-03-29 10:02:54','2019-03-29 17:48:55',NULL),(263,'Saliza Saari','saliza@mpc.gov.my','770801066220','$2y$10$6Zacx6yLwqggFS9Q2yvcFuTWQpfLCfnboCdP9Nn.4VcuYJixslftm','1','1',NULL,'en',NULL,'0',NULL,2,2,'2019-03-29 10:02:54','2019-03-29 17:48:55',NULL),(264,'Sarimah Misman ','sarimah@mpc.gov.my','640414107066','$2y$10$lcocG3Vrva62i/CgOvABKe3hmrAlqanL4I3lc4reFnn8JRzogxUoK','1','1',NULL,'en',NULL,'0',NULL,2,2,'2019-03-29 10:02:54','2019-03-29 17:48:55',NULL),(265,'Sawiah Abdul Samad','sawiah@mpc.gov.my','680101045120','$2y$10$ft4.q3uIdKZLq40SpsdvU.tSHZwTOlBb95yX9z1c72blSxvW1jz4.','1','1',NULL,'en',NULL,'0',NULL,2,2,'2019-03-29 10:02:54','2019-03-29 17:48:55',NULL),(266,'Semawi Zakaria','semawi@mpc.gov.my','630328085527','$2y$10$iya3wKKNaAHu38xvktStcOE3ALryDSj4D6JCRlCdhUWBL0iqm86hq','1','1',NULL,'en',NULL,'0',NULL,2,2,'2019-03-29 10:02:54','2019-03-29 17:48:56',NULL),(267,'Shafirul Izwar Saad','shafirul@mpc.gov.my','810418025235','$2y$10$1Js6M4CbAvGhuJzMqMJEnORjfWo.nOVPDAS6LUfJunzEC/mv1CalO','1','1',NULL,'en',NULL,'0',NULL,2,2,'2019-03-29 10:02:54','2019-03-29 17:48:56',NULL),(268,'Shahidah Samsudin ','shahidah@mpc.gov.my','820526145858','$2y$10$K3mMnR2JtnK2GKBQpOoiIuek5Q10.p8x2Yf3lp8.RCWyiRfLQG.Wy','1','1',NULL,'en',NULL,'0',NULL,2,2,'2019-03-29 10:02:54','2019-03-29 17:48:56',NULL),(269,'Shahriza Bahari  ','shahriza@mpc.gov.my','751226145016','$2y$10$z/5oNMnpZO79Uq1Ywsv1/OeKDEblEuR6VDStvezfGrN3Y9K2bBz6G','1','1',NULL,'en',NULL,'0',NULL,2,2,'2019-03-29 10:02:54','2019-03-29 17:48:56',NULL),(270,'Dr. Shaik Roslinah Bux ','roslinahbux@mpc.gov.my','630619106404','$2y$10$.aadGnfpKpkmddARvkjYfuVWN3OvslZE0Lbpn5tnCi4.H0UkJ5Rn6','1','1',NULL,'en',NULL,'0',NULL,2,2,'2019-03-29 10:02:54','2019-03-29 17:48:56',NULL),(271,'Shanthini Tamadoram','shanthini@mpc.gov.my','800528145896','$2y$10$TzuqVf6dmDpYi0HOdwQpFuLENc0Qfsmn5Mhl9elDe54Jx3xT8vZJi','1','1',NULL,'en',NULL,'0',NULL,2,2,'2019-03-29 10:02:54','2019-03-29 17:48:56',NULL),(272,'Sharipah Mazina Syed Mohammed','sharipah@mpc.gov.my','660228035028','$2y$10$biHM9Z3I5Fk4D7Qj0Y/DzuvG2HrjlWZaXM6KH3z1WuZ0PfMJ7fozm','1','1',NULL,'en',NULL,'0',NULL,2,2,'2019-03-29 10:02:54','2019-03-29 17:48:56',NULL),(273,'Sharizal Samsudin','sharizal@mpc.gov.my','800809085025','$2y$10$cEvoHrdk27iGchHjtlHl0OVeVFNUc9P92DTX77tNaneWUTFQCnj86','1','1',NULL,'en',NULL,'0',NULL,2,2,'2019-03-29 10:02:54','2019-03-29 17:48:56',NULL),(274,'Shezlina Zakaria','shez@mpc.gov.my','720408025822','$2y$10$HTkGDRnwhuZOuibMRXY6tOF5r7EFGPn.g2kSgcxqwoWcdB6M0J8Di','1','1',NULL,'en',NULL,'0',NULL,2,2,'2019-03-29 10:02:54','2019-03-29 17:48:56',NULL),(275,'Siti Aslindah Ahmad  ','sitiaslindah@mpc.gov.my','830813125234','$2y$10$x0EyWE5H4wkdIBANXnjQnuExLShXqjdvMk1RGsqx1VgiwjptfZ3jC','1','1',NULL,'en',NULL,'0',NULL,2,2,'2019-03-29 10:02:54','2019-03-29 17:48:56',NULL),(276,'Siti Rahayu Md. Desa','rahayu@mpc.gov.my','750514075062','$2y$10$Kn0WM/Blv87UArjHPmgUDuTEcBZ73pF5HiHG6X6tLW9RVg51iOliW','1','1',NULL,'en',NULL,'0',NULL,2,2,'2019-03-29 10:02:54','2019-03-29 17:48:56',NULL),(277,'Siti Rawaida Shariff','rawaida@mpc.gov.my','840604075284','$2y$10$.9yOkxqWMmIxdgXCtztTjORZbKwqASibdsIn2i8OproqJzfF9gPIu','1','1',NULL,'en',NULL,'0',NULL,2,2,'2019-03-29 10:02:54','2019-03-29 17:48:56',NULL),(278,'Siti Sakinah Mohd Zaki','sakinah@mpc.gov.my','890129035608','$2y$10$OpGdKxMe5itiZCrjnsumRO7oq0316Lg22w26Je.8bLCDVvn74ET4K','1','1',NULL,'en',NULL,'0',NULL,2,2,'2019-03-29 10:02:54','2019-03-29 17:48:57',NULL),(279,'Siti Salia Azizan','salia@mpc.gov.my','770502025592','$2y$10$kb6.JILEjHybLMkNu4fiCuTyZi/RwDqtbKYMerb7Ro.68FeZ/iN9u','1','1',NULL,'en',NULL,'0',NULL,2,2,'2019-03-29 10:02:54','2019-03-29 17:48:57',NULL),(280,'Siti Salmiah Yahaya','siti@mpc.gov.my','641101065170','$2y$10$lSE6K67yZFr.7tq2Rsg5vegEtDSH4wIIEZkbgdQeYYvVE9FxCej1O','1','1',NULL,'en',NULL,'0',NULL,2,2,'2019-03-29 10:02:54','2019-03-29 17:48:57',NULL),(281,'Siti Syafiqah Ahmad','syafiqah@mpc.gov.my','891122146000','$2y$10$egcGRgWDcZSJYzY/ZdpaneUzF1pSFY.KevGOhc3mgeaEB2g5X/v6S','1','1',NULL,'en',NULL,'0',NULL,2,2,'2019-03-29 10:02:54','2019-03-29 17:48:57',NULL),(282,'Siti Zaharah Mohamed','zaharah@mpc.gov.my','860913235390','$2y$10$jMD2IS/9/531VSS982bqZenx6GECQCcI/QEHLz7EXy/IyW.A576EK','1','1',NULL,'en',NULL,'0',NULL,2,2,'2019-03-29 10:02:54','2019-03-29 17:48:57',NULL),(283,'Siti Zurianah Othman','zurianah@mpc.gov.my','780808045202','$2y$10$oEH//svcfJecad.4d2owTuGpfggdzf56gfBfRh0cs64TGa4rq7Z2q','1','1',NULL,'en',NULL,'0',NULL,2,2,'2019-03-29 10:02:54','2019-03-29 17:48:57',NULL),(284,'Sugumar a/l Saminathan','sugumar@mpc.gov.my','650711025373','$2y$10$xilmTQOg2TY.r89GR74sEuPuTLpuMrhUpBKTgHu8MEmNzj9S26Eui','1','1',NULL,'en',NULL,'0',NULL,2,2,'2019-03-29 10:02:54','2019-03-29 17:48:57',NULL),(285,'Suhaimi Hamad','suhaimi@mpc.gov.my','610920035475','$2y$10$/aq/tuMEGI1AJaCIiXYTBO2aGocBQxJEqHHAaxWIbYoxAGTQSCmAy','1','1',NULL,'en',NULL,'0',NULL,2,2,'2019-03-29 10:02:54','2019-03-29 17:48:57',NULL),(286,'Suhaimi Robini','suhaimi_robini@mpc.gov.my','821006015819','$2y$10$8eno3lKksVsAQgc5/jERp.yI2IsMqYSowjwGyx3l.nLt5oB2e9yae','1','1',NULL,'en',NULL,'0',NULL,2,2,'2019-03-29 10:02:54','2019-03-29 17:48:57',NULL),(287,'Dr. Suriati Zainal Abidin','Ati@mpc.gov.my','720615045084','$2y$10$D3/cVgDZ5R2bCy3zs9pF/u1w2odAPANqqDHD0GUYz.em8eciASAdq','1','1',NULL,'en',NULL,'0',NULL,2,2,'2019-03-29 10:02:54','2019-03-29 17:48:57',NULL),(288,'Suzana Ismail','suzana@mpc.gov.my','730505035706','$2y$10$96oJjuyAIwdKXS/pd7Z.QeOWX4jt0dlVZr88ZVElauF2mBE4VrmoO','1','1',NULL,'en',NULL,'0',NULL,2,2,'2019-03-29 10:02:54','2019-03-29 17:48:57',NULL),(289,'Syairah Zaimah Shafiee','syairah@mpc.gov.my','860504387326','$2y$10$fIB5mvMh8kHn6QZgygMEEOyfD1FigFnhi5nuu3SOuAeHcxtt/VI/i','1','1',NULL,'en',NULL,'0',NULL,2,2,'2019-03-29 10:02:54','2019-03-29 17:48:57',NULL),(290,'Syed Mohammad Fitri Syed Abdul Rahim ','smfitri@mpc.gov.my','780905065205','$2y$10$uH0hryR2LD113wp5SXC3EezJUqKdAlgbbSkhCl05Yhz89SXyN7bl2','1','1',NULL,'en',NULL,'0',NULL,2,2,'2019-03-29 10:02:54','2019-03-29 17:48:57',NULL),(291,'Syed Mohd. Al-Khafiez Syed Mohd. Azam Shah','syed@mpc.gov.my','800531145133','$2y$10$2GY4P4xumrg7kTNaV1qlluJobS7VNwWDSjwcsR0OXZZh2JMQ03qIK','1','1',NULL,'en',NULL,'0',NULL,2,2,'2019-03-29 10:02:54','2019-03-29 17:48:58',NULL),(292,'Thea Juminita Cheong Kiam','thea@mpc.gov.my','611123125392','$2y$10$lo8iNYZqHOc8RZ90znX3Z.DJXAx5H3UQoSF8o46j1MQxGfoZBmvmu','1','1',NULL,'en',NULL,'0',NULL,2,2,'2019-03-29 10:02:54','2019-03-29 17:48:58',NULL),(293,'Umi Kalsom Osman','umi@mpc.gov.my','610102045102','$2y$10$GZ6kZTHl.2a.BDwHM8twjex4OSYMybypZOBPP4t8nckYQPviFAYTK','1','1',NULL,'en',NULL,'0',NULL,2,2,'2019-03-29 10:02:54','2019-03-29 17:48:58',NULL),(294,'Vimala a/p R.Muniandy ','vimala@mpc.gov.my','830708146260','$2y$10$xqKkz345rTQHHRYIMudAHevoEE.qZVa.57aC9UFjmpfWZwd7R7NeG','1','1',NULL,'en',NULL,'0',NULL,2,2,'2019-03-29 10:02:54','2019-03-29 17:48:58',NULL),(295,'Waila Mohd. Nasir','waila@mpc.gov.my','730621106022','$2y$10$QxwKzXGEUHIn3PQYsjIT1e4he4Ee4YP/9S4yWamB0bL7GcNEkGOg2','1','1',NULL,'en',NULL,'0',NULL,2,2,'2019-03-29 10:02:54','2019-03-29 17:48:58',NULL),(296,'Wan Farid Wan Hamad @ Wan Ahmad','wanfarid@mpc.gov.my','791024105661','$2y$10$Dbn2ucgWiVjNdTP9Iuj3K.S7u8Dv6hPHEqo2b.GQ9.LotRqowbXPC','1','1',NULL,'en',NULL,'0',NULL,2,2,'2019-03-29 10:02:54','2019-03-29 17:48:58',NULL),(297,'Wan Fazlin Nadia Wan Osman','nadia@mpc.gov.my','791126015974','$2y$10$njkLdyuwZqZJOTeLqxxg..aRaHPTyv2Eho65cQGw.pZcN895y6ZuG','1','1',NULL,'en',NULL,'0',NULL,2,2,'2019-03-29 10:02:54','2019-03-29 17:48:58',NULL),(298,'Wan Khairunnisa Azmi','khairunnisa@mpc.gov.my','860225295576','$2y$10$zTfd5WnvMdmVOY1/8qhkQOGLyYeMHpM7YO8wjMXNQA.eLtGuFzCjy','1','1',NULL,'en',NULL,'0',NULL,2,2,'2019-03-29 10:02:54','2019-03-29 17:48:58',NULL),(299,'Wan Norhani Wan Khalid','wannorhani@mpc.gov.my','640706115164','$2y$10$TCNAlxNx57IR7gHrgxxXtO.1swp2OxWAqMbs2LR5eQVyEWorT.n9K','1','1',NULL,'en',NULL,'0',NULL,2,2,'2019-03-29 10:02:54','2019-03-29 17:48:58',NULL),(300,'Wan Rozita Hussain','waMPC NROzita@mpc.gov.my','770518065820','$2y$10$Zl1pCsO0d.jCTv3ZJfvWuOZuvuAJWh9pG7Bna34z1tIo5v14SYtHe','1','1',NULL,'en',NULL,'0',NULL,2,2,'2019-03-29 10:02:54','2019-03-29 17:48:58',NULL),(301,'Wan Yusnaini Wan Yaacob   ','yusnaini@mpc.gov.my','710502035534','$2y$10$Pd1kTOPRjapjqQzTfsN6cuW7YmHt72ZT9fvpxxhPhNm161qpVkTfi','1','1',NULL,'en',NULL,'0',NULL,2,2,'2019-03-29 10:02:54','2019-03-29 17:48:58',NULL),(302,'Wan Zainulhaq Thaniah Che Haron','WanZainulhaq@mpc.gov.my','710129035076','$2y$10$H5IeaHcTNzyG2rk1PhdS2euaqZD98bsv3NgyL4z9lCprcs1EE1zuq','1','1',NULL,'en',NULL,'0',NULL,2,2,'2019-03-29 10:02:54','2019-03-29 17:48:58',NULL),(303,'Zaffrulla Hussein','zaff@mpc.gov.my','691003035395','$2y$10$qQZrLrdAMdehB4gSK7Gnn.3qdrzLvSamchX/p0qaaAMdmuvkNptSe','1','1',NULL,'en',NULL,'0',NULL,2,2,'2019-03-29 10:02:54','2019-03-29 17:48:59',NULL),(304,'Zahid Ismail','zahid@mpc.gov.my','660320075225','$2y$10$ydWP8yv0D5DsqQYmIOykh.OYqgt4lvwMltN1zikqjIDHUpIZ3MtlG','1','1',NULL,'en',NULL,'0',NULL,2,2,'2019-03-29 10:02:54','2019-03-29 17:48:59',NULL),(305,'Zaidah Hassan','zaidah@mpc.gov.my','810614065568','$2y$10$bu0VtBc38HQ9yHIbz5GZaOd0XQU06F7L85qz0sI2sLfmz4QsqFGVK','1','1',NULL,'en',NULL,'0',NULL,2,2,'2019-03-29 10:02:54','2019-03-29 17:48:59',NULL),(306,'Zaini Haron','zainiharon@mpc.gov.my','830119105073','$2y$10$fbF.g4Rj0xWY54nabo2t0.L3Qj26oNO0aebT0m7VogptI459ryT8.','1','1',NULL,'en',NULL,'0',NULL,2,2,'2019-03-29 10:02:54','2019-03-29 17:48:59',NULL),(307,'Zainon Bakar','zainon@mpc.gov.my','630524106620','$2y$10$emf1uOeDT5./HW3eA3gJae9P4TjjAwQhYiHLereblnaxmJ.yP4eFW','1','1',NULL,'en',NULL,'0',NULL,2,2,'2019-03-29 10:02:54','2019-03-29 17:48:59',NULL),(308,'Zainudin Elias ','zainudine@mpc.gov.my','650322015235','$2y$10$4yga4aA7mHa3GFDZdQPG6.4qtLRh3JlyZOkyXLLn.Qb9D7yZ.1ijO','1','1',NULL,'en',NULL,'0',NULL,2,2,'2019-03-29 10:02:54','2019-03-29 17:48:59',NULL),(309,'Zaiton Nordin','zainordin@mpc.gov.my','621101065316','$2y$10$v7IpQfJoO.953PC.20/TQO8dQ5.aHi.gk/frC/xm7p/VMpWhKWYam','1','1',NULL,'en',NULL,'0',NULL,2,2,'2019-03-29 10:02:54','2019-03-29 17:48:59',NULL),(310,'Zaki Jaafar','zeck@mpc.gov.my','670719035611','$2y$10$Ax.4K.dff9nF0Hb9jiHDU.5IzDky/MjHaiJHltcjy9mEzyZFeMEhS','1','1',NULL,'en',NULL,'0',NULL,2,2,'2019-03-29 10:02:54','2019-03-29 17:48:59',NULL),(311,'Zawiyah Abd Manaf','zawiyahmanaf@mpc.gov.my','871012235530','$2y$10$xl6a0AZ1pNbD6vIOwNWcFuJbDAd78VLUA1xq5c5T8GK57w2fMEuIS','1','1',NULL,'en',NULL,'0',NULL,2,2,'2019-03-29 10:02:54','2019-03-29 17:48:59',NULL),(312,'Zubir Zainuddin','zack@mpc.gov.my','720327055077','$2y$10$1BCvvlCBAfaXQJtxmGkKXe0Pdutyiq3Y8LZB3neN/DZoOP8DM3j3K','1','1',NULL,'en',NULL,'0',NULL,2,2,'2019-03-29 10:02:54','2019-03-29 17:48:59',NULL),(313,'Zul Ezwan Muhamad','zulezwan@mpc.gov.my','810122015257','$2y$10$H6cI5X3z6IPhZZ88w8CUB.aJuM/ltRPBNAmGUg7k3ImgPfXyBFNuu','1','1',NULL,'en',NULL,'0',NULL,2,2,'2019-03-29 10:02:54','2019-03-29 17:48:59',NULL),(314,'Zulaifah Omar','xue@mpc.gov.my','631016015006','$2y$10$XjmlPquEks25kegvHQZUte/CLmXgXgHvVZBvFPNhTd0bJY0iPwzv6','1','1',NULL,'en',NULL,'0',NULL,2,2,'2019-03-29 10:02:54','2019-03-29 17:48:59',NULL),(315,'Zunaidah Awang Nawi','zunaidah@mpc.gov.my','820911035882','$2y$10$C8Z1k.90Rx3VfVM1sZxEjOi5WRBUPJQIP2qhLa8Rw/7caEd91aAw.','1','1',NULL,'en',NULL,'0',NULL,2,2,'2019-03-29 10:02:54','2019-03-29 17:49:00',NULL),(316,'Zuraidi Zainol   ','zuraidi@mpc.gov.my','830428095219','$2y$10$.t19vXsVO52mNMTjc2QOO.AnuCXAiDfazFg7VGP2lohY7tJ2u9yCy','1','1',NULL,'en',NULL,'0',NULL,2,2,'2019-03-29 10:02:54','2019-03-29 17:49:00',NULL),(317,'Zuraini Subki','zuraini@mpc.gov.my','820829035744','$2y$10$Xx4sYatlAhQggM1Nu3eJK.2Aw6ELGLvbG.RyesPYWIakhD3N9RMkG','1','1',NULL,'en',NULL,'0',NULL,2,2,'2019-03-29 10:02:54','2019-03-29 17:49:00',NULL),(318,'Zurianti Nor Azian Mohd. Nafi','zurianti@mpc.gov.my','880229065872','$2y$10$CjtIKYt0vppATqm2TcqzG.pprV.e0XHGIhLaiSygfrxifAXyGOcNu','1','1',NULL,'en',NULL,'0',NULL,2,2,'2019-03-29 10:02:54','2019-03-29 17:49:00',NULL),(319,'Abdul Rahman Kamis','arahman@mpc.gov.my','911019085241','$2y$10$7kTwG2gW.BUFk.8BH0ajoObQ6LIZ0yps5WOTz0my16iHtRbOcfJvG','1','1',NULL,'en',NULL,'0',NULL,2,2,'2019-03-29 10:02:54','2019-03-29 17:49:00',NULL),(320,'Aimi Zahira Azami','aimizahira@mpc.gov.my','891008026064','$2y$10$w39geegsrN99lf/BKGMNr.GWrv6HcId.kjIKKSpiNLET.kGBbDMfy','1','1',NULL,'en',NULL,'0',NULL,2,2,'2019-03-29 10:02:54','2019-03-29 17:49:00',NULL),(321,'Anis Syafiqah Ayob','anissyafiqah@mpc.gov.my','910208095030','$2y$10$CzuPgv6Fga4fUb3n1uVkWu/DH0U4VPUGnKbUCHo/jN2U7FJzYUuXy','1','1',NULL,'en',NULL,'0',NULL,2,2,'2019-03-29 10:02:54','2019-03-29 17:49:00',NULL),(322,'Jerrecy Elsie P. Tojipun','jerrecy@mpc.gov.my','841208125352','$2y$10$3uuY35K45pOCfI08uOAyxOF8HWzSYEnaOnhj7uaTmfCa8N/KmNMu2','1','1',NULL,'en',NULL,'0',NULL,2,2,'2019-03-29 10:02:54','2019-03-29 17:49:00',NULL),(323,'Mohamad Amirul Arif Sahimi','mohamad@mpc.gov.my','910408036123','$2y$10$fL7nbP18iyKD2lgvOfxdPuoe6vClZybD5PqEE32uO1eNTd7XlrI7e','1','1',NULL,'en',NULL,'0',NULL,2,2,'2019-03-29 10:02:54','2019-03-29 17:49:00',NULL),(324,'Mohammad Fadzrul Faridz Hazni','mfadzrul@mpc.gov.my','930527045223','$2y$10$D2Ve9VOkPSNlgE7bzqczZuSY5V/luDXXTuUH2r5Y6ST.MEKVrQHfK','1','1',NULL,'en',NULL,'0',NULL,2,2,'2019-03-29 10:02:54','2019-03-29 17:49:00',NULL),(325,'Mohd Aizuddin Noor Azman','aizuddin@mpc.gov.my','890129085541','$2y$10$JtL2piGFTgbJiM0CeIT7jOpbPk2Pp/ahWHK3kAxFk9dHdHVfORA9e','1','1',NULL,'en',NULL,'0',NULL,2,2,'2019-03-29 10:02:54','2019-03-29 17:49:00',NULL),(326,'Mohd Mujahid Mohd Yusoff','mujahid@mpc.gov.my','900521036193','$2y$10$qIJ/lSRfCcpjj/v6lOppguc29dqnLCAXvYoiTSaEshiQqhxbspLLq','1','1',NULL,'en',NULL,'0',NULL,2,2,'2019-03-29 10:02:54','2019-03-29 17:49:00',NULL),(327,'Muhammad Adib Fitrie Mukhtar','adibfitrie@mpc.gov.my','910416036107','$2y$10$oIVvzSUS9xEJLEhLlNTaaOgRWi1rnZqYoiuck5zEb0dZ2/0yHaFHq','1','1',NULL,'en',NULL,'0',NULL,2,2,'2019-03-29 10:02:54','2019-03-29 17:49:00',NULL),(328,'Muhammad Azrull Nazreen','azrullnazreen@mpc.gov.my','940822015325','$2y$10$Za7eRSw.phviIO6nIepjneefsEHmycKa8fcawsvV9GHQd706KqDV.','1','1',NULL,'en',NULL,'0',NULL,2,2,'2019-03-29 10:02:54','2019-03-29 17:49:00',NULL),(329,'Muhammad Firdaus Yahya','firdaus@mpc.gov.my','940723015733','$2y$10$MRFXDLrAnnPagqoWo54s7.boH8tnUnkTmbtAUAjQkuOsuYnLUiMiS','1','1',NULL,'en',NULL,'0',NULL,2,2,'2019-03-29 10:02:54','2019-03-29 17:49:00',NULL),(330,'Muhammad Hanif Che Wan Naman','hanif@mpc.gov.my','950913035929','$2y$10$mKUvJv0wtJh/IDVxsV3jhu5KOSDMgaUpFaUlv195LIHoJNidN21TC','1','1',NULL,'en',NULL,'0',NULL,2,2,'2019-03-29 10:02:54','2019-03-29 17:49:01',NULL),(331,'Muhammad Imazakwan Abdul Razak','imazakwan@mpc.gov.my','930213145205','$2y$10$vNUt153KdYLQ3jBcNOKYk.3csH.uW8EbU0qD39ukhLhYpg1bnvcNe','1','1',NULL,'en',NULL,'0',NULL,2,2,'2019-03-29 10:02:54','2019-03-29 17:49:01',NULL),(332,'Muhammad Zarul Naim Zul Haddi','zarulnaim@mpc.gov.my','941218085225','$2y$10$74j33Pj//FXKwMaqZT/jn.PRXscAJD93Ig0f.OyvOMtE50/k2GQEy','1','1',NULL,'en',NULL,'0',NULL,2,2,'2019-03-29 10:02:54','2019-03-29 17:49:01',NULL),(333,'Munira Abd Razak','muniraabd@mpc.gov.my','821219105244','$2y$10$8QgoZwIsw0Cpat9crcIDrusnPG5cXpVIMgHMMAgsXC5pFHjZooSTq','1','1',NULL,'en',NULL,'0',NULL,2,2,'2019-03-29 10:02:54','2019-03-29 17:49:01',NULL),(334,'Nadiah Jamal','nadiah@mpc.gov.my','930416105414','$2y$10$/kd6KngvJy4dw2uCHFnm6uVUUor2I1MZXGolByPD.peB91Hd.oqBC','1','1',NULL,'en',NULL,'0',NULL,2,2,'2019-03-29 10:02:54','2019-03-29 17:49:01',NULL),(335,'Naratul Nurhaniza Rusli','naratul@mpc.gov.my','940209146298','$2y$10$dm8i1LnxnJEH6Kw07jQ8n.U.5.NMpam8E5aJWtqjAhkY97GXD0Bde','1','1',NULL,'en',NULL,'0',NULL,2,2,'2019-03-29 10:02:54','2019-03-29 17:49:01',NULL),(336,'Nasuha Misri','nasuha@mpc.gov.my','930827016256','$2y$10$D295bn8X.GiJLcvZJ41xZO0kqSFU0GvRZIh1BlyIfwbCpGads50xm','1','1',NULL,'en',NULL,'0',NULL,2,2,'2019-03-29 10:02:54','2019-03-29 17:49:01',NULL),(337,'Nik Haneez Amizan Nik Rosdi','nikhaneez@mpc.gov.my','920718895010','$2y$10$KXaFRjZx.F9S6198yL5daOKsH/4KA78dcb3C.rqV1KM2tRoDq4LhS','1','1',NULL,'en',NULL,'0',NULL,2,2,'2019-03-29 10:02:54','2019-03-29 17:49:01',NULL),(338,'Noorazlin Mohd Nasir','noorazlin@mpc.gov.my','930103085678','$2y$10$p5rOYgP4M/Yw9PyJc0aQ0OObBbDJPU1WOpny6DV7vRPqyuKfSraWi','1','1',NULL,'en',NULL,'0',NULL,2,2,'2019-03-29 10:02:54','2019-03-29 17:49:01',NULL),(339,'Nur Asyikin Setapa','nurasyikin@mpc.gov.my','920609035740','$2y$10$lHM2SCpEUXGMvnbutqbek.uW9HIUoPGc7Ev05T5.AKEGrQMRh.RBy','1','1',NULL,'en',NULL,'0',NULL,2,2,'2019-03-29 10:02:54','2019-03-29 17:49:01',NULL),(340,'Nur Farhana Zaibidi','nurfarhana@mpc.gov.my','871216015126','$2y$10$d7LKg/9Ul6MGX8Ky8DYhd.hTI22r.QiIU1kaJ/os5aO1kgvFyQrV6','1','1',NULL,'en',NULL,'0',NULL,2,2,'2019-03-29 10:02:54','2019-03-29 17:49:01',NULL),(341,'Nurain Syafiqah Norazman','nurainsyafiqah@mpc.gov.my','930624016096','$2y$10$DnRrrqXCFcoef4geGwoQi.vBEbQxN3AIFmzO26VWV.ANvm1OM9YWS','1','1',NULL,'en',NULL,'0',NULL,2,2,'2019-03-29 10:02:54','2019-03-29 17:49:01',NULL),(342,'Nurezyan Sofea Zairul Mujahidin','nurezyansofea@mpc.gov.my','940312015130','$2y$10$N2IcC3KNzW.STjl.WJqEdepI9cxh/gnnejg53GiVIe9pabSO4Wr5i','1','1',NULL,'en',NULL,'0',NULL,2,2,'2019-03-29 10:02:54','2019-03-29 17:49:01',NULL),(343,'Nurfariha Ahmad','nurfariha@mpc.gov.my','951130136162','$2y$10$IzWZOhQ5L.GbwpOjDxNVDu9v9Sv9LaKLZ81SElLbES57G0TX.eMTC','1','1',NULL,'en',NULL,'0',NULL,2,2,'2019-03-29 10:02:54','2019-03-29 17:49:02',NULL),(344,'Nurul Husna Abdul Rashid','nurulhusna@mpc.gov.my','920422086556','$2y$10$O3UWe8PbYmtkfwGete2mWOeWFBQ881aY49uHjJNiNyOrMwfd6D/Mu','1','1',NULL,'en',NULL,'0',NULL,2,2,'2019-03-29 10:02:54','2019-03-29 17:49:02',NULL),(345,'Rabiatul Adawiyah Arzahar','rabiatuladawiyah@mpc.gov.my','970504145308','$2y$10$u1UHF08o6M5ctx5p530KgO5uscoZyBnBuzMHqR0YMmkyPpAhBpGnW','1','1',NULL,'en',NULL,'0',NULL,2,2,'2019-03-29 10:02:54','2019-03-29 17:49:02',NULL),(346,'Rozainy Elyza Rosli','rozainy@mpc.gov.my','940817146750','$2y$10$edTRhvyY/FHNb5d2NcKEpurNItyChSfEXiMrT7P9Nc7ivwmemkWRu','1','1',NULL,'en',NULL,'0',NULL,2,2,'2019-03-29 10:02:54','2019-03-29 17:49:02',NULL),(347,'Shazymin Mazlan','shazymin@mpc.gov.my','930205075796','$2y$10$K8j2TM0jIsdX9qBlURk.Cum1TVTgtRPWdg4lO4oxvfYmWO/Wr52ve','1','1',NULL,'en',NULL,'0',NULL,2,2,'2019-03-29 10:02:54','2019-03-29 17:49:02',NULL),(348,'Siti Hajar Ismail','sitihajar@mpc.gov.my','930122085702','$2y$10$Rn1ZGqZPBnrPbm3xECbeveGH6gI9PqcM1eLrWaMo8lS9QAs/sBVTC','1','1',NULL,'en',NULL,'0',NULL,2,2,'2019-03-29 10:02:54','2019-03-29 17:49:02',NULL),(349,'Siti Nur Syuhaida Mohd Salleh','syuhaida@mpc.gov.my','960416115070','$2y$10$cmStJxMqvVyktWESDbF8gOwrZ/fS2uqDY7Tcov0K8vh2lxWOMFRoy','1','1',NULL,'en',NULL,'0',NULL,2,2,'2019-03-29 10:02:54','2019-03-29 17:49:02',NULL),(350,'Siti Nuraini Ab Halim','sitinuraini@mpc.gov.my','921013065046','$2y$10$cjT7VeTex79cY5uqE1f9zuKnIP0oNW06G9vM3OzSMtJEleG8JlZtm','1','1',NULL,'en',NULL,'0',NULL,2,2,'2019-03-29 10:02:54','2019-03-29 17:49:02',NULL),(351,'Siti Rohana Rubaidi','sitirohana@mpc.gov.my','910516106408','$2y$10$3mUMV5ZmxAAPx2j6B6SnnuHMgZZ9dTRKVkFEN463g5s/ZmGq6Bun.','1','1',NULL,'en',NULL,'0',NULL,2,2,'2019-03-29 10:02:54','2019-03-29 17:49:02',NULL),(352,'Siti Zaharah Ibrahim','sitizaharah@mpc.gov.my','830226045192','$2y$10$UpmiOoje4c2ZSUXKAbqo1.VrFZTrBULaJn.xiIRtbyqo5OXvmu6fO','1','1',NULL,'en',NULL,'0',NULL,2,2,'2019-03-29 10:02:54','2019-03-29 17:49:02',NULL),(353,'Syed Izzat Emir Syed Ahmad Razali','syedizzat@mpc.gov.my','940405105629','$2y$10$INdnHuM8coOPYT9SRvAO5OQb4SK3490ha5t6yFtGN7NTR0RNm0Lzm','1','1',NULL,'en',NULL,'0',NULL,2,2,'2019-03-29 10:02:54','2019-03-29 17:49:02',NULL),(354,'Ummu ‘Ammarah Basyirah Hashim','ummu@mpc.gov.my','940826017328','$2y$10$CJz9EMsPZc9jxpH5xxExKOUTB7.WKstOrTRrK1K5t.anp4kIWr9nS','1','1',NULL,'en',NULL,'0',NULL,2,2,'2019-03-29 10:02:54','2019-03-29 17:49:02',NULL);

--
-- Table structure for table `users_detail`
--

CREATE TABLE `users_detail` (
  `users_detail_id` int(11) NOT NULL AUTO_INCREMENT,
  `user_id` int(11) NOT NULL,
  `salutation_id` int(11) DEFAULT '1',
  `gender_id` int(11) DEFAULT '1',
  `users_detail_name` varchar(100) NOT NULL,
  `users_detail_staffno` varchar(20) NOT NULL,
  `users_detail_fileno` varchar(20) DEFAULT NULL COMMENT 'enrich no',
  `users_detail_idno` varchar(16) NOT NULL,
  `users_detail_passport` varchar(20) DEFAULT NULL,
  `users_detail_address1` varchar(100) DEFAULT NULL,
  `users_detail_address2` varchar(100) DEFAULT NULL,
  `users_detail_address3` varchar(100) DEFAULT NULL,
  `users_detail_postcode` char(5) DEFAULT NULL,
  `district_id` int(11) DEFAULT NULL,
  `state_id` int(11) DEFAULT NULL,
  `users_detail_mobileno` varchar(12) DEFAULT NULL,
  `users_detail_homeno` varchar(12) DEFAULT NULL,
  `users_detail_workno` varchar(12) DEFAULT NULL,
  `users_detail_email` varchar(100) DEFAULT NULL,
  `users_detail_isinternal` char(1) NOT NULL DEFAULT '0',
  `cawangan_id` int(11) DEFAULT NULL,
  `unit_bahagian_id` int(11) DEFAULT NULL,
  `jawatan_id` int(11) DEFAULT NULL,
  `gred_id` int(11) DEFAULT NULL,
  `manager_id` int(11) DEFAULT NULL COMMENT 'user_id',
  `race_id` int(11) DEFAULT '1',
  `religion_id` int(11) DEFAULT '1',
  `created_at` timestamp NOT NULL DEFAULT CURRENT_TIMESTAMP ON UPDATE CURRENT_TIMESTAMP,
  `updated_at` timestamp NOT NULL DEFAULT CURRENT_TIMESTAMP,
  `deleted_at` timestamp NULL DEFAULT NULL,
  PRIMARY KEY (`users_detail_id`)
) ENGINE=InnoDB AUTO_INCREMENT=516 DEFAULT CHARSET=latin1;

--
-- Dumping data for table `users_detail`
--

INSERT INTO `users_detail` VALUES (3,3,1,1,'Ab. Razak Salleh ','2112',NULL,'620310035231',NULL,NULL,NULL,NULL,NULL,NULL,NULL,NULL,NULL,NULL,'razaksalleh@mpc.gov.my','0',NULL,5,23,12,36,1,1,'2019-03-29 10:11:45','2019-03-29 10:11:45',NULL),(4,4,1,1,'Abang Nurfadli Abang Yusuf ','1602',NULL,'881113136047',NULL,NULL,NULL,NULL,NULL,NULL,NULL,NULL,NULL,NULL,'nurfadli@mpc.gov.my','0',NULL,11,27,3,295,1,1,'2019-03-29 10:11:45','2019-03-29 10:11:45',NULL),(5,5,1,1,'Abdollah Talib','2113',NULL,'641129055193',NULL,NULL,NULL,NULL,NULL,NULL,NULL,NULL,NULL,NULL,'dollah@mpc.gov.my','0',NULL,3,14,21,129,1,1,'2019-03-29 10:11:45','2019-03-29 10:11:45',NULL),(6,6,1,1,'Abdul Hadi Ishak','2971',NULL,'810825045057',NULL,NULL,NULL,NULL,NULL,NULL,NULL,NULL,NULL,NULL,'hadi@mpc.gov.my','0',NULL,5,15,19,36,1,1,'2019-03-29 10:11:45','2019-03-29 10:11:45',NULL),(7,7,1,1,'Abdul Hakim bin Mohamad Sharif','3043',NULL,'840515145893',NULL,NULL,NULL,NULL,NULL,NULL,NULL,NULL,NULL,NULL,'hakim@mpc.gov.my','0',NULL,5,8,9,36,1,1,'2019-03-29 10:11:45','2019-03-29 10:11:45',NULL),(8,8,1,1,'Abdul Karim Abdul Halim','2970',NULL,'810328145225',NULL,NULL,NULL,NULL,NULL,NULL,NULL,NULL,NULL,NULL,'karim@mpc.gov.my','0',NULL,5,10,16,36,1,1,'2019-03-29 10:11:45','2019-03-29 10:11:45',NULL),(9,9,1,1,'Dato\' Abd. Latif Abu Seman','1179',NULL,'610529065073',NULL,NULL,NULL,NULL,NULL,NULL,NULL,NULL,NULL,NULL,'abdullatif@mpc.gov.my','0',NULL,6,32,14,129,1,1,'2019-03-29 10:11:45','2019-03-29 10:11:45',NULL),(10,10,1,1,'Abdul Latif Hussein ','2061',NULL,'600723135435',NULL,NULL,NULL,NULL,NULL,NULL,NULL,NULL,NULL,NULL,'AbdulLatifh@mpc.gov.my','0',NULL,11,23,12,295,1,1,'2019-03-29 10:11:45','2019-03-29 10:11:45',NULL),(11,11,1,1,'Abdul Malek Mohamad Aripin','1407',NULL,'690206045185',NULL,NULL,NULL,NULL,NULL,NULL,NULL,NULL,NULL,NULL,'malek@mpc.gov.my','0',NULL,2,18,4,242,1,1,'2019-03-29 10:11:45','2019-03-29 10:11:45',NULL),(12,12,1,1,'Abdul Quyun Mansor','3114',NULL,'850207065305',NULL,NULL,NULL,NULL,NULL,NULL,NULL,NULL,NULL,NULL,'quyun@mpc.gov.my','0',NULL,5,10,16,36,1,1,'2019-03-29 10:11:45','2019-03-29 10:11:45',NULL),(13,13,1,1,'Abigail Subatra a/p Anbalakan','1589',NULL,'850106055140',NULL,NULL,NULL,NULL,NULL,NULL,NULL,NULL,NULL,NULL,'abigail@mpc.gov.my','0',NULL,1,27,3,79,1,1,'2019-03-29 10:11:45','2019-03-29 10:11:45',NULL),(14,14,1,1,'Adlina Snawi','1434',NULL,'781031075342',NULL,NULL,NULL,NULL,NULL,NULL,NULL,NULL,NULL,NULL,'adlina@mpc.gov.my','0',NULL,9,27,3,99,1,1,'2019-03-29 10:11:45','2019-03-29 10:11:45',NULL),(15,15,1,1,'Ahmad Fathan Abdul Rahim','1652',NULL,'860818355343',NULL,NULL,NULL,NULL,NULL,NULL,NULL,NULL,NULL,NULL,'fathan@mpc.gov.my','0',NULL,9,27,3,99,1,1,'2019-03-29 10:11:45','2019-03-29 10:11:45',NULL),(16,16,1,1,'Ahmad Harris Abdullah','1495',NULL,'790805115235',NULL,NULL,NULL,NULL,NULL,NULL,NULL,NULL,NULL,NULL,'harris@mpc.gov.my','0',NULL,6,18,4,39,1,1,'2019-03-29 10:11:45','2019-03-29 10:11:45',NULL),(17,17,1,1,'Aiman Zakwan Zahari','1594',NULL,'891020015691',NULL,NULL,NULL,NULL,NULL,NULL,NULL,NULL,NULL,NULL,'aiman@mpc.gov.my','0',NULL,6,27,3,307,1,1,'2019-03-29 10:11:45','2019-03-29 10:11:45',NULL),(18,18,1,1,'Aizulhisham Mat Menan','3013',NULL,'801211105313',NULL,NULL,NULL,NULL,NULL,NULL,NULL,NULL,NULL,NULL,'aizul@mpc.gov.my','0',NULL,5,25,22,36,1,1,'2019-03-29 10:11:45','2019-03-29 10:11:45',NULL),(19,19,1,1,'Akmar Ashaari','2990',NULL,'790723075671',NULL,NULL,NULL,NULL,NULL,NULL,NULL,NULL,NULL,NULL,'akmar@mpc.gov.my','0',NULL,5,14,20,36,1,1,'2019-03-29 10:11:45','2019-03-29 10:11:45',NULL),(20,20,1,1,'Al Hisyam Abdul Halim','1565',NULL,'780407145421',NULL,NULL,NULL,NULL,NULL,NULL,NULL,NULL,NULL,NULL,'alhisyam@mpc.gov.my','0',NULL,1,27,3,79,1,1,'2019-03-29 10:11:45','2019-03-29 10:11:45',NULL),(21,21,1,1,'Aluyah Suhaili','2123',NULL,'630805135268',NULL,NULL,NULL,NULL,NULL,NULL,NULL,NULL,NULL,NULL,'alluyah@mpc.gov.my','0',NULL,11,16,20,295,1,1,'2019-03-29 10:11:45','2019-03-29 10:11:45',NULL),(22,22,1,1,'Amirul Qamar Zakaria','3113',NULL,'870118086399',NULL,NULL,NULL,NULL,NULL,NULL,NULL,NULL,NULL,NULL,'amirulqamar@mpc.gov.my','0',NULL,5,22,12,36,1,1,'2019-03-29 10:11:45','2019-03-29 10:11:45',NULL),(23,23,1,1,'Anis Marina Abd. Wahab','1591',NULL,'850708145936',NULL,NULL,NULL,NULL,NULL,NULL,NULL,NULL,NULL,NULL,'anis@mpc.gov.my','0',NULL,6,27,3,307,1,1,'2019-03-29 10:11:45','2019-03-29 10:11:45',NULL),(24,24,1,1,'Asmahan Othman','1429',NULL,'730601715226',NULL,NULL,NULL,NULL,NULL,NULL,NULL,NULL,NULL,NULL,'asmahan@mpc.gov.my','0',NULL,7,18,4,141,1,1,'2019-03-29 10:11:45','2019-03-29 10:11:45',NULL),(25,25,1,1,'Asmawadi Mohamed','1501',NULL,'800318035293',NULL,NULL,NULL,NULL,NULL,NULL,NULL,NULL,NULL,NULL,'asmawadi@mpc.gov.my','0',NULL,2,18,4,242,1,1,'2019-03-29 10:11:45','2019-03-29 10:11:45',NULL),(26,26,1,1,'Athirah Ishak','1657',NULL,'890925035094',NULL,NULL,NULL,NULL,NULL,NULL,NULL,NULL,NULL,NULL,'athirah@mpc.gov.my','0',NULL,6,27,3,39,1,1,'2019-03-29 10:11:45','2019-03-29 10:11:45',NULL),(27,27,1,1,'Ati Djam Seri Montoi','1433',NULL,'721110125470',NULL,NULL,NULL,NULL,NULL,NULL,NULL,NULL,NULL,NULL,'atidjam@mpc.gov.my','0',NULL,7,18,4,141,1,1,'2019-03-29 10:11:45','2019-03-29 10:11:45',NULL),(28,28,1,1,'Awang Udin Kanda ','2124',NULL,'620807125523',NULL,NULL,NULL,NULL,NULL,NULL,NULL,NULL,NULL,NULL,'awangudin@mpc.gov.my','0',NULL,10,10,16,72,1,1,'2019-03-29 10:11:45','2019-03-29 10:11:45',NULL),(29,29,1,1,'Azhani Ismail','1424',NULL,'740621715142',NULL,NULL,NULL,NULL,NULL,NULL,NULL,NULL,NULL,NULL,'azhani@mpc.gov.my','0',NULL,4,27,3,304,1,1,'2019-03-29 10:11:45','2019-03-29 10:11:45',NULL),(30,30,1,1,'Azimah Adnan','1531',NULL,'820910105084',NULL,NULL,NULL,NULL,NULL,NULL,NULL,NULL,NULL,NULL,'azimah@mpc.gov.my','0',NULL,4,18,4,304,1,1,'2019-03-29 10:11:45','2019-03-29 10:11:45',NULL),(31,31,1,1,'Azira Mohamed Hodzai','1580',NULL,'871121295452',NULL,NULL,NULL,NULL,NULL,NULL,NULL,NULL,NULL,NULL,'azira@mpc.gov.my','0',NULL,5,27,3,36,1,1,'2019-03-29 10:11:45','2019-03-29 10:11:45',NULL),(32,32,1,1,'Azizan Omar ','2069',NULL,'590613055315',NULL,NULL,NULL,NULL,NULL,NULL,NULL,NULL,NULL,NULL,'azizan@mpc.gov.my','0',NULL,5,10,17,36,1,1,'2019-03-29 10:11:45','2019-03-29 10:11:45',NULL),(33,33,1,1,'Azlan Kassim','1197',NULL,'600518106299',NULL,NULL,NULL,NULL,NULL,NULL,NULL,NULL,NULL,NULL,'azk@mpc.gov.my','0',NULL,8,33,6,66,1,1,'2019-03-29 10:11:45','2019-03-29 10:11:45',NULL),(34,34,1,1,'Azlin Mohd Alias    ','1462',NULL,'771102145856',NULL,NULL,NULL,NULL,NULL,NULL,NULL,NULL,NULL,NULL,'azlin@mpc.gov.my','0',NULL,4,18,4,304,1,1,'2019-03-29 10:11:45','2019-03-29 10:11:45',NULL),(35,35,1,1,'Bahar Musa ','2051',NULL,'591116055239',NULL,NULL,NULL,NULL,NULL,NULL,NULL,NULL,NULL,NULL,'bahar@mpc.gov.my','0',NULL,2,10,16,242,1,1,'2019-03-29 10:11:45','2019-03-29 10:11:45',NULL),(36,36,1,1,'Burhanuddin Saidin','1199',NULL,'601103085419',NULL,NULL,NULL,NULL,NULL,NULL,NULL,NULL,NULL,NULL,'bob@mpc.gov.my','0',NULL,5,17,7,129,1,1,'2019-03-29 10:11:45','2019-03-29 10:11:45',NULL),(37,37,1,1,'Cham Yin Hwa','1572',NULL,'850809045416',NULL,NULL,NULL,NULL,NULL,NULL,NULL,NULL,NULL,NULL,'cham@mpc.gov.my','0',NULL,5,27,3,36,1,1,'2019-03-29 10:11:45','2019-03-29 10:11:45',NULL),(38,38,1,1,'Darul Adizul Ishak ','1556',NULL,'821110105937',NULL,NULL,NULL,NULL,NULL,NULL,NULL,NULL,NULL,NULL,'daruladizul@mpc.gov.my','0',NULL,10,27,3,72,1,1,'2019-03-29 10:11:45','2019-03-29 10:11:45',NULL),(39,39,1,1,'Dr. Daud Talib','1277',NULL,'650523015733',NULL,NULL,NULL,NULL,NULL,NULL,NULL,NULL,NULL,NULL,'daud@mpc.gov.my','0',NULL,6,17,7,9,1,1,'2019-03-29 10:11:45','2019-03-29 10:11:45',NULL),(40,40,1,1,'Eamizan Hasim','1340',NULL,'671215106089',NULL,NULL,NULL,NULL,NULL,NULL,NULL,NULL,NULL,NULL,'eamizan@mpc.gov.my','0',NULL,3,19,5,129,1,1,'2019-03-29 10:11:45','2019-03-29 10:11:45',NULL),(41,41,1,1,'Edward Binty','1435',NULL,'750707125521',NULL,NULL,NULL,NULL,NULL,NULL,NULL,NULL,NULL,NULL,'edward@mpc.gov.my','0',NULL,10,18,4,72,1,1,'2019-03-29 10:11:45','2019-03-29 10:11:45',NULL),(42,42,1,1,'Ellma Eddiahwati Musa','3067',NULL,'760622145362',NULL,NULL,NULL,NULL,NULL,NULL,NULL,NULL,NULL,NULL,'ellma@mpc.gov.my','0',NULL,6,30,22,9,1,1,'2019-03-29 10:11:45','2019-03-29 10:11:45',NULL),(43,43,1,1,'Faizul Mohamed','2995',NULL,'730506015053',NULL,NULL,NULL,NULL,NULL,NULL,NULL,NULL,NULL,NULL,'faizul@mpc.gov.my','0',NULL,12,7,9,255,1,1,'2019-03-29 10:11:45','2019-03-29 10:11:45',NULL),(44,44,1,1,'Fara Salinda Ayu Halim ','3072',NULL,'790904085772',NULL,NULL,NULL,NULL,NULL,NULL,NULL,NULL,NULL,NULL,'farasalinda@mpc.gov.my','0',NULL,3,15,18,129,1,1,'2019-03-29 10:11:45','2019-03-29 10:11:45',NULL),(45,45,1,1,'Fara Suraya Hani Halim','3014',NULL,'780714085668',NULL,NULL,NULL,NULL,NULL,NULL,NULL,NULL,NULL,NULL,'fara@mpc.gov.my','0',NULL,4,13,19,304,1,1,'2019-03-29 10:11:45','2019-03-29 10:11:45',NULL),(46,46,1,1,'Farah Diyana Derma Dewa','3115',NULL,'820812105056',NULL,NULL,NULL,NULL,NULL,NULL,NULL,NULL,NULL,NULL,'diyana@mpc.gov.my','0',NULL,5,14,18,36,1,1,'2019-03-29 10:11:45','2019-03-29 10:11:45',NULL),(47,47,1,1,'Farah Sazarina Othman','2964',NULL,'811203015456',NULL,NULL,NULL,NULL,NULL,NULL,NULL,NULL,NULL,NULL,'farah@mpc.gov.my','0',NULL,5,15,19,36,1,1,'2019-03-29 10:11:45','2019-03-29 10:11:45',NULL),(48,48,1,1,'Farhan Abdullah','3044',NULL,'730617105449',NULL,NULL,NULL,NULL,NULL,NULL,NULL,NULL,NULL,NULL,'farhan@mpc.gov.my','0',NULL,3,7,9,129,1,1,'2019-03-29 10:11:45','2019-03-29 10:11:45',NULL),(49,49,1,1,'Faridah Taju Rahim','1451',NULL,'760308065380',NULL,NULL,NULL,NULL,NULL,NULL,NULL,NULL,NULL,NULL,'faridah_tr@mpc.gov.my','0',NULL,8,18,4,33,1,1,'2019-03-29 10:11:45','2019-03-29 10:11:45',NULL),(50,50,1,1,'Fauziah Ahmad Nawawi','2973',NULL,'790625105398',NULL,NULL,NULL,NULL,NULL,NULL,NULL,NULL,NULL,NULL,'fauziahnawawi@mpc.gov.my','0',NULL,5,14,18,36,1,1,'2019-03-29 10:11:45','2019-03-29 10:11:45',NULL),(51,51,1,1,'Fauziah Manaf','2563',NULL,'660107065028',NULL,NULL,NULL,NULL,NULL,NULL,NULL,NULL,NULL,NULL,'fauziah@mpc.gov.my','0',NULL,6,12,19,9,1,1,'2019-03-29 10:11:45','2019-03-29 10:11:45',NULL),(52,52,1,1,'Fauziah Sakiman','2659',NULL,'720323015326',NULL,NULL,NULL,NULL,NULL,NULL,NULL,NULL,NULL,NULL,'fauziahsakiman@mpc.gov.my','0',NULL,12,14,19,255,1,1,'2019-03-29 10:11:45','2019-03-29 10:11:45',NULL),(53,53,1,1,'Fizalawati Amin','3078',NULL,'810813135258',NULL,NULL,NULL,NULL,NULL,NULL,NULL,NULL,NULL,NULL,'fizalawati@mpc.gov.my','0',NULL,11,12,18,295,1,1,'2019-03-29 10:11:45','2019-03-29 10:11:45',NULL),(54,54,1,1,'Hafiza Atha Ahmad','1496',NULL,'811010105092',NULL,NULL,NULL,NULL,NULL,NULL,NULL,NULL,NULL,NULL,'hafiza@mpc.gov.my','0',NULL,6,18,4,9,1,1,'2019-03-29 10:11:45','2019-03-29 10:11:45',NULL),(55,55,1,1,'Hafizah Sith','1418',NULL,'790329016120',NULL,NULL,NULL,NULL,NULL,NULL,NULL,NULL,NULL,NULL,'hafizahsith@mpc.gov.my','0',NULL,4,18,4,304,1,1,'2019-03-29 10:11:45','2019-03-29 10:11:45',NULL),(56,56,1,1,'Hafizoh Md. Aris','1497',NULL,'780402025746',NULL,NULL,NULL,NULL,NULL,NULL,NULL,NULL,NULL,NULL,'hafizoh@mpc.gov.my','0',NULL,6,27,3,9,1,1,'2019-03-29 10:11:45','2019-03-29 10:11:45',NULL),(57,57,1,1,'Hairul Mizan Hamdan ','2997',NULL,'770222015947',NULL,NULL,NULL,NULL,NULL,NULL,NULL,NULL,NULL,NULL,'hairul@mpc.gov.my','0',NULL,12,20,11,255,1,1,'2019-03-29 10:11:45','2019-03-29 10:11:45',NULL),(58,58,1,1,'Halimahton Saadiah Let','1409',NULL,'730930085368',NULL,NULL,NULL,NULL,NULL,NULL,NULL,NULL,NULL,NULL,'halimahton@mpc.gov.my','0',NULL,6,18,4,9,1,1,'2019-03-29 10:11:45','2019-03-29 10:11:45',NULL),(59,59,1,1,'Hamzaly Zakaria','2998',NULL,'680617105825',NULL,NULL,NULL,NULL,NULL,NULL,NULL,NULL,NULL,NULL,'hamzaly@mpc.gov.my','0',NULL,5,8,9,36,1,1,'2019-03-29 10:11:45','2019-03-29 10:11:45',NULL),(60,60,1,1,'Hanisah Mohd. Ramli','1529',NULL,'840523105736',NULL,NULL,NULL,NULL,NULL,NULL,NULL,NULL,NULL,NULL,'hanisah@mpc.gov.my','0',NULL,4,27,3,304,1,1,'2019-03-29 10:11:45','2019-03-29 10:11:45',NULL),(61,61,1,1,'Hasbullah Abdul Hamid ','3083',NULL,'800114025253',NULL,NULL,NULL,NULL,NULL,NULL,NULL,NULL,NULL,NULL,'hasbullah@mpc.gov.my','0',NULL,5,23,12,36,1,1,'2019-03-29 10:11:45','2019-03-29 10:11:45',NULL),(62,62,1,1,'Haslizayanti Othman','1526',NULL,'810117065348',NULL,NULL,NULL,NULL,NULL,NULL,NULL,NULL,NULL,NULL,'haslizayanti@mpc.gov.my','0',NULL,6,27,3,307,1,1,'2019-03-29 10:11:45','2019-03-29 10:11:45',NULL),(63,63,1,1,'Hazwani Nadiah Ismail','1525',NULL,'820913035624',NULL,NULL,NULL,NULL,NULL,NULL,NULL,NULL,NULL,NULL,'hazwani@mpc.gov.my','0',NULL,8,27,3,33,1,1,'2019-03-29 10:11:45','2019-03-29 10:11:45',NULL),(64,64,1,1,'Hillina Abdul Karim','1457',NULL,'760325105284',NULL,NULL,NULL,NULL,NULL,NULL,NULL,NULL,NULL,NULL,'hillina@mpc.gov.my','0',NULL,5,3,29,36,1,1,'2019-03-29 10:11:45','2019-03-29 10:11:45',NULL),(65,65,1,1,'Hishamuddin Hassan','3037',NULL,'811203025531',NULL,NULL,NULL,NULL,NULL,NULL,NULL,NULL,NULL,NULL,'hishammudin@mpc.gov.my','0',NULL,9,10,16,99,1,1,'2019-03-29 10:11:45','2019-03-29 10:11:45',NULL),(66,66,1,1,'Ab. Rahim Yusoff','1192',NULL,'601217035145',NULL,NULL,NULL,NULL,NULL,NULL,NULL,NULL,NULL,NULL,'abrahim@mpc.gov.my','0',NULL,7,32,15,129,1,1,'2019-03-29 10:11:45','2019-03-29 10:11:45',NULL),(67,67,1,1,'Ab. Rashid Omar','1331',NULL,'660801045393',NULL,NULL,NULL,NULL,NULL,NULL,NULL,NULL,NULL,NULL,'abrash@mpc.gov.my','0',NULL,6,19,5,9,1,1,'2019-03-29 10:11:45','2019-03-29 10:11:45',NULL),(68,68,1,1,'Huda Atiqah Samsir','1644',NULL,'881028015128',NULL,NULL,NULL,NULL,NULL,NULL,NULL,NULL,NULL,NULL,'atiqah@mpc.gov.my','0',NULL,1,27,3,79,1,1,'2019-03-29 10:11:45','2019-03-29 10:11:45',NULL),(69,69,1,1,'Ilyana Norsaidah Ab Rahman','1638',NULL,'910911035478',NULL,NULL,NULL,NULL,NULL,NULL,NULL,NULL,NULL,NULL,'ilyana@mpc.gov.my','0',NULL,6,27,3,39,1,1,'2019-03-29 10:11:45','2019-03-29 10:11:45',NULL),(70,70,1,1,'Ingrid Ng Edy','1609',NULL,'871121495040',NULL,NULL,NULL,NULL,NULL,NULL,NULL,NULL,NULL,NULL,'ingrid@mpc.gov.my','0',NULL,10,27,3,72,1,1,'2019-03-29 10:11:45','2019-03-29 10:11:45',NULL),(71,71,1,1,'Isram Azhar','3047',NULL,'820324105479',NULL,NULL,NULL,NULL,NULL,NULL,NULL,NULL,NULL,NULL,'isram@mpc.gov.my','0',NULL,5,25,22,36,1,1,'2019-03-29 10:11:45','2019-03-29 10:11:45',NULL),(72,72,1,1,'Izani Ishak','1275',NULL,'630610035689',NULL,NULL,NULL,NULL,NULL,NULL,NULL,NULL,NULL,NULL,'izani@mpc.gov.my','0',NULL,10,33,6,66,1,1,'2019-03-29 10:11:45','2019-03-29 10:11:45',NULL),(73,73,1,1,'Izzul Ikhwan Ishak','1659',NULL,'910610105989',NULL,NULL,NULL,NULL,NULL,NULL,NULL,NULL,NULL,NULL,'izzul@mpc.gov.my','0',NULL,6,27,3,307,1,1,'2019-03-29 10:11:45','2019-03-29 10:11:45',NULL),(74,74,1,1,'Jauza Juhairah Jimmy Abdullah','3141',NULL,'920127126324',NULL,NULL,NULL,NULL,NULL,NULL,NULL,NULL,NULL,NULL,'jacqueline@mpc.gov.my','0',NULL,6,14,18,307,1,1,'2019-03-29 10:11:45','2019-03-29 10:11:45',NULL),(75,75,1,1,'Jayaletchumi Krishnan','1488',NULL,'780507025152',NULL,NULL,NULL,NULL,NULL,NULL,NULL,NULL,NULL,NULL,'jaya@mpc.gov.my','0',NULL,7,27,3,141,1,1,'2019-03-29 10:11:45','2019-03-29 10:11:45',NULL),(76,76,1,1,'Jerry Shahnizal Abd. Aziz','1503',NULL,'830808146065',NULL,NULL,NULL,NULL,NULL,NULL,NULL,NULL,NULL,NULL,'jerry@mpc.gov.my','0',NULL,11,18,4,295,1,1,'2019-03-29 10:11:45','2019-03-29 10:11:45',NULL),(77,77,1,1,'Josffa Ismail','1408',NULL,'780215075975',NULL,NULL,NULL,NULL,NULL,NULL,NULL,NULL,NULL,NULL,'josffa@mpc.gov.my','0',NULL,4,18,4,304,1,1,'2019-03-29 10:11:45','2019-03-29 10:11:45',NULL),(78,78,1,1,'Kabir Ahmad Mohamad Jamil','1170',NULL,'600101025303',NULL,NULL,NULL,NULL,NULL,NULL,NULL,NULL,NULL,NULL,'kabir@mpc.gov.my','0',NULL,6,17,7,129,1,1,'2019-03-29 10:11:45','2019-03-29 10:11:45',NULL),(79,79,1,1,'Kamaruddin Mohamad  ','1183',NULL,'610718115105',NULL,NULL,NULL,NULL,NULL,NULL,NULL,NULL,NULL,NULL,'dinmohd@mpc.gov.my','0',NULL,1,17,7,79,1,1,'2019-03-29 10:11:45','2019-03-29 10:11:45',NULL),(80,80,1,1,'Kamaruzaman Ramli ','3103',NULL,'830308115035',NULL,NULL,NULL,NULL,NULL,NULL,NULL,NULL,NULL,NULL,'kamaruzamanr@mpc.gov.my','0',NULL,8,23,12,33,1,1,'2019-03-29 10:11:45','2019-03-29 10:11:45',NULL),(81,81,1,1,'Kartin Haslinda Che Mat','1450',NULL,'760304035264',NULL,NULL,NULL,NULL,NULL,NULL,NULL,NULL,NULL,NULL,'haslinda@mpc.gov.my','0',NULL,8,27,3,33,1,1,'2019-03-29 10:11:45','2019-03-29 10:11:45',NULL),(82,82,1,1,'Kasturi Devi a/p Appanna','1546',NULL,'810525085890',NULL,NULL,NULL,NULL,NULL,NULL,NULL,NULL,NULL,NULL,'kasturi@mpc.gov.my','0',NULL,9,27,3,99,1,1,'2019-03-29 10:11:45','2019-03-29 10:11:45',NULL),(83,83,1,1,'Khairil Afi Adnan','3156',NULL,'871003065189',NULL,NULL,NULL,NULL,NULL,NULL,NULL,NULL,NULL,NULL,'KhairilAfi@mpc.gov.my','0',NULL,3,14,18,129,1,1,'2019-03-29 10:11:45','2019-03-29 10:11:45',NULL),(84,84,1,1,'Khalidatul Asrin Abd. Aziz','1483',NULL,'800112025794',NULL,NULL,NULL,NULL,NULL,NULL,NULL,NULL,NULL,NULL,'asrin@mpc.gov.my','0',NULL,6,18,4,39,1,1,'2019-03-29 10:11:45','2019-03-29 10:11:45',NULL),(85,85,1,1,'Khatijah Rahmat ','1606',NULL,'840710135404',NULL,NULL,NULL,NULL,NULL,NULL,NULL,NULL,NULL,NULL,'khatijah@mpc.gov.my','0',NULL,11,27,3,295,1,1,'2019-03-29 10:11:45','2019-03-29 10:11:45',NULL),(86,86,1,1,'Khidzir Ahmad','1534',NULL,'780830105611',NULL,NULL,NULL,NULL,NULL,NULL,NULL,NULL,NULL,NULL,'khidzir@mpc.gov.my','0',NULL,6,18,4,39,1,1,'2019-03-29 10:11:45','2019-03-29 10:11:45',NULL),(87,87,1,1,'Datin Latchumy Prabha','1316',NULL,'620517015246',NULL,NULL,NULL,NULL,NULL,NULL,NULL,NULL,NULL,NULL,'prabha@mpc.gov.my','0',NULL,1,19,5,79,1,1,'2019-03-29 10:11:45','2019-03-29 10:11:45',NULL),(88,88,1,1,'Lee Wan Swanee','1573',NULL,'850915035756',NULL,NULL,NULL,NULL,NULL,NULL,NULL,NULL,NULL,NULL,'swanee@mpc.gov.my','0',NULL,6,27,3,39,1,1,'2019-03-29 10:11:45','2019-03-29 10:11:45',NULL),(89,89,1,1,'Lee Wan Wei','1585',NULL,'860814595008',NULL,NULL,NULL,NULL,NULL,NULL,NULL,NULL,NULL,NULL,'wanwei@mpc.gov.my','0',NULL,4,27,3,304,1,1,'2019-03-29 10:11:45','2019-03-29 10:11:45',NULL),(90,90,1,1,'Liyana Othman','1656',NULL,'900703137438',NULL,NULL,NULL,NULL,NULL,NULL,NULL,NULL,NULL,NULL,'liyana@mpc.gov.my','0',NULL,11,27,3,295,1,1,'2019-03-29 10:11:45','2019-03-29 10:11:45',NULL),(91,91,1,1,'Mahadi Hasbullah','1486',NULL,'760815035303',NULL,NULL,NULL,NULL,NULL,NULL,NULL,NULL,NULL,NULL,'mahadi@mpc.gov.my','0',NULL,8,18,4,33,1,1,'2019-03-29 10:11:45','2019-03-29 10:11:45',NULL),(92,92,1,1,'Mariatul Af-Ida M.T. Ariffin','1390',NULL,'750712085034',NULL,NULL,NULL,NULL,NULL,NULL,NULL,NULL,NULL,NULL,'mariatul@mpc.gov.my','0',NULL,4,18,4,285,1,1,'2019-03-29 10:11:45','2019-03-29 10:11:45',NULL),(93,93,1,1,'Marina Maulad Ismail','3074',NULL,'860329145038',NULL,NULL,NULL,NULL,NULL,NULL,NULL,NULL,NULL,NULL,'marina@mpc.gov.my','0',NULL,2,15,18,242,1,1,'2019-03-29 10:11:45','2019-03-29 10:11:45',NULL),(94,94,1,1,'Marziah Ahmad','1349',NULL,'650411065218',NULL,NULL,NULL,NULL,NULL,NULL,NULL,NULL,NULL,NULL,'marziahahmad@mpc.gov.my','0',NULL,7,27,3,141,1,1,'2019-03-29 10:11:45','2019-03-29 10:11:45',NULL),(95,95,1,1,'Mashitanor Zainudin','3087',NULL,'761019055308',NULL,NULL,NULL,NULL,NULL,NULL,NULL,NULL,NULL,NULL,'mashitanor@mpc.gov.my','0',NULL,5,6,18,36,1,1,'2019-03-29 10:11:45','2019-03-29 10:11:45',NULL),(96,96,1,1,'Maswani Ismail ','3095',NULL,'810316035600',NULL,NULL,NULL,NULL,NULL,NULL,NULL,NULL,NULL,NULL,'maswani@mpc.gov.my','0',NULL,8,15,18,33,1,1,'2019-03-29 10:11:45','2019-03-29 10:11:45',NULL),(97,97,1,1,'Dr. Mazlina Shafii','1373',NULL,'720731086000',NULL,NULL,NULL,NULL,NULL,NULL,NULL,NULL,NULL,NULL,'eyna@mpc.gov.my','0',NULL,4,19,5,304,1,1,'2019-03-29 10:11:45','2019-03-29 10:11:45',NULL),(98,98,1,1,'Maznee Abd. Halim','1318',NULL,'661204115036',NULL,NULL,NULL,NULL,NULL,NULL,NULL,NULL,NULL,NULL,'maznee@mpc.gov.my','0',NULL,7,19,5,216,1,1,'2019-03-29 10:11:45','2019-03-29 10:11:45',NULL),(99,99,1,1,'Dr. Mazrina Mohd. Ibramsah','1393',NULL,'741207075594',NULL,NULL,NULL,NULL,NULL,NULL,NULL,NULL,NULL,NULL,'mazrina@mpc.gov.my','0',NULL,9,33,6,66,1,1,'2019-03-29 10:11:45','2019-03-29 10:11:45',NULL),(100,100,1,1,'Mazuan Salleh','1512',NULL,'810105125067',NULL,NULL,NULL,NULL,NULL,NULL,NULL,NULL,NULL,NULL,'mazuan@mpc.gov.my','0',NULL,12,27,3,255,1,1,'2019-03-29 10:11:45','2019-03-29 10:11:45',NULL),(101,101,1,1,'Mazuin Dahlan       ','1445',NULL,'790417145328',NULL,NULL,NULL,NULL,NULL,NULL,NULL,NULL,NULL,NULL,'mazuin@mpc.gov.my','0',NULL,6,18,4,307,1,1,'2019-03-29 10:11:45','2019-03-29 10:11:45',NULL),(102,102,1,1,'Md Shubri Ismail  ','1175',NULL,'591223075331',NULL,NULL,NULL,NULL,NULL,NULL,NULL,NULL,NULL,NULL,'shubri@mpc.gov.my','0',NULL,2,33,6,242,1,1,'2019-03-29 10:11:45','2019-03-29 10:11:45',NULL),(103,103,1,1,'Md Zainuri Juri','1404',NULL,'741122017053',NULL,NULL,NULL,NULL,NULL,NULL,NULL,NULL,NULL,NULL,'zainuri@mpc.gov.my','0',NULL,7,18,4,141,1,1,'2019-03-29 10:11:45','2019-03-29 10:11:45',NULL),(104,104,1,1,'Megat Amirul Saifulnizam Megat Kamarul Bahrin ','1504',NULL,'820702115739',NULL,NULL,NULL,NULL,NULL,NULL,NULL,NULL,NULL,NULL,'megatamirul@mpc.gov.my','0',NULL,12,18,4,255,1,1,'2019-03-29 10:11:45','2019-03-29 10:11:45',NULL),(105,105,1,1,'Melissa Ahmad Arshad','1411',NULL,'761210105270',NULL,NULL,NULL,NULL,NULL,NULL,NULL,NULL,NULL,NULL,'melissa@mpc.gov.my','0',NULL,6,27,3,39,1,1,'2019-03-29 10:11:45','2019-03-29 10:11:45',NULL),(106,106,1,1,'Mimi Hasnita Ahmad','2994',NULL,'761108065348',NULL,NULL,NULL,NULL,NULL,NULL,NULL,NULL,NULL,NULL,'mimi@mpc.gov.my','0',NULL,8,30,22,33,1,1,'2019-03-29 10:11:45','2019-03-29 10:11:45',NULL),(107,107,1,1,'Minhana Yahaya','3016',NULL,'790514145178',NULL,NULL,NULL,NULL,NULL,NULL,NULL,NULL,NULL,NULL,'minhana@mpc.gov.my','0',NULL,5,30,22,36,1,1,'2019-03-29 10:11:45','2019-03-29 10:11:45',NULL),(108,108,1,1,'Mohamad Azrol Mohd. Dali','1423',NULL,'750930015683',NULL,NULL,NULL,NULL,NULL,NULL,NULL,NULL,NULL,NULL,'mdazrol@mpc.gov.my','0',NULL,6,19,5,9,1,1,'2019-03-29 10:11:45','2019-03-29 10:11:45',NULL),(109,109,1,1,'Mohamad Hafizi Abd Rashid','3093',NULL,'880905025009',NULL,NULL,NULL,NULL,NULL,NULL,NULL,NULL,NULL,NULL,'hafizi@mpc.gov.my','0',NULL,5,26,8,36,1,1,'2019-03-29 10:11:45','2019-03-29 10:11:45',NULL),(110,110,1,1,'Mohamad Muzaffar Abdul Hamid','1391',NULL,'740919017603',NULL,NULL,NULL,NULL,NULL,NULL,NULL,NULL,NULL,NULL,'muzaffar@mpc.gov.my','0',NULL,6,19,5,39,1,1,'2019-03-29 10:11:45','2019-03-29 10:11:45',NULL),(111,111,1,1,'Mohamad Nor Bolhi','1507',NULL,'790607135681',NULL,NULL,NULL,NULL,NULL,NULL,NULL,NULL,NULL,NULL,'mohamadnor@mpc.gov.my','0',NULL,7,27,3,216,1,1,'2019-03-29 10:11:45','2019-03-29 10:11:45',NULL),(112,112,1,1,'Mohamad Norjayadi Tamam ','1421',NULL,'741205135725',NULL,NULL,NULL,NULL,NULL,NULL,NULL,NULL,NULL,NULL,'norjayadi@mpc.gov.my','0',NULL,1,19,5,79,1,1,'2019-03-29 10:11:45','2019-03-29 10:11:45',NULL),(113,113,1,1,'Mohamad Sahril Ahmad Puzi ','1505',NULL,'821115085445',NULL,NULL,NULL,NULL,NULL,NULL,NULL,NULL,NULL,NULL,'sahril@mpc.gov.my','0',NULL,12,18,4,99,1,1,'2019-03-29 10:11:45','2019-03-29 10:11:45',NULL),(114,114,1,1,'Mohammad Afdhan Fauzi  ','3118',NULL,'860427565669',NULL,NULL,NULL,NULL,NULL,NULL,NULL,NULL,NULL,NULL,'afdhan@mpc.gov.my','0',NULL,5,22,12,36,1,1,'2019-03-29 10:11:45','2019-03-29 10:11:45',NULL),(115,115,1,1,'Mohammad Khairul Hakimin Zainoor','1516',NULL,'830111015487',NULL,NULL,NULL,NULL,NULL,NULL,NULL,NULL,NULL,NULL,'mkhairul@mpc.gov.my','0',NULL,6,18,4,307,1,1,'2019-03-29 10:11:45','2019-03-29 10:11:45',NULL),(116,116,1,1,'Mohammed Alamin Rehan','1454',NULL,'790113065169',NULL,NULL,NULL,NULL,NULL,NULL,NULL,NULL,NULL,NULL,'alamin@mpc.gov.my','0',NULL,6,19,5,39,1,1,'2019-03-29 10:11:45','2019-03-29 10:11:45',NULL),(117,117,1,1,'Mohd Amirol Md. Khair','1648',NULL,'900309026107',NULL,NULL,NULL,NULL,NULL,NULL,NULL,NULL,NULL,NULL,'amirol@mpc.gov.my','0',NULL,3,27,3,129,1,1,'2019-03-29 10:11:45','2019-03-29 10:11:45',NULL),(118,118,1,1,'Mohd Azhar Zainuddin','1542',NULL,'810110105773',NULL,NULL,NULL,NULL,NULL,NULL,NULL,NULL,NULL,NULL,'mohdazhar@mpc.gov.my','0',NULL,8,27,3,33,1,1,'2019-03-29 10:11:45','2019-03-29 10:11:45',NULL),(119,119,1,1,'Mohd. Azrul Kamis ','2782',NULL,'770526025423',NULL,NULL,NULL,NULL,NULL,NULL,NULL,NULL,NULL,NULL,'mohdazrul@mpc.gov.my','0',NULL,5,10,16,36,1,1,'2019-03-29 10:11:45','2019-03-29 10:11:45',NULL),(120,120,1,1,'Mohd. Azwan Mohd. Salleh','1453',NULL,'730926075271',NULL,NULL,NULL,NULL,NULL,NULL,NULL,NULL,NULL,NULL,'azwan@mpc.gov.my','0',NULL,5,19,5,36,1,1,'2019-03-29 10:11:45','2019-03-29 10:11:45',NULL),(121,121,1,1,'Mohd Faizol Abd. Rahman','1593',NULL,'841110115033',NULL,NULL,NULL,NULL,NULL,NULL,NULL,NULL,NULL,NULL,'mohdfaizol@mpc.gov.my','0',NULL,2,27,3,242,1,1,'2019-03-29 10:11:45','2019-03-29 10:11:45',NULL),(122,122,1,1,'Mohd Faizzul Shahir','3110',NULL,'860917436181',NULL,NULL,NULL,NULL,NULL,NULL,NULL,NULL,NULL,NULL,'faizzul@mpc.gov.my','0',NULL,5,23,12,36,1,1,'2019-03-29 10:11:45','2019-03-29 10:11:45',NULL),(123,123,1,1,'Mohd. Hilmi Mohd. Idris','1489',NULL,'790308105095',NULL,NULL,NULL,NULL,NULL,NULL,NULL,NULL,NULL,NULL,'hilmi@mpc.gov.my','0',NULL,8,18,4,33,1,1,'2019-03-29 10:11:45','2019-03-29 10:11:45',NULL),(124,124,1,1,'Mohd. Hisyam Hatimtai','1406',NULL,'780321105277',NULL,NULL,NULL,NULL,NULL,NULL,NULL,NULL,NULL,NULL,'hisyam@mpc.gov.my','0',NULL,6,18,4,39,1,1,'2019-03-29 10:11:45','2019-03-29 10:11:45',NULL),(125,125,1,1,'Mohd. Khairil Anuar Amir Hamzah ','1513',NULL,'840225025017',NULL,NULL,NULL,NULL,NULL,NULL,NULL,NULL,NULL,NULL,'khairil@mpc.gov.my','0',NULL,9,18,4,99,1,1,'2019-03-29 10:11:45','2019-03-29 10:11:45',NULL),(126,126,1,1,'Mohd. Khairizal Khahidir ','1508',NULL,'830405055353',NULL,NULL,NULL,NULL,NULL,NULL,NULL,NULL,NULL,NULL,'khairizal@mpc.gov.my','0',NULL,5,18,4,36,1,1,'2019-03-29 10:11:45','2019-03-29 10:11:45',NULL),(127,127,1,1,'Mohd. Khairul Nazir Nawi','1456',NULL,'770220025957',NULL,NULL,NULL,NULL,NULL,NULL,NULL,NULL,NULL,NULL,'khairul@mpc.gov.my','0',NULL,2,18,4,242,1,1,'2019-03-29 10:11:45','2019-03-29 10:11:45',NULL),(128,128,1,1,'Mohd Nizam Ali','3056',NULL,'791128145297',NULL,NULL,NULL,NULL,NULL,NULL,NULL,NULL,NULL,NULL,'nizam@mpc.gov.my','0',NULL,5,14,18,36,1,1,'2019-03-29 10:11:45','2019-03-29 10:11:45',NULL),(129,129,1,1,'Dato\' Mohd Razali Hussain','1176',NULL,'590826115385',NULL,NULL,NULL,NULL,NULL,NULL,NULL,NULL,NULL,NULL,'mrazali@mpc.gov.my','0',NULL,3,5,13,36,1,1,'2019-03-29 10:11:45','2019-03-29 10:11:45',NULL),(130,130,1,1,'Mohd. Wafi Arip','1473',NULL,'770212105551',NULL,NULL,NULL,NULL,NULL,NULL,NULL,NULL,NULL,NULL,'wafi@mpc.gov.my','0',NULL,7,27,3,141,1,1,'2019-03-29 10:11:45','2019-03-29 10:11:45',NULL),(131,131,1,1,'Mohd Yazid Abdul Majid','1455',NULL,'790310105537',NULL,NULL,NULL,NULL,NULL,NULL,NULL,NULL,NULL,NULL,'yazidmajid@mpc.gov.my','0',NULL,4,19,5,304,1,1,'2019-03-29 10:11:45','2019-03-29 10:11:45',NULL),(132,132,1,1,'Mohd Zulkifly Che Mohd Rawawi','1613',NULL,'830910035265',NULL,NULL,NULL,NULL,NULL,NULL,NULL,NULL,NULL,NULL,'mohdzulkifly@mpc.gov.my','0',NULL,6,27,3,39,1,1,'2019-03-29 10:11:45','2019-03-29 10:11:45',NULL),(133,133,1,1,'Mohd. Azuar Md. Sidek','2989',NULL,'750514105065',NULL,NULL,NULL,NULL,NULL,NULL,NULL,NULL,NULL,NULL,'azuar@mpc.gov.my','0',NULL,5,7,9,36,1,1,'2019-03-29 10:11:45','2019-03-29 10:11:45',NULL),(134,134,1,1,'Mohd. Hosni Mamat @ Ariffin','1577',NULL,'840528115511',NULL,NULL,NULL,NULL,NULL,NULL,NULL,NULL,NULL,NULL,'hosni@mpc.gov.my','0',NULL,8,27,3,33,1,1,'2019-03-29 10:11:45','2019-03-29 10:11:45',NULL),(135,135,1,1,'Mohd. Hykal Mohd. Halim','3071',NULL,'840415015223',NULL,NULL,NULL,NULL,NULL,NULL,NULL,NULL,NULL,NULL,'hykal@mpc.gov.my','0',NULL,5,25,22,36,1,1,'2019-03-29 10:11:45','2019-03-29 10:11:45',NULL),(136,136,1,1,'Mohd. Riduan Daud','3007',NULL,'830906045057',NULL,NULL,NULL,NULL,NULL,NULL,NULL,NULL,NULL,NULL,'riduan@mpc.gov.my','0',NULL,5,10,16,36,1,1,'2019-03-29 10:11:45','2019-03-29 10:11:45',NULL),(137,137,1,1,'Mohd. Rosdi Mohd Kauzi','3046',NULL,'750423035989',NULL,NULL,NULL,NULL,NULL,NULL,NULL,NULL,NULL,NULL,'rosdi@mpc.gov.my','0',NULL,5,7,9,36,1,1,'2019-03-29 10:11:45','2019-03-29 10:11:45',NULL),(138,138,1,1,'Mohd. Shapri Ismail ','2054',NULL,'600813085945',NULL,NULL,NULL,NULL,NULL,NULL,NULL,NULL,NULL,NULL,'shapri@mpc.gov.my','0',NULL,5,11,19,36,1,1,'2019-03-29 10:11:45','2019-03-29 10:11:45',NULL),(139,139,1,1,'Mohd. Suzlezan Supu','1443',NULL,'781219125145',NULL,NULL,NULL,NULL,NULL,NULL,NULL,NULL,NULL,NULL,'suzlezan@mpc.gov.my','0',NULL,5,19,5,36,1,1,'2019-03-29 10:11:45','2019-03-29 10:11:45',NULL),(140,140,1,1,'Mohd. Syarif Samsudin','2967',NULL,'800305075173',NULL,NULL,NULL,NULL,NULL,NULL,NULL,NULL,NULL,NULL,'syarif@mpc.gov.my','0',NULL,9,7,9,99,1,1,'2019-03-29 10:11:45','2019-03-29 10:11:45',NULL),(141,141,1,1,'Mohd. Zaki Bin Ibrahim ','1319',NULL,'610119035197',NULL,NULL,NULL,NULL,NULL,NULL,NULL,NULL,NULL,NULL,'zaki@mpc.gov.my','0',NULL,12,17,7,129,1,1,'2019-03-29 10:11:45','2019-03-29 10:11:45',NULL),(142,142,1,1,'Mohd. Zamros Yusof ','2132',NULL,'670705055347',NULL,NULL,NULL,NULL,NULL,NULL,NULL,NULL,NULL,NULL,'zamros@mpc.gov.my','0',NULL,11,10,16,295,1,1,'2019-03-29 10:11:45','2019-03-29 10:11:45',NULL),(143,143,1,1,'Mokhzani Aris Mohd. Yusoff','1397',NULL,'730308105015',NULL,NULL,NULL,NULL,NULL,NULL,NULL,NULL,NULL,NULL,'mokhzani@mpc.gov.my','0',NULL,6,19,5,9,1,1,'2019-03-29 10:11:45','2019-03-29 10:11:45',NULL),(144,144,1,1,'Muhamad Afiq Piramli','1653',NULL,'901211036379',NULL,NULL,NULL,NULL,NULL,NULL,NULL,NULL,NULL,NULL,'afiq@mpc.gov.my','0',NULL,7,27,3,216,1,1,'2019-03-29 10:11:45','2019-03-29 10:11:45',NULL),(145,145,1,1,'Muhamad Rizuwan Abu Bakar','3132',NULL,'860512465355',NULL,NULL,NULL,NULL,NULL,NULL,NULL,NULL,NULL,NULL,'muhamadrizuwan@mpc.gov.my','0',NULL,5,14,18,36,1,1,'2019-03-29 10:11:45','2019-03-29 10:11:45',NULL),(146,146,1,1,'Mohammad Shahaizal Abu Talib','3004',NULL,'780218025869',NULL,NULL,NULL,NULL,NULL,NULL,NULL,NULL,NULL,NULL,'shahaizal@mpc.gov.my','0',NULL,5,10,16,36,1,1,'2019-03-29 10:11:45','2019-03-29 10:11:45',NULL),(147,147,1,1,'Muhamad Zain Musa ','2068',NULL,'611224055477',NULL,NULL,NULL,NULL,NULL,NULL,NULL,NULL,NULL,NULL,'zain@mpc.gov.my','0',NULL,1,1,1,79,1,1,'2019-03-29 10:11:45','2019-03-29 10:11:45',NULL),(148,148,1,1,'Muhamad Zamri Zainol ','2991',NULL,'690427075433',NULL,NULL,NULL,NULL,NULL,NULL,NULL,NULL,NULL,NULL,'zamri@mpc.gov.my','0',NULL,9,9,10,99,1,1,'2019-03-29 10:11:45','2019-03-29 10:11:45',NULL),(149,149,1,1,'Muhammad Afzani Ahmad ','3003',NULL,'811125145705',NULL,NULL,NULL,NULL,NULL,NULL,NULL,NULL,NULL,NULL,'afzani@mpc.gov.my','0',NULL,5,23,12,36,1,1,'2019-03-29 10:11:45','2019-03-29 10:11:45',NULL),(150,150,1,1,'Muhammaad Aidil Razak','3159',NULL,'910418035597',NULL,NULL,NULL,NULL,NULL,NULL,NULL,NULL,NULL,NULL,'aidil@mpc.gov.my','0',NULL,5,10,16,36,1,1,'2019-03-29 10:11:45','2019-03-29 10:11:45',NULL),(151,151,1,1,'Muhammad Fazre Zulhelmi Fizwan','1595',NULL,'881014566439',NULL,NULL,NULL,NULL,NULL,NULL,NULL,NULL,NULL,NULL,'fazre@mpc.gov.my','0',NULL,4,27,3,304,1,1,'2019-03-29 10:11:45','2019-03-29 10:11:45',NULL),(152,152,1,1,'Mohammad Hafiz Sabaruddin','1517',NULL,'830408065477',NULL,NULL,NULL,NULL,NULL,NULL,NULL,NULL,NULL,NULL,'hafiz@mpc.gov.my','0',NULL,12,27,3,255,1,1,'2019-03-29 10:11:45','2019-03-29 10:11:45',NULL),(153,153,1,1,'Muhammad Hisham Nordin','1598',NULL,'881113565247',NULL,NULL,NULL,NULL,NULL,NULL,NULL,NULL,NULL,NULL,'mhisham@mpc.gov.my','0',NULL,4,27,3,304,1,1,'2019-03-29 10:11:45','2019-03-29 10:11:45',NULL),(154,154,1,1,'Muhammad Idham Mohd Zain','1405',NULL,'731006035511',NULL,NULL,NULL,NULL,NULL,NULL,NULL,NULL,NULL,NULL,'idham@mpc.gov.my','0',NULL,2,27,3,242,1,1,'2019-03-29 10:11:45','2019-03-29 10:11:45',NULL),(155,155,1,1,'Muhammad Muizzuddin Muhamad','3157',NULL,'910330036237',NULL,NULL,NULL,NULL,NULL,NULL,NULL,NULL,NULL,NULL,'muiz@mpc.gov.my','0',NULL,5,9,10,36,1,1,'2019-03-29 10:11:45','2019-03-29 10:11:45',NULL),(156,156,1,1,'Muhammad Suffian Ahmad','1447',NULL,'790617145859',NULL,NULL,NULL,NULL,NULL,NULL,NULL,NULL,NULL,NULL,'suffian@mpc.gov.my','0',NULL,7,18,4,216,1,1,'2019-03-29 10:11:45','2019-03-29 10:11:45',NULL),(157,157,1,1,'Muhaslizawati Mohd Bakri','1547',NULL,'820619035746',NULL,NULL,NULL,NULL,NULL,NULL,NULL,NULL,NULL,NULL,'muhaslizawati@mpc.gov.my','0',NULL,8,27,3,33,1,1,'2019-03-29 10:11:45','2019-03-29 10:11:45',NULL),(158,158,1,1,'Muhd. Adha Abd. Hamid','1523',NULL,'830918105555',NULL,NULL,NULL,NULL,NULL,NULL,NULL,NULL,NULL,NULL,'adha@mpc.gov.my','0',NULL,6,18,4,39,1,1,'2019-03-29 10:11:45','2019-03-29 10:11:45',NULL),(159,159,1,1,'Nahdatul Faeizin Norman','1631',NULL,'901028015094',NULL,NULL,NULL,NULL,NULL,NULL,NULL,NULL,NULL,NULL,'nahdatul@mpc.gov.my','0',NULL,12,27,3,255,1,1,'2019-03-29 10:11:45','2019-03-29 10:11:45',NULL),(160,160,1,1,'Nazahiah Mohamad','1475',NULL,'790525075056',NULL,NULL,NULL,NULL,NULL,NULL,NULL,NULL,NULL,NULL,'nazahiah@mpc.gov.my','0',NULL,6,27,3,39,1,1,'2019-03-29 10:11:45','2019-03-29 10:11:45',NULL),(161,161,1,1,'Nazeri Ariffin Madon','1633',NULL,'860804235965',NULL,NULL,NULL,NULL,NULL,NULL,NULL,NULL,NULL,NULL,'nazeri@mpc.gov.my','0',NULL,8,27,3,33,1,1,'2019-03-29 10:11:45','2019-03-29 10:11:45',NULL),(162,162,1,1,'Nazilah Ahmad','1530',NULL,'830710016190',NULL,NULL,NULL,NULL,NULL,NULL,NULL,NULL,NULL,NULL,'nazilah@mpc.gov.my','0',NULL,12,27,3,255,1,1,'2019-03-29 10:11:45','2019-03-29 10:11:45',NULL),(163,163,1,1,'Nik Faizal Nik Ahmad','1414',NULL,'690320035423',NULL,NULL,NULL,NULL,NULL,NULL,NULL,NULL,NULL,NULL,'nikfaizal@mpc.gov.my','0',NULL,3,19,5,129,1,1,'2019-03-29 10:11:45','2019-03-29 10:11:45',NULL),(164,164,1,1,'Nik Nazarina Nek Mohamed','1651',NULL,'891121146332',NULL,NULL,NULL,NULL,NULL,NULL,NULL,NULL,NULL,NULL,'nazarina@mpc.gov.my','0',NULL,4,27,3,304,1,1,'2019-03-29 10:11:45','2019-03-29 10:11:45',NULL),(165,165,1,1,'Nik Rosdi Nik Yusoff ','1165',NULL,'591022035333',NULL,NULL,NULL,NULL,NULL,NULL,NULL,NULL,NULL,NULL,'nikrosdi@mpc.gov.my','0',NULL,6,33,6,9,1,1,'2019-03-29 10:11:45','2019-03-29 10:11:45',NULL),(166,166,1,1,'Noor Aishah Hassan','1461',NULL,'781121145260',NULL,NULL,NULL,NULL,NULL,NULL,NULL,NULL,NULL,NULL,'noor_aishah@mpc.gov.my','0',NULL,6,18,4,39,1,1,'2019-03-29 10:11:45','2019-03-29 10:11:45',NULL),(167,167,1,1,'Noor Anariza Hassan ','2968',NULL,'760121075060',NULL,NULL,NULL,NULL,NULL,NULL,NULL,NULL,NULL,NULL,'anariza@mpc.gov.my','0',NULL,5,28,25,36,1,1,'2019-03-29 10:11:45','2019-03-29 10:11:45',NULL),(168,168,1,1,'Noor Asmawati Hussin ','3041',NULL,'820725085480',NULL,NULL,NULL,NULL,NULL,NULL,NULL,NULL,NULL,NULL,'asmawati@mpc.gov.my','0',NULL,6,12,18,9,1,1,'2019-03-29 10:11:45','2019-03-29 10:11:45',NULL),(169,169,1,1,'Noor Aziah Othman','2945',NULL,'790928075448',NULL,NULL,NULL,NULL,NULL,NULL,NULL,NULL,NULL,NULL,'noraziah@mpc.gov.my','0',NULL,2,15,19,242,1,1,'2019-03-29 10:11:45','2019-03-29 10:11:45',NULL),(170,170,1,1,'Noor Azman Hassan','2957',NULL,'770211036515',NULL,NULL,NULL,NULL,NULL,NULL,NULL,NULL,NULL,NULL,'azman@mpc.gov.my','0',NULL,5,26,8,36,1,1,'2019-03-29 10:11:45','2019-03-29 10:11:45',NULL),(171,171,1,1,'Noor Hazilah Abdullah','3069',NULL,'820318035814',NULL,NULL,NULL,NULL,NULL,NULL,NULL,NULL,NULL,NULL,'hazilah@mpc.gov.my','0',NULL,8,14,19,33,1,1,'2019-03-29 10:11:45','2019-03-29 10:11:45',NULL),(172,172,1,1,'Noor Izzati Kamis','1620',NULL,'900629145658',NULL,NULL,NULL,NULL,NULL,NULL,NULL,NULL,NULL,NULL,'noorizzati@mpc.gov.my','0',NULL,1,27,3,79,1,1,'2019-03-29 10:11:45','2019-03-29 10:11:45',NULL),(173,173,1,1,'Noor Mohammad Farhan Nor Azman','3124',NULL,'881216566111',NULL,NULL,NULL,NULL,NULL,NULL,NULL,NULL,NULL,NULL,'mfarhan@mpc.gov.my','0',NULL,5,27,3,36,1,1,'2019-03-29 10:11:45','2019-03-29 10:11:45',NULL),(174,174,1,1,'Noor Rahidah Abdul Razak ','3057',NULL,'830505045048',NULL,NULL,NULL,NULL,NULL,NULL,NULL,NULL,NULL,NULL,'rahidah@mpc.gov.my','0',NULL,5,15,18,36,1,1,'2019-03-29 10:11:45','2019-03-29 10:11:45',NULL),(175,175,1,1,'Noor Salfarina Jamaludin','1532',NULL,'830202045278',NULL,NULL,NULL,NULL,NULL,NULL,NULL,NULL,NULL,NULL,'salfarina@mpc.gov.my','0',NULL,6,27,3,307,1,1,'2019-03-29 10:11:45','2019-03-29 10:11:45',NULL),(176,176,1,1,'Noorsamsinar Sum Abdullah','2075',NULL,'610608105088',NULL,NULL,NULL,NULL,NULL,NULL,NULL,NULL,NULL,NULL,'noorsamsi@mpc.gov.my','0',NULL,2,25,24,242,1,1,'2019-03-29 10:11:45','2019-03-29 10:11:45',NULL),(177,177,1,1,'Nor Adira Adnan','1627',NULL,'870504295260',NULL,NULL,NULL,NULL,NULL,NULL,NULL,NULL,NULL,NULL,'noradira@mpc.gov.my','0',NULL,10,27,3,72,1,1,'2019-03-29 10:11:45','2019-03-29 10:11:45',NULL),(178,178,1,1,'Nor Aishah Hassan','1399',NULL,'740928085894',NULL,NULL,NULL,NULL,NULL,NULL,NULL,NULL,NULL,NULL,'shah@mpc.gov.my','0',NULL,6,19,5,9,1,1,'2019-03-29 10:11:45','2019-03-29 10:11:45',NULL),(179,179,1,1,'Nor Akma Che Wan Naman','1645',NULL,'890101035104',NULL,NULL,NULL,NULL,NULL,NULL,NULL,NULL,NULL,NULL,'norakma@mpc.gov.my','0',NULL,6,27,3,307,1,1,'2019-03-29 10:11:45','2019-03-29 10:11:45',NULL),(180,180,1,1,'Nor Azmi Yahaya','2139',NULL,'600102065139',NULL,NULL,NULL,NULL,NULL,NULL,NULL,NULL,NULL,NULL,'norazmi@mpc.gov.my','0',NULL,5,14,20,36,1,1,'2019-03-29 10:11:45','2019-03-29 10:11:45',NULL),(181,181,1,1,'Nor Eshah Abd. Raman ','2134',NULL,'620113065052',NULL,NULL,NULL,NULL,NULL,NULL,NULL,NULL,NULL,NULL,'noreshah@mpc.gov.my','0',NULL,3,15,18,129,1,1,'2019-03-29 10:11:45','2019-03-29 10:11:45',NULL),(182,182,1,1,'Nor Fadilah Zulkifli Muhamad','3158',NULL,'941219036070',NULL,NULL,NULL,NULL,NULL,NULL,NULL,NULL,NULL,NULL,'NorFadilah@mpc.gov.my','0',NULL,5,14,18,36,1,1,'2019-03-29 10:11:45','2019-03-29 10:11:45',NULL),(183,183,1,1,'Nor Fazila Hashim','1351',NULL,'660129086196',NULL,NULL,NULL,NULL,NULL,NULL,NULL,NULL,NULL,NULL,'ila@mpc.gov.my','0',NULL,4,33,6,304,1,1,'2019-03-29 10:11:45','2019-03-29 10:11:45',NULL),(184,184,1,1,'Nor Hafizah Mohd Arop','1329',NULL,'681203105352',NULL,NULL,NULL,NULL,NULL,NULL,NULL,NULL,NULL,NULL,'hafizah@mpc.gov.my','0',NULL,4,19,5,304,1,1,'2019-03-29 10:11:45','2019-03-29 10:11:45',NULL),(185,185,1,1,'Nor Halisa Mohamad Halil ','1386',NULL,'730228125374',NULL,NULL,NULL,NULL,NULL,NULL,NULL,NULL,NULL,NULL,'halisa@mpc.gov.my','0',NULL,4,18,4,304,1,1,'2019-03-29 10:11:45','2019-03-29 10:11:45',NULL),(186,186,1,1,'Nor Hasimah Ab. Rahman','2074',NULL,'610823105654',NULL,NULL,NULL,NULL,NULL,NULL,NULL,NULL,NULL,NULL,'hasimah@mpc.gov.my','0',NULL,2,14,19,242,1,1,'2019-03-29 10:11:45','2019-03-29 10:11:45',NULL),(187,187,1,1,'Nor Idayuniza Rahmat','1419',NULL,'781012145720',NULL,NULL,NULL,NULL,NULL,NULL,NULL,NULL,NULL,NULL,'ayu@mpc.gov.my','0',NULL,2,18,4,242,1,1,'2019-03-29 10:11:45','2019-03-29 10:11:45',NULL),(188,188,1,1,'Nor Izzati Norhisam','1538',NULL,'850514105100',NULL,NULL,NULL,NULL,NULL,NULL,NULL,NULL,NULL,NULL,'izzati@mpc.gov.my','0',NULL,4,18,4,304,1,1,'2019-03-29 10:11:45','2019-03-29 10:11:45',NULL),(189,189,1,1,'Nor Robaayah Mohd. Noor','1290',NULL,'660915085430',NULL,NULL,NULL,NULL,NULL,NULL,NULL,NULL,NULL,NULL,'nrmn@mpc.gov.my','0',NULL,4,33,6,304,1,1,'2019-03-29 10:11:45','2019-03-29 10:11:45',NULL),(190,190,1,1,'Nor Surayya Abd. Samad','1385',NULL,'751119145758',NULL,NULL,NULL,NULL,NULL,NULL,NULL,NULL,NULL,NULL,'surayya@mpc.gov.my','0',NULL,6,18,4,39,1,1,'2019-03-29 10:11:45','2019-03-29 10:11:45',NULL),(191,191,1,1,'Norzairisham Zakaria','2668',NULL,'681118015811',NULL,NULL,NULL,NULL,NULL,NULL,NULL,NULL,NULL,NULL,'norzairisham@mpc.gov.my','0',NULL,5,10,17,36,1,1,'2019-03-29 10:11:45','2019-03-29 10:11:45',NULL),(192,192,1,1,'Nora\'in Ahmad Kamil','1367',NULL,'690916016290',NULL,NULL,NULL,NULL,NULL,NULL,NULL,NULL,NULL,NULL,'norain@mpc.gov.my','0',NULL,6,18,4,307,1,1,'2019-03-29 10:11:45','2019-03-29 10:11:45',NULL),(193,193,1,1,'Norafidah Ramli                                                                              ','2951',NULL,'770815016494',NULL,NULL,NULL,NULL,NULL,NULL,NULL,NULL,NULL,NULL,'norafidah@mpc.gov.my','0',NULL,2,14,18,242,1,1,'2019-03-29 10:11:45','2019-03-29 10:11:45',NULL),(194,194,1,1,'Noraniza Daud','2987',NULL,'821008065262',NULL,NULL,NULL,NULL,NULL,NULL,NULL,NULL,NULL,NULL,'noraniza@mpc.gov.my','0',NULL,1,15,19,79,1,1,'2019-03-29 10:11:45','2019-03-29 10:11:45',NULL),(195,195,1,1,'Norashikin Abdul Shukor','3051',NULL,'820722086154',NULL,NULL,NULL,NULL,NULL,NULL,NULL,NULL,NULL,NULL,'shikin@mpc.gov.my','0',NULL,10,12,18,72,1,1,'2019-03-29 10:11:45','2019-03-29 10:11:45',NULL),(196,196,1,1,'Norashima Hamzah','1533',NULL,'771210115582',NULL,NULL,NULL,NULL,NULL,NULL,NULL,NULL,NULL,NULL,'norashima@mpc.gov.my','0',NULL,6,27,3,9,1,1,'2019-03-29 10:11:45','2019-03-29 10:11:45',NULL),(197,197,1,1,'Norazlina Tun Ibrahim','1518',NULL,'800222145850',NULL,NULL,NULL,NULL,NULL,NULL,NULL,NULL,NULL,NULL,'norazlina@mpc.gov.my','0',NULL,5,18,4,36,1,1,'2019-03-29 10:11:45','2019-03-29 10:11:45',NULL),(198,198,1,1,'Nordieana Nordin','2955',NULL,'790206105078',NULL,NULL,NULL,NULL,NULL,NULL,NULL,NULL,NULL,NULL,'deana@mpc.gov.my','0',NULL,7,12,18,36,1,1,'2019-03-29 10:11:45','2019-03-29 10:11:45',NULL),(199,199,1,1,'Norfaizah Abdul Rahman','1358',NULL,'720531065416',NULL,NULL,NULL,NULL,NULL,NULL,NULL,NULL,NULL,NULL,'faizah@mpc.gov.my','0',NULL,7,27,3,141,1,1,'2019-03-29 10:11:45','2019-03-29 10:11:45',NULL),(200,200,1,1,'Norhaida Roslan ','3094',NULL,'830513035616',NULL,NULL,NULL,NULL,NULL,NULL,NULL,NULL,NULL,NULL,'norhaida@mpc.gov.my','0',NULL,8,15,18,33,1,1,'2019-03-29 10:11:45','2019-03-29 10:11:45',NULL),(201,201,1,1,'Norhanida Ahmad Puad ','2954',NULL,'800929085038',NULL,NULL,NULL,NULL,NULL,NULL,NULL,NULL,NULL,NULL,'norhanida@mpc.gov.my','0',NULL,5,15,18,36,1,1,'2019-03-29 10:11:45','2019-03-29 10:11:45',NULL),(202,202,1,1,'Norhaniza Hamir','1436',NULL,'790131086326',NULL,NULL,NULL,NULL,NULL,NULL,NULL,NULL,NULL,NULL,'norhaniza@mpc.gov.my','0',NULL,1,18,4,79,1,1,'2019-03-29 10:11:45','2019-03-29 10:11:45',NULL),(203,203,1,1,'Norhasimah Ibrahim ','1422',NULL,'750420105494',NULL,NULL,NULL,NULL,NULL,NULL,NULL,NULL,NULL,NULL,'norhasimah@mpc.gov.my','0',NULL,2,18,4,242,1,1,'2019-03-29 10:11:45','2019-03-29 10:11:45',NULL),(204,204,1,1,'Norhayati Harun ','2823',NULL,'741211025426',NULL,NULL,NULL,NULL,NULL,NULL,NULL,NULL,NULL,NULL,'norhayatiharun@mpc.gov.my','0',NULL,9,23,12,99,1,1,'2019-03-29 10:11:45','2019-03-29 10:11:45',NULL),(205,205,1,1,'Norhisam Ahmad ','2066',NULL,'590121085147',NULL,NULL,NULL,NULL,NULL,NULL,NULL,NULL,NULL,NULL,'norhisam@mpc.gov.my','0',NULL,5,23,12,36,1,1,'2019-03-29 10:11:45','2019-03-29 10:11:45',NULL),(206,206,1,1,'Norhuda Abdullah','3000',NULL,'810924075016',NULL,NULL,NULL,NULL,NULL,NULL,NULL,NULL,NULL,NULL,'norhuda@mpc.gov.my','0',NULL,9,14,19,99,1,1,'2019-03-29 10:11:45','2019-03-29 10:11:45',NULL),(207,207,1,1,'Norijah Juen ','3009',NULL,'760715135972',NULL,NULL,NULL,NULL,NULL,NULL,NULL,NULL,NULL,NULL,'norijah@mpc.gov.my','0',NULL,11,6,18,295,1,1,'2019-03-29 10:11:45','2019-03-29 10:11:45',NULL),(208,208,1,1,'Norkamila Shahrudin ','3018',NULL,'810301106066',NULL,NULL,NULL,NULL,NULL,NULL,NULL,NULL,NULL,NULL,'norkamila@mpc.gov.my','0',NULL,12,6,18,255,1,1,'2019-03-29 10:11:45','2019-03-29 10:11:45',NULL),(209,209,1,1,'Norliana Mahmud        ','1466',NULL,'770521075034',NULL,NULL,NULL,NULL,NULL,NULL,NULL,NULL,NULL,NULL,'norliana@mpc.gov.my','0',NULL,2,27,3,242,1,1,'2019-03-29 10:11:45','2019-03-29 10:11:45',NULL),(210,210,1,1,'Norliza Ahmad  ','1460',NULL,'761213035482',NULL,NULL,NULL,NULL,NULL,NULL,NULL,NULL,NULL,NULL,'norlizaahmad@mpc.gov.my','0',NULL,6,18,4,39,1,1,'2019-03-29 10:11:45','2019-03-29 10:11:45',NULL),(211,211,1,1,'Norliza Rosli ','3075',NULL,'850306055196',NULL,NULL,NULL,NULL,NULL,NULL,NULL,NULL,NULL,NULL,'norlizarosli@mpc.gov.my','0',NULL,5,15,18,36,1,1,'2019-03-29 10:11:45','2019-03-29 10:11:45',NULL),(212,212,1,1,'Norul Hasila Abdullah','1548',NULL,'830714065344',NULL,NULL,NULL,NULL,NULL,NULL,NULL,NULL,NULL,NULL,'norulhasila@mpc.gov.my','0',NULL,1,27,3,79,1,1,'2019-03-29 10:11:45','2019-03-29 10:11:45',NULL),(213,213,1,1,'Norwahidah Abdullah ','3006',NULL,'800603035364',NULL,NULL,NULL,NULL,NULL,NULL,NULL,NULL,NULL,NULL,'norwahidah@mpc.gov.my','0',NULL,12,12,18,255,1,1,'2019-03-29 10:11:45','2019-03-29 10:11:45',NULL),(214,214,1,1,'Norwahizan bt Mohamed','3008',NULL,'781117035608',NULL,NULL,NULL,NULL,NULL,NULL,NULL,NULL,NULL,NULL,'norwahizan@mpc.gov.my','0',NULL,5,8,9,36,1,1,'2019-03-29 10:11:45','2019-03-29 10:11:45',NULL),(215,215,1,1,'Norziah Kabil','3022',NULL,'741111135206',NULL,NULL,NULL,NULL,NULL,NULL,NULL,NULL,NULL,NULL,'norziah@mpc.gov.my','0',NULL,11,14,18,295,1,1,'2019-03-29 10:11:45','2019-03-29 10:11:45',NULL),(216,216,1,1,'Norzirin Ariffin','1291',NULL,'640927075362',NULL,NULL,NULL,NULL,NULL,NULL,NULL,NULL,NULL,NULL,'zirin@mpc.gov.my','0',NULL,7,17,7,129,1,1,'2019-03-29 10:11:45','2019-03-29 10:11:45',NULL),(217,217,1,1,'Nur Jihan Ramli ','3024',NULL,'820215065332',NULL,NULL,NULL,NULL,NULL,NULL,NULL,NULL,NULL,NULL,'nurjihan@mpc.gov.my','0',NULL,8,6,18,33,1,1,'2019-03-29 10:11:45','2019-03-29 10:11:45',NULL),(218,218,1,1,'Nur \'Amirah Shaaban','3146',NULL,'911229075316',NULL,NULL,NULL,NULL,NULL,NULL,NULL,NULL,NULL,NULL,'nuramirah@mpc.gov.my','0',NULL,3,14,18,129,1,1,'2019-03-29 10:11:45','2019-03-29 10:11:45',NULL),(219,219,1,1,'Nur Faizah Tasman','1554',NULL,'820719015320',NULL,NULL,NULL,NULL,NULL,NULL,NULL,NULL,NULL,NULL,'nurfaizah@mpc.gov.my','0',NULL,3,27,3,129,1,1,'2019-03-29 10:11:45','2019-03-29 10:11:45',NULL),(220,220,1,1,'Nur Fatimah Mohd Zaki','1588',NULL,'890703085766',NULL,NULL,NULL,NULL,NULL,NULL,NULL,NULL,NULL,NULL,'nurfatimah@mpc.gov.my','0',NULL,4,27,3,304,1,1,'2019-03-29 10:11:45','2019-03-29 10:11:45',NULL),(221,221,1,1,'Nur Hafizah Halimuddin','3038',NULL,'830829145870',NULL,NULL,NULL,NULL,NULL,NULL,NULL,NULL,NULL,NULL,'nurhafizah@mpc.gov.my','0',NULL,12,12,18,255,1,1,'2019-03-29 10:11:45','2019-03-29 10:11:45',NULL),(222,222,1,1,'Nur Hanim Abd Ghani','1463',NULL,'760301145732',NULL,NULL,NULL,NULL,NULL,NULL,NULL,NULL,NULL,NULL,'hanim@mpc.gov.my','0',NULL,5,19,5,36,1,1,'2019-03-29 10:11:45','2019-03-29 10:11:45',NULL),(223,223,1,1,'Nur Rafidah Zulkifl','1615',NULL,'880707086492',NULL,NULL,NULL,NULL,NULL,NULL,NULL,NULL,NULL,NULL,'nurrafidah@mpc.gov.my','0',NULL,7,27,3,216,1,1,'2019-03-29 10:11:45','2019-03-29 10:11:45',NULL),(224,224,1,1,'Nur Sulia Saari ','1502',NULL,'830512145776',NULL,NULL,NULL,NULL,NULL,NULL,NULL,NULL,NULL,NULL,'sulia@mpc.gov.my','0',NULL,3,18,4,129,1,1,'2019-03-29 10:11:45','2019-03-29 10:11:45',NULL),(225,225,1,1,'Nur Syafina Anuar','1522',NULL,'830628105688',NULL,NULL,NULL,NULL,NULL,NULL,NULL,NULL,NULL,NULL,'syafina@mpc.gov.my','0',NULL,4,27,3,304,1,1,'2019-03-29 10:11:45','2019-03-29 10:11:45',NULL),(226,226,1,1,'Nur Syahrina Muhamad Nor','1557',NULL,'830726146360',NULL,NULL,NULL,NULL,NULL,NULL,NULL,NULL,NULL,NULL,'syahrina@mpc.gov.my','0',NULL,7,27,3,216,1,1,'2019-03-29 10:11:45','2019-03-29 10:11:45',NULL),(227,227,1,1,'Nuraizah Harun @ Harron            ','1578',NULL,'831217015586',NULL,NULL,NULL,NULL,NULL,NULL,NULL,NULL,NULL,NULL,'Nuraizah@mpc.gov.my','0',NULL,6,27,3,307,1,1,'2019-03-29 10:11:45','2019-03-29 10:11:45',NULL),(228,228,1,1,'Nurfayunie Pakhrururzi','1647',NULL,'880219145668',NULL,NULL,NULL,NULL,NULL,NULL,NULL,NULL,NULL,NULL,'nurfayunie@mpc.gov.my','0',NULL,3,27,3,129,1,1,'2019-03-29 10:11:45','2019-03-29 10:11:45',NULL),(229,229,1,1,'Nurfazila Haji Zulaihi ','1605',NULL,'900802136836',NULL,NULL,NULL,NULL,NULL,NULL,NULL,NULL,NULL,NULL,'nurfazila@mpc.gov.my','0',NULL,11,27,3,295,1,1,'2019-03-29 10:11:45','2019-03-29 10:11:45',NULL),(230,230,1,1,'Nursyahida Muhamad Aszahari','3121',NULL,'890921146168',NULL,NULL,NULL,NULL,NULL,NULL,NULL,NULL,NULL,NULL,'nursyahida@mpc.gov.my','0',NULL,9,27,3,99,1,1,'2019-03-29 10:11:45','2019-03-29 10:11:45',NULL),(231,231,1,1,'Nurul Ain Alia  Abdullah Zawawi','1583',NULL,'860805435694',NULL,NULL,NULL,NULL,NULL,NULL,NULL,NULL,NULL,NULL,'alia@mpc.gov.my','0',NULL,6,27,3,307,1,1,'2019-03-29 10:11:45','2019-03-29 10:11:45',NULL),(232,232,1,1,'Nurul Farahaton Najihan Jusoh','1634',NULL,'900430115822',NULL,NULL,NULL,NULL,NULL,NULL,NULL,NULL,NULL,NULL,'farahaton@mpc.gov.my','0',NULL,6,27,3,39,1,1,'2019-03-29 10:11:45','2019-03-29 10:11:45',NULL),(233,233,1,1,'Nurul Fatihah Mohd Azlan','1576',NULL,'860509295922',NULL,NULL,NULL,NULL,NULL,NULL,NULL,NULL,NULL,NULL,'nurulfatihah@mpc.gov.my','0',NULL,6,27,3,39,1,1,'2019-03-29 10:11:45','2019-03-29 10:11:45',NULL),(234,234,1,1,'Nurul Nadia Zainal Adnan','3133',NULL,'870825565508',NULL,NULL,NULL,NULL,NULL,NULL,NULL,NULL,NULL,NULL,'nurulnadia@mpc.gov.my','0',NULL,1,12,18,79,1,1,'2019-03-29 10:11:45','2019-03-29 10:11:45',NULL),(235,235,1,1,'Nurul Sazrina Mohd Shukor','1520',NULL,'830322105028',NULL,NULL,NULL,NULL,NULL,NULL,NULL,NULL,NULL,NULL,'sazrina@mpc.gov.my','0',NULL,5,29,26,36,1,1,'2019-03-29 10:11:45','2019-03-29 10:11:45',NULL),(236,236,1,1,'Nurul Syamimi Ismail','1574',NULL,'850926035516',NULL,NULL,NULL,NULL,NULL,NULL,NULL,NULL,NULL,NULL,'syamimi@mpc.gov.my','0',NULL,6,27,3,307,1,1,'2019-03-29 10:11:45','2019-03-29 10:11:45',NULL),(237,237,1,1,'Nurzarina Jaafar','2992',NULL,'800509075538',NULL,NULL,NULL,NULL,NULL,NULL,NULL,NULL,NULL,NULL,'nurzarina@mpc.gov.my','0',NULL,9,30,22,99,1,1,'2019-03-29 10:11:45','2019-03-29 10:11:45',NULL),(238,238,1,1,'Omi Kalsom Osman','2060',NULL,'590905085292',NULL,NULL,NULL,NULL,NULL,NULL,NULL,NULL,NULL,NULL,'omi@mpc.gov.my','0',NULL,5,14,20,36,1,1,'2019-03-29 10:11:45','2019-03-29 10:11:45',NULL),(239,239,1,1,'Osman Zaidan','2996',NULL,'680925135225',NULL,NULL,NULL,NULL,NULL,NULL,NULL,NULL,NULL,NULL,'osmanzaidan@mpc.gov.my','0',NULL,11,7,9,295,1,1,'2019-03-29 10:11:45','2019-03-29 10:11:45',NULL),(240,240,1,1,'Rabiatul Hana Ishak','1610',NULL,'901211146770',NULL,NULL,NULL,NULL,NULL,NULL,NULL,NULL,NULL,NULL,'rabiatulhana@mpc.gov.my','0',NULL,6,27,3,39,1,1,'2019-03-29 10:11:45','2019-03-29 10:11:45',NULL),(241,241,1,1,'Rahayu Abd. Rahman','3085',NULL,'821114115518',NULL,NULL,NULL,NULL,NULL,NULL,NULL,NULL,NULL,NULL,'RahayuR@mpc.gov.my','0',NULL,8,14,18,33,1,1,'2019-03-29 10:11:45','2019-03-29 10:11:45',NULL),(242,242,1,1,'Dr. Rahmat Md. Smail','1186',NULL,'600302045271',NULL,NULL,NULL,NULL,NULL,NULL,NULL,NULL,NULL,NULL,'rahmat@mpc.gov.my','0',NULL,2,17,7,66,1,1,'2019-03-29 10:11:45','2019-03-29 10:11:45',NULL),(243,243,1,1,'Rainah Osman ','3020',NULL,'731111125252',NULL,NULL,NULL,NULL,NULL,NULL,NULL,NULL,NULL,NULL,'rainah@mpc.gov.my','0',NULL,10,6,18,72,1,1,'2019-03-29 10:11:45','2019-03-29 10:11:45',NULL),(244,244,1,1,'Raja Ainul Bismi Raja Abd. Hadi','1509',NULL,'831026086234',NULL,NULL,NULL,NULL,NULL,NULL,NULL,NULL,NULL,NULL,'rajaainul@mpc.gov.my','0',NULL,1,18,4,79,1,1,'2019-03-29 10:11:45','2019-03-29 10:11:45',NULL),(245,245,1,1,'Ramale Yusoff','2146',NULL,'640510035445',NULL,NULL,NULL,NULL,NULL,NULL,NULL,NULL,NULL,NULL,'ramale@mpc.gov.my','0',NULL,5,10,16,36,1,1,'2019-03-29 10:11:45','2019-03-29 10:11:45',NULL),(246,246,1,1,'Ramlan Sainan','2067',NULL,'610228105027',NULL,NULL,NULL,NULL,NULL,NULL,NULL,NULL,NULL,NULL,'ramlan@mpc.gov.my','0',NULL,2,10,17,242,1,1,'2019-03-29 10:11:45','2019-03-29 10:11:45',NULL),(247,247,1,1,'Roseleena Hashim','1306',NULL,'650318035284',NULL,NULL,NULL,NULL,NULL,NULL,NULL,NULL,NULL,NULL,'leena@mpc.gov.my','0',NULL,3,33,6,129,1,1,'2019-03-29 10:11:45','2019-03-29 10:11:45',NULL),(248,248,1,1,'Roslah Md Yusof','2105',NULL,'610210105328',NULL,NULL,NULL,NULL,NULL,NULL,NULL,NULL,NULL,NULL,'roslah@mpc.gov.my','0',NULL,6,31,23,78,1,1,'2019-03-29 10:11:45','2019-03-29 10:11:45',NULL),(249,249,1,1,'Rosli Mat Dom','2098',NULL,'610314055177',NULL,NULL,NULL,NULL,NULL,NULL,NULL,NULL,NULL,NULL,'rosli@mpc.gov.my','0',NULL,1,14,20,79,1,1,'2019-03-29 10:11:45','2019-03-29 10:11:45',NULL),(250,250,1,1,'Roslinda Abdul Hamid','1493',NULL,'770706065860',NULL,NULL,NULL,NULL,NULL,NULL,NULL,NULL,NULL,NULL,'lynda@mpc.gov.my','0',NULL,7,27,3,141,1,1,'2019-03-29 10:11:45','2019-03-29 10:11:45',NULL),(251,251,1,1,'Roslinda Ahmad','2977',NULL,'780922105002',NULL,NULL,NULL,NULL,NULL,NULL,NULL,NULL,NULL,NULL,'roslinda@mpc.gov.my','0',NULL,7,30,22,264,1,1,'2019-03-29 10:11:45','2019-03-29 10:11:45',NULL),(252,252,1,1,'Rosmi  Abdullah','1274',NULL,'630525035473',NULL,NULL,NULL,NULL,NULL,NULL,NULL,NULL,NULL,NULL,'rosmi@mpc.gov.my','0',NULL,7,33,7,66,1,1,'2019-03-29 10:11:45','2019-03-29 10:11:45',NULL),(253,253,1,1,'Rosmiza Rosly','1374',NULL,'721031065086',NULL,NULL,NULL,NULL,NULL,NULL,NULL,NULL,NULL,NULL,'iza@mpc.gov.my','0',NULL,6,19,5,9,1,1,'2019-03-29 10:11:45','2019-03-29 10:11:45',NULL),(254,254,1,1,'Rosniwati Abdullah','2783',NULL,'760405075492',NULL,NULL,NULL,NULL,NULL,NULL,NULL,NULL,NULL,NULL,'rosniwati@mpc.gov.my','0',NULL,1,6,18,79,1,1,'2019-03-29 10:11:45','2019-03-29 10:11:45',NULL),(255,255,1,1,'Roziana Othman','1289',NULL,'660928015060',NULL,NULL,NULL,NULL,NULL,NULL,NULL,NULL,NULL,NULL,'ogie@mpc.gov.my','0',NULL,12,33,6,255,1,1,'2019-03-29 10:11:45','2019-03-29 10:11:45',NULL),(256,256,1,1,'Rozitah Ma\'al         ','1400',NULL,'730323145672',NULL,NULL,NULL,NULL,NULL,NULL,NULL,NULL,NULL,NULL,'rozitah@mpc.gov.my','0',NULL,7,18,4,141,1,1,'2019-03-29 10:11:45','2019-03-29 10:11:45',NULL),(257,257,1,1,'Rusdi Muda','1312',NULL,'650803035157',NULL,NULL,NULL,NULL,NULL,NULL,NULL,NULL,NULL,NULL,'rusdi@mpc.gov.my','0',NULL,2,19,5,242,1,1,'2019-03-29 10:11:45','2019-03-29 10:11:45',NULL),(258,258,1,1,'Sabri Hasan  ','1458',NULL,'750708035595',NULL,NULL,NULL,NULL,NULL,NULL,NULL,NULL,NULL,NULL,'sabri@mpc.gov.my','0',NULL,2,18,4,242,1,1,'2019-03-29 10:11:45','2019-03-29 10:11:45',NULL),(259,259,1,1,'Safarwan Mohd. Suhaimi','1596',NULL,'890306146107',NULL,NULL,NULL,NULL,NULL,NULL,NULL,NULL,NULL,NULL,'safarwan@mpc.gov.my','0',NULL,11,27,3,295,1,1,'2019-03-29 10:11:45','2019-03-29 10:11:45',NULL),(260,260,1,1,'Safiah Mitri ','3080',NULL,'830413125884',NULL,NULL,NULL,NULL,NULL,NULL,NULL,NULL,NULL,NULL,'safiah@mpc.gov.my','0',NULL,3,15,18,129,1,1,'2019-03-29 10:11:45','2019-03-29 10:11:45',NULL),(261,261,1,1,'Safniwati Jasri','1392',NULL,'760217715026',NULL,NULL,NULL,NULL,NULL,NULL,NULL,NULL,NULL,NULL,'safniwati@mpc.gov.my','0',NULL,7,18,4,216,1,1,'2019-03-29 10:11:45','2019-03-29 10:11:45',NULL),(262,262,1,1,'Safura Abdul Malek','1579',NULL,'860904525900',NULL,NULL,NULL,NULL,NULL,NULL,NULL,NULL,NULL,NULL,'safura@mpc.gov.my','0',NULL,4,18,4,304,1,1,'2019-03-29 10:11:45','2019-03-29 10:11:45',NULL),(263,263,1,1,'Saliza Saari','1415',NULL,'770801066220',NULL,NULL,NULL,NULL,NULL,NULL,NULL,NULL,NULL,NULL,'saliza@mpc.gov.my','0',NULL,2,33,6,242,1,1,'2019-03-29 10:11:45','2019-03-29 10:11:45',NULL),(264,264,1,1,'Sarimah Misman ','1311',NULL,'640414107066',NULL,NULL,NULL,NULL,NULL,NULL,NULL,NULL,NULL,NULL,'sarimah@mpc.gov.my','0',NULL,4,17,7,129,1,1,'2019-03-29 10:11:45','2019-03-29 10:11:45',NULL),(265,265,1,1,'Sawiah Abdul Samad','1339',NULL,'680101045120',NULL,NULL,NULL,NULL,NULL,NULL,NULL,NULL,NULL,NULL,'sawiah@mpc.gov.my','0',NULL,6,33,6,9,1,1,'2019-03-29 10:11:45','2019-03-29 10:11:45',NULL),(266,266,1,1,'Semawi Zakaria','1370',NULL,'630328085527',NULL,NULL,NULL,NULL,NULL,NULL,NULL,NULL,NULL,NULL,'semawi@mpc.gov.my','0',NULL,2,18,4,242,1,1,'2019-03-29 10:11:45','2019-03-29 10:11:45',NULL),(267,267,1,1,'Shafirul Izwar Saad','2999',NULL,'810418025235',NULL,NULL,NULL,NULL,NULL,NULL,NULL,NULL,NULL,NULL,'shafirul@mpc.gov.my','0',NULL,9,14,18,99,1,1,'2019-03-29 10:11:45','2019-03-29 10:11:45',NULL),(268,268,1,1,'Shahidah Samsudin ','1558',NULL,'820526145858',NULL,NULL,NULL,NULL,NULL,NULL,NULL,NULL,NULL,NULL,'shahidah@mpc.gov.my','0',NULL,4,27,3,304,1,1,'2019-03-29 10:11:45','2019-03-29 10:11:45',NULL),(269,269,1,1,'Shahriza Bahari  ','1428',NULL,'751226145016',NULL,NULL,NULL,NULL,NULL,NULL,NULL,NULL,NULL,NULL,'shahriza@mpc.gov.my','0',NULL,6,18,4,39,1,1,'2019-03-29 10:11:45','2019-03-29 10:11:45',NULL),(270,270,1,1,'Dr. Shaik Roslinah Bux ','1320',NULL,'630619106404',NULL,NULL,NULL,NULL,NULL,NULL,NULL,NULL,NULL,NULL,'roslinahbux@mpc.gov.my','0',NULL,4,33,6,304,1,1,'2019-03-29 10:11:45','2019-03-29 10:11:45',NULL),(271,271,1,1,'Shanthini Tamadoram','1592',NULL,'800528145896',NULL,NULL,NULL,NULL,NULL,NULL,NULL,NULL,NULL,NULL,'shanthini@mpc.gov.my','0',NULL,6,27,3,307,1,1,'2019-03-29 10:11:45','2019-03-29 10:11:45',NULL),(272,272,1,1,'Sharipah Mazina Syed Mohammed','1322',NULL,'660228035028',NULL,NULL,NULL,NULL,NULL,NULL,NULL,NULL,NULL,NULL,'sharipah@mpc.gov.my','0',NULL,1,19,5,79,1,1,'2019-03-29 10:11:45','2019-03-29 10:11:45',NULL),(273,273,1,1,'Sharizal Samsudin','2978',NULL,'800809085025',NULL,NULL,NULL,NULL,NULL,NULL,NULL,NULL,NULL,NULL,'sharizal@mpc.gov.my','0',NULL,5,10,16,36,1,1,'2019-03-29 10:11:45','2019-03-29 10:11:45',NULL),(274,274,1,1,'Shezlina Zakaria','1377',NULL,'720408025822',NULL,NULL,NULL,NULL,NULL,NULL,NULL,NULL,NULL,NULL,'shez@mpc.gov.my','0',NULL,1,33,6,79,1,1,'2019-03-29 10:11:45','2019-03-29 10:11:45',NULL),(275,275,1,1,'Siti Aslindah Ahmad  ','3054',NULL,'830813125234',NULL,NULL,NULL,NULL,NULL,NULL,NULL,NULL,NULL,NULL,'sitiaslindah@mpc.gov.my','0',NULL,1,15,18,79,1,1,'2019-03-29 10:11:45','2019-03-29 10:11:45',NULL),(276,276,1,1,'Siti Rahayu Md. Desa','3052',NULL,'750514075062',NULL,NULL,NULL,NULL,NULL,NULL,NULL,NULL,NULL,NULL,'rahayu@mpc.gov.my','0',NULL,5,14,19,36,1,1,'2019-03-29 10:11:45','2019-03-29 10:11:45',NULL),(277,277,1,1,'Siti Rawaida Shariff','3076',NULL,'840604075284',NULL,NULL,NULL,NULL,NULL,NULL,NULL,NULL,NULL,NULL,'rawaida@mpc.gov.my','0',NULL,5,21,27,36,1,1,'2019-03-29 10:11:45','2019-03-29 10:11:45',NULL),(278,278,1,1,'Siti Sakinah Mohd Zaki','1654',NULL,'890129035608',NULL,NULL,NULL,NULL,NULL,NULL,NULL,NULL,NULL,NULL,'sakinah@mpc.gov.my','0',NULL,12,27,3,255,1,1,'2019-03-29 10:11:45','2019-03-29 10:11:45',NULL),(279,279,1,1,'Siti Salia Azizan','1562',NULL,'770502025592',NULL,NULL,NULL,NULL,NULL,NULL,NULL,NULL,NULL,NULL,'salia@mpc.gov.my','0',NULL,5,2,28,36,1,1,'2019-03-29 10:11:45','2019-03-29 10:11:45',NULL),(280,280,1,1,'Siti Salmiah Yahaya','2135',NULL,'641101065170',NULL,NULL,NULL,NULL,NULL,NULL,NULL,NULL,NULL,NULL,'siti@mpc.gov.my','0',NULL,5,14,19,36,1,1,'2019-03-29 10:11:45','2019-03-29 10:11:45',NULL),(281,281,1,1,'Siti Syafiqah Ahmad','1586',NULL,'891122146000',NULL,NULL,NULL,NULL,NULL,NULL,NULL,NULL,NULL,NULL,'syafiqah@mpc.gov.my','0',NULL,3,27,3,129,1,1,'2019-03-29 10:11:45','2019-03-29 10:11:45',NULL),(282,282,1,1,'Siti Zaharah Mohamed','3039',NULL,'860913235390',NULL,NULL,NULL,NULL,NULL,NULL,NULL,NULL,NULL,NULL,'zaharah@mpc.gov.my','0',NULL,5,6,18,36,1,1,'2019-03-29 10:11:45','2019-03-29 10:11:45',NULL),(283,283,1,1,'Siti Zurianah Othman','1528',NULL,'780808045202',NULL,NULL,NULL,NULL,NULL,NULL,NULL,NULL,NULL,NULL,'zurianah@mpc.gov.my','0',NULL,6,27,3,39,1,1,'2019-03-29 10:11:45','2019-03-29 10:11:45',NULL),(284,284,1,1,'Sugumar a/l Saminathan','1353',NULL,'650711025373',NULL,NULL,NULL,NULL,NULL,NULL,NULL,NULL,NULL,NULL,'sugumar@mpc.gov.my','0',NULL,6,33,6,9,1,1,'2019-03-29 10:11:45','2019-03-29 10:11:45',NULL),(285,285,1,1,'Suhaimi Hamad','1209',NULL,'610920035475',NULL,NULL,NULL,NULL,NULL,NULL,NULL,NULL,NULL,NULL,'suhaimi@mpc.gov.my','0',NULL,4,17,7,129,1,1,'2019-03-29 10:11:45','2019-03-29 10:11:45',NULL),(286,286,1,1,'Suhaimi Robini','2988',NULL,'821006015819',NULL,NULL,NULL,NULL,NULL,NULL,NULL,NULL,NULL,NULL,'suhaimi_robini@mpc.gov.my','0',NULL,5,14,18,36,1,1,'2019-03-29 10:11:45','2019-03-29 10:11:45',NULL),(287,287,1,1,'Dr. Suriati Zainal Abidin','1378',NULL,'720615045084',NULL,NULL,NULL,NULL,NULL,NULL,NULL,NULL,NULL,NULL,'Ati@mpc.gov.my','0',NULL,9,19,5,99,1,1,'2019-03-29 10:11:45','2019-03-29 10:11:45',NULL),(288,288,1,1,'Suzana Ismail','2941',NULL,'730505035706',NULL,NULL,NULL,NULL,NULL,NULL,NULL,NULL,NULL,NULL,'suzana@mpc.gov.my','0',NULL,2,18,4,242,1,1,'2019-03-29 10:11:45','2019-03-29 10:11:45',NULL),(289,289,1,1,'Syairah Zaimah Shafiee','3143',NULL,'860504387326',NULL,NULL,NULL,NULL,NULL,NULL,NULL,NULL,NULL,NULL,'syairah@mpc.gov.my','0',NULL,9,14,18,99,1,1,'2019-03-29 10:11:45','2019-03-29 10:11:45',NULL),(290,290,1,1,'Syed Mohammad Fitri Syed Abdul Rahim ','2979',NULL,'780905065205',NULL,NULL,NULL,NULL,NULL,NULL,NULL,NULL,NULL,NULL,'smfitri@mpc.gov.my','0',NULL,5,24,2,36,1,1,'2019-03-29 10:11:45','2019-03-29 10:11:45',NULL),(291,291,1,1,'Syed Mohd. Al-Khafiez Syed Mohd. Azam Shah','2966',NULL,'800531145133',NULL,NULL,NULL,NULL,NULL,NULL,NULL,NULL,NULL,NULL,'syed@mpc.gov.my','0',NULL,5,27,3,36,1,1,'2019-03-29 10:11:45','2019-03-29 10:11:45',NULL),(292,292,1,1,'Thea Juminita Cheong Kiam','2119',NULL,'611123125392',NULL,NULL,NULL,NULL,NULL,NULL,NULL,NULL,NULL,NULL,'thea@mpc.gov.my','0',NULL,10,14,19,72,1,1,'2019-03-29 10:11:45','2019-03-29 10:11:45',NULL),(293,293,1,1,'Umi Kalsom Osman','2082',NULL,'610102045102',NULL,NULL,NULL,NULL,NULL,NULL,NULL,NULL,NULL,NULL,'umi@mpc.gov.my','0',NULL,7,31,23,66,1,1,'2019-03-29 10:11:45','2019-03-29 10:11:45',NULL),(294,294,1,1,'Vimala a/p R.Muniandy ','1567',NULL,'830708146260',NULL,NULL,NULL,NULL,NULL,NULL,NULL,NULL,NULL,NULL,'vimala@mpc.gov.my','0',NULL,1,27,3,79,1,1,'2019-03-29 10:11:45','2019-03-29 10:11:45',NULL),(295,295,1,1,'Waila Mohd. Nasir','1381',NULL,'730621106022',NULL,NULL,NULL,NULL,NULL,NULL,NULL,NULL,NULL,NULL,'waila@mpc.gov.my','0',NULL,11,19,5,66,1,1,'2019-03-29 10:11:45','2019-03-29 10:11:45',NULL),(296,296,1,1,'Wan Farid Wan Hamad @ Wan Ahmad','1587',NULL,'791024105661',NULL,NULL,NULL,NULL,NULL,NULL,NULL,NULL,NULL,NULL,'wanfarid@mpc.gov.my','0',NULL,4,27,3,304,1,1,'2019-03-29 10:11:45','2019-03-29 10:11:45',NULL),(297,297,1,1,'Wan Fazlin Nadia Wan Osman','1417',NULL,'791126015974',NULL,NULL,NULL,NULL,NULL,NULL,NULL,NULL,NULL,NULL,'nadia@mpc.gov.my','0',NULL,1,33,6,79,1,1,'2019-03-29 10:11:45','2019-03-29 10:11:45',NULL),(298,298,1,1,'Wan Khairunnisa Azmi','1569',NULL,'860225295576',NULL,NULL,NULL,NULL,NULL,NULL,NULL,NULL,NULL,NULL,'khairunnisa@mpc.gov.my','0',NULL,5,27,3,36,1,1,'2019-03-29 10:11:45','2019-03-29 10:11:45',NULL),(299,299,1,1,'Wan Norhani Wan Khalid','1536',NULL,'640706115164',NULL,NULL,NULL,NULL,NULL,NULL,NULL,NULL,NULL,NULL,'wannorhani@mpc.gov.my','0',NULL,5,4,30,36,1,1,'2019-03-29 10:11:45','2019-03-29 10:11:45',NULL),(300,300,1,1,'Wan Rozita Hussain','2959',NULL,'770518065820',NULL,NULL,NULL,NULL,NULL,NULL,NULL,NULL,NULL,NULL,'waMPC NROzita@mpc.gov.my','0',NULL,3,30,23,129,1,1,'2019-03-29 10:11:45','2019-03-29 10:11:45',NULL),(301,301,1,1,'Wan Yusnaini Wan Yaacob   ','1403',NULL,'710502035534',NULL,NULL,NULL,NULL,NULL,NULL,NULL,NULL,NULL,NULL,'yusnaini@mpc.gov.my','0',NULL,7,18,4,216,1,1,'2019-03-29 10:11:45','2019-03-29 10:11:45',NULL),(302,302,1,1,'Wan Zainulhaq Thaniah Che Haron','3091',NULL,'710129035076',NULL,NULL,NULL,NULL,NULL,NULL,NULL,NULL,NULL,NULL,'WanZainulhaq@mpc.gov.my','0',NULL,5,6,18,36,1,1,'2019-03-29 10:11:45','2019-03-29 10:11:45',NULL),(303,303,1,1,'Zaffrulla Hussein','1379',NULL,'691003035395',NULL,NULL,NULL,NULL,NULL,NULL,NULL,NULL,NULL,NULL,'zaff@mpc.gov.my','0',NULL,6,19,5,9,1,1,'2019-03-29 10:11:45','2019-03-29 10:11:45',NULL),(304,304,1,1,'Zahid Ismail','1315',NULL,'660320075225',NULL,NULL,NULL,NULL,NULL,NULL,NULL,NULL,NULL,NULL,'zahid@mpc.gov.my','0',NULL,4,17,7,129,1,1,'2019-03-29 10:11:45','2019-03-29 10:11:45',NULL),(305,305,1,1,'Zaidah Hassan','3017',NULL,'810614065568',NULL,NULL,NULL,NULL,NULL,NULL,NULL,NULL,NULL,NULL,'zaidah@mpc.gov.my','0',NULL,6,30,22,9,1,1,'2019-03-29 10:11:45','2019-03-29 10:11:45',NULL),(306,306,1,1,'Zaini Haron','2993',NULL,'830119105073',NULL,NULL,NULL,NULL,NULL,NULL,NULL,NULL,NULL,NULL,'zainiharon@mpc.gov.my','0',NULL,8,10,16,33,1,1,'2019-03-29 10:11:45','2019-03-29 10:11:45',NULL),(307,307,1,1,'Zainon Bakar','1280',NULL,'630524106620',NULL,NULL,NULL,NULL,NULL,NULL,NULL,NULL,NULL,NULL,'zainon@mpc.gov.my','0',NULL,6,17,7,129,1,1,'2019-03-29 10:11:45','2019-03-29 10:11:45',NULL),(308,308,1,1,'Zainudin Elias ','1296',NULL,'650322015235',NULL,NULL,NULL,NULL,NULL,NULL,NULL,NULL,NULL,NULL,'zainudine@mpc.gov.my','0',NULL,2,33,6,242,1,1,'2019-03-29 10:11:45','2019-03-29 10:11:45',NULL),(309,309,1,1,'Zaiton Nordin','2136',NULL,'621101065316',NULL,NULL,NULL,NULL,NULL,NULL,NULL,NULL,NULL,NULL,'zainordin@mpc.gov.my','0',NULL,3,14,19,129,1,1,'2019-03-29 10:11:45','2019-03-29 10:11:45',NULL),(310,310,1,1,'Zaki Jaafar','1341',NULL,'670719035611',NULL,NULL,NULL,NULL,NULL,NULL,NULL,NULL,NULL,NULL,'zeck@mpc.gov.my','0',NULL,12,19,5,255,1,1,'2019-03-29 10:11:45','2019-03-29 10:11:45',NULL),(311,311,1,1,'Zawiyah Abd Manaf','3111',NULL,'871012235530',NULL,NULL,NULL,NULL,NULL,NULL,NULL,NULL,NULL,NULL,'zawiyahmanaf@mpc.gov.my','0',NULL,5,14,18,36,1,1,'2019-03-29 10:11:45','2019-03-29 10:11:45',NULL),(312,312,1,1,'Zubir Zainuddin','2283',NULL,'720327055077',NULL,NULL,NULL,NULL,NULL,NULL,NULL,NULL,NULL,NULL,'zack@mpc.gov.my','0',NULL,5,10,16,36,1,1,'2019-03-29 10:11:45','2019-03-29 10:11:45',NULL),(313,313,1,1,'Zul Ezwan Muhamad','1511',NULL,'810122015257',NULL,NULL,NULL,NULL,NULL,NULL,NULL,NULL,NULL,NULL,'zulezwan@mpc.gov.my','0',NULL,12,27,3,255,1,1,'2019-03-29 10:11:45','2019-03-29 10:11:45',NULL),(314,314,1,1,'Zulaifah Omar','1307',NULL,'631016015006',NULL,NULL,NULL,NULL,NULL,NULL,NULL,NULL,NULL,NULL,'xue@mpc.gov.my','0',NULL,4,33,6,304,1,1,'2019-03-29 10:11:45','2019-03-29 10:11:45',NULL),(315,315,1,1,'Zunaidah Awang Nawi','2972',NULL,'820911035882',NULL,NULL,NULL,NULL,NULL,NULL,NULL,NULL,NULL,NULL,'zunaidah@mpc.gov.my','0',NULL,5,14,19,36,1,1,'2019-03-29 10:11:45','2019-03-29 10:11:45',NULL),(316,316,1,1,'Zuraidi Zainol   ','1500',NULL,'830428095219',NULL,NULL,NULL,NULL,NULL,NULL,NULL,NULL,NULL,NULL,'zuraidi@mpc.gov.my','0',NULL,5,18,4,36,1,1,'2019-03-29 10:11:45','2019-03-29 10:11:45',NULL),(317,317,1,1,'Zuraini Subki','1658',NULL,'820829035744',NULL,NULL,NULL,NULL,NULL,NULL,NULL,NULL,NULL,NULL,'zuraini@mpc.gov.my','0',NULL,11,27,3,295,1,1,'2019-03-29 10:11:45','2019-03-29 10:11:45',NULL),(318,318,1,1,'Zurianti Nor Azian Mohd. Nafi','3148',NULL,'880229065872',NULL,NULL,NULL,NULL,NULL,NULL,NULL,NULL,NULL,NULL,'zurianti@mpc.gov.my','0',NULL,5,14,18,36,1,1,'2019-03-29 10:11:45','2019-03-29 10:11:45',NULL),(319,319,1,1,'Abdul Rahman Kamis','1699',NULL,'911019085241',NULL,NULL,NULL,NULL,NULL,NULL,NULL,NULL,NULL,NULL,'arahman@mpc.gov.my','0',NULL,4,27,3,304,1,1,'2019-03-29 10:11:45','2019-03-29 10:11:45',NULL),(320,320,1,1,'Aimi Zahira Azami','3154',NULL,'891008026064',NULL,NULL,NULL,NULL,NULL,NULL,NULL,NULL,NULL,NULL,'aimizahira@mpc.gov.my','0',NULL,8,14,18,33,1,1,'2019-03-29 10:11:45','2019-03-29 10:11:45',NULL),(321,321,1,1,'Anis Syafiqah Ayob','3161',NULL,'910208095030',NULL,NULL,NULL,NULL,NULL,NULL,NULL,NULL,NULL,NULL,'anissyafiqah@mpc.gov.my','0',NULL,7,27,3,66,1,1,'2019-03-29 10:11:45','2019-03-29 10:11:45',NULL),(322,322,1,1,'Jerrecy Elsie P. Tojipun','3099',NULL,'841208125352',NULL,NULL,NULL,NULL,NULL,NULL,NULL,NULL,NULL,NULL,'jerrecy@mpc.gov.my','0',NULL,10,14,18,72,1,1,'2019-03-29 10:11:45','2019-03-29 10:11:45',NULL),(323,323,1,1,'Mohamad Amirul Arif Sahimi','3128',NULL,'910408036123',NULL,NULL,NULL,NULL,NULL,NULL,NULL,NULL,NULL,NULL,'mohamad@mpc.gov.my','0',NULL,8,14,18,33,1,1,'2019-03-29 10:11:45','2019-03-29 10:11:45',NULL),(324,324,1,1,'Mohammad Fadzrul Faridz Hazni','1678',NULL,'930527045223',NULL,NULL,NULL,NULL,NULL,NULL,NULL,NULL,NULL,NULL,'mfadzrul@mpc.gov.my','0',NULL,5,27,3,36,1,1,'2019-03-29 10:11:45','2019-03-29 10:11:45',NULL),(325,325,1,1,'Mohd Aizuddin Noor Azman','1674',NULL,'890129085541',NULL,NULL,NULL,NULL,NULL,NULL,NULL,NULL,NULL,NULL,'aizuddin@mpc.gov.my','0',NULL,6,27,3,9,1,1,'2019-03-29 10:11:45','2019-03-29 10:11:45',NULL),(326,326,1,1,'Mohd Mujahid Mohd Yusoff','1662',NULL,'900521036193',NULL,NULL,NULL,NULL,NULL,NULL,NULL,NULL,NULL,NULL,'mujahid@mpc.gov.my','0',NULL,8,27,3,33,1,1,'2019-03-29 10:11:45','2019-03-29 10:11:45',NULL),(327,327,1,1,'Muhammad Adib Fitrie Mukhtar','1676',NULL,'910416036107',NULL,NULL,NULL,NULL,NULL,NULL,NULL,NULL,NULL,NULL,'adibfitrie@mpc.gov.my','0',NULL,4,27,3,285,1,1,'2019-03-29 10:11:45','2019-03-29 10:11:45',NULL),(328,328,1,1,'Muhammad Azrull Nazreen','1683',NULL,'940822015325',NULL,NULL,NULL,NULL,NULL,NULL,NULL,NULL,NULL,NULL,'azrullnazreen@mpc.gov.my','0',NULL,4,27,3,304,1,1,'2019-03-29 10:11:45','2019-03-29 10:11:45',NULL),(329,329,1,1,'Muhammad Firdaus Yahya','1693',NULL,'940723015733',NULL,NULL,NULL,NULL,NULL,NULL,NULL,NULL,NULL,NULL,'firdaus@mpc.gov.my','0',NULL,4,27,3,304,1,1,'2019-03-29 10:11:45','2019-03-29 10:11:45',NULL),(330,330,1,1,'Muhammad Hanif Che Wan Naman','1685',NULL,'950913035929',NULL,NULL,NULL,NULL,NULL,NULL,NULL,NULL,NULL,NULL,'hanif@mpc.gov.my','0',NULL,6,27,3,9,1,1,'2019-03-29 10:11:45','2019-03-29 10:11:45',NULL),(331,331,1,1,'Muhammad Imazakwan Abdul Razak','1696',NULL,'930213145205',NULL,NULL,NULL,NULL,NULL,NULL,NULL,NULL,NULL,NULL,'imazakwan@mpc.gov.my','0',NULL,2,27,3,242,1,1,'2019-03-29 10:11:45','2019-03-29 10:11:45',NULL),(332,332,1,1,'Muhammad Zarul Naim Zul Haddi','1677',NULL,'941218085225',NULL,NULL,NULL,NULL,NULL,NULL,NULL,NULL,NULL,NULL,'zarulnaim@mpc.gov.my','0',NULL,6,27,3,9,1,1,'2019-03-29 10:11:45','2019-03-29 10:11:45',NULL),(333,333,1,1,'Munira Abd Razak','3150',NULL,'821219105244',NULL,NULL,NULL,NULL,NULL,NULL,NULL,NULL,NULL,NULL,'muniraabd@mpc.gov.my','0',NULL,12,14,18,255,1,1,'2019-03-29 10:11:45','2019-03-29 10:11:45',NULL),(334,334,1,1,'Nadiah Jamal','1668',NULL,'930416105414',NULL,NULL,NULL,NULL,NULL,NULL,NULL,NULL,NULL,NULL,'nadiah@mpc.gov.my','0',NULL,6,27,3,9,1,1,'2019-03-29 10:11:45','2019-03-29 10:11:45',NULL),(335,335,1,1,'Naratul Nurhaniza Rusli','3169',NULL,'940209146298',NULL,NULL,NULL,NULL,NULL,NULL,NULL,NULL,NULL,NULL,'naratul@mpc.gov.my','0',NULL,5,14,18,36,1,1,'2019-03-29 10:11:45','2019-03-29 10:11:45',NULL),(336,336,1,1,'Nasuha Misri','1671',NULL,'930827016256',NULL,NULL,NULL,NULL,NULL,NULL,NULL,NULL,NULL,NULL,'nasuha@mpc.gov.my','0',NULL,6,27,3,9,1,1,'2019-03-29 10:11:45','2019-03-29 10:11:45',NULL),(337,337,1,1,'Nik Haneez Amizan Nik Rosdi','1661',NULL,'920718895010',NULL,NULL,NULL,NULL,NULL,NULL,NULL,NULL,NULL,NULL,'nikhaneez@mpc.gov.my','0',NULL,2,27,3,242,1,1,'2019-03-29 10:11:45','2019-03-29 10:11:45',NULL),(338,338,1,1,'Noorazlin Mohd Nasir','1695',NULL,'930103085678',NULL,NULL,NULL,NULL,NULL,NULL,NULL,NULL,NULL,NULL,'noorazlin@mpc.gov.my','0',NULL,6,27,3,9,1,1,'2019-03-29 10:11:45','2019-03-29 10:11:45',NULL),(339,339,1,1,'Nur Asyikin Setapa','1670',NULL,'920609035740',NULL,NULL,NULL,NULL,NULL,NULL,NULL,NULL,NULL,NULL,'nurasyikin@mpc.gov.my','0',NULL,6,27,3,9,1,1,'2019-03-29 10:11:45','2019-03-29 10:11:45',NULL),(340,340,1,1,'Nur Farhana Zaibidi','3168',NULL,'871216015126',NULL,NULL,NULL,NULL,NULL,NULL,NULL,NULL,NULL,NULL,'nurfarhana@mpc.gov.my','0',NULL,5,14,18,36,1,1,'2019-03-29 10:11:45','2019-03-29 10:11:45',NULL),(341,341,1,1,'Nurain Syafiqah Norazman','1692',NULL,'930624016096',NULL,NULL,NULL,NULL,NULL,NULL,NULL,NULL,NULL,NULL,'nurainsyafiqah@mpc.gov.my','0',NULL,5,27,3,36,1,1,'2019-03-29 10:11:45','2019-03-29 10:11:45',NULL),(342,342,1,1,'Nurezyan Sofea Zairul Mujahidin','1700',NULL,'940312015130',NULL,NULL,NULL,NULL,NULL,NULL,NULL,NULL,NULL,NULL,'nurezyansofea@mpc.gov.my','0',NULL,4,27,3,304,1,1,'2019-03-29 10:11:45','2019-03-29 10:11:45',NULL),(343,343,1,1,'Nurfariha Ahmad','1698',NULL,'951130136162',NULL,NULL,NULL,NULL,NULL,NULL,NULL,NULL,NULL,NULL,'nurfariha@mpc.gov.my','0',NULL,4,27,3,304,1,1,'2019-03-29 10:11:45','2019-03-29 10:11:45',NULL),(344,344,1,1,'Nurul Husna Abdul Rashid','1690',NULL,'920422086556',NULL,NULL,NULL,NULL,NULL,NULL,NULL,NULL,NULL,NULL,'nurulhusna@mpc.gov.my','0',NULL,7,27,3,242,1,1,'2019-03-29 10:11:45','2019-03-29 10:11:45',NULL),(345,345,1,1,'Rabiatul Adawiyah Arzahar','3164',NULL,'970504145308',NULL,NULL,NULL,NULL,NULL,NULL,NULL,NULL,NULL,NULL,'rabiatuladawiyah@mpc.gov.my','0',NULL,2,14,18,242,1,1,'2019-03-29 10:11:45','2019-03-29 10:11:45',NULL),(346,346,1,1,'Rozainy Elyza Rosli','1667',NULL,'940817146750',NULL,NULL,NULL,NULL,NULL,NULL,NULL,NULL,NULL,NULL,'rozainy@mpc.gov.my','0',NULL,3,27,3,129,1,1,'2019-03-29 10:11:45','2019-03-29 10:11:45',NULL),(347,347,1,1,'Shazymin Mazlan','3163',NULL,'930205075796',NULL,NULL,NULL,NULL,NULL,NULL,NULL,NULL,NULL,NULL,'shazymin@mpc.gov.my','0',NULL,9,14,18,99,1,1,'2019-03-29 10:11:45','2019-03-29 10:11:45',NULL),(348,348,1,1,'Siti Hajar Ismail','1686',NULL,'930122085702',NULL,NULL,NULL,NULL,NULL,NULL,NULL,NULL,NULL,NULL,'sitihajar@mpc.gov.my','0',NULL,4,27,3,304,1,1,'2019-03-29 10:11:45','2019-03-29 10:11:45',NULL),(349,349,1,1,'Siti Nur Syuhaida Mohd Salleh','1705',NULL,'960416115070',NULL,NULL,NULL,NULL,NULL,NULL,NULL,NULL,NULL,NULL,'syuhaida@mpc.gov.my','0',NULL,6,27,3,9,1,1,'2019-03-29 10:11:45','2019-03-29 10:11:45',NULL),(350,350,1,1,'Siti Nuraini Ab Halim','3167',NULL,'921013065046',NULL,NULL,NULL,NULL,NULL,NULL,NULL,NULL,NULL,NULL,'sitinuraini@mpc.gov.my','0',NULL,5,21,27,36,1,1,'2019-03-29 10:11:45','2019-03-29 10:11:45',NULL),(351,351,1,1,'Siti Rohana Rubaidi','1666',NULL,'910516106408',NULL,NULL,NULL,NULL,NULL,NULL,NULL,NULL,NULL,NULL,'sitirohana@mpc.gov.my','0',NULL,6,27,3,9,1,1,'2019-03-29 10:11:45','2019-03-29 10:11:45',NULL),(352,352,1,1,'Siti Zaharah Ibrahim','1702',NULL,'830226045192',NULL,NULL,NULL,NULL,NULL,NULL,NULL,NULL,NULL,NULL,'sitizaharah@mpc.gov.my','0',NULL,6,27,3,9,1,1,'2019-03-29 10:11:45','2019-03-29 10:11:45',NULL),(353,353,1,1,'Syed Izzat Emir Syed Ahmad Razali','1691',NULL,'940405105629',NULL,NULL,NULL,NULL,NULL,NULL,NULL,NULL,NULL,NULL,'syedizzat@mpc.gov.my','0',NULL,6,27,3,9,1,1,'2019-03-29 10:11:45','2019-03-29 10:11:45',NULL),(354,354,1,1,'Ummu ‘Ammarah Basyirah Hashim','1687',NULL,'940826017328',NULL,NULL,NULL,NULL,NULL,NULL,NULL,NULL,NULL,NULL,'ummu@mpc.gov.my','0',NULL,4,27,3,304,1,1,'2019-03-29 10:11:45','2019-03-29 10:11:45',NULL);


